-- Table structure for table `isys_service_alias`
--

CREATE TABLE `isys_service_alias` (
  `isys_service_alias__id` int(10) unsigned NOT NULL AUTO_INCREMENT,
  `isys_service_alias__title` varchar(255) CHARACTER SET utf8mb3 COLLATE utf8mb3_unicode_ci NOT NULL,
  `isys_service_alias__description` longtext CHARACTER SET utf8mb3 COLLATE utf8mb3_unicode_ci DEFAULT NULL,
  `isys_service_alias__const` varchar(255) CHARACTER SET utf8mb3 COLLATE utf8mb3_unicode_ci NOT NULL,
  `isys_service_alias__sort` int(10) unsigned DEFAULT NULL,
  `isys_service_alias__status` tinyint(3) unsigned NOT NULL DEFAULT 2,
  `isys_service_alias__property` varchar(255) CHARACTER SET utf8mb3 COLLATE utf8mb3_unicode_ci NOT NULL,
  PRIMARY KEY (`isys_service_alias__id`)
) ENGINE=InnoDB DEFAULT CHARSET=latin1 COLLATE=latin1_swedish_ci;

--
-- Dumping data for table `isys_service_alias`
--

COMMIT;

--
-- Table structure for table `isys_service_category`
--

CREATE TABLE `isys_service_category` (
  `isys_service_category__id` int(10) unsigned NOT NULL AUTO_INCREMENT,
  `isys_service_category__title` varchar(255) CHARACTER SET utf8mb3 COLLATE utf8mb3_unicode_ci NOT NULL,
  `isys_service_category__description` longtext CHARACTER SET utf8mb3 COLLATE utf8mb3_unicode_ci DEFAULT NULL,
  `isys_service_category__const` varchar(255) CHARACTER SET utf8mb3 COLLATE utf8mb3_unicode_ci NOT NULL,
  `isys_service_category__sort` int(10) unsigned DEFAULT NULL,
  `isys_service_category__status` tinyint(3) unsigned NOT NULL DEFAULT 2,
  `isys_service_category__property` varchar(255) CHARACTER SET utf8mb3 COLLATE utf8mb3_unicode_ci NOT NULL,
  PRIMARY KEY (`isys_service_category__id`)
) ENGINE=InnoDB DEFAULT CHARSET=latin1 COLLATE=latin1_swedish_ci;

--
-- Dumping data for table `isys_service_category`
--

COMMIT;

--
-- Table structure for table `isys_service_console_port`
--

CREATE TABLE `isys_service_console_port` (
  `isys_service_console_port__id` int(10) unsigned NOT NULL AUTO_INCREMENT,
  `isys_service_console_port__isys_catg_virtual_switch_list__id` int(10) unsigned NOT NULL,
  `isys_service_console_port__isys_catg_ip_list__id` int(10) unsigned DEFAULT NULL,
  `isys_service_console_port__title` varchar(255) DEFAULT NULL,
  PRIMARY KEY (`isys_service_console_port__id`),
  KEY `isys_service_console_port__isys_catg_ip_list__id` (`isys_service_console_port__isys_catg_ip_list__id`),
  KEY `isys_service_console_port__isys_catg_virtual_switch_list__id` (`isys_service_console_port__isys_catg_virtual_switch_list__id`),
  CONSTRAINT `isys_service_console_port_ibfk_1` FOREIGN KEY (`isys_service_console_port__isys_catg_virtual_switch_list__id`) REFERENCES `isys_catg_virtual_switch_list` (`isys_catg_virtual_switch_list__id`) ON DELETE CASCADE ON UPDATE CASCADE,
  CONSTRAINT `isys_service_console_port_ibfk_2` FOREIGN KEY (`isys_service_console_port__isys_catg_ip_list__id`) REFERENCES `isys_catg_ip_list` (`isys_catg_ip_list__id`) ON DELETE CASCADE ON UPDATE CASCADE
) ENGINE=InnoDB DEFAULT CHARSET=utf8mb3 COLLATE=utf8mb3_unicode_ci;

--
-- Dumping data for table `isys_service_console_port`
--

COMMIT;

--
-- Table structure for table `isys_service_manufacturer`
--

CREATE TABLE `isys_service_manufacturer` (
  `isys_service_manufacturer__id` int(10) unsigned NOT NULL AUTO_INCREMENT,
  `isys_service_manufacturer__title` varchar(255) DEFAULT NULL,
  `isys_service_manufacturer__description` longtext DEFAULT NULL,
  `isys_service_manufacturer__const` varchar(255) DEFAULT NULL,
  `isys_service_manufacturer__sort` int(10) unsigned DEFAULT NULL,
  `isys_service_manufacturer__status` tinyint(3) unsigned NOT NULL DEFAULT 1,
  `isys_service_manufacturer__property` int(10) unsigned DEFAULT NULL,
  PRIMARY KEY (`isys_service_manufacturer__id`),
  KEY `isys_service_manufacturer__title` (`isys_service_manufacturer__title`)
) ENGINE=InnoDB DEFAULT CHARSET=utf8mb3 COLLATE=utf8mb3_unicode_ci;

--
-- Dumping data for table `isys_service_manufacturer`
--

COMMIT;

--
-- Table structure for table `isys_service_type`
--

CREATE TABLE `isys_service_type` (
  `isys_service_type__id` int(10) unsigned NOT NULL AUTO_INCREMENT,
  `isys_service_type__title` varchar(255) CHARACTER SET utf8mb3 COLLATE utf8mb3_unicode_ci NOT NULL,
  `isys_service_type__description` longtext CHARACTER SET utf8mb3 COLLATE utf8mb3_unicode_ci DEFAULT NULL,
  `isys_service_type__const` varchar(255) CHARACTER SET utf8mb3 COLLATE utf8mb3_unicode_ci NOT NULL,
  `isys_service_type__sort` int(10) unsigned DEFAULT NULL,
  `isys_service_type__status` tinyint(3) unsigned NOT NULL DEFAULT 2,
  `isys_service_type__property` varchar(255) CHARACTER SET utf8mb3 COLLATE utf8mb3_unicode_ci NOT NULL,
  PRIMARY KEY (`isys_service_type__id`),
  KEY `isys_service_type__title` (`isys_service_type__title`)
) ENGINE=InnoDB AUTO_INCREMENT=3 DEFAULT CHARSET=latin1 COLLATE=latin1_swedish_ci;

--
-- Dumping data for table `isys_service_type`
--

INSERT INTO `isys_service_type` VALUES
(1,'LC__CMDB__CATG__SERVICE_TYPE__IT_SERVICE',NULL,'C__SERVICE_TYPE__IT_SERVICE',NULL,2,''),
(2,'LC__CMDB__CATG__SERVICE_TYPE__BUSINESS_SERVICE',NULL,'C__SERVICE_TYPE__BUSINESS_SERVICE',NULL,2,'');
COMMIT;

--
-- Table structure for table `isys_settings`
--

CREATE TABLE `isys_settings` (
  `isys_settings__key` varchar(255) DEFAULT NULL,
  `isys_settings__value` text NOT NULL,
  `isys_settings__isys_obj__id` int(10) unsigned DEFAULT NULL,
  UNIQUE KEY `isys_settings__unique_idx` (`isys_settings__key`,`isys_settings__isys_obj__id`)
) ENGINE=InnoDB DEFAULT CHARSET=utf8mb3 COLLATE=utf8mb3_unicode_ci;

--
-- Dumping data for table `isys_settings`
--

INSERT INTO `isys_settings` VALUES
('jdisc.import-unidentified-devices','0',NULL),
('cmdb.objtype-54.table-columns','[\"40px\",\"25%\",\"25%\",\"25%\",\"25%\"]',9),
('cmdb.objtype-53.table-columns','[\"40px\",\"14.285714%\",\"14.285714%\",\"14.285714%\",\"14.285714%\",\"14.285714%\",\"14.285714%\",\"14.285714%\"]',9),
('cmdb.objtype-31.table-columns','[\"40px\",\"12.5%\",\"12.5%\",\"12.5%\",\"12.5%\",\"12.5%\",\"12.5%\",\"12.5%\",\"12.5%\"]',26),
('cmdb.objtype-53.table-columns','[\"40px\",\"16.6667%\",\"16.6667%\",\"16.6667%\",\"16.6667%\",\"16.6667%\",\"16.6667%\"]',26),
('cmdb.objtype-54.table-columns','[\"40px\",\"25%\",\"25%\",\"25%\",\"25%\"]',26),
('cmdb.objtype-31.table-columns','[\"40px\",\"16.666666666666668%\",\"16.666666666666668%\",\"16.666666666666668%\",\"16.666666666666668%\",\"16.666666666666668%\",\"16.666666666666668%\"]',27),
('cmdb.objtype-59.table-columns','[\"40px\",\"16.6667%\",\"16.6667%\",\"16.6667%\",\"16.6667%\",\"16.6667%\",\"16.6667%\"]',26),
('cmdb.objtype-59.table-columns','[\"40px\",\"20%\",\"20%\",\"20%\",\"20%\",\"20%\"]',27),
('cmdb.objtype-2.table-columns','[\"40px\",\"25%\",\"25%\",\"25%\",\"25%\"]',27),
('cmdb.objtype-62.table-columns','[\"40px\",\"25%\",\"25%\",\"25%\",\"25%\"]',27),
('cmdb.objtype-5.table-columns','[\"40px\",\"14.285714285714286%\",\"14.285714285714286%\",\"14.285714285714286%\",\"14.285714285714286%\",\"14.285714285714286%\",\"14.285714285714286%\",\"14.285714285714286%\"]',27),
('cmdb.objtype-45.table-columns','[\"40px\",\"33.333333333333336%\",\"33.333333333333336%\",\"33.333333333333336%\"]',27),
('cmdb.objtype-7.table-columns','[\"40px\",\"14.285714%\",\"14.285714%\",\"14.285714%\",\"14.285714%\",\"14.285714%\",\"14.285714%\",\"14.285714%\"]',27),
('cmdb.objtype-85.table-columns','[\"40px\",\"20%\",\"20%\",\"20%\",\"20%\",\"20%\"]',27),
('cmdb.objtype-85.table-columns','[\"40px\",\"20%\",\"20%\",\"20%\",\"20%\",\"20%\"]',26),
('cmdb.objtype-3.table-columns','[\"40px\",\"16.6667%\",\"16.6667%\",\"16.6667%\",\"16.6667%\",\"16.6667%\",\"16.6667%\"]',27),
('cmdb.objtype-26.table-columns','[\"40px\",\"16.6667%\",\"16.6667%\",\"16.6667%\",\"16.6667%\",\"16.6667%\",\"16.6667%\"]',27),
('cmdb.objtype-100.table-columns','[\"40px\",\"16.6667%\",\"16.6667%\",\"16.6667%\",\"16.6667%\",\"16.6667%\",\"16.6667%\"]',27),
('cmdb.objtype-6.table-columns','[\"40px\",\"12.5%\",\"12.5%\",\"12.5%\",\"12.5%\",\"12.5%\",\"12.5%\",\"12.5%\",\"12.5%\"]',27),
('cmdb.objtype-70.table-columns','[\"40px\",\"33.333333333333336%\",\"33.333333333333336%\",\"33.333333333333336%\"]',27),
('cmdb.objtype-29.table-columns','[\"40px\",\"50%\",\"50%\"]',27),
('cmdb.objtype-3.table-columns','[\"40px\",\"16.6667%\",\"16.6667%\",\"16.6667%\",\"16.6667%\",\"16.6667%\",\"16.6667%\"]',26),
('cmdb.objtype-26.table-columns','[\"40px\",\"16.6667%\",\"16.6667%\",\"16.6667%\",\"16.6667%\",\"16.6667%\",\"16.6667%\"]',26),
('cmdb.objtype-93.table-columns','[\"40px\",\"25%\",\"25%\",\"25%\",\"25%\"]',27),
('cmdb.objtype-53.table-columns','[\"40px\",\"7.692308%\",\"7.692308%\",\"7.692308%\",\"7.692308%\",\"7.692308%\",\"7.692308%\",\"7.692308%\",\"7.692308%\",\"7.692308%\",\"7.692308%\",\"7.692308%\",\"7.692308%\",\"7.692308%\"]',27),
('cmdb.objtype-52.table-columns','[\"40px\",\"20%\",\"20%\",\"20%\",\"20%\",\"20%\"]',522),
('cmdb.objtype-2.table-columns','[\"40px\",\"25%\",\"25%\",\"25%\",\"25%\"]',522),
('cmdb.objtype-52.table-columns','[\"40px\",\"16.666667%\",\"16.666667%\",\"16.666667%\",\"16.666667%\",\"16.666667%\",\"16.666667%\"]',27),
('cmdb.objtype-101.table-columns','[\"40px\",\"16.666666666666668%\",\"16.666666666666668%\",\"16.666666666666668%\",\"16.666666666666668%\",\"16.666666666666668%\",\"16.666666666666668%\"]',27),
('cmdb.objtype-101.table-columns','[\"40px\",\"16.6667%\",\"16.6667%\",\"16.6667%\",\"16.6667%\",\"16.6667%\",\"16.6667%\"]',26),
('cmdb.objtype-5.table-columns','[\"40px\",\"14.2857%\",\"14.2857%\",\"14.2857%\",\"14.2857%\",\"14.2857%\",\"14.2857%\",\"14.2857%\"]',26),
('cmdb.objtype-59.table-columns','[\"40px\",\"16.6667%\",\"16.6667%\",\"16.6667%\",\"16.6667%\",\"16.6667%\",\"16.6667%\"]',522),
('cmdb.objtype-6.table-columns','[\"40px\",\"239px\",\"178px\",\"14.2857%\",\"14.2857%\",\"14.2857%\",\"14.2857%\",\"14.2857%\"]',26),
('cmdb.obj-1-73.table-columns','[\"40px\",\"20%\",\"20%\",\"20%\",\"20%\",\"20%\"]',522),
('cmdb.obj-0-47.table-columns','[\"40px\",\"12.5%\",\"12.5%\",\"12.5%\",\"12.5%\",\"12.5%\",\"12.5%\",\"12.5%\",\"12.5%\"]',522),
('cmdb.obj-isys_cmdb_dao.table-columns','[\"40px\",\"25%\",\"25%\",\"25%\",\"25%\"]',522),
('cmdb.obj-0-21.table-columns','[\"40px\",\"12.5%\",\"12.5%\",\"12.5%\",\"12.5%\",\"12.5%\",\"12.5%\",\"12.5%\",\"12.5%\"]',522),
('cmdb.obj-1-51.table-columns','[\"40px\",\"20%\",\"20%\",\"20%\",\"20%\",\"20%\"]',26),
('cmdb.objtype-54.table-columns','[\"40px\",\"33.333333%\",\"33.333333%\",\"33.333333%\"]',27),
('cmdb.obj-1-51.table-columns','[\"40px\",\"20%\",\"20%\",\"20%\",\"20%\",\"20%\"]',27),
('cmdb.objtype-54.table-columns','[\"40px\",\"25%\",\"25%\",\"25%\",\"25%\"]',522),
('cmdb.objtype-45.table-columns','[\"40px\",\"33.3333%\",\"33.3333%\",\"33.3333%\"]',522),
('cmdb.obj-1-47.table-columns','[\"40px\",\"14.2857%\",\"14.2857%\",\"14.2857%\",\"14.2857%\",\"14.2857%\",\"14.2857%\",\"14.2857%\"]',522),
('cmdb.objtype-53.table-columns','[\"40px\",\"16.6667%\",\"16.6667%\",\"16.6667%\",\"16.6667%\",\"16.6667%\",\"16.6667%\"]',522),
('cmdb.obj-1-51.table-columns','[\"40px\",\"25%\",\"25%\",\"25%\",\"25%\"]',522),
('cmdb.objtype-70.table-columns','[\"40px\",\"33.3333%\",\"33.3333%\",\"33.3333%\"]',522),
('cmdb.objtype-6.table-columns','[\"40px\",\"339px\",\"111px\",\"12px\",\"14.2857%\",\"14.2857%\",\"14.2857%\",\"14.2857%\"]',522),
('cmdb.obj-0-7.table-columns','[\"40px\",\"10%\",\"93px\",\"110px\",\"101px\",\"128px\",\"267px\",\"10%\",\"10%\",\"10%\",\"10%\"]',522),
('cmdb.objtype-7.table-columns','[\"40px\",\"16.6667%\",\"16.6667%\",\"16.6667%\",\"16.6667%\",\"16.6667%\",\"16.6667%\"]',522),
('cmdb.obj-isys_cmdb_dao_list_objecttype.table-columns','[\"40px\",\"12.5%\",\"12.5%\",\"12.5%\",\"12.5%\",\"12.5%\",\"12.5%\",\"12.5%\",\"12.5%\"]',522),
('cmdb.obj-0-80.table-columns','[\"40px\",\"50%\",\"50%\"]',27),
('cmdb.objtype-26.table-columns','[\"40px\",\"16.6667%\",\"16.6667%\",\"16.6667%\",\"16.6667%\",\"16.6667%\",\"16.6667%\"]',522),
('cmdb.objtype-3.table-columns','[\"40px\",\"16.6667%\",\"16.6667%\",\"16.6667%\",\"16.6667%\",\"16.6667%\",\"16.6667%\"]',522),
('cmdb.obj-0-34.table-columns','[\"40px\",\"33.3333%\",\"33.3333%\",\"33.3333%\"]',522),
('cmdb.obj-0-41.table-columns','[\"40px\",\"20%\",\"20%\",\"20%\",\"20%\",\"20%\"]',522),
('cmdb.objtype-31.table-columns','[\"40px\",\"12.5%\",\"12.5%\",\"12.5%\",\"12.5%\",\"12.5%\",\"12.5%\",\"12.5%\",\"12.5%\"]',522),
('cmdb.objtype-101.table-columns','[\"40px\",\"16.6667%\",\"16.6667%\",\"16.6667%\",\"16.6667%\",\"16.6667%\",\"16.6667%\"]',522),
('cmdb.obj-0-78.table-columns','[\"40px\",\"50%\",\"50%\"]',522),
('cmdb.obj-0-80.table-columns','[\"40px\",\"50%\",\"50%\"]',522),
('gui.category.cabling.directly-open-cabling-addon','1',27),
('cmdb.obj-0-34.table-columns','[\"40px\",\"33.333333333333336%\",\"33.333333333333336%\",\"33.333333333333336%\"]',27),
('cmdb.objtype-98.table-columns','[\"40px\",\"16.666666666666668%\",\"16.666666666666668%\",\"16.666666666666668%\",\"16.666666666666668%\",\"16.666666666666668%\",\"16.666666666666668%\"]',27),
('cmdb.obj-isys_cmdb_dao.table-columns','[\"40px\",\"2.380952%\",\"2.380952%\",\"2.380952%\",\"2.380952%\",\"2.380952%\",\"2.380952%\",\"2.380952%\",\"2.380952%\",\"2.380952%\",\"2.380952%\",\"2.380952%\",\"2.380952%\",\"2.380952%\",\"2.380952%\",\"2.380952%\",\"2.380952%\",\"2.380952%\",\"2.380952%\",\"2.380952%\",\"2.380952%\",\"2.380952%\",\"2.380952%\",\"2.380952%\",\"2.380952%\",\"2.380952%\",\"2.380952%\",\"2.380952%\",\"2.380952%\",\"2.380952%\",\"2.380952%\",\"2.380952%\",\"2.380952%\",\"2.380952%\",\"2.380952%\",\"2.380952%\",\"2.380952%\",\"2.380952%\",\"2.380952%\",\"2.380952%\",\"2.380952%\",\"2.380952%\",\"2.380952%\"]',27),
('cmdb.objtype-43.table-columns','[\"40px\",\"33.3333%\",\"33.3333%\",\"33.3333%\"]',522),
('cmdb.obj-1-80.table-columns','[\"40px\",\"33.3333%\",\"33.3333%\",\"33.3333%\"]',522),
('cmdb.objtype-5.table-columns','[\"40px\",\"14.2857%\",\"14.2857%\",\"14.2857%\",\"14.2857%\",\"14.2857%\",\"14.2857%\",\"14.2857%\"]',522),
('cmdb.obj-0-47.table-columns','[\"40px\",\"8.33333%\",\"8.33333%\",\"8.33333%\",\"8.33333%\",\"8.33333%\",\"8.33333%\",\"8.33333%\",\"8.33333%\",\"8.33333%\",\"8.33333%\",\"8.33333%\",\"8.33333%\"]',27),
('cmdb.obj-0-7.table-columns','[\"40px\",\"5.555556%\",\"5.555556%\",\"5.555556%\",\"5.555556%\",\"5.555556%\",\"5.555556%\",\"5.555556%\",\"5.555556%\",\"5.555556%\",\"5.555556%\",\"5.555556%\",\"5.555556%\",\"5.555556%\",\"5.555556%\",\"5.555556%\",\"5.555556%\",\"5.555556%\",\"5.555556%\"]',27),
('cmdb.obj-isys_cmdb_dao_list_objecttype.table-columns','[\"40px\",\"12.5%\",\"12.5%\",\"12.5%\",\"12.5%\",\"12.5%\",\"12.5%\",\"12.5%\",\"12.5%\"]',26),
('cmdb.obj-0-47.table-columns','[\"40px\",\"11.1111%\",\"11.1111%\",\"11.1111%\",\"11.1111%\",\"11.1111%\",\"11.1111%\",\"11.1111%\",\"11.1111%\",\"11.1111%\"]',26),
('cmdb.obj-0-7.table-columns','[\"40px\",\"5.55556%\",\"5.55556%\",\"5.55556%\",\"5.55556%\",\"5.55556%\",\"5.55556%\",\"5.55556%\",\"5.55556%\",\"5.55556%\",\"5.55556%\",\"5.55556%\",\"5.55556%\",\"5.55556%\",\"5.55556%\",\"5.55556%\",\"5.55556%\",\"5.55556%\",\"5.55556%\"]',26),
('cmdb.objtype-70.table-columns','[\"40px\",\"33.3333%\",\"33.3333%\",\"33.3333%\"]',26),
('cmdb.obj-1-80.table-columns','[\"40px\",\"33.3333%\",\"33.3333%\",\"33.3333%\"]',26),
('cmdb.obj-0-34.table-columns','[\"40px\",\"33.3333%\",\"33.3333%\",\"33.3333%\"]',26),
('cmdb.objtype-4.table-columns','[\"40px\",\"16.6667%\",\"16.6667%\",\"16.6667%\",\"16.6667%\",\"16.6667%\",\"16.6667%\"]',522),
('cmdb.objtype-4.table-columns','[\"40px\",\"16.6667%\",\"16.6667%\",\"16.6667%\",\"16.6667%\",\"16.6667%\",\"16.6667%\"]',26),
('cmdb.obj-0-41.table-columns','[\"40px\",\"10%\",\"10%\",\"10%\",\"10%\",\"10%\",\"10%\",\"10%\",\"10%\",\"10%\",\"10%\"]',26),
('cmdb.obj-0-82.table-columns','[\"40px\",\"16.666666666666668%\",\"16.666666666666668%\",\"16.666666666666668%\",\"16.666666666666668%\",\"16.666666666666668%\",\"16.666666666666668%\"]',27),
('cmdb.obj-isys_cmdb_dao.table-columns','[\"40px\",\"50%\",\"50%\"]',2555),
('cmdb.obj-0-14.table-columns','[\"40px\",\"20%\",\"20%\",\"20%\",\"20%\",\"20%\"]',27),
('cmdb.objtype-27.table-columns','[\"40px\",\"16.666666666666668%\",\"16.666666666666668%\",\"16.666666666666668%\",\"16.666666666666668%\",\"16.666666666666668%\",\"16.666666666666668%\"]',27),
('cmdb.obj-1-13.table-columns','[\"40px\",\"12.5%\",\"12.5%\",\"12.5%\",\"12.5%\",\"12.5%\",\"12.5%\",\"12.5%\",\"12.5%\"]',27),
('cmdb.obj-0-14.table-columns','[\"40px\",\"20%\",\"20%\",\"20%\",\"20%\",\"20%\"]',26),
('gui.leftcontent.width','311',27),
('cmdb.obj-0-21.table-columns','[\"40px\",\"12.5%\",\"12.5%\",\"12.5%\",\"12.5%\",\"12.5%\",\"12.5%\",\"12.5%\",\"12.5%\"]',27),
('cmdb.objtype-7.table-columns','[\"40px\",\"16.6667%\",\"16.6667%\",\"16.6667%\",\"16.6667%\",\"16.6667%\",\"16.6667%\"]',26),
('cmdb.obj-1-78.table-columns','[\"40px\",\"20%\",\"20%\",\"20%\",\"20%\",\"20%\"]',26),
('cmdb.obj-0-53-5.table-columns','[\"40px\",\"9.09091%\",\"9.09091%\",\"9.09091%\",\"9.09091%\",\"9.09091%\",\"9.09091%\",\"9.09091%\",\"9.09091%\",\"9.09091%\",\"9.09091%\",\"9.09091%\"]',27),
('cmdb.obj-0-53-10.table-columns','[\"40px\",\"33.333333333333336%\",\"33.333333333333336%\",\"33.333333333333336%\"]',27),
('cmdb.objtype-93.table-columns','[\"40px\",\"25%\",\"25%\",\"25%\",\"25%\"]',2667),
('cmdb.obj-0-53-5.table-columns','[\"40px\",\"9.09091%\",\"9.09091%\",\"9.09091%\",\"9.09091%\",\"9.09091%\",\"9.09091%\",\"9.09091%\",\"9.09091%\",\"9.09091%\",\"9.09091%\",\"9.09091%\"]',2667),
('cmdb.objtype-94.table-columns','[\"40px\",\"16.66%\",\"16.66%\",\"16.66%\",\"16.66%\",\"16.66%\",\"16.66%\"]',2667),
('cmdb.objtype-98.table-columns','[\"40px\",\"16.66%\",\"16.66%\",\"16.66%\",\"16.66%\",\"16.66%\",\"16.66%\"]',2667),
('cmdb.objtype-96.table-columns','[\"40px\",\"16.66%\",\"16.66%\",\"16.66%\",\"16.66%\",\"16.66%\",\"16.66%\"]',2667),
('cmdb.objtype-100.table-columns','[\"40px\",\"16.6667%\",\"16.6667%\",\"16.6667%\",\"16.6667%\",\"16.6667%\",\"16.6667%\"]',522),
('cmdb.obj-1-78.table-columns','[\"40px\",\"25%\",\"25%\",\"25%\",\"25%\"]',522),
('cmdb.objtype-27.table-columns','[\"40px\",\"16.6667%\",\"16.6667%\",\"16.6667%\",\"16.6667%\",\"16.6667%\",\"16.6667%\"]',522),
('cmdb.obj-0-14.table-columns','[\"40px\",\"25%\",\"25%\",\"25%\",\"25%\"]',522),
('cmdb.obj-0-12.table-columns','[\"40px\",\"12.5%\",\"12.5%\",\"12.5%\",\"12.5%\",\"12.5%\",\"12.5%\",\"12.5%\",\"12.5%\"]',522),
('cmdb.objtype-62.table-columns','[\"40px\",\"25%\",\"25%\",\"25%\",\"25%\"]',522),
('cmdb.obj-1-69.table-columns','[\"40px\",\"100%\"]',522),
('cmdb.objtype-93.table-columns','[\"40px\",\"16.6667%\",\"16.6667%\",\"16.6667%\",\"16.6667%\",\"16.6667%\",\"16.6667%\"]',522),
('cmdb.objtype-100.table-columns','[\"40px\",\"16.6667%\",\"16.6667%\",\"16.6667%\",\"16.6667%\",\"16.6667%\",\"16.6667%\"]',26),
('cmdb.objtype-29.table-columns','[\"40px\",\"50%\",\"50%\"]',26),
('cmdb.obj-isys_cmdb_dao.table-columns','[\"40px\",\"11.1111%\",\"11.1111%\",\"11.1111%\",\"11.1111%\",\"11.1111%\",\"11.1111%\",\"11.1111%\",\"11.1111%\",\"11.1111%\"]',26),
('cmdb.objtype-102.table-columns','[\"40px\",\"16.6667%\",\"16.6667%\",\"16.6667%\",\"16.6667%\",\"16.6667%\",\"16.6667%\"]',26),
('cmdb.obj-0-82.table-columns','[\"40px\",\"16.6667%\",\"16.6667%\",\"16.6667%\",\"16.6667%\",\"16.6667%\",\"16.6667%\"]',26),
('cmdb.objtype-93.table-columns','[\"40px\",\"16.6667%\",\"16.6667%\",\"16.6667%\",\"16.6667%\",\"16.6667%\",\"16.6667%\"]',26),
('cmdb.objtype-70.table-columns','[\"40px\",\"33.3333%\",\"33.3333%\",\"33.3333%\"]',2785),
('cmdb.objtype-6.table-columns','[\"40px\",\"414px\",\"136px\",\"167px\",\"14.2857%\",\"14.2857%\",\"537px\",\"44px\"]',2785),
('cmdb.objtype-7.table-columns','[\"40px\",\"16.6667%\",\"16.6667%\",\"16.6667%\",\"16.6667%\",\"16.6667%\",\"16.6667%\"]',2785),
('cmdb.objtype-93.table-columns','[\"40px\",\"25%\",\"25%\",\"25%\",\"25%\"]',2785),
('cmdb.objtype-96.table-columns','[\"40px\",\"16.6667%\",\"16.6667%\",\"16.6667%\",\"16.6667%\",\"16.6667%\",\"16.6667%\"]',2785),
('cmdb.objtype-1.table-columns','[\"40px\",\"25%\",\"25%\",\"25%\",\"25%\"]',522),
('cmdb.obj-0-147.table-columns','[\"40px\",\"33.3333%\",\"33.3333%\",\"33.3333%\"]',522),
('cmdb.obj-0-12.table-columns','[\"40px\",\"10%\",\"10%\",\"10%\",\"10%\",\"10%\",\"10%\",\"10%\",\"10%\",\"10%\",\"10%\"]',26),
('cmdb.obj-0-147.table-columns','[\"40px\",\"33.3333%\",\"33.3333%\",\"33.3333%\"]',26),
('cmdb.objtype-45.table-columns','[\"40px\",\"33.3333%\",\"33.3333%\",\"33.3333%\"]',26),
('cmdb.obj-0-78.table-columns','[\"40px\",\"50%\",\"50%\"]',26),
('cmdb.obj-1-73.table-columns','[\"40px\",\"11.111111%\",\"11.111111%\",\"11.111111%\",\"11.111111%\",\"11.111111%\",\"11.111111%\",\"11.111111%\",\"11.111111%\",\"11.111111%\"]',27),
('cmdb.obj-1-89.table-columns','[\"40px\",\"50%\",\"50%\"]',27),
('cmdb.obj-0-78.table-columns','[\"40px\",\"50%\",\"50%\"]',27),
('cmdb.objtype-23.table-columns','[\"40px\",\"14.2857%\",\"14.2857%\",\"14.2857%\",\"14.2857%\",\"14.2857%\",\"14.2857%\",\"14.2857%\"]',27),
('cmdb.obj-0-63.table-columns','[\"40px\",\"50%\",\"50%\"]',27),
('cmdb.obj-0-41.table-columns','[\"40px\",\"20%\",\"20%\",\"20%\",\"20%\",\"20%\"]',27),
('cmdb.obj-0-20.table-columns','[\"40px\",\"16.6667%\",\"16.6667%\",\"16.6667%\",\"16.6667%\",\"16.6667%\",\"16.6667%\"]',27),
('cmdb.obj-1-30.table-columns','[\"40px\",\"16.666666666666668%\",\"16.666666666666668%\",\"16.666666666666668%\",\"16.666666666666668%\",\"16.666666666666668%\",\"16.666666666666668%\"]',27),
('cmdb.objtype-31.table-columns','[\"40px\",\"12.5%\",\"12.5%\",\"12.5%\",\"12.5%\",\"12.5%\",\"12.5%\",\"12.5%\",\"12.5%\"]',2785),
('cmdb.objtype-27.table-columns','[\"40px\",\"16.6667%\",\"16.6667%\",\"16.6667%\",\"16.6667%\",\"16.6667%\",\"16.6667%\"]',2785),
('cmdb.objtype-23.table-columns','[\"40px\",\"14.2857%\",\"14.2857%\",\"14.2857%\",\"14.2857%\",\"14.2857%\",\"14.2857%\",\"14.2857%\"]',2785),
('cmdb.objtype-40.table-columns','[\"40px\",\"20%\",\"20%\",\"20%\",\"20%\",\"20%\"]',2785),
('cmdb.objtype-43.table-columns','[\"40px\",\"33.3333%\",\"33.3333%\",\"33.3333%\"]',2785),
('cmdb.objtype-100.table-columns','[\"40px\",\"16.6667%\",\"16.6667%\",\"16.6667%\",\"16.6667%\",\"16.6667%\",\"16.6667%\"]',2785),
('cmdb.objtype-102.table-columns','[\"40px\",\"16.6667%\",\"16.6667%\",\"16.6667%\",\"16.6667%\",\"16.6667%\",\"16.6667%\"]',2785),
('cmdb.objtype-5.table-columns','[\"40px\",\"14.2857%\",\"14.2857%\",\"14.2857%\",\"14.2857%\",\"14.2857%\",\"14.2857%\",\"14.2857%\"]',2785),
('cmdb.objtype-59.table-columns','[\"40px\",\"16.6667%\",\"16.6667%\",\"16.6667%\",\"16.6667%\",\"16.6667%\",\"16.6667%\"]',2785),
('cmdb.objtype-101.table-columns','[\"40px\",\"16.6667%\",\"16.6667%\",\"16.6667%\",\"16.6667%\",\"16.6667%\",\"16.6667%\"]',2785),
('cmdb.objtype-85.table-columns','[\"40px\",\"20%\",\"20%\",\"20%\",\"20%\",\"20%\"]',2785),
('cmdb.objtype-3.table-columns','[\"40px\",\"16.6667%\",\"16.6667%\",\"16.6667%\",\"16.6667%\",\"16.6667%\",\"16.6667%\"]',2785),
('cmdb.objtype-26.table-columns','[\"40px\",\"16.6667%\",\"16.6667%\",\"16.6667%\",\"16.6667%\",\"16.6667%\",\"16.6667%\"]',2785),
('cmdb.objtype-4.table-columns','[\"40px\",\"16.6667%\",\"16.6667%\",\"16.6667%\",\"16.6667%\",\"16.6667%\",\"16.6667%\"]',2785),
('cmdb.objtype-94.table-columns','[\"40px\",\"16.6667%\",\"16.6667%\",\"16.6667%\",\"16.6667%\",\"16.6667%\",\"16.6667%\"]',2785),
('cmdb.objtype-98.table-columns','[\"40px\",\"16.6667%\",\"16.6667%\",\"16.6667%\",\"16.6667%\",\"16.6667%\",\"16.6667%\"]',2785),
('cmdb.obj-0-12.table-columns','[\"40px\",\"7.692308%\",\"7.692308%\",\"7.692308%\",\"7.692308%\",\"7.692308%\",\"7.692308%\",\"7.692308%\",\"7.692308%\",\"7.692308%\",\"7.692308%\",\"7.692308%\",\"7.692308%\",\"7.692308%\"]',27),
('cmdb.obj-0-84.table-columns','[\"40px\",\"50%\",\"50%\"]',522),
('cmdb.obj-1-89.table-columns','[\"40px\",\"50%\",\"50%\"]',522),
('cmdb.objtype-35.table-columns','[\"40px\",\"25%\",\"25%\",\"25%\",\"25%\"]',522),
('cmdb.objtype-29.table-columns','[\"40px\",\"50%\",\"50%\"]',2667),
('cmdb.objtype-45.table-columns','[\"40px\",\"33.33%\",\"33.33%\",\"33.33%\"]',2667),
('cmdb.obj-1-51.table-columns','[\"40px\",\"20%\",\"20%\",\"20%\",\"20%\",\"20%\"]',9),
('cmdb.obj-1-31.table-columns','[\"40px\",\"33.33%\",\"33.33%\",\"33.33%\"]',2667),
('cmdb.obj-1-30.table-columns','[\"40px\",\"16.66%\",\"16.66%\",\"16.66%\",\"16.66%\",\"16.66%\",\"16.66%\"]',2667),
('cmdb.objtype-61.table-columns','[\"40px\",\"25%\",\"25%\",\"25%\",\"25%\"]',2667),
('cmdb.objtype-62.table-columns','[\"40px\",\"25%\",\"25%\",\"25%\",\"25%\"]',2667),
('cmdb.objtype-35.table-columns','[\"40px\",\"25%\",\"25%\",\"25%\",\"25%\"]',2667),
('cmdb.objtype-1.table-columns','[\"40px\",\"25%\",\"25%\",\"25%\",\"25%\"]',2667),
('cmdb.objtype-2.table-columns','[\"40px\",\"25%\",\"25%\",\"25%\",\"25%\"]',2667),
('cmdb.objtype-65.table-columns','[\"40px\",\"20%\",\"20%\",\"20%\",\"20%\",\"20%\"]',2667),
('cmdb.objtype-31.table-columns','[\"40px\",\"12.5%\",\"12.5%\",\"12.5%\",\"12.5%\",\"12.5%\",\"12.5%\",\"12.5%\",\"12.5%\"]',9),
('cmdb.objtype-70.table-columns','[\"40px\",\"33.3333%\",\"33.3333%\",\"33.3333%\"]',9),
('cmdb.objtype-6.table-columns','[\"40px\",\"14.2857%\",\"14.2857%\",\"14.2857%\",\"14.2857%\",\"14.2857%\",\"14.2857%\",\"14.2857%\"]',9),
('cmdb.objtype-7.table-columns','[\"40px\",\"16.6667%\",\"16.6667%\",\"16.6667%\",\"16.6667%\",\"16.6667%\",\"16.6667%\"]',9),
('cmdb.objtype-5.table-columns','[\"40px\",\"14.2857%\",\"14.2857%\",\"14.2857%\",\"14.2857%\",\"14.2857%\",\"14.2857%\",\"14.2857%\"]',9),
('cmdb.objtype-59.table-columns','[\"40px\",\"16.6667%\",\"16.6667%\",\"16.6667%\",\"16.6667%\",\"16.6667%\",\"16.6667%\"]',9),
('cmdb.objtype-101.table-columns','[\"40px\",\"16.6667%\",\"16.6667%\",\"16.6667%\",\"16.6667%\",\"16.6667%\",\"16.6667%\"]',9),
('cmdb.objtype-85.table-columns','[\"40px\",\"20%\",\"20%\",\"20%\",\"20%\",\"20%\"]',2667),
('cmdb.obj-0-34.table-columns','[\"40px\",\"33.33%\",\"33.33%\",\"33.33%\"]',2667),
('cmdb.objtype-85.table-columns','[\"40px\",\"20%\",\"20%\",\"20%\",\"20%\",\"20%\"]',2555),
('cmdb.objtype-3.table-columns','[\"40px\",\"16.6667%\",\"16.6667%\",\"16.6667%\",\"16.6667%\",\"16.6667%\",\"16.6667%\"]',2555),
('cmdb.objtype-26.table-columns','[\"40px\",\"16.6667%\",\"16.6667%\",\"16.6667%\",\"16.6667%\",\"16.6667%\",\"16.6667%\"]',2555),
('cmdb.objtype-4.table-columns','[\"40px\",\"16.6667%\",\"16.6667%\",\"16.6667%\",\"16.6667%\",\"16.6667%\",\"16.6667%\"]',2555),
('cmdb.obj-0-34.table-columns','[\"40px\",\"33.3333%\",\"33.3333%\",\"33.3333%\"]',2555),
('cmdb.objtype-3.table-columns','[\"40px\",\"16.66%\",\"16.66%\",\"16.66%\",\"16.66%\",\"16.66%\",\"16.66%\"]',2667),
('cmdb.objtype-26.table-columns','[\"40px\",\"16.66%\",\"16.66%\",\"16.66%\",\"16.66%\",\"16.66%\",\"16.66%\"]',2667),
('cmdb.objtype-4.table-columns','[\"40px\",\"16.66%\",\"16.66%\",\"16.66%\",\"16.66%\",\"16.66%\",\"16.66%\"]',2667),
('cmdb.obj-0-47.table-columns','[\"40px\",\"12.5%\",\"12.5%\",\"12.5%\",\"12.5%\",\"12.5%\",\"12.5%\",\"12.5%\",\"12.5%\"]',2555),
('cmdb.objtype-93.table-columns','[\"40px\",\"16.6667%\",\"16.6667%\",\"16.6667%\",\"16.6667%\",\"16.6667%\",\"16.6667%\"]',2555),
('cmdb.objtype-98.table-columns','[\"40px\",\"16.6667%\",\"16.6667%\",\"16.6667%\",\"16.6667%\",\"16.6667%\",\"16.6667%\"]',2555),
('gui.leftcontent.width','313',2555),
('cmdb.objtype-96.table-columns','[\"40px\",\"16.6667%\",\"16.6667%\",\"16.6667%\",\"16.6667%\",\"16.6667%\",\"16.6667%\"]',2555),
('cmdb.obj-0-53-5.table-columns','[\"40px\",\"10%\",\"10%\",\"10%\",\"10%\",\"186px\",\"90px\",\"10%\",\"10%\",\"10%\",\"10%\"]',2555),
('cmdb.objtype-53.table-columns','[\"40px\",\"16.6667%\",\"16.6667%\",\"16.6667%\",\"16.6667%\",\"16.6667%\",\"16.6667%\"]',2555),
('cmdb.objtype-54.table-columns','[\"40px\",\"25%\",\"25%\",\"25%\",\"25%\"]',2555),
('cmdb.objtype-45.table-columns','[\"40px\",\"33.3333%\",\"33.3333%\",\"33.3333%\"]',2555),
('cmdb.objtype-29.table-columns','[\"40px\",\"50%\",\"50%\"]',2555),
('cmdb.objtype-31.table-columns','[\"40px\",\"12.5%\",\"12.5%\",\"12.5%\",\"12.5%\",\"12.5%\",\"12.5%\",\"12.5%\",\"12.5%\"]',2555),
('cmdb.objtype-100.table-columns','[\"40px\",\"16.6667%\",\"16.6667%\",\"16.6667%\",\"16.6667%\",\"16.6667%\",\"16.6667%\"]',2555),
('cmdb.obj-0-20.table-columns','[\"40px\",\"20%\",\"20%\",\"20%\",\"20%\",\"20%\"]',2555),
('cmdb.objtype-35.table-columns','[\"40px\",\"25%\",\"25%\",\"25%\",\"25%\"]',2555),
('cmdb.obj-1-73.table-columns','[\"40px\",\"11.1111%\",\"11.1111%\",\"11.1111%\",\"11.1111%\",\"11.1111%\",\"11.1111%\",\"11.1111%\",\"11.1111%\",\"11.1111%\"]',2555),
('cmdb.objtype-5.table-columns','[\"40px\",\"14.28%\",\"14.28%\",\"14.28%\",\"14.28%\",\"14.28%\",\"14.28%\",\"14.28%\"]',2667),
('cmdb.obj-1-73.table-columns','[\"40px\",\"20%\",\"20%\",\"20%\",\"20%\",\"20%\"]',2667),
('cmdb.objtype-5.table-columns','[\"40px\",\"14.2857%\",\"14.2857%\",\"14.2857%\",\"14.2857%\",\"14.2857%\",\"14.2857%\",\"14.2857%\"]',2555),
('cmdb.objtype-59.table-columns','[\"40px\",\"16.6667%\",\"16.6667%\",\"16.6667%\",\"16.6667%\",\"16.6667%\",\"16.6667%\"]',2555),
('cmdb.objtype-101.table-columns','[\"40px\",\"16.6667%\",\"16.6667%\",\"16.6667%\",\"16.6667%\",\"16.6667%\",\"16.6667%\"]',2555),
('cmdb.objtype-53.table-columns','[\"40px\",\"16.66%\",\"16.66%\",\"16.66%\",\"16.66%\",\"16.66%\",\"16.66%\"]',2667),
('cmdb.objtype-54.table-columns','[\"40px\",\"25%\",\"25%\",\"25%\",\"25%\"]',2667),
('cmdb.objtype-52.table-columns','[\"40px\",\"260px\",\"84px\",\"20%\",\"20%\",\"20%\"]',2667),
('cmdb.obj-isys_cmdb_dao.table-columns','[\"40px\",\"50%\",\"50%\"]',2667),
('cmdb.obj-isys_workflow_dao_list_template.table-columns','[\"40px\",\"25%\",\"25%\",\"25%\",\"25%\"]',2667),
('cmdb.obj-isys_workflow_dao_list_wf_type.table-columns','[\"40px\",\"50%\",\"50%\"]',2667),
('cmdb.obj-isys_cmdb_dao_list_objecttype.table-columns','[\"40px\",\"12.5%\",\"12.5%\",\"12.5%\",\"12.5%\",\"12.5%\",\"12.5%\",\"12.5%\",\"12.5%\"]',2667),
('cmdb.objtype-43.table-columns','[\"40px\",\"33.33%\",\"33.33%\",\"33.33%\"]',2667),
('cmdb.objtype-6.table-columns','[\"40px\",\"14.28%\",\"14.28%\",\"14.28%\",\"14.28%\",\"14.28%\",\"14.28%\",\"14.28%\"]',2667),
('cmdb.objtype-31.table-columns','[\"40px\",\"14.28%\",\"14.28%\",\"14.28%\",\"14.28%\",\"14.28%\",\"14.28%\",\"14.28%\"]',2667),
('cmdb.obj-0-12.table-columns','[\"40px\",\"12.5%\",\"12.5%\",\"12.5%\",\"12.5%\",\"12.5%\",\"12.5%\",\"12.5%\",\"12.5%\"]',2667),
('cmdb.obj-0-80.table-columns','[\"40px\",\"50%\",\"50%\"]',2667),
('cmdb.objtype-33.table-columns','[\"40px\",\"20%\",\"20%\",\"20%\",\"20%\",\"20%\"]',2667),
('cmdb.obj-1-26.table-columns','[\"40px\",\"16.66%\",\"16.66%\",\"16.66%\",\"16.66%\",\"16.66%\",\"16.66%\"]',2667),
('cmdb.objtype-101.table-columns','[\"40px\",\"16.66%\",\"16.66%\",\"16.66%\",\"16.66%\",\"16.66%\",\"16.66%\"]',2667),
('cmdb.objtype-60.table-columns','[\"40px\",\"33.33%\",\"33.33%\",\"33.33%\"]',2667),
('cmdb.objtype-27.table-columns','[\"40px\",\"16.6667%\",\"16.6667%\",\"16.6667%\",\"16.6667%\",\"16.6667%\",\"16.6667%\"]',26),
('cmdb.obj-0-34.table-columns','[\"40px\",\"33.3333%\",\"33.3333%\",\"33.3333%\"]',2785),
('cmdb.objtype-61.table-columns','[\"40px\",\"25%\",\"25%\",\"25%\",\"25%\"]',27),
('cmdb.obj-1-94.table-columns','[\"40px\",\"50%\",\"50%\"]',26),
('cmdb.objtype-53.table-columns','[\"40px\",\"16.6667%\",\"16.6667%\",\"16.6667%\",\"16.6667%\",\"16.6667%\",\"16.6667%\"]',2785),
('cmdb.objtype-45.table-columns','[\"40px\",\"33.3333%\",\"33.3333%\",\"33.3333%\"]',2785),
('cmdb.objtype-35.table-columns','[\"40px\",\"25%\",\"25%\",\"25%\",\"25%\"]',2785),
('cmdb.objtype-1.table-columns','[\"40px\",\"25%\",\"25%\",\"25%\",\"25%\"]',2785),
('cmdb.objtype-11.table-columns','[\"40px\",\"16.6667%\",\"16.6667%\",\"16.6667%\",\"16.6667%\",\"16.6667%\",\"16.6667%\"]',26),
('cmdb.obj-0-21.table-columns','[\"40px\",\"12.5%\",\"12.5%\",\"12.5%\",\"12.5%\",\"12.5%\",\"60px\",\"258px\",\"12.5%\"]',2667),
('cmdb.obj-0-71.table-columns','[\"40px\",\"20%\",\"20%\",\"20%\",\"20%\",\"20%\"]',522),
('cmdb.objtype-33.table-columns','[\"40px\",\"20%\",\"20%\",\"20%\",\"20%\",\"20%\"]',522),
('cmdb.obj-0-4.table-columns','[\"40px\",\"25%\",\"25%\",\"25%\",\"25%\"]',522),
('cmdb.obj-0-5.table-columns','[\"40px\",\"33.3333%\",\"33.3333%\",\"33.3333%\"]',522),
('cmdb.obj-0-42.table-columns','[\"40px\",\"14.2857%\",\"14.2857%\",\"14.2857%\",\"14.2857%\",\"14.2857%\",\"14.2857%\",\"14.2857%\"]',522),
('cmdb.objtype-23.table-columns','[\"40px\",\"14.2857%\",\"14.2857%\",\"14.2857%\",\"14.2857%\",\"14.2857%\",\"14.2857%\",\"14.2857%\"]',522),
('cmdb.obj-0-40.table-columns','[\"40px\",\"14.2857%\",\"14.2857%\",\"14.2857%\",\"14.2857%\",\"14.2857%\",\"14.2857%\",\"14.2857%\"]',26),
('cmdb.obj-0-21.table-columns','[\"40px\",\"12.5%\",\"12.5%\",\"12.5%\",\"12.5%\",\"12.5%\",\"12.5%\",\"12.5%\",\"12.5%\"]',26),
('cmdb.obj-0-7.table-columns','[\"40px\",\"5.55556%\",\"5.55556%\",\"5.55556%\",\"5.55556%\",\"5.55556%\",\"5.55556%\",\"5.55556%\",\"5.55556%\",\"5.55556%\",\"5.55556%\",\"5.55556%\",\"5.55556%\",\"5.55556%\",\"5.55556%\",\"5.55556%\",\"5.55556%\",\"5.55556%\",\"5.55556%\"]',2785),
('cmdb.obj-isys_cmdb_dao_list_objecttype.table-columns','[\"40px\",\"12.5%\",\"12.5%\",\"12.5%\",\"12.5%\",\"12.5%\",\"12.5%\",\"12.5%\",\"12.5%\"]',2785),
('cmdb.obj-1-94.table-columns','[\"40px\",\"50%\",\"50%\"]',522),
('cmdb.obj-isys_cmdb_dao_list_objecttype.table-columns','[\"40px\",\"111px\",\"209px\",\"12.5%\",\"12.5%\",\"12.5%\",\"12.5%\",\"12.5%\",\"12.5%\"]',27),
('cmdb.obj-0-63.table-columns','[\"40px\",\"50%\",\"50%\"]',26),
('cmdb.objtype-23.table-columns','[\"40px\",\"14.2857%\",\"14.2857%\",\"14.2857%\",\"14.2857%\",\"14.2857%\",\"14.2857%\",\"14.2857%\"]',26),
('cmdb.objtype-94.table-columns','[\"40px\",\"16.6667%\",\"16.6667%\",\"16.6667%\",\"16.6667%\",\"16.6667%\",\"16.6667%\"]',26),
('cmdb.objtype-96.table-columns','[\"40px\",\"16.6667%\",\"16.6667%\",\"16.6667%\",\"16.6667%\",\"16.6667%\",\"16.6667%\"]',26),
('cmdb.objtype-98.table-columns','[\"40px\",\"16.6667%\",\"16.6667%\",\"16.6667%\",\"16.6667%\",\"16.6667%\",\"16.6667%\"]',26),
('cmdb.obj-isys_cmdb_dao.table-columns','[\"40px\",\"25%\",\"25%\",\"25%\",\"25%\"]',3260),
('cmdb.objtype-93.table-columns','[\"40px\",\"25%\",\"25%\",\"25%\",\"25%\"]',3260),
('cmdb.obj-0-53-5.table-columns','[\"40px\",\"9.09%\",\"9.09%\",\"9.09%\",\"9.09%\",\"9.09%\",\"9.09%\",\"9.09%\",\"9.09%\",\"9.09%\",\"9.09%\",\"9.09%\"]',3260),
('cmdb.obj-0-21.table-columns','[\"40px\",\"327px\",\"34px\",\"196px\",\"198px\",\"169px\",\"167px\",\"12.5%\",\"12.5%\"]',3260),
('cmdb.objtype-45.table-columns','[\"40px\",\"534px\",\"546px\",\"33.33%\"]',3260),
('cmdb.objtype-52.table-columns','[\"40px\",\"322px\",\"254px\",\"20%\",\"20%\",\"20%\"]',3260),
('cmdb.objtype-94.table-columns','[\"40px\",\"16.66%\",\"16.66%\",\"16.66%\",\"16.66%\",\"16.66%\",\"16.66%\"]',3260),
('cmdb.objtype-96.table-columns','[\"40px\",\"16.66%\",\"16.66%\",\"16.66%\",\"16.66%\",\"16.66%\",\"16.66%\"]',3260),
('cmdb.objtype-98.table-columns','[\"40px\",\"16.66%\",\"16.66%\",\"16.66%\",\"16.66%\",\"16.66%\",\"16.66%\"]',3260),
('cmdb.objtype-29.table-columns','[\"40px\",\"50%\",\"50%\"]',3260),
('cmdb.objtype-28.table-columns','[\"40px\",\"20%\",\"20%\",\"20%\",\"20%\",\"20%\"]',3260),
('cmdb.obj-0-20.table-columns','[\"40px\",\"16.6667%\",\"16.6667%\",\"16.6667%\",\"16.6667%\",\"16.6667%\",\"16.6667%\"]',3260),
('cmdb.obj-0-53-10.table-columns','[\"40px\",\"469px\",\"494px\",\"33.33%\"]',3260),
('cmdb.obj-1-54.table-columns','[\"40px\",\"4.761905%\",\"4.761905%\",\"4.761905%\",\"4.761905%\",\"4.761905%\",\"4.761905%\",\"4.761905%\",\"4.761905%\",\"4.761905%\",\"4.761905%\",\"4.761905%\",\"4.761905%\",\"4.761905%\",\"4.761905%\",\"4.761905%\",\"4.761905%\",\"4.761905%\",\"4.761905%\",\"4.761905%\",\"4.761905%\",\"4.761905%\"]',27),
('cmdb.obj-0-82.table-columns','[\"40px\",\"16.6667%\",\"16.6667%\",\"16.6667%\",\"16.6667%\",\"16.6667%\",\"16.6667%\"]',3260),
('cmdb.objtype-99.table-columns','[\"40px\",\"16.6667%\",\"16.6667%\",\"16.6667%\",\"16.6667%\",\"16.6667%\",\"16.6667%\"]',3260),
('cmdb.objtype-53.table-columns','[\"40px\",\"16.66%\",\"16.66%\",\"16.66%\",\"16.66%\",\"16.66%\",\"16.66%\"]',3260),
('cmdb.objtype-54.table-columns','[\"40px\",\"25%\",\"25%\",\"25%\",\"25%\"]',3260),
('cmdb.objtype-33.table-columns','[\"40px\",\"20%\",\"20%\",\"20%\",\"20%\",\"20%\"]',3260),
('cmdb.obj-isys_cmdb_dao_list_objecttype.table-columns','[\"40px\",\"12.5%\",\"12.5%\",\"12.5%\",\"12.5%\",\"12.5%\",\"12.5%\",\"12.5%\",\"12.5%\"]',3260),
('cmdb.obj-0-104.table-columns','[\"40px\",\"33.33%\",\"33.33%\",\"33.33%\"]',3260),
('cmdb.objtype-106.table-columns','[\"40px\",\"16.6667%\",\"16.6667%\",\"16.6667%\",\"16.6667%\",\"16.6667%\",\"16.6667%\"]',27),
('cmdb.objtype-29.table-columns','[\"40px\",\"50%\",\"50%\"]',2785),
('cmdb.objtype-11.table-columns','[\"40px\",\"16.6667%\",\"16.6667%\",\"16.6667%\",\"16.6667%\",\"16.6667%\",\"16.6667%\"]',522),
('cmdb.objtype-28.table-columns','[\"40px\",\"20%\",\"20%\",\"20%\",\"20%\",\"20%\"]',522),
('cmdb.objtype-100.table-columns','[\"40px\",\"16.6667%\",\"16.6667%\",\"16.6667%\",\"16.6667%\",\"16.6667%\",\"16.6667%\"]',2667),
('cmdb.objtype-7.table-columns','[\"40px\",\"16.6667%\",\"16.6667%\",\"16.6667%\",\"16.6667%\",\"16.6667%\",\"16.6667%\"]',2667),
('cmdb.obj-1-25.table-columns','[\"40px\",\"50%\",\"50%\"]',27),
('cmdb.objtype-106.table-columns','[\"40px\",\"16.6667%\",\"16.6667%\",\"16.6667%\",\"16.6667%\",\"16.6667%\",\"16.6667%\"]',522),
('cmdb.objtype-102.table-columns','[\"40px\",\"16.6667%\",\"16.6667%\",\"16.6667%\",\"16.6667%\",\"16.6667%\",\"16.6667%\"]',522),
('cmdb.objtype-85.table-columns','[\"40px\",\"20%\",\"20%\",\"20%\",\"20%\",\"20%\"]',522),
('cmdb.objtype-36.table-columns','[\"40px\",\"50%\",\"50%\"]',27),
('cmdb.objtype-26.table-columns','[\"40px\",\"16.6667%\",\"16.6667%\",\"16.6667%\",\"16.6667%\",\"16.6667%\",\"16.6667%\"]',3803),
('cmdb.objtype-7.table-columns','[\"40px\",\"16.6667%\",\"16.6667%\",\"16.6667%\",\"16.6667%\",\"16.6667%\",\"16.6667%\"]',3803),
('cmdb.objtype-6.table-columns','[\"40px\",\"14.2857%\",\"14.2857%\",\"14.2857%\",\"14.2857%\",\"14.2857%\",\"14.2857%\",\"14.2857%\"]',3803),
('cmdb.objtype-70.table-width','0',26),
('cmdb.objtype-36.table-width','0',27),
('cmdb.objtype-31.table-width','0',26),
('cmdb.objtype-23.table-width','0',26),
('cmdb.objtype-100.table-width','0',26),
('cmdb.objtype-85.table-width','0',26),
('cmdb.objtype-3.table-width','0',26),
('cmdb.objtype-6.table-width','0',26),
('cmdb.objtype-27.table-width','0',26),
('cmdb.obj-1-13.table-columns','[\"40px\",\"12.5%\",\"12.5%\",\"12.5%\",\"12.5%\",\"12.5%\",\"12.5%\",\"12.5%\",\"12.5%\"]',26),
('cmdb.objtype-7.table-width','0',27),
('cmdb.objtype-106.table-width','0',27),
('cmdb.objtype-23.table-width','0',27),
('cmdb.objtype-4.table-columns','[\"40px\",\"16.6667%\",\"16.6667%\",\"16.6667%\",\"16.6667%\",\"16.6667%\",\"16.6667%\"]',27),
('cmdb.obj-1-55.table-columns','[\"40px\",\"25%\",\"25%\",\"25%\",\"25%\"]',27),
('cmdb.objtype-85.table-columns','[\"40px\",\"20%\",\"20%\",\"20%\",\"20%\",\"20%\"]',3260),
('cmdb.objtype-23.table-columns','[\"40px\",\"14.2857%\",\"14.2857%\",\"14.2857%\",\"14.2857%\",\"14.2857%\",\"14.2857%\",\"14.2857%\"]',3260),
('cmdb.obj-0-34.table-columns','[\"40px\",\"33.3333%\",\"33.3333%\",\"33.3333%\"]',3260),
('cmdb.obj-0-80.table-columns','[\"40px\",\"50%\",\"50%\"]',3260),
('cmdb.objtype-36.table-columns','[\"40px\",\"50%\",\"50%\"]',3260),
('cmdb.objtype-11.table-columns','[\"40px\",\"16.6667%\",\"16.6667%\",\"16.6667%\",\"16.6667%\",\"16.6667%\",\"16.6667%\"]',3260),
('cmdb.objtype-101.table-columns','[\"40px\",\"16.6667%\",\"16.6667%\",\"16.6667%\",\"16.6667%\",\"16.6667%\",\"16.6667%\"]',3260),
('cmdb.objtype-106.table-columns','[\"40px\",\"16.6667%\",\"16.6667%\",\"16.6667%\",\"16.6667%\",\"16.6667%\",\"16.6667%\"]',2785),
('cmdb.obj-0-47.table-columns','[\"40px\",\"8.33333%\",\"8.33333%\",\"8.33333%\",\"8.33333%\",\"8.33333%\",\"8.33333%\",\"8.33333%\",\"8.33333%\",\"8.33333%\",\"8.33333%\",\"8.33333%\",\"8.33333%\"]',2785),
('cmdb.obj-0-12.table-columns','[\"40px\",\"7.69231%\",\"7.69231%\",\"7.69231%\",\"7.69231%\",\"7.69231%\",\"7.69231%\",\"7.69231%\",\"7.69231%\",\"7.69231%\",\"7.69231%\",\"7.69231%\",\"7.69231%\",\"7.69231%\"]',2785),
('cmdb.obj-1-78.table-columns','[\"40px\",\"20%\",\"20%\",\"20%\",\"20%\",\"20%\"]',2785),
('cmdb.obj-1-13.table-columns','[\"40px\",\"11.1111%\",\"11.1111%\",\"11.1111%\",\"11.1111%\",\"11.1111%\",\"11.1111%\",\"11.1111%\",\"11.1111%\",\"11.1111%\"]',2785),
('cmdb.objtype-52.table-columns','[\"40px\",\"20%\",\"20%\",\"20%\",\"20%\",\"20%\"]',26),
('cmdb.objtype-99.table-columns','[\"40px\",\"16.6667%\",\"16.6667%\",\"16.6667%\",\"16.6667%\",\"16.6667%\",\"16.6667%\"]',26),
('cmdb.obj-0-53-10.table-columns','[\"40px\",\"33.3333%\",\"33.3333%\",\"33.3333%\"]',26),
('cmdb.objtype-52.table-columns','[\"40px\",\"20%\",\"20%\",\"20%\",\"20%\",\"20%\"]',9),
('cmdb.obj-0-53-10.table-columns','[\"40px\",\"33.3333%\",\"33.3333%\",\"33.3333%\"]',9),
('cmdb.objtype-10.table-columns','[\"40px\",\"20%\",\"20%\",\"20%\",\"20%\",\"20%\"]',2785),
('cmdb.objtype-11.table-columns','[\"40px\",\"16.6667%\",\"140px\",\"306px\",\"126px\",\"650px\",\"141px\"]',2785),
('cmdb.obj-0-4.table-columns','[\"40px\",\"16.6667%\",\"16.6667%\",\"16.6667%\",\"16.6667%\",\"16.6667%\",\"16.6667%\"]',2785),
('cmdb.obj-0-5.table-columns','[\"40px\",\"20%\",\"20%\",\"20%\",\"20%\",\"20%\"]',2785),
('cmdb.obj-isys_cmdb_dao.table-columns','[\"40px\",\"50%\",\"50%\"]',2785),
('cmdb.objtype-10.table-columns','[\"40px\",\"20%\",\"20%\",\"20%\",\"20%\",\"20%\"]',26),
('cmdb.obj-0-4.table-columns','[\"40px\",\"20%\",\"20%\",\"20%\",\"20%\",\"20%\"]',26),
('cmdb.obj-0-5.table-columns','[\"40px\",\"20%\",\"20%\",\"20%\",\"20%\",\"20%\"]',26),
('cmdb.objtype-99.table-columns','[\"40px\",\"16.6667%\",\"16.6667%\",\"16.6667%\",\"16.6667%\",\"16.6667%\",\"16.6667%\"]',27),
('cmdb.obj-1-54.table-columns','[\"40px\",\"12.5%\",\"12.5%\",\"12.5%\",\"12.5%\",\"12.5%\",\"12.5%\",\"12.5%\",\"12.5%\"]',26),
('cmdb.obj-isys_cmdb_dao_list_objecttype.table-columns','[\"40px\",\"12.5%\",\"12.5%\",\"12.5%\",\"12.5%\",\"12.5%\",\"12.5%\",\"12.5%\",\"12.5%\"]',4370),
('cmdb.obj-isys_cmdb_dao.table-columns','[\"40px\",\"50%\",\"50%\"]',4370),
('cmdb.objtype-70.table-columns','[\"40px\",\"33.3333%\",\"33.3333%\",\"33.3333%\"]',4370),
('cmdb.objtype-31.table-columns','[\"40px\",\"227px\",\"109px\",\"12.5%\",\"12.5%\",\"12.5%\",\"12.5%\",\"12.5%\",\"12.5%\"]',4370),
('cmdb.objtype-6.table-columns','[\"40px\",\"14.2857%\",\"14.2857%\",\"14.2857%\",\"14.2857%\",\"14.2857%\",\"14.2857%\",\"14.2857%\"]',4370),
('gui.leftcontent.width','420',4370),
('cmdb.objtype-26.table-columns','[\"40px\",\"16.6667%\",\"16.6667%\",\"16.6667%\",\"16.6667%\",\"16.6667%\",\"16.6667%\"]',4370),
('cmdb.obj-0-78.table-columns','[\"40px\",\"50%\",\"50%\"]',3260),
('cmdb.obj-1-80.table-columns','[\"40px\",\"33.3333%\",\"33.3333%\",\"33.3333%\"]',2785),
('cmdb.obj-1-94.table-columns','[\"40px\",\"50%\",\"50%\"]',2785),
('cmdb.objtype-2.table-columns','[\"40px\",\"25%\",\"25%\",\"25%\",\"25%\"]',3260),
('cmdb.objtype-26.table-columns','[\"40px\",\"16.6667%\",\"16.6667%\",\"16.6667%\",\"16.6667%\",\"16.6667%\",\"16.6667%\"]',3260),
('cmdb.objtype-4.table-columns','[\"40px\",\"16.6667%\",\"16.6667%\",\"16.6667%\",\"16.6667%\",\"16.6667%\",\"16.6667%\"]',3260),
('cmdb.objtype-5.table-columns','[\"40px\",\"14.2857%\",\"14.2857%\",\"14.2857%\",\"14.2857%\",\"14.2857%\",\"14.2857%\",\"14.2857%\"]',3260),
('cmdb.objtype-59.table-columns','[\"40px\",\"16.6667%\",\"16.6667%\",\"16.6667%\",\"16.6667%\",\"16.6667%\",\"16.6667%\"]',3260),
('cmdb.objtype-10.table-columns','[\"40px\",\"20%\",\"20%\",\"20%\",\"20%\",\"20%\"]',3260),
('cmdb.objtype-61.table-columns','[\"40px\",\"25%\",\"25%\",\"25%\",\"25%\"]',3260),
('cmdb.objtype-65.table-columns','[\"40px\",\"20%\",\"20%\",\"20%\",\"20%\",\"20%\"]',3260),
('cmdb.objtype-62.table-columns','[\"40px\",\"25%\",\"25%\",\"25%\",\"25%\"]',3260),
('cmdb.objtype-35.table-columns','[\"40px\",\"25%\",\"25%\",\"25%\",\"25%\"]',3260),
('cmdb.objtype-1.table-columns','[\"40px\",\"25%\",\"25%\",\"25%\",\"25%\"]',3260),
('cmdb.obj-0-20.table-columns','[\"40px\",\"16.6667%\",\"16.6667%\",\"16.6667%\",\"16.6667%\",\"16.6667%\",\"16.6667%\"]',26),
('gui.leftcontent.width','260',26),
('cmdb.objtype-33.table-columns','[\"40px\",\"20%\",\"20%\",\"20%\",\"20%\",\"20%\"]',2785),
('cmdb.objtype-61.table-columns','[\"40px\",\"25%\",\"25%\",\"25%\",\"25%\"]',2785),
('cmdb.objtype-65.table-columns','[\"40px\",\"20%\",\"20%\",\"20%\",\"20%\",\"20%\"]',2785),
('cmdb.objtype-62.table-columns','[\"40px\",\"25%\",\"25%\",\"25%\",\"25%\"]',2785),
('cmdb.objtype-2.table-columns','[\"40px\",\"25%\",\"25%\",\"25%\",\"25%\"]',2785),
('cmdb.obj-0-104.table-columns','[\"40px\",\"33.3333%\",\"33.3333%\",\"33.3333%\"]',26),
('cmdb.objtype-94.table-columns','[\"40px\",\"16.6667%\",\"16.6667%\",\"16.6667%\",\"16.6667%\",\"16.6667%\",\"16.6667%\"]',27),
('cmdb.objtype-5.table-columns','[\"40px\",\"14.2857%\",\"14.2857%\",\"14.2857%\",\"14.2857%\",\"14.2857%\",\"14.2857%\",\"14.2857%\"]',4418),
('gui.leftcontent.width','514',4418),
('cmdb.obj-0-47.table-columns','[\"40px\",\"11.1111%\",\"11.1111%\",\"11.1111%\",\"11.1111%\",\"11.1111%\",\"11.1111%\",\"11.1111%\",\"11.1111%\",\"11.1111%\"]',4418),
('cmdb.objtype-6.table-columns','[\"40px\",\"14.2857%\",\"14.2857%\",\"14.2857%\",\"14.2857%\",\"14.2857%\",\"14.2857%\",\"14.2857%\"]',4418),
('cmdb.obj-0-34.table-columns','[\"40px\",\"33.3333%\",\"33.3333%\",\"33.3333%\"]',4418),
('cmdb.objtype-10.table-columns','[\"40px\",\"20%\",\"20%\",\"20%\",\"20%\",\"20%\"]',4418),
('cmdb.obj-isys_cmdb_dao.table-columns','[\"40px\",\"11.1111%\",\"11.1111%\",\"11.1111%\",\"11.1111%\",\"11.1111%\",\"11.1111%\",\"11.1111%\",\"11.1111%\",\"11.1111%\"]',9),
('cmdb.objtype-31.table-columns','[\"40px\",\"12.5%\",\"12.5%\",\"12.5%\",\"12.5%\",\"12.5%\",\"12.5%\",\"12.5%\",\"12.5%\"]',7210),
('cmdb.objtype-6.table-columns','[\"40px\",\"355px\",\"111px\",\"376px\",\"14.2857%\",\"14.2857%\",\"14.2857%\",\"14.2857%\"]',7210),
('cmdb.objtype-70.table-columns','[\"40px\",\"33.3333%\",\"33.3333%\",\"33.3333%\"]',7210),
('cmdb.objtype-85.table-columns','[\"40px\",\"20%\",\"20%\",\"20%\",\"20%\",\"20%\"]',4418),
('cmdb.objtype-100.table-columns','[\"40px\",\"16.6667%\",\"16.6667%\",\"16.6667%\",\"16.6667%\",\"16.6667%\",\"16.6667%\"]',7210),
('cmdb.obj-0-47.table-columns','[\"40px\",\"8.33333%\",\"8.33333%\",\"8.33333%\",\"8.33333%\",\"8.33333%\",\"8.33333%\",\"8.33333%\",\"8.33333%\",\"8.33333%\",\"8.33333%\",\"8.33333%\",\"8.33333%\"]',7210),
('cmdb.objtype-5.table-columns','[\"40px\",\"14.2857%\",\"14.2857%\",\"14.2857%\",\"14.2857%\",\"14.2857%\",\"14.2857%\",\"14.2857%\"]',7210),
('cmdb.obj-1-78.table-columns','[\"40px\",\"20%\",\"20%\",\"20%\",\"20%\",\"20%\"]',7210),
('cmdb.objtype-7.table-columns','[\"40px\",\"16.6667%\",\"16.6667%\",\"16.6667%\",\"16.6667%\",\"16.6667%\",\"16.6667%\"]',7210),
('cmdb.objtype-3.table-columns','[\"40px\",\"16.6667%\",\"16.6667%\",\"16.6667%\",\"16.6667%\",\"16.6667%\",\"16.6667%\"]',7210),
('cmdb.objtype-23.table-columns','[\"40px\",\"14.2857%\",\"14.2857%\",\"14.2857%\",\"14.2857%\",\"14.2857%\",\"14.2857%\",\"14.2857%\"]',7210),
('cmdb.objtype-85.table-columns','[\"40px\",\"20%\",\"20%\",\"20%\",\"20%\",\"20%\"]',7210),
('cmdb.objtype-93.table-columns','[\"40px\",\"25%\",\"25%\",\"25%\",\"25%\"]',7210),
('cmdb.objtype-94.table-columns','[\"40px\",\"16.6667%\",\"16.6667%\",\"16.6667%\",\"16.6667%\",\"16.6667%\",\"16.6667%\"]',7210),
('cmdb.objtype-96.table-columns','[\"40px\",\"16.6667%\",\"16.6667%\",\"16.6667%\",\"16.6667%\",\"16.6667%\",\"16.6667%\"]',7210),
('cmdb.objtype-98.table-columns','[\"40px\",\"16.6667%\",\"16.6667%\",\"16.6667%\",\"16.6667%\",\"16.6667%\",\"16.6667%\"]',7210),
('cmdb.objtype-99.table-columns','[\"40px\",\"16.6667%\",\"16.6667%\",\"16.6667%\",\"16.6667%\",\"16.6667%\",\"16.6667%\"]',7210),
('cmdb.objtype-28.table-columns','[\"40px\",\"20%\",\"20%\",\"20%\",\"20%\",\"20%\"]',2667),
('cmdb.objtype-36.table-columns','[\"40px\",\"50%\",\"50%\"]',2667),
('cmdb.objtype-99.table-columns','[\"40px\",\"16.6667%\",\"16.6667%\",\"16.6667%\",\"16.6667%\",\"16.6667%\",\"16.6667%\"]',2667),
('gui.leftcontent.width','492',2667),
('cmdb.objtype-28.table-columns','[\"40px\",\"20%\",\"20%\",\"20%\",\"20%\",\"20%\"]',2785),
('cmdb.objtype-23.table-columns','[\"40px\",\"14.2857%\",\"14.2857%\",\"14.2857%\",\"14.2857%\",\"14.2857%\",\"14.2857%\",\"14.2857%\"]',2667),
('cmdb.obj-0-104.table-columns','[\"40px\",\"33.3333%\",\"33.3333%\",\"33.3333%\"]',9),
('cmdb.obj-1-54.table-columns','[\"40px\",\"12.5%\",\"12.5%\",\"12.5%\",\"12.5%\",\"12.5%\",\"12.5%\",\"12.5%\",\"12.5%\"]',9),
('cmdb.obj-isys_cmdb_dao_list_objecttype.table-columns','[\"40px\",\"12.5%\",\"12.5%\",\"12.5%\",\"12.5%\",\"12.5%\",\"12.5%\",\"12.5%\",\"12.5%\"]',7210),
('cmdb.objtype-53.table-columns','[\"40px\",\"16.6667%\",\"16.6667%\",\"16.6667%\",\"16.6667%\",\"16.6667%\",\"16.6667%\"]',7210),
('cmdb.objtype-54.table-columns','[\"40px\",\"25%\",\"25%\",\"25%\",\"25%\"]',7210),
('cmdb.obj-1-51.table-columns','[\"40px\",\"20%\",\"20%\",\"20%\",\"20%\",\"20%\"]',7210),
('cmdb.obj-1-54.table-columns','[\"40px\",\"4.7619%\",\"4.7619%\",\"4.7619%\",\"4.7619%\",\"4.7619%\",\"4.7619%\",\"4.7619%\",\"4.7619%\",\"4.7619%\",\"4.7619%\",\"4.7619%\",\"4.7619%\",\"4.7619%\",\"4.7619%\",\"4.7619%\",\"4.7619%\",\"4.7619%\",\"4.7619%\",\"4.7619%\",\"4.7619%\",\"4.7619%\"]',7210),
('cmdb.obj-isys_cmdb_dao.table-columns','[\"40px\",\"20%\",\"20%\",\"20%\",\"20%\",\"20%\"]',7210),
('cmdb.objtype-33.table-columns','[\"40px\",\"20%\",\"20%\",\"20%\",\"20%\",\"20%\"]',2555),
('cmdb.objtype-61.table-columns','[\"40px\",\"25%\",\"25%\",\"25%\",\"25%\"]',2555),
('cmdb.objtype-65.table-columns','[\"40px\",\"20%\",\"20%\",\"20%\",\"20%\",\"20%\"]',2555),
('cmdb.objtype-62.table-columns','[\"40px\",\"25%\",\"25%\",\"25%\",\"25%\"]',2555),
('cmdb.objtype-1.table-columns','[\"40px\",\"25%\",\"25%\",\"25%\",\"25%\"]',2555),
('cmdb.objtype-2.table-columns','[\"40px\",\"25%\",\"25%\",\"25%\",\"25%\"]',2555),
('cmdb.objtype-26.table-columns','[\"40px\",\"16.6667%\",\"16.6667%\",\"16.6667%\",\"16.6667%\",\"16.6667%\",\"16.6667%\"]',7210),
('cmdb.obj-0-104.table-columns','[\"40px\",\"33.3333%\",\"33.3333%\",\"33.3333%\"]',7210),
('cmdb.objtype-85.table-columns','[\"40px\",\"20%\",\"20%\",\"20%\",\"20%\",\"20%\"]',8512),
('cmdb.objtype-26.table-columns','[\"40px\",\"16.6667%\",\"16.6667%\",\"16.6667%\",\"16.6667%\",\"16.6667%\",\"16.6667%\"]',8512),
('cmdb.objtype-59.table-columns','[\"40px\",\"16.6667%\",\"16.6667%\",\"16.6667%\",\"16.6667%\",\"16.6667%\",\"16.6667%\"]',8512),
('cmdb.objtype-10.table-columns','[\"40px\",\"20%\",\"20%\",\"20%\",\"20%\",\"20%\"]',8512),
('cmdb.objtype-101.table-columns','[\"40px\",\"16.6667%\",\"16.6667%\",\"16.6667%\",\"16.6667%\",\"16.6667%\",\"16.6667%\"]',8512),
('cmdb.objtype-4.table-columns','[\"40px\",\"16.6667%\",\"16.6667%\",\"16.6667%\",\"16.6667%\",\"16.6667%\",\"16.6667%\"]',8512),
('cmdb.objtype-5.table-columns','[\"40px\",\"14.2857%\",\"14.2857%\",\"14.2857%\",\"14.2857%\",\"14.2857%\",\"14.2857%\",\"14.2857%\"]',8512),
('cmdb.objtype-33.table-columns','[\"40px\",\"20%\",\"20%\",\"20%\",\"20%\",\"20%\"]',8512),
('cmdb.objtype-61.table-columns','[\"40px\",\"25%\",\"25%\",\"25%\",\"25%\"]',8512),
('cmdb.objtype-65.table-columns','[\"40px\",\"20%\",\"20%\",\"20%\",\"20%\",\"20%\"]',8512),
('cmdb.objtype-62.table-columns','[\"40px\",\"25%\",\"25%\",\"25%\",\"25%\"]',8512),
('cmdb.objtype-35.table-columns','[\"40px\",\"25%\",\"25%\",\"25%\",\"25%\"]',8512),
('cmdb.objtype-1.table-columns','[\"40px\",\"25%\",\"25%\",\"25%\",\"25%\"]',8512),
('cmdb.objtype-2.table-columns','[\"40px\",\"25%\",\"25%\",\"25%\",\"25%\"]',8512),
('cmdb.objtype-31.table-columns','[\"40px\",\"12.5%\",\"12.5%\",\"12.5%\",\"12.5%\",\"12.5%\",\"12.5%\",\"12.5%\",\"12.5%\"]',8512),
('cmdb.objtype-70.table-columns','[\"40px\",\"33.3333%\",\"33.3333%\",\"33.3333%\"]',8512),
('cmdb.objtype-6.table-columns','[\"40px\",\"14.2857%\",\"14.2857%\",\"14.2857%\",\"14.2857%\",\"14.2857%\",\"14.2857%\",\"14.2857%\"]',8512),
('cmdb.obj-isys_cmdb_dao_list_objecttype.table-columns','[\"40px\",\"12.5%\",\"12.5%\",\"12.5%\",\"12.5%\",\"12.5%\",\"12.5%\",\"12.5%\",\"12.5%\"]',8510),
('cmdb.objtype-31.table-columns','[\"40px\",\"257px\",\"123px\",\"12.5%\",\"12.5%\",\"12.5%\",\"12.5%\",\"12.5%\",\"12.5%\"]',8510),
('cmdb.objtype-6.table-columns','[\"40px\",\"280px\",\"138px\",\"14.2857%\",\"214px\",\"220px\",\"226px\",\"14.2857%\"]',8510),
('cmdb.objtype-45.table-columns','[\"40px\",\"33.3333%\",\"33.3333%\",\"33.3333%\"]',8510),
('cmdb.objtype-59.table-columns','[\"40px\",\"20%\",\"20%\",\"20%\",\"20%\",\"20%\"]',7210),
('cmdb.obj-0-12.table-columns','[\"40px\",\"7.69231%\",\"7.69231%\",\"7.69231%\",\"7.69231%\",\"7.69231%\",\"7.69231%\",\"7.69231%\",\"7.69231%\",\"7.69231%\",\"7.69231%\",\"7.69231%\",\"7.69231%\",\"7.69231%\"]',7210),
('cmdb.obj-0-34.table-columns','[\"40px\",\"33.3333%\",\"33.3333%\",\"33.3333%\"]',8510),
('cmdb.obj-0-47.table-columns','[\"40px\",\"8.33333%\",\"8.33333%\",\"8.33333%\",\"8.33333%\",\"8.33333%\",\"8.33333%\",\"8.33333%\",\"8.33333%\",\"8.33333%\",\"8.33333%\",\"8.33333%\",\"8.33333%\"]',8510),
('cmdb.objtype-85.table-columns','[\"40px\",\"20%\",\"20%\",\"20%\",\"20%\",\"20%\"]',8510),
('cmdb.objtype-3.table-columns','[\"40px\",\"250px\",\"262px\",\"16.6667%\",\"16.6667%\",\"16.6667%\",\"16.6667%\"]',8510),
('cmdb.objtype-26.table-columns','[\"40px\",\"16.6667%\",\"16.6667%\",\"16.6667%\",\"16.6667%\",\"16.6667%\",\"16.6667%\"]',8510),
('cmdb.objtype-4.table-columns','[\"40px\",\"16.6667%\",\"16.6667%\",\"16.6667%\",\"16.6667%\",\"16.6667%\",\"16.6667%\"]',8510),
('cmdb.objtype-5.table-columns','[\"40px\",\"14.2857%\",\"14.2857%\",\"14.2857%\",\"14.2857%\",\"14.2857%\",\"14.2857%\",\"14.2857%\"]',8510),
('cmdb.objtype-11.table-columns','[\"40px\",\"16.6667%\",\"16.6667%\",\"16.6667%\",\"16.6667%\",\"16.6667%\",\"16.6667%\"]',8510),
('cmdb.objtype-101.table-columns','[\"40px\",\"16.6667%\",\"16.6667%\",\"16.6667%\",\"16.6667%\",\"16.6667%\",\"16.6667%\"]',8510),
('cmdb.objtype-10.table-columns','[\"40px\",\"20%\",\"20%\",\"20%\",\"20%\",\"20%\"]',8510),
('cmdb.objtype-40.table-columns','[\"40px\",\"20%\",\"20%\",\"20%\",\"20%\",\"20%\"]',8510),
('cmdb.objtype-43.table-columns','[\"40px\",\"33.3333%\",\"33.3333%\",\"33.3333%\"]',8510),
('cmdb.objtype-100.table-columns','[\"40px\",\"16.6667%\",\"16.6667%\",\"16.6667%\",\"16.6667%\",\"16.6667%\",\"16.6667%\"]',8510),
('cmdb.objtype-106.table-columns','[\"40px\",\"16.6667%\",\"16.6667%\",\"16.6667%\",\"16.6667%\",\"16.6667%\",\"16.6667%\"]',8510),
('cmdb.objtype-102.table-columns','[\"40px\",\"16.6667%\",\"16.6667%\",\"16.6667%\",\"16.6667%\",\"16.6667%\",\"16.6667%\"]',8510),
('cmdb.obj-isys_cmdb_dao.table-columns','[\"40px\",\"50%\",\"50%\"]',8510),
('cmdb.objtype-33.table-columns','[\"40px\",\"20%\",\"20%\",\"20%\",\"20%\",\"20%\"]',8510),
('cmdb.objtype-61.table-columns','[\"40px\",\"25%\",\"25%\",\"25%\",\"25%\"]',8510),
('cmdb.objtype-65.table-columns','[\"40px\",\"20%\",\"20%\",\"20%\",\"20%\",\"20%\"]',8510),
('cmdb.objtype-62.table-columns','[\"40px\",\"25%\",\"25%\",\"25%\",\"25%\"]',8510),
('cmdb.objtype-35.table-columns','[\"40px\",\"25%\",\"25%\",\"25%\",\"25%\"]',8510),
('cmdb.objtype-1.table-columns','[\"40px\",\"25%\",\"25%\",\"25%\",\"25%\"]',8510),
('cmdb.objtype-2.table-columns','[\"40px\",\"25%\",\"25%\",\"25%\",\"25%\"]',8510),
('cmdb.objtype-23.table-columns','[\"40px\",\"14.2857%\",\"14.2857%\",\"14.2857%\",\"14.2857%\",\"14.2857%\",\"14.2857%\",\"14.2857%\"]',8510),
('cmdb.objtype-59.table-columns','[\"40px\",\"20%\",\"20%\",\"20%\",\"20%\",\"20%\"]',8510),
('cmdb.objtype-7.table-columns','[\"40px\",\"16.6667%\",\"16.6667%\",\"16.6667%\",\"16.6667%\",\"16.6667%\",\"16.6667%\"]',8510),
('cmdb.obj-0-14.table-columns','[\"40px\",\"20%\",\"20%\",\"20%\",\"20%\",\"20%\"]',8510),
('cmdb.obj-0-40.table-columns','[\"40px\",\"14.2857%\",\"14.2857%\",\"14.2857%\",\"14.2857%\",\"14.2857%\",\"14.2857%\",\"14.2857%\"]',8510),
('cmdb.obj-0-80.table-columns','[\"40px\",\"50%\",\"50%\"]',8510),
('cmdb.obj-0-7.table-columns','[\"40px\",\"5.55556%\",\"5.55556%\",\"5.55556%\",\"5.55556%\",\"5.55556%\",\"5.55556%\",\"5.55556%\",\"5.55556%\",\"5.55556%\",\"5.55556%\",\"5.55556%\",\"5.55556%\",\"5.55556%\",\"5.55556%\",\"5.55556%\",\"5.55556%\",\"5.55556%\",\"5.55556%\"]',8510),
('cmdb.obj-1-78.table-columns','[\"40px\",\"20%\",\"20%\",\"20%\",\"20%\",\"20%\"]',8510),
('gui.leftcontent.width','428',8510),
('cmdb.obj-0-7.table-columns','[\"40px\",\"5.55556%\",\"5.55556%\",\"5.55556%\",\"5.55556%\",\"5.55556%\",\"5.55556%\",\"5.55556%\",\"5.55556%\",\"5.55556%\",\"5.55556%\",\"5.55556%\",\"5.55556%\",\"5.55556%\",\"5.55556%\",\"5.55556%\",\"5.55556%\",\"5.55556%\",\"5.55556%\"]',7210),
('cmdb.objtype-27.table-columns','[\"40px\",\"16.6667%\",\"16.6667%\",\"16.6667%\",\"16.6667%\",\"16.6667%\",\"16.6667%\"]',7210),
('gui.leftcontent.width','511',7210),
('cmdb.objtype-10.table-columns','[\"40px\",\"20%\",\"20%\",\"20%\",\"20%\",\"20%\"]',7210),
('cmdb.obj-0-4.table-columns','[\"40px\",\"16.6667%\",\"16.6667%\",\"16.6667%\",\"16.6667%\",\"16.6667%\",\"16.6667%\"]',7210),
('cmdb.obj-0-5.table-columns','[\"40px\",\"20%\",\"20%\",\"20%\",\"20%\",\"20%\"]',7210),
('cmdb.objtype-11.table-columns','[\"40px\",\"16.6667%\",\"16.6667%\",\"16.6667%\",\"16.6667%\",\"16.6667%\",\"16.6667%\"]',7210),
('gui.leftcontent.width','330',2785),
('cmdb.obj-1-97.table-columns','[\"40px\",\"25%\",\"25%\",\"25%\",\"25%\"]',7210),
('cmdb.objtype-36.table-columns','[\"40px\",\"50%\",\"50%\"]',2785),
('cmdb.obj-0-20.table-columns','[\"40px\",\"16.6667%\",\"16.6667%\",\"16.6667%\",\"16.6667%\",\"16.6667%\",\"16.6667%\"]',2785),
('cmdb.obj-0-20.table-columns','[\"40px\",\"16.6667%\",\"16.6667%\",\"16.6667%\",\"16.6667%\",\"16.6667%\",\"16.6667%\"]',7210),
('cmdb.objtype-70.table-columns','[\"40px\",\"33.3333%\",\"33.3333%\",\"33.3333%\"]',8510),
('cmdb.obj-0-20.table-columns','[\"40px\",\"16.6667%\",\"16.6667%\",\"16.6667%\",\"16.6667%\",\"16.6667%\",\"16.6667%\"]',8510),
('cmdb.objtype-31.table-columns','[\"40px\",\"12.5%\",\"12.5%\",\"12.5%\",\"12.5%\",\"12.5%\",\"12.5%\",\"12.5%\",\"12.5%\"]',4418),
('gui.default-tree-type','',9),
('gui.default-tree-view','1008',9),
('gui.default-tree-type','1',22),
('gui.default-tree-view','1008',22),
('gui.default-tree-type','3',26),
('gui.default-tree-view','1008',26),
('gui.default-tree-type','',27),
('gui.default-tree-view','1008',27),
('gui.default-tree-type','3',522),
('gui.default-tree-view','1008',522),
('gui.default-tree-type','',2555),
('gui.default-tree-view','1008',2555),
('gui.default-tree-type','1',2667),
('gui.default-tree-view','1008',2667),
('gui.default-tree-type','',2785),
('gui.default-tree-view','1008',2785),
('gui.default-tree-type','3',3260),
('gui.default-tree-view','1008',3260),
('gui.default-tree-type','1',3291),
('gui.default-tree-view','1008',3291),
('gui.default-tree-type','1',3803),
('gui.default-tree-view','1008',3803),
('gui.default-tree-type','1',4370),
('gui.default-tree-view','1008',4370),
('gui.default-tree-type','',4418),
('gui.default-tree-view','1008',4418),
('gui.default-tree-type','1',4534),
('gui.default-tree-view','1008',4534),
('gui.default-tree-type','',6973),
('gui.default-tree-view','1008',6973),
('gui.default-tree-type','',7210),
('gui.default-tree-view','1008',7210),
('gui.default-tree-type','',8510),
('gui.default-tree-view','1007',8510),
('gui.tree.hide-empty-object-types','1',9),
('gui.tree.hide-empty-categories','0',9),
('gui.tree.hide-empty-object-types','1',4),
('gui.tree.hide-empty-categories','0',4),
('gui.tree.hide-empty-object-types','1',1),
('gui.tree.hide-empty-categories','0',1),
('gui.tree.hide-empty-object-types','1',26),
('gui.tree.hide-empty-categories','0',26),
('gui.tree.hide-empty-object-types','0',27),
('gui.tree.hide-empty-categories','0',27),
('gui.tree.hide-empty-object-types','1',522),
('gui.tree.hide-empty-categories','0',522),
('gui.tree.hide-empty-object-types','1',2555),
('gui.tree.hide-empty-categories','0',2555),
('gui.tree.hide-empty-object-types','1',2667),
('gui.tree.hide-empty-categories','0',2667),
('gui.tree.hide-empty-object-types','1',2785),
('gui.tree.hide-empty-categories','0',2785),
('gui.tree.hide-empty-object-types','0',3260),
('gui.tree.hide-empty-categories','0',3260),
('gui.tree.hide-empty-object-types','1',3291),
('gui.tree.hide-empty-categories','0',3291),
('gui.tree.hide-empty-object-types','1',3803),
('gui.tree.hide-empty-categories','0',3803),
('gui.tree.hide-empty-object-types','1',22),
('gui.tree.hide-empty-categories','0',22),
('gui.tree.hide-empty-object-types','1',4370),
('gui.tree.hide-empty-categories','0',4370),
('gui.tree.hide-empty-object-types','1',4418),
('gui.tree.hide-empty-categories','0',4418),
('gui.tree.hide-empty-object-types','1',4534),
('gui.tree.hide-empty-categories','0',4534),
('gui.tree.hide-empty-object-types','1',6973),
('gui.tree.hide-empty-categories','0',6973),
('gui.tree.hide-empty-object-types','0',7210),
('gui.tree.hide-empty-categories','0',7210),
('gui.tree.hide-empty-object-types','1',8510),
('gui.tree.hide-empty-categories','0',8510),
('gui.default-tree-view','1008',8674),
('gui.default-tree-view','1008',8677),
('cmdb.objtype-6.table-columns','[\"40px\",\"256px\",\"170px\",\"14.2857%\",\"14.2857%\",\"14.2857%\",\"14.2857%\",\"14.2857%\"]',8677),
('cmdb.objtype-7.table-columns','[\"40px\",\"16.6667%\",\"16.6667%\",\"16.6667%\",\"16.6667%\",\"16.6667%\",\"16.6667%\"]',8677),
('cmdb.objtype-85.table-columns','[\"40px\",\"20%\",\"20%\",\"20%\",\"20%\",\"20%\"]',8677),
('cmdb.objtype-3.table-columns','[\"40px\",\"16.6667%\",\"16.6667%\",\"16.6667%\",\"16.6667%\",\"16.6667%\",\"16.6667%\"]',8677),
('cmdb.objtype-27.table-columns','[\"40px\",\"16.6667%\",\"16.6667%\",\"16.6667%\",\"16.6667%\",\"16.6667%\",\"16.6667%\"]',8677),
('cmdb.objtype-100.table-columns','[\"40px\",\"16.6667%\",\"16.6667%\",\"16.6667%\",\"16.6667%\",\"16.6667%\",\"16.6667%\"]',8677),
('cmdb.objtype-70.table-columns','[\"40px\",\"33.3333%\",\"33.3333%\",\"33.3333%\"]',2555),
('cmdb.objtype-6.table-columns','[\"40px\",\"14.2857%\",\"14.2857%\",\"14.2857%\",\"14.2857%\",\"14.2857%\",\"14.2857%\",\"14.2857%\"]',2555),
('cmdb.objtype-28.table-columns','[\"40px\",\"20%\",\"20%\",\"20%\",\"20%\",\"20%\"]',2555),
('cmdb.objtype-52.table-columns','[\"40px\",\"20%\",\"20%\",\"20%\",\"20%\",\"20%\"]',2555),
('cmdb.objtype-31.table-columns','[\"40px\",\"12.5%\",\"12.5%\",\"12.5%\",\"12.5%\",\"12.5%\",\"12.5%\",\"12.5%\",\"12.5%\"]',8677),
('cmdb.objtype-102.table-columns','[\"40px\",\"16.6667%\",\"16.6667%\",\"16.6667%\",\"16.6667%\",\"16.6667%\",\"16.6667%\"]',8677),
('cmdb.objtype-106.table-columns','[\"40px\",\"16.6667%\",\"16.6667%\",\"16.6667%\",\"16.6667%\",\"16.6667%\",\"16.6667%\"]',8677),
('cmdb.objtype-43.table-columns','[\"40px\",\"33.3333%\",\"33.3333%\",\"33.3333%\"]',8677),
('cmdb.objtype-40.table-columns','[\"40px\",\"20%\",\"20%\",\"20%\",\"20%\",\"20%\"]',8677),
('cmdb.objtype-85.table-columns','[\"40px\",\"20%\",\"20%\",\"20%\",\"20%\",\"20%\"]',8674),
('cmdb.objtype-3.table-columns','[\"40px\",\"16.6667%\",\"16.6667%\",\"16.6667%\",\"16.6667%\",\"16.6667%\",\"16.6667%\"]',8674),
('cmdb.objtype-26.table-columns','[\"40px\",\"16.6667%\",\"16.6667%\",\"16.6667%\",\"16.6667%\",\"16.6667%\",\"16.6667%\"]',8674),
('cmdb.objtype-5.table-columns','[\"40px\",\"14.2857%\",\"14.2857%\",\"14.2857%\",\"14.2857%\",\"14.2857%\",\"14.2857%\",\"14.2857%\"]',8674),
('cmdb.objtype-59.table-columns','[\"40px\",\"16.6667%\",\"16.6667%\",\"16.6667%\",\"16.6667%\",\"16.6667%\",\"16.6667%\"]',8674),
('cmdb.objtype-23.table-columns','[\"40px\",\"14.2857%\",\"14.2857%\",\"14.2857%\",\"14.2857%\",\"14.2857%\",\"14.2857%\",\"14.2857%\"]',8674),
('cmdb.objtype-10.table-columns','[\"40px\",\"20%\",\"20%\",\"20%\",\"20%\",\"20%\"]',8674),
('cmdb.objtype-11.table-columns','[\"40px\",\"16.6667%\",\"16.6667%\",\"16.6667%\",\"16.6667%\",\"16.6667%\",\"16.6667%\"]',8674),
('cmdb.objtype-101.table-columns','[\"40px\",\"16.6667%\",\"16.6667%\",\"16.6667%\",\"16.6667%\",\"16.6667%\",\"16.6667%\"]',8674),
('gui.category.padding','l',8510),
('gui.tree.spacing','l',8510),
('gui.category.spacer','1',8510),
('gui.show-my-doit','0',8510),
('gui.show-object-type-groups-as-dropdown','0',8510),
('gui.category.cabling.directly-open-cabling-addon','1',8510),
('gui.objectlist.remember-filter','300',8510),
('gui.objectlist.rows-per-page','50',8510),
('gui.quickinfo.active','1',8510),
('gui.quickinfo.delay','0.5',8510),
('workflows.max-checklist-entries','',8510),
('cmdb.connection.automatic-cabling','1',8510),
('cmdb.objtype-40.table-columns','[\"40px\",\"20%\",\"20%\",\"20%\",\"20%\",\"20%\"]',27),
('cmdb.obj-1-56.table-columns','[\"40px\",\"20%\",\"20%\",\"20%\",\"20%\",\"20%\"]',27),
('cmdb.obj-0-47.table-columns','[\"40px\",\"8.33333%\",\"8.33333%\",\"8.33333%\",\"8.33333%\",\"8.33333%\",\"8.33333%\",\"8.33333%\",\"8.33333%\",\"8.33333%\",\"8.33333%\",\"8.33333%\",\"8.33333%\"]',9),
('cmdb.obj-0-4.table-columns','[\"40px\",\"16.666667%\",\"16.666667%\",\"16.666667%\",\"16.666667%\",\"16.666667%\",\"16.666667%\"]',27),
('cmdb.obj-0-35.table-columns','[\"40px\",\"20%\",\"20%\",\"20%\",\"20%\",\"20%\"]',27),
('cmdb.obj-0-42.table-columns','[\"40px\",\"9.090909%\",\"9.090909%\",\"9.090909%\",\"9.090909%\",\"9.090909%\",\"9.090909%\",\"9.090909%\",\"9.090909%\",\"9.090909%\",\"9.090909%\",\"9.090909%\"]',27),
('gui.default-tree-type','',8674),
('cmdb.objtype-31.table-columns','[\"40px\",\"12.5%\",\"12.5%\",\"185px\",\"231px\",\"12.5%\",\"12.5%\",\"12.5%\",\"12.5%\"]',8674),
('gui.leftcontent.width','235',8674),
('cmdb.obj-0-14.table-columns','[\"40px\",\"20%\",\"20%\",\"20%\",\"20%\",\"20%\"]',7210),
('cmdb.obj-0-35.table-columns','[\"40px\",\"20%\",\"20%\",\"20%\",\"20%\",\"20%\"]',7210),
('cmdb.obj-0-47.table-columns','[\"40px\",\"8.33333%\",\"8.33333%\",\"8.33333%\",\"8.33333%\",\"8.33333%\",\"8.33333%\",\"8.33333%\",\"8.33333%\",\"8.33333%\",\"8.33333%\",\"8.33333%\",\"8.33333%\"]',8674),
('cmdb.obj-0-34.table-columns','[\"40px\",\"33.3333%\",\"33.3333%\",\"33.3333%\"]',7210),
('cmdb.obj-0-34.table-columns','[\"40px\",\"33.3333%\",\"33.3333%\",\"33.3333%\"]',8674),
('cmdb.objtype-4.table-columns','[\"40px\",\"16.6667%\",\"16.6667%\",\"16.6667%\",\"16.6667%\",\"16.6667%\",\"16.6667%\"]',8674),
('cmdb.obj-isys_cmdb_dao_list_objecttype.table-columns','[\"40px\",\"12.5%\",\"12.5%\",\"12.5%\",\"12.5%\",\"12.5%\",\"12.5%\",\"12.5%\",\"12.5%\"]',8674),
('cmdb.objtype-59.table-columns','[\"40px\",\"16.6667%\",\"16.6667%\",\"16.6667%\",\"16.6667%\",\"16.6667%\",\"16.6667%\"]',4418),
('cmdb.objtype-70.table-columns','[\"40px\",\"33.3333%\",\"33.3333%\",\"33.3333%\"]',4418),
('pro.news.download-center','1',27),
('pro.news.download-center','1',7210),
('cmdb.obj-0-82.table-columns','[\"40px\",\"11.1111%\",\"11.1111%\",\"11.1111%\",\"11.1111%\",\"11.1111%\",\"11.1111%\",\"11.1111%\",\"11.1111%\",\"11.1111%\"]',8510),
('cmdb.obj-isys_workflow_dao_list_template.table-columns','[\"40px\",\"25%\",\"25%\",\"25%\",\"25%\"]',8510),
('cmdb.obj-isys_workflow_dao_list_wf_type.table-columns','[\"40px\",\"50%\",\"50%\"]',8510),
('pro.news.download-center','1',9),
('cmdb.objtype-26.table-columns','[\"40px\",\"16.6667%\",\"16.6667%\",\"16.6667%\",\"16.6667%\",\"16.6667%\",\"16.6667%\"]',8677),
('gui.hide-survey-notification','1',7210),
('cmdb.objtype-27.table-columns','[\"40px\",\"16.6667%\",\"16.6667%\",\"16.6667%\",\"241px\",\"253px\",\"16.6667%\"]',8510),
('cmdb.objtype-59.table-columns','[\"40px\",\"16.6667%\",\"16.6667%\",\"16.6667%\",\"16.6667%\",\"16.6667%\",\"16.6667%\"]',8677),
('cmdb.objtype-5.table-columns','[\"40px\",\"14.2857%\",\"14.2857%\",\"14.2857%\",\"14.2857%\",\"14.2857%\",\"14.2857%\",\"14.2857%\"]',8677),
('cmdb.objtype-23.table-columns','[\"40px\",\"14.2857%\",\"14.2857%\",\"14.2857%\",\"14.2857%\",\"14.2857%\",\"14.2857%\",\"14.2857%\"]',8677),
('cmdb.objtype-4.table-columns','[\"40px\",\"16.6667%\",\"16.6667%\",\"16.6667%\",\"16.6667%\",\"16.6667%\",\"16.6667%\"]',8677),
('cmdb.objtype-10.table-columns','[\"40px\",\"7.69231%\",\"7.69231%\",\"7.69231%\",\"7.69231%\",\"7.69231%\",\"7.69231%\",\"7.69231%\",\"7.69231%\",\"7.69231%\",\"7.69231%\",\"7.69231%\",\"7.69231%\",\"7.69231%\"]',8677),
('cmdb.objtype-11.table-columns','[\"40px\",\"16.6667%\",\"16.6667%\",\"16.6667%\",\"16.6667%\",\"16.6667%\",\"16.6667%\"]',8677),
('gui.hide-survey-notification','1',8510),
('cmdb.obj-0-39.table-columns','[\"40px\",\"5.55556%\",\"5.55556%\",\"5.55556%\",\"5.55556%\",\"5.55556%\",\"5.55556%\",\"5.55556%\",\"5.55556%\",\"5.55556%\",\"5.55556%\",\"5.55556%\",\"5.55556%\",\"5.55556%\",\"5.55556%\",\"5.55556%\",\"5.55556%\",\"5.55556%\",\"5.55556%\"]',8510),
('pro.news.download-center','1',2667),
('cmdb.obj-0-39.table-columns','[\"40px\",\"5.55556%\",\"5.55556%\",\"5.55556%\",\"5.55556%\",\"5.55556%\",\"5.55556%\",\"5.55556%\",\"5.55556%\",\"5.55556%\",\"5.55556%\",\"5.55556%\",\"5.55556%\",\"5.55556%\",\"5.55556%\",\"5.55556%\",\"5.55556%\",\"5.55556%\",\"5.55556%\"]',7210),
('synetics_admin.news.subscription-and-addons','1',27),
('synetics_admin.news.subscription-and-addons','1',8510),
('synetics_admin.news.subscription-and-addons','1',7210),
('synetics_admin.news.subscription-and-addons','1',9569),
('synetics_admin.news.subscription-and-addons','1',2667),
('cmdb.objtype-53.table-columns','[\"40px\",\"208px\",\"220px\",\"16.6667%\",\"16.6667%\",\"16.6667%\",\"16.6667%\"]',8510),
('synetics_admin.news.subscription-and-addons','1',9602),
('cmdb.obj-1-69.table-columns','[\"40px\",\"100%\"]',27),
('cmdb.objtype-52.table-columns','[\"40px\",\"20%\",\"20%\",\"20%\",\"20%\",\"20%\"]',8510),
('cmdb.objtype-54.table-columns','[\"40px\",\"25%\",\"25%\",\"25%\",\"25%\"]',8510),
('cmdb.objtype-36.table-columns','[\"40px\",\"50%\",\"50%\"]',8510),
('cmdb.objtype-28.table-columns','[\"40px\",\"20%\",\"20%\",\"20%\",\"20%\",\"20%\"]',8510),
('gui.hide-survey-notification','1',27),
('cmdb.objtype-29.table-columns','[\"40px\",\"50%\",\"50%\"]',8510),
('synetics_admin.news.subscription-and-addons','1',8677),
('cmdb.obj-0-34.table-columns','[\"40px\",\"33.3333%\",\"33.3333%\",\"33.3333%\"]',8677),
('cmdb.obj-0-47.table-columns','[\"40px\",\"8.33333%\",\"8.33333%\",\"8.33333%\",\"8.33333%\",\"8.33333%\",\"8.33333%\",\"8.33333%\",\"8.33333%\",\"8.33333%\",\"8.33333%\",\"8.33333%\",\"8.33333%\"]',8677),
('cmdb.objtype-85.table-columns','[\"40px\",\"20%\",\"20%\",\"20%\",\"20%\",\"20%\"]',9602),
('cmdb.objtype-3.table-columns','[\"40px\",\"16.6667%\",\"16.6667%\",\"16.6667%\",\"16.6667%\",\"16.6667%\",\"16.6667%\"]',9602),
('cmdb.objtype-26.table-columns','[\"40px\",\"16.6667%\",\"16.6667%\",\"16.6667%\",\"16.6667%\",\"16.6667%\",\"16.6667%\"]',9602),
('gui.default-tree-view','1008',9602),
('cmdb.obj-isys_cmdb_dao_list_objecttype.table-columns','[\"40px\",\"12.5%\",\"12.5%\",\"12.5%\",\"12.5%\",\"12.5%\",\"12.5%\",\"12.5%\",\"12.5%\"]',9602),
('cmdb.objtype-33.table-columns','[\"40px\",\"12.5%\",\"12.5%\",\"12.5%\",\"12.5%\",\"12.5%\",\"12.5%\",\"12.5%\",\"12.5%\"]',9602),
('cmdb.objtype-28.table-columns','[\"40px\",\"14.2857%\",\"14.2857%\",\"14.2857%\",\"14.2857%\",\"14.2857%\",\"14.2857%\",\"14.2857%\"]',9602),
('gui.leftcontent.width','397',9602),
('cmdb.obj-dabf3692.table-columns','[\"40px\",\"25%\",\"25%\",\"25%\",\"25%\"]',9602),
('gui.default-tree-type','',9602),
('cmdb.obj-07661f04.table-columns','[\"40px\",\"20%\",\"20%\",\"20%\",\"20%\",\"20%\"]',9602),
('cmdb.obj-1-26.table-columns','[\"40px\",\"12.5%\",\"12.5%\",\"12.5%\",\"12.5%\",\"12.5%\",\"12.5%\",\"12.5%\",\"12.5%\"]',9602),
('cmdb.obj-0-186.table-columns','[\"40px\",\"33.3333%\",\"33.3333%\",\"33.3333%\"]',9602),
('cmdb.obj-0-80.table-columns','[\"40px\",\"50%\",\"50%\"]',9602),
('gui.hide-survey-notification','1',9602),
('cmdb.obj-isys_cmdb_dao.table-columns','[\"40px\",\"16.6667%\",\"16.6667%\",\"16.6667%\",\"16.6667%\",\"16.6667%\",\"16.6667%\"]',9602),
('cmdb.objtype-61.table-columns','[\"40px\",\"25%\",\"25%\",\"25%\",\"25%\"]',9602),
('cmdb.objtype-62.table-columns','[\"40px\",\"25%\",\"25%\",\"25%\",\"25%\"]',9602),
('cmdb.objtype-10.table-columns','[\"40px\",\"137px\",\"131px\",\"98px\",\"66px\",\"132px\",\"104px\",\"85px\",\"103px\",\"330px\",\"147px\",\"188px\",\"545px\",\"239px\"]',9602),
('cmdb.objtype-2.table-columns','[\"40px\",\"20%\",\"20%\",\"20%\",\"20%\",\"20%\"]',9602),
('cmdb.objtype-4.table-columns','[\"40px\",\"16.6667%\",\"16.6667%\",\"16.6667%\",\"16.6667%\",\"16.6667%\",\"16.6667%\"]',9602),
('cmdb.objtype-11.table-columns','[\"40px\",\"7.69231%\",\"7.69231%\",\"7.69231%\",\"7.69231%\",\"7.69231%\",\"7.69231%\",\"7.69231%\",\"7.69231%\",\"7.69231%\",\"7.69231%\",\"7.69231%\",\"7.69231%\",\"7.69231%\"]',9602),
('cmdb.objtype-101.table-columns','[\"40px\",\"14.2857%\",\"14.2857%\",\"14.2857%\",\"14.2857%\",\"14.2857%\",\"14.2857%\",\"14.2857%\"]',9602),
('cmdb.objtype-6.table-columns','[\"40px\",\"12.5%\",\"12.5%\",\"12.5%\",\"12.5%\",\"12.5%\",\"12.5%\",\"12.5%\",\"12.5%\"]',9602),
('cmdb.objtype-53.table-columns','[\"40px\",\"6.25%\",\"6.25%\",\"6.25%\",\"6.25%\",\"6.25%\",\"6.25%\",\"6.25%\",\"6.25%\",\"6.25%\",\"6.25%\",\"6.25%\",\"6.25%\",\"6.25%\",\"6.25%\",\"6.25%\",\"6.25%\"]',9602),
('cmdb.obj-0-104.table-columns','[\"40px\",\"33.3333%\",\"33.3333%\",\"33.3333%\"]',9602),
('cmdb.obj-0-185.table-columns','[\"40px\",\"33.3333%\",\"33.3333%\",\"33.3333%\"]',9602),
('cmdb.objtype-54.table-columns','[\"40px\",\"107px\",\"369px\",\"202px\",\"177px\",\"253px\",\"896px\",\"14.2857%\"]',9602),
('cmdb.objtype-52.table-columns','[\"40px\",\"10%\",\"10%\",\"10%\",\"10%\",\"10%\",\"10%\",\"10%\",\"10%\",\"10%\",\"10%\"]',9602),
('gui.tree.hide-empty-categories','0',9602),
('cmdb.obj-0-21.table-columns','[\"40px\",\"12.5%\",\"12.5%\",\"12.5%\",\"12.5%\",\"290px\",\"302px\",\"12.5%\",\"12.5%\"]',9602),
('cmdb.obj-0-82.table-columns','[\"40px\",\"11.1111%\",\"11.1111%\",\"11.1111%\",\"11.1111%\",\"11.1111%\",\"11.1111%\",\"11.1111%\",\"11.1111%\",\"11.1111%\"]',9602),
('cmdb.obj-1-56.table-columns','[\"40px\",\"20%\",\"20%\",\"20%\",\"20%\",\"20%\"]',9602),
('cmdb.obj-1-51.table-columns','[\"40px\",\"20%\",\"20%\",\"20%\",\"20%\",\"20%\"]',9602),
('cmdb.objtype-29.table-columns','[\"40px\",\"50%\",\"50%\"]',9602),
('cmdb.objtype-45.table-columns','[\"40px\",\"20%\",\"20%\",\"20%\",\"20%\",\"20%\"]',9602),
('synetics_admin.news.subscription-and-addons','1',9744),
('synetics_admin.news.subscription-and-addons','1',9603),
('gui.default-tree-view','1008',9603),
('cmdb.objtype-59.table-columns','[\"40px\",\"20%\",\"20%\",\"20%\",\"20%\",\"20%\"]',9603),
('cmdb.objtype-53.table-columns','[\"40px\",\"16.666667%\",\"16.666667%\",\"16.666667%\",\"16.666667%\",\"16.666667%\",\"16.666667%\"]',9603),
('cmdb.obj-isys_cmdb_dao.table-columns','[\"40px\",\"11.111111%\",\"11.111111%\",\"11.111111%\",\"11.111111%\",\"11.111111%\",\"11.111111%\",\"11.111111%\",\"11.111111%\",\"11.111111%\"]',9603),
('cmdb.objtype-5.table-columns','[\"40px\",\"7.14286%\",\"7.14286%\",\"7.14286%\",\"7.14286%\",\"7.14286%\",\"7.14286%\",\"7.14286%\",\"7.14286%\",\"7.14286%\",\"7.14286%\",\"7.14286%\",\"7.14286%\",\"7.14286%\",\"7.14286%\"]',9602),
('synetics_admin.news.subscription-and-addons','1',12376),
('cmdb.obj-0-47.table-columns','[\"40px\",\"8.33333%\",\"8.33333%\",\"8.33333%\",\"8.33333%\",\"8.33333%\",\"8.33333%\",\"8.33333%\",\"8.33333%\",\"8.33333%\",\"8.33333%\",\"8.33333%\",\"8.33333%\"]',9602),
('cmdb.obj-0-4.table-columns','[\"40px\",\"16.6667%\",\"16.6667%\",\"16.6667%\",\"16.6667%\",\"16.6667%\",\"16.6667%\"]',9602),
('cmdb.obj-0-5.table-columns','[\"40px\",\"20%\",\"20%\",\"20%\",\"20%\",\"20%\"]',9602),
('cmdb.obj-0-12.table-columns','[\"40px\",\"7.69231%\",\"7.69231%\",\"7.69231%\",\"7.69231%\",\"7.69231%\",\"7.69231%\",\"7.69231%\",\"7.69231%\",\"7.69231%\",\"7.69231%\",\"7.69231%\",\"7.69231%\",\"7.69231%\"]',9602),
('cmdb.objtype-59.table-columns','[\"40px\",\"8.33333%\",\"8.33333%\",\"8.33333%\",\"8.33333%\",\"8.33333%\",\"8.33333%\",\"8.33333%\",\"8.33333%\",\"8.33333%\",\"8.33333%\",\"8.33333%\",\"8.33333%\"]',9602),
('cmdb.objtype-23.table-columns','[\"40px\",\"14.2857%\",\"14.2857%\",\"14.2857%\",\"14.2857%\",\"14.2857%\",\"14.2857%\",\"14.2857%\"]',9602),
('synetics_admin.news.subscription-and-addons','1',6973),
('cmdb.objtype-53.table-columns','[\"40px\",\"16.6667%\",\"16.6667%\",\"16.6667%\",\"16.6667%\",\"16.6667%\",\"16.6667%\"]',8677),
('cmdb.obj-isys_cmdb_dao_list_objecttype.table-columns','[\"40px\",\"12.5%\",\"12.5%\",\"12.5%\",\"12.5%\",\"12.5%\",\"12.5%\",\"12.5%\",\"12.5%\"]',6973),
('cmdb.obj-0-82.table-columns','[\"40px\",\"11.1111%\",\"11.1111%\",\"11.1111%\",\"11.1111%\",\"11.1111%\",\"11.1111%\",\"11.1111%\",\"11.1111%\",\"11.1111%\"]',6973),
('cmdb.objtype-3.table-columns','[\"40px\",\"16.6667%\",\"16.6667%\",\"16.6667%\",\"16.6667%\",\"16.6667%\",\"16.6667%\"]',6973),
('cmdb.objtype-85.table-columns','[\"40px\",\"20%\",\"20%\",\"20%\",\"20%\",\"20%\"]',6973),
('cmdb.objtype-52.table-columns','[\"40px\",\"20%\",\"20%\",\"20%\",\"20%\",\"20%\"]',7210),
('cmdb.objtype-52.table-columns','[\"40px\",\"20%\",\"20%\",\"20%\",\"20%\",\"20%\"]',6973),
('cmdb.objtype-59.table-columns','[\"40px\",\"20%\",\"20%\",\"20%\",\"20%\",\"20%\"]',6973),
('cmdb.objtype-101.table-columns','[\"40px\",\"16.6667%\",\"16.6667%\",\"16.6667%\",\"16.6667%\",\"16.6667%\",\"16.6667%\"]',6973),
('cmdb.objtype-26.table-columns','[\"40px\",\"16.6667%\",\"16.6667%\",\"16.6667%\",\"16.6667%\",\"16.6667%\",\"16.6667%\"]',6973),
('cmdb.obj-1-54.table-columns','[\"40px\",\"5%\",\"5%\",\"5%\",\"5%\",\"5%\",\"5%\",\"5%\",\"5%\",\"5%\",\"5%\",\"5%\",\"5%\",\"5%\",\"5%\",\"5%\",\"5%\",\"5%\",\"5%\",\"5%\",\"5%\"]',9602),
('cmdb.objtype-65.table-columns','[\"40px\",\"20%\",\"20%\",\"20%\",\"20%\",\"20%\"]',9602),
('cmdb.obj-0-84.table-columns','[\"40px\",\"33.3333%\",\"33.3333%\",\"33.3333%\"]',9602),
('cmdb.objtype-1.table-columns','[\"40px\",\"25%\",\"25%\",\"25%\",\"25%\"]',9602),
('cmdb.objtype-31.table-columns','[\"40px\",\"12.5%\",\"12.5%\",\"12.5%\",\"12.5%\",\"12.5%\",\"12.5%\",\"12.5%\",\"12.5%\"]',9602),
('cmdb.objtype-60.table-columns','[\"40px\",\"33.3333%\",\"33.3333%\",\"33.3333%\"]',9602),
('cmdb.objtype-5.table-columns','[\"40px\",\"14.2857%\",\"14.2857%\",\"14.2857%\",\"14.2857%\",\"14.2857%\",\"14.2857%\",\"14.2857%\"]',6973),
('gui.leftcontent.width','259',12376),
('cmdb.objtype-85.table-columns','[\"40px\",\"20%\",\"20%\",\"20%\",\"20%\",\"20%\"]',12376),
('gui.default-tree-view','1008',12376),
('cmdb.objtype-33.table-columns','[\"40px\",\"14.2857%\",\"14.2857%\",\"14.2857%\",\"14.2857%\",\"14.2857%\",\"14.2857%\",\"14.2857%\"]',12376),
('cmdb.objtype-61.table-columns','[\"40px\",\"25%\",\"25%\",\"25%\",\"25%\"]',12376),
('cmdb.objtype-28.table-columns','[\"40px\",\"16.6667%\",\"16.6667%\",\"16.6667%\",\"16.6667%\",\"16.6667%\",\"16.6667%\"]',12376),
('cmdb.objtype-5.table-columns','[\"40px\",\"14.2857%\",\"14.2857%\",\"14.2857%\",\"14.2857%\",\"14.2857%\",\"14.2857%\",\"14.2857%\"]',12376),
('cmdb.obj-isys_cmdb_dao.table-columns','[\"40px\",\"16.6667%\",\"16.6667%\",\"16.6667%\",\"16.6667%\",\"16.6667%\",\"16.6667%\"]',12376),
('cmdb.objtype-110.table-columns','[\"40px\",\"16.666667%\",\"16.666667%\",\"16.666667%\",\"16.666667%\",\"16.666667%\",\"16.666667%\"]',27),
('cmdb.objtype-110.table-columns','[\"40px\",\"9.09091%\",\"9.09091%\",\"9.09091%\",\"9.09091%\",\"9.09091%\",\"9.09091%\",\"9.09091%\",\"9.09091%\",\"9.09091%\",\"9.09091%\",\"9.09091%\"]',9602),
('cmdb.obj-1-47.table-columns','[\"40px\",\"4.7619%\",\"4.7619%\",\"4.7619%\",\"4.7619%\",\"4.7619%\",\"4.7619%\",\"4.7619%\",\"4.7619%\",\"4.7619%\",\"4.7619%\",\"4.7619%\",\"4.7619%\",\"4.7619%\",\"4.7619%\",\"4.7619%\",\"4.7619%\",\"4.7619%\",\"4.7619%\",\"4.7619%\",\"4.7619%\",\"4.7619%\"]',9602),
('cmdb.obj-1-55.table-columns','[\"40px\",\"25%\",\"25%\",\"25%\",\"25%\"]',9602),
('cmdb.obj-0-53-10.table-columns','[\"40px\",\"33.3333%\",\"33.3333%\",\"33.3333%\"]',9602),
('cmdb.obj-0-14.table-columns','[\"40px\",\"20%\",\"20%\",\"20%\",\"20%\",\"20%\"]',9602),
('cmdb.objtype-36.table-columns','[\"40px\",\"50%\",\"50%\"]',9602),
('cmdb.objtype-45.table-width','2272',9602),
('cmdb.obj-0-78.table-columns','[\"40px\",\"50%\",\"50%\"]',9602),
('gui.tree.hide-empty-object-types','0',9602),
('cmdb.obj-0-34.table-columns','[\"40px\",\"33.3333%\",\"33.3333%\",\"33.3333%\"]',9602),
('cmdb.objtype-10.table-width','0',9602),
('cmdb.obj-1-73.table-columns','[\"40px\",\"11.1111%\",\"11.1111%\",\"11.1111%\",\"11.1111%\",\"11.1111%\",\"11.1111%\",\"11.1111%\",\"11.1111%\",\"11.1111%\"]',9602),
('cmdb.objtype-94.table-columns','[\"40px\",\"16.6667%\",\"16.6667%\",\"16.6667%\",\"16.6667%\",\"16.6667%\",\"16.6667%\"]',9602),
('cmdb.objtype-93.table-columns','[\"40px\",\"25%\",\"25%\",\"25%\",\"25%\"]',9602),
('cmdb.objtype-96.table-columns','[\"40px\",\"16.6667%\",\"16.6667%\",\"16.6667%\",\"16.6667%\",\"16.6667%\",\"16.6667%\"]',9602),
('cmdb.objtype-35.table-columns','[\"40px\",\"25%\",\"25%\",\"25%\",\"25%\"]',9602),
('cmdb.objtype-40.table-columns','[\"40px\",\"20%\",\"20%\",\"20%\",\"20%\",\"20%\"]',9602),
('cmdb.obj-0-35.table-columns','[\"40px\",\"20%\",\"20%\",\"20%\",\"20%\",\"20%\"]',9602),
('cmdb.obj-0-4.table-columns','[\"40px\",\"16.6667%\",\"16.6667%\",\"16.6667%\",\"16.6667%\",\"16.6667%\",\"16.6667%\"]',8677),
('cmdb.obj-0-5.table-columns','[\"40px\",\"20%\",\"20%\",\"20%\",\"20%\",\"20%\"]',8677),
('cmdb.obj-0-12.table-columns','[\"40px\",\"7.69231%\",\"7.69231%\",\"7.69231%\",\"7.69231%\",\"7.69231%\",\"7.69231%\",\"7.69231%\",\"7.69231%\",\"7.69231%\",\"7.69231%\",\"7.69231%\",\"7.69231%\",\"7.69231%\"]',8677),
('cmdb.objtype-32.table-columns','[\"40px\",\"14.2857%\",\"14.2857%\",\"14.2857%\",\"14.2857%\",\"14.2857%\",\"14.2857%\",\"14.2857%\"]',9602),
('cmdb.obj-0-183.table-columns','[\"40px\",\"50%\",\"50%\"]',9602),
('cmdb.objtype-22.table-columns','[\"40px\",\"11.1111%\",\"11.1111%\",\"11.1111%\",\"11.1111%\",\"11.1111%\",\"11.1111%\",\"11.1111%\",\"11.1111%\",\"11.1111%\"]',9602),
('cmdb.obj-0-89.table-columns','[\"40px\",\"25%\",\"25%\",\"25%\",\"25%\"]',9602),
('cmdb.obj-1-30.table-columns','[\"40px\",\"10%\",\"10%\",\"10%\",\"10%\",\"10%\",\"10%\",\"10%\",\"10%\",\"10%\",\"10%\"]',9602),
('cmdb.obj-0-20.table-columns','[\"40px\",\"16.6667%\",\"16.6667%\",\"16.6667%\",\"16.6667%\",\"16.6667%\",\"16.6667%\"]',9602),
('cmdb.objtype-7.table-columns','[\"40px\",\"14.2857%\",\"14.2857%\",\"14.2857%\",\"14.2857%\",\"14.2857%\",\"14.2857%\",\"14.2857%\"]',9602),
('cmdb.obj-1-78.table-columns','[\"40px\",\"20%\",\"20%\",\"20%\",\"20%\",\"20%\"]',9602),
('cmdb.objtype-101.table-columns','[\"40px\",\"16.6667%\",\"16.6667%\",\"16.6667%\",\"16.6667%\",\"16.6667%\",\"16.6667%\"]',12376),
('cmdb.objtype-69.table-columns','[\"40px\",\"20%\",\"20%\",\"20%\",\"20%\",\"20%\"]',9602),
('cmdb.obj-0-71.table-columns','[\"40px\",\"20%\",\"20%\",\"20%\",\"20%\",\"20%\"]',9602),
('cmdb.objtype-69.table-columns','[\"40px\",\"20%\",\"20%\",\"20%\",\"20%\",\"20%\"]',12376),
('cmdb.objtype-26.table-columns','[\"40px\",\"16.6667%\",\"16.6667%\",\"16.6667%\",\"16.6667%\",\"16.6667%\",\"16.6667%\"]',12376),
('cmdb.objtype-3.table-columns','[\"40px\",\"16.6667%\",\"16.6667%\",\"16.6667%\",\"16.6667%\",\"16.6667%\",\"16.6667%\"]',12376),
('cmdb.objtype-28.table-columns','[\"40px\",\"20%\",\"20%\",\"20%\",\"20%\",\"20%\"]',27),
('cmdb.objtype-53.table-columns','[\"40px\",\"16.6667%\",\"16.6667%\",\"16.6667%\",\"16.6667%\",\"16.6667%\",\"16.6667%\"]',12376),
('cmdb.objtype-110.table-columns','[\"40px\",\"16.6667%\",\"16.6667%\",\"16.6667%\",\"16.6667%\",\"16.6667%\",\"16.6667%\"]',12376),
('cmdb.objtype-110.table-width','3080',12376),
('cmdb.objtype-10.table-columns','[\"40px\",\"20%\",\"20%\",\"20%\",\"20%\",\"20%\"]',12376),
('cmdb.objtype-45.table-columns','[\"40px\",\"33.3333%\",\"33.3333%\",\"33.3333%\"]',12376),
('cmdb.objtype-10.table-columns','[\"40px\",\"20%\",\"20%\",\"20%\",\"20%\",\"20%\"]',27),
('cmdb.obj-1-47.table-columns','[\"40px\",\"4.761905%\",\"4.761905%\",\"4.761905%\",\"4.761905%\",\"4.761905%\",\"4.761905%\",\"4.761905%\",\"4.761905%\",\"4.761905%\",\"4.761905%\",\"4.761905%\",\"4.761905%\",\"4.761905%\",\"4.761905%\",\"4.761905%\",\"4.761905%\",\"4.761905%\",\"4.761905%\",\"4.761905%\",\"4.761905%\",\"4.761905%\"]',27),
('cmdb.objtype-33.table-columns','[\"40px\",\"16.666667%\",\"16.666667%\",\"16.666667%\",\"16.666667%\",\"16.666667%\",\"16.666667%\"]',27),
('cmdb.obj-1-26.table-columns','[\"40px\",\"12.5%\",\"12.5%\",\"12.5%\",\"12.5%\",\"12.5%\",\"12.5%\",\"12.5%\",\"12.5%\"]',27),
('cmdb.obj-dabf3692.table-columns','[\"40px\",\"25%\",\"25%\",\"25%\",\"25%\"]',27),
('cmdb.obj-07661f04.table-columns','[\"40px\",\"234px\",\"246px\",\"20%\",\"20%\",\"20%\"]',27),
('cmdb.obj-0-104.table-columns','[\"40px\",\"33.333333%\",\"33.333333%\",\"33.333333%\"]',27),
('cmdb.obj-1-89.table-columns','[\"40px\",\"33.3333%\",\"33.3333%\",\"33.3333%\"]',9602),
('synetics_admin.news.subscription-and-addons','1',24957),
('cmdb.objtype-85.table-columns','[\"40px\",\"20%\",\"20%\",\"20%\",\"20%\",\"20%\"]',24957),
('gui.default-tree-view','1008',24957),
('cmdb.objtype-53.table-columns','[\"40px\",\"6.66667%\",\"6.66667%\",\"6.66667%\",\"6.66667%\",\"6.66667%\",\"6.66667%\",\"6.66667%\",\"6.66667%\",\"6.66667%\",\"6.66667%\",\"6.66667%\",\"6.66667%\",\"6.66667%\",\"6.66667%\",\"6.66667%\"]',24957),
('cmdb.objtype-52.table-columns','[\"40px\",\"14.2857%\",\"14.2857%\",\"14.2857%\",\"14.2857%\",\"14.2857%\",\"14.2857%\",\"14.2857%\"]',12376),
('cmdb.objtype-2.table-columns','[\"40px\",\"20%\",\"20%\",\"20%\",\"20%\",\"20%\"]',12376),
('cmdb.obj-0-5.table-columns','[\"40px\",\"20%\",\"20%\",\"20%\",\"20%\",\"20%\"]',27),
('cmdb.obj-0-182.table-columns','[\"40px\",\"10%\",\"10%\",\"10%\",\"10%\",\"10%\",\"10%\",\"10%\",\"10%\",\"10%\",\"10%\"]',9602),
('cmdb.obj-1-26.table-columns','[\"40px\",\"12.5%\",\"12.5%\",\"12.5%\",\"12.5%\",\"12.5%\",\"12.5%\",\"12.5%\",\"12.5%\"]',12376),
('gui.default-tree-type','',12376),
('cmdb.obj-1-73.table-columns','[\"40px\",\"220px\",\"114px\",\"11.1111%\",\"11.1111%\",\"11.1111%\",\"11.1111%\",\"11.1111%\",\"149px\",\"271px\"]',12376),
('synetics_admin.news.subscription-and-addons','1',2555),
('cmdb.objtype-22.table-columns','[\"40px\",\"20%\",\"20%\",\"20%\",\"20%\",\"20%\"]',2555),
('gui.hide-survey-notification','1',2555),
('cmdb.obj-0-20.table-columns','[\"40px\",\"16.6667%\",\"16.6667%\",\"16.6667%\",\"16.6667%\",\"16.6667%\",\"16.6667%\"]',12376),
('cmdb.objtype-28.table-width','1686',12376),
('cmdb.obj-0-100.table-columns','[\"40px\",\"20%\",\"20%\",\"20%\",\"20%\",\"20%\"]',9602),
('cmdb-explorer.default-profile','4',9602),
('cmdb.obj-0-100.table-columns','[\"40px\",\"20%\",\"20%\",\"20%\",\"20%\",\"20%\"]',12376),
('cmdb.objtype-59.table-columns','[\"40px\",\"16.6667%\",\"16.6667%\",\"16.6667%\",\"16.6667%\",\"16.6667%\",\"16.6667%\"]',12376),
('synetics_admin.news.subscription-and-addons','1',23740),
('cmdb.objtype-22.table-columns','[\"40px\",\"20%\",\"20%\",\"20%\",\"20%\",\"20%\"]',23740),
('cmdb.objtype-3.table-columns','[\"40px\",\"16.6667%\",\"16.6667%\",\"16.6667%\",\"16.6667%\",\"16.6667%\",\"16.6667%\"]',23740),
('cmdb.objtype-60.table-columns','[\"40px\",\"33.3333%\",\"33.3333%\",\"33.3333%\"]',12376),
('cmdb.obj-1-73.table-width','2023',12376),
('gui.hide-survey-notification','1',12376),
('cmdb.obj-1-83.table-columns','[\"40px\",\"25%\",\"25%\",\"25%\",\"25%\"]',12376),
('cmdb.obj-07661f04.table-columns','[\"40px\",\"20%\",\"20%\",\"20%\",\"20%\",\"20%\"]',12376),
('cmdb.obj-dabf3692.table-columns','[\"40px\",\"25%\",\"25%\",\"25%\",\"25%\"]',12376),
('cmdb.objtype-54.table-columns','[\"40px\",\"14.2857%\",\"14.2857%\",\"14.2857%\",\"14.2857%\",\"14.2857%\",\"14.2857%\",\"14.2857%\"]',12376),
('cmdb.obj-1-54.table-columns','[\"40px\",\"4.7619%\",\"4.7619%\",\"4.7619%\",\"4.7619%\",\"4.7619%\",\"4.7619%\",\"4.7619%\",\"4.7619%\",\"4.7619%\",\"4.7619%\",\"4.7619%\",\"4.7619%\",\"4.7619%\",\"4.7619%\",\"4.7619%\",\"4.7619%\",\"4.7619%\",\"4.7619%\",\"4.7619%\",\"4.7619%\",\"4.7619%\"]',12376),
('cmdb.obj-0-21.table-columns','[\"40px\",\"12.5%\",\"12.5%\",\"12.5%\",\"12.5%\",\"12.5%\",\"12.5%\",\"12.5%\",\"12.5%\"]',12376),
('cmdb.obj-0-39.table-columns','[\"40px\",\"5.55556%\",\"5.55556%\",\"5.55556%\",\"5.55556%\",\"5.55556%\",\"5.55556%\",\"5.55556%\",\"5.55556%\",\"5.55556%\",\"5.55556%\",\"5.55556%\",\"5.55556%\",\"5.55556%\",\"5.55556%\",\"5.55556%\",\"5.55556%\",\"5.55556%\",\"5.55556%\"]',9602),
('cmdb.obj-0-42.table-columns','[\"40px\",\"9.09091%\",\"9.09091%\",\"9.09091%\",\"9.09091%\",\"9.09091%\",\"9.09091%\",\"9.09091%\",\"9.09091%\",\"9.09091%\",\"9.09091%\",\"9.09091%\"]',9602),
('cmdb.obj-1-83.table-columns','[\"40px\",\"25%\",\"25%\",\"25%\",\"25%\"]',9602),
('cmdb.obj-0-12.table-columns','[\"40px\",\"7.69231%\",\"7.69231%\",\"7.69231%\",\"7.69231%\",\"7.69231%\",\"7.69231%\",\"7.69231%\",\"7.69231%\",\"7.69231%\",\"7.69231%\",\"7.69231%\",\"7.69231%\",\"7.69231%\"]',12376),
('cmdb-explorer.default-profile','5',12376),
('cmdb.obj-0-21.table-columns','[\"40px\",\"12.5%\",\"12.5%\",\"12.5%\",\"12.5%\",\"12.5%\",\"12.5%\",\"12.5%\",\"12.5%\"]',7210),
('cmdb.obj-0-42.table-columns','[\"40px\",\"9.09091%\",\"9.09091%\",\"9.09091%\",\"9.09091%\",\"9.09091%\",\"9.09091%\",\"9.09091%\",\"9.09091%\",\"9.09091%\",\"9.09091%\",\"9.09091%\"]',7210),
('cmdb.obj-0-104.table-columns','[\"40px\",\"33.3333%\",\"33.3333%\",\"33.3333%\"]',12376),
('cmdb.obj-0-80.table-columns','[\"40px\",\"50%\",\"50%\"]',7210),
('cmdb.obj-0-48.table-columns','[\"40px\",\"20%\",\"20%\",\"20%\",\"20%\",\"20%\"]',12376),
('cmdb.obj-0-48.table-columns','[\"40px\",\"20%\",\"20%\",\"20%\",\"20%\",\"20%\"]',9602),
('cmdb.obj-1-26.table-width','3095',12376),
('cmdb.objtype-85.table-columns','[\"40px\",\"20%\",\"20%\",\"20%\",\"20%\",\"20%\"]',9569),
('cmdb.objtype-23.table-columns','[\"40px\",\"14.285714%\",\"14.285714%\",\"14.285714%\",\"14.285714%\",\"14.285714%\",\"14.285714%\",\"14.285714%\"]',9569),
('cmdb.objtype-22.table-columns','[\"40px\",\"14.2857%\",\"14.2857%\",\"14.2857%\",\"542px\",\"555px\",\"378px\",\"310px\"]',9569),
('cmdb.objtype-3.table-columns','[\"40px\",\"16.666667%\",\"16.666667%\",\"16.666667%\",\"16.666667%\",\"16.666667%\",\"16.666667%\"]',9569),
('cmdb.obj-isys_cmdb_dao.table-columns','[\"40px\",\"16.6667%\",\"16.6667%\",\"16.6667%\",\"16.6667%\",\"16.6667%\",\"16.6667%\"]',24957),
('cmdb.obj-isys_cmdb_dao_list_objecttype.table-columns','[\"40px\",\"12.5%\",\"12.5%\",\"12.5%\",\"12.5%\",\"12.5%\",\"12.5%\",\"12.5%\",\"12.5%\"]',12376),
('gui.hide-survey-notification','1',6973),
('cmdb.objtype-6.table-columns','[\"40px\",\"14.2857%\",\"14.2857%\",\"14.2857%\",\"14.2857%\",\"14.2857%\",\"14.2857%\",\"14.2857%\"]',6973),
('cmdb.objtype-69.table-columns','[\"40px\",\"20%\",\"20%\",\"20%\",\"20%\",\"20%\"]',7210),
('cmdb.obj-0-182.table-columns','[\"40px\",\"10%\",\"10%\",\"10%\",\"10%\",\"10%\",\"10%\",\"10%\",\"10%\",\"10%\",\"10%\"]',7210),
('cmdb.obj-0-96.table-columns','[\"40px\",\"33.3333%\",\"33.3333%\",\"33.3333%\"]',9602),
('cmdb.objtype-71.table-columns','[\"40px\",\"20%\",\"20%\",\"20%\",\"20%\",\"20%\"]',9602),
('cmdb.objtype-53.table-width','2489',9602),
('cmdb.objtype-22.table-columns','[\"40px\",\"20%\",\"20%\",\"20%\",\"20%\",\"20%\"]',12376),
('cmdb.obj-0-78.table-columns','[\"40px\",\"50%\",\"50%\"]',12376),
('cmdb.obj-0-80.table-columns','[\"40px\",\"50%\",\"50%\"]',12376),
('gui.hide-survey-notification','1',8677),
('cmdb.objtype-71.table-columns','[\"40px\",\"20%\",\"20%\",\"20%\",\"20%\",\"20%\"]',8677),
('cmdb.objtype-32.table-columns','[\"40px\",\"16.6667%\",\"16.6667%\",\"16.6667%\",\"16.6667%\",\"16.6667%\",\"16.6667%\"]',8677),
('gui.default-tree-view','1008',23740),
('cmdb.objtype-53.table-columns','[\"40px\",\"6.66667%\",\"6.66667%\",\"6.66667%\",\"6.66667%\",\"6.66667%\",\"6.66667%\",\"6.66667%\",\"6.66667%\",\"6.66667%\",\"6.66667%\",\"6.66667%\",\"6.66667%\",\"6.66667%\",\"6.66667%\",\"6.66667%\"]',23740),
('cmdb.obj-0-53-11.table-columns','[\"40px\",\"25%\",\"25%\",\"25%\",\"25%\"]',9602),
('gui.default-tree-type','',8677),
('cmdb.objtype-52.table-columns','[\"40px\",\"20%\",\"20%\",\"20%\",\"20%\",\"20%\"]',24957),
('cmdb.obj-0-21.table-columns','[\"40px\",\"12.5%\",\"12.5%\",\"12.5%\",\"12.5%\",\"12.5%\",\"12.5%\",\"12.5%\",\"12.5%\"]',8677),
('cmdb.objtype-10.table-columns','[\"40px\",\"7.69231%\",\"159px\",\"165px\",\"7.69231%\",\"7.69231%\",\"7.69231%\",\"7.69231%\",\"237px\",\"253px\",\"7.69231%\",\"7.69231%\",\"7.69231%\",\"7.69231%\"]',6973),
('cmdb.objtype-10.table-columns','[\"40px\",\"7.692308%\",\"204px\",\"120px\",\"7.692308%\",\"7.692308%\",\"7.692308%\",\"7.692308%\",\"7.692308%\",\"7.692308%\",\"7.692308%\",\"7.692308%\",\"7.692308%\",\"7.692308%\"]',9569),
('gui.default-tree-type','',9569),
('cmdb.obj-0-21.table-columns','[\"40px\",\"12.5%\",\"12.5%\",\"12.5%\",\"12.5%\",\"12.5%\",\"12.5%\",\"391px\",\"365px\"]',9569),
('cmdb.obj-0-12.table-columns','[\"40px\",\"7.692308%\",\"7.692308%\",\"7.692308%\",\"7.692308%\",\"7.692308%\",\"7.692308%\",\"7.692308%\",\"7.692308%\",\"7.692308%\",\"7.692308%\",\"7.692308%\",\"7.692308%\",\"7.692308%\"]',9569),
('cmdb.obj-0-21.table-columns','[\"40px\",\"12.5%\",\"12.5%\",\"12.5%\",\"12.5%\",\"12.5%\",\"12.5%\",\"12.5%\",\"12.5%\"]',24957),
('gui.default-tree-type','',24957),
('cmdb.obj-isys_cmdb_dao.table-columns','[\"40px\",\"16.6667%\",\"16.6667%\",\"16.6667%\",\"16.6667%\",\"16.6667%\",\"16.6667%\"]',8677),
('cmdb.obj-isys_cmdb_dao_list_objecttype.table-columns','[\"40px\",\"12.5%\",\"12.5%\",\"12.5%\",\"12.5%\",\"12.5%\",\"12.5%\",\"12.5%\",\"12.5%\"]',9569),
('cmdb.obj-isys_cmdb_dao.table-columns','[\"40px\",\"16.6667%\",\"16.6667%\",\"16.6667%\",\"16.6667%\",\"16.6667%\",\"16.6667%\"]',9569),
('gui.default-tree-view','1008',9569),
('cmdb.objtype-99.table-columns','[\"40px\",\"16.6667%\",\"16.6667%\",\"16.6667%\",\"16.6667%\",\"16.6667%\",\"16.6667%\"]',9602),
('cmdb.objtype-98.table-columns','[\"40px\",\"16.6667%\",\"16.6667%\",\"16.6667%\",\"16.6667%\",\"16.6667%\",\"16.6667%\"]',9602),
('cmdb.obj-0-21.table-columns','[\"40px\",\"12.5%\",\"12.5%\",\"12.5%\",\"12.5%\",\"12.5%\",\"12.5%\",\"12.5%\",\"12.5%\"]',6973),
('cmdb.objtype-54.table-columns','[\"40px\",\"25%\",\"25%\",\"25%\",\"25%\"]',24957),
('cmdb.obj-1-54.table-columns','[\"40px\",\"4.7619%\",\"4.7619%\",\"4.7619%\",\"4.7619%\",\"4.7619%\",\"4.7619%\",\"4.7619%\",\"284px\",\"120px\",\"168px\",\"56px\",\"4.7619%\",\"4.7619%\",\"4.7619%\",\"4.7619%\",\"4.7619%\",\"4.7619%\",\"4.7619%\",\"4.7619%\",\"4.7619%\",\"4.7619%\"]',24957),
('cmdb.objtype-10.table-columns','[\"40px\",\"20%\",\"20%\",\"20%\",\"20%\",\"20%\"]',24957),
('cmdb.obj-1-57.table-columns','[\"40px\",\"20%\",\"20%\",\"20%\",\"20%\",\"20%\"]',9602),
('cmdb.objtype-71.table-columns','[\"40px\",\"20%\",\"20%\",\"20%\",\"20%\",\"20%\"]',6973),
('cmdb.objtype-27.table-columns','[\"40px\",\"16.6667%\",\"16.6667%\",\"16.6667%\",\"16.6667%\",\"16.6667%\",\"16.6667%\"]',9602),
('cmdb.objtype-43.table-columns','[\"40px\",\"33.3333%\",\"33.3333%\",\"33.3333%\"]',9602),
('cmdb.objtype-11.table-columns','[\"40px\",\"16.666667%\",\"16.666667%\",\"16.666667%\",\"16.666667%\",\"16.666667%\",\"16.666667%\"]',9569),
('cmdb.objtype-101.table-columns','[\"40px\",\"16.666667%\",\"16.666667%\",\"16.666667%\",\"16.666667%\",\"16.666667%\",\"16.666667%\"]',9569),
('cmdb.objtype-115.table-columns','[\"40px\",\"235px\",\"247px\",\"16.666667%\",\"16.666667%\",\"16.666667%\",\"16.666667%\"]',9569),
('gui.hide-survey-notification','1',9569),
('cmdb.objtype-59.table-columns','[\"40px\",\"20%\",\"20%\",\"20%\",\"20%\",\"20%\"]',9569),
('cmdb.obj-0-21.table-columns','[\"40px\",\"12.5%\",\"12.5%\",\"12.5%\",\"12.5%\",\"12.5%\",\"12.5%\",\"12.5%\",\"12.5%\"]',23740),
('gui.hide-survey-notification','1',23740),
('cmdb.objtype-71.table-columns','[\"40px\",\"20%\",\"20%\",\"20%\",\"20%\",\"20%\"]',8510),
('cmdb.objtype-11.table-columns','[\"40px\",\"16.6667%\",\"16.6667%\",\"16.6667%\",\"16.6667%\",\"16.6667%\",\"16.6667%\"]',23740),
('gui.default-tree-type','',23740),
('cmdb.objtype-32.table-columns','[\"40px\",\"16.6667%\",\"16.6667%\",\"16.6667%\",\"16.6667%\",\"16.6667%\",\"16.6667%\"]',8510),
('cmdb.obj-0-104.table-columns','[\"40px\",\"33.3333%\",\"33.3333%\",\"33.3333%\"]',8510),
('cmdb.obj-1-56.table-columns','[\"40px\",\"20%\",\"20%\",\"20%\",\"20%\",\"20%\"]',8510),
('cmdb.obj-0-12.table-columns','[\"40px\",\"7.69231%\",\"7.69231%\",\"7.69231%\",\"7.69231%\",\"7.69231%\",\"7.69231%\",\"7.69231%\",\"7.69231%\",\"7.69231%\",\"7.69231%\",\"7.69231%\",\"7.69231%\",\"7.69231%\"]',8510),
('cmdb.objtype-52.table-columns','[\"40px\",\"20%\",\"20%\",\"20%\",\"20%\",\"20%\"]',9569),
('cmdb.objtype-22.table-columns','[\"40px\",\"20%\",\"20%\",\"20%\",\"20%\",\"20%\"]',8677),
('cmdb.objtype-69.table-columns','[\"40px\",\"20%\",\"20%\",\"20%\",\"20%\",\"20%\"]',8677),
('cmdb.objtype-40.table-columns','[\"40px\",\"20%\",\"20%\",\"20%\",\"20%\",\"20%\"]',9569),
('cmdb.objtype-7.table-columns','[\"40px\",\"16.6667%\",\"16.6667%\",\"16.6667%\",\"16.6667%\",\"16.6667%\",\"16.6667%\"]',9569),
('cmdb.objtype-6.table-columns','[\"40px\",\"14.2857%\",\"14.2857%\",\"14.2857%\",\"14.2857%\",\"14.2857%\",\"14.2857%\",\"14.2857%\"]',9569),
('cmdb.objtype-52.table-width','997',12376),
('cmdb.objtype-53.table-width','883',12376),
('cmdb.obj-isys_cmdb_dao.table-width','997',12376),
('cmdb.objtype-2.table-width','997',12376),
('cmdb.objtype-33.table-width','997',12376),
('cmdb.obj-0-80.table-columns','[\"40px\",\"50%\",\"50%\"]',9569),
('cmdb.objtype-54.table-columns','[\"40px\",\"25%\",\"25%\",\"25%\",\"25%\"]',9569),
('cmdb.objtype-53.table-columns','[\"40px\",\"6.66667%\",\"6.66667%\",\"6.66667%\",\"6.66667%\",\"6.66667%\",\"6.66667%\",\"6.66667%\",\"6.66667%\",\"6.66667%\",\"6.66667%\",\"6.66667%\",\"6.66667%\",\"6.66667%\",\"6.66667%\",\"6.66667%\"]',9569),
('cmdb.objtype-5.table-columns','[\"40px\",\"14.2857%\",\"14.2857%\",\"14.2857%\",\"14.2857%\",\"14.2857%\",\"14.2857%\",\"14.2857%\"]',9569),
('cmdb.objtype-69.table-columns','[\"40px\",\"20%\",\"20%\",\"20%\",\"20%\",\"20%\"]',24957),
('cmdb.objtype-54.table-width','2459',9602),
('cmdb.obj-0-111.table-columns','[\"40px\",\"20%\",\"20%\",\"20%\",\"20%\",\"20%\"]',9602),
('cmdb.objtype-33.table-width','2444',9602),
('cmdb.obj-1-31.table-columns','[\"40px\",\"33.3333%\",\"33.3333%\",\"33.3333%\"]',9602),
('synetics_admin.news.subscription-and-addons','1',9),
('cmdb.objtype-10.table-columns','[\"40px\",\"20%\",\"20%\",\"20%\",\"20%\",\"20%\"]',9),
('cmdb.objtype-107.table-columns','[\"40px\",\"16.6667%\",\"16.6667%\",\"16.6667%\",\"16.6667%\",\"16.6667%\",\"16.6667%\"]',9602),
('cmdb.obj-1-47.table-columns','[\"40px\",\"4.7619%\",\"4.7619%\",\"4.7619%\",\"4.7619%\",\"4.7619%\",\"4.7619%\",\"4.7619%\",\"4.7619%\",\"4.7619%\",\"4.7619%\",\"4.7619%\",\"4.7619%\",\"4.7619%\",\"4.7619%\",\"4.7619%\",\"4.7619%\",\"4.7619%\",\"4.7619%\",\"4.7619%\",\"4.7619%\",\"4.7619%\"]',12376),
('cmdb.obj-1-51.table-columns','[\"40px\",\"20%\",\"20%\",\"20%\",\"20%\",\"20%\"]',12376);
COMMIT;

--
-- Table structure for table `isys_site`
--

CREATE TABLE `isys_site` (
  `isys_site__id` int(10) unsigned NOT NULL AUTO_INCREMENT,
  `isys_site__title` varchar(255) DEFAULT NULL,
  `isys_site__status` tinyint(3) unsigned NOT NULL DEFAULT 2,
  `isys_site__const` varchar(255) DEFAULT NULL,
  `isys_site__sort` int(10) DEFAULT NULL,
  `isys_site__description` text DEFAULT NULL,
  PRIMARY KEY (`isys_site__id`),
  KEY `isys_site__title` (`isys_site__title`)
) ENGINE=InnoDB AUTO_INCREMENT=2 DEFAULT CHARSET=utf8mb3 COLLATE=utf8mb3_unicode_ci;

--
-- Dumping data for table `isys_site`
--

INSERT INTO `isys_site` VALUES
(1,'regiobludenz',2,NULL,NULL,NULL);
COMMIT;

--
-- Table structure for table `isys_sla_service_level`
--

CREATE TABLE `isys_sla_service_level` (
  `isys_sla_service_level__id` int(10) unsigned NOT NULL AUTO_INCREMENT,
  `isys_sla_service_level__title` varchar(255) DEFAULT NULL,
  `isys_sla_service_level__const` varchar(255) DEFAULT NULL,
  `isys_sla_service_level__property` int(10) unsigned DEFAULT NULL,
  `isys_sla_service_level__sort` int(10) unsigned DEFAULT NULL,
  `isys_sla_service_level__status` tinyint(3) unsigned NOT NULL DEFAULT 1,
  `isys_sla_service_level__description` longtext DEFAULT NULL,
  PRIMARY KEY (`isys_sla_service_level__id`),
  KEY `isys_sla_service_level__title` (`isys_sla_service_level__title`)
) ENGINE=InnoDB DEFAULT CHARSET=utf8mb3 COLLATE=utf8mb3_unicode_ci;

--
-- Dumping data for table `isys_sla_service_level`
--

COMMIT;

--
-- Table structure for table `isys_snmp_community`
--

CREATE TABLE `isys_snmp_community` (
  `isys_snmp_community__id` int(10) unsigned NOT NULL AUTO_INCREMENT,
  `isys_snmp_community__title` varchar(255) DEFAULT NULL,
  `isys_snmp_community__description` longtext DEFAULT NULL,
  `isys_snmp_community__const` varchar(255) DEFAULT NULL,
  `isys_snmp_community__sort` int(10) unsigned DEFAULT 5,
  `isys_snmp_community__status` tinyint(3) unsigned NOT NULL DEFAULT 2,
  `isys_snmp_community__property` int(10) unsigned DEFAULT 0,
  PRIMARY KEY (`isys_snmp_community__id`),
  KEY `isys_snmp_community__title` (`isys_snmp_community__title`)
) ENGINE=InnoDB AUTO_INCREMENT=2 DEFAULT CHARSET=utf8mb3 COLLATE=utf8mb3_unicode_ci;

--
-- Dumping data for table `isys_snmp_community`
--

INSERT INTO `isys_snmp_community` VALUES
(1,'public',NULL,'C__SNMP_COMMUNITY__PUBLIC',1,2,0);
COMMIT;

--
-- Table structure for table `isys_sound_manufacturer`
--

CREATE TABLE `isys_sound_manufacturer` (
  `isys_sound_manufacturer__id` int(10) unsigned NOT NULL AUTO_INCREMENT,
  `isys_sound_manufacturer__title` varchar(255) DEFAULT NULL,
  `isys_sound_manufacturer__description` longtext DEFAULT NULL,
  `isys_sound_manufacturer__const` varchar(255) DEFAULT NULL,
  `isys_sound_manufacturer__sort` int(10) unsigned DEFAULT NULL,
  `isys_sound_manufacturer__status` tinyint(3) unsigned NOT NULL DEFAULT 1,
  `isys_sound_manufacturer__property` int(10) unsigned DEFAULT NULL,
  PRIMARY KEY (`isys_sound_manufacturer__id`),
  KEY `isys_sound_manufacturer__title` (`isys_sound_manufacturer__title`)
) ENGINE=InnoDB DEFAULT CHARSET=utf8mb3 COLLATE=utf8mb3_unicode_ci;

--
-- Dumping data for table `isys_sound_manufacturer`
--

COMMIT;

--
-- Table structure for table `isys_stor_con_type`
--

CREATE TABLE `isys_stor_con_type` (
  `isys_stor_con_type__id` int(10) unsigned NOT NULL AUTO_INCREMENT,
  `isys_stor_con_type__title` varchar(255) DEFAULT NULL,
  `isys_stor_con_type__description` longtext DEFAULT NULL,
  `isys_stor_con_type__sort` int(10) unsigned DEFAULT 5,
  `isys_stor_con_type__const` varchar(255) DEFAULT NULL,
  `isys_stor_con_type__status` tinyint(3) unsigned NOT NULL DEFAULT 2,
  `isys_stor_con_type__property` int(10) unsigned DEFAULT 0,
  PRIMARY KEY (`isys_stor_con_type__id`),
  KEY `isys_stor_con_type__title` (`isys_stor_con_type__title`)
) ENGINE=InnoDB AUTO_INCREMENT=4 DEFAULT CHARSET=utf8mb3 COLLATE=utf8mb3_unicode_ci;

--
-- Dumping data for table `isys_stor_con_type`
--

INSERT INTO `isys_stor_con_type` VALUES
(1,'INTERN','INTERN',5,'C__STOR_CON_TYPE__INTERN',2,0),
(2,'EXTERN','EXTERN',5,'C__STOR_CON_TYPE__EXTERN',2,0),
(3,'LC__UNIVERSAL__OTHER','ANDERE',5,'C__STOR_CON_TYPE__OTHER',2,0);
COMMIT;

--
-- Table structure for table `isys_stor_lto_type`
--

CREATE TABLE `isys_stor_lto_type` (
  `isys_stor_lto_type__id` int(10) unsigned NOT NULL AUTO_INCREMENT,
  `isys_stor_lto_type__title` varchar(255) DEFAULT NULL,
  `isys_stor_lto_type__description` longtext DEFAULT NULL,
  `isys_stor_lto_type__const` varchar(255) DEFAULT NULL,
  `isys_stor_lto_type__property` int(10) DEFAULT NULL,
  `isys_stor_lto_type__sort` int(10) DEFAULT NULL,
  `isys_stor_lto_type__status` tinyint(3) unsigned NOT NULL DEFAULT 2,
  PRIMARY KEY (`isys_stor_lto_type__id`),
  KEY `isys_stor_lto_type__title` (`isys_stor_lto_type__title`)
) ENGINE=InnoDB DEFAULT CHARSET=utf8mb3 COLLATE=utf8mb3_unicode_ci;

--
-- Dumping data for table `isys_stor_lto_type`
--

COMMIT;

--
-- Table structure for table `isys_stor_manufacturer`
--

CREATE TABLE `isys_stor_manufacturer` (
  `isys_stor_manufacturer__id` int(10) unsigned NOT NULL AUTO_INCREMENT,
  `isys_stor_manufacturer__title` varchar(255) DEFAULT NULL,
  `isys_stor_manufacturer__description` longtext DEFAULT NULL,
  `isys_stor_manufacturer__const` varchar(255) DEFAULT NULL,
  `isys_stor_manufacturer__sort` int(10) unsigned DEFAULT 5,
  `isys_stor_manufacturer__status` tinyint(3) unsigned NOT NULL DEFAULT 2,
  `isys_stor_manufacturer__property` int(10) unsigned DEFAULT 0,
  PRIMARY KEY (`isys_stor_manufacturer__id`),
  KEY `isys_stor_manufacturer__title` (`isys_stor_manufacturer__title`)
) ENGINE=InnoDB DEFAULT CHARSET=utf8mb3 COLLATE=utf8mb3_unicode_ci;

--
-- Dumping data for table `isys_stor_manufacturer`
--

COMMIT;

--
-- Table structure for table `isys_stor_model`
--

CREATE TABLE `isys_stor_model` (
  `isys_stor_model__id` int(10) unsigned NOT NULL AUTO_INCREMENT,
  `isys_stor_model__title` varchar(255) DEFAULT NULL,
  `isys_stor_model__description` longtext DEFAULT NULL,
  `isys_stor_model__const` varchar(255) DEFAULT NULL,
  `isys_stor_model__sort` int(10) unsigned DEFAULT 5,
  `isys_stor_model__property` int(10) unsigned DEFAULT 0,
  `isys_stor_model__status` tinyint(3) unsigned NOT NULL DEFAULT 2,
  `isys_stor_model__isys_stor_manufacturer__id` int(10) unsigned DEFAULT NULL,
  PRIMARY KEY (`isys_stor_model__id`),
  KEY `isys_stor_model__isys_stor_manufacturer__id` (`isys_stor_model__isys_stor_manufacturer__id`),
  KEY `isys_stor_model__title` (`isys_stor_model__title`),
  CONSTRAINT `isys_stor_model__isys_stor_manufacturer__id` FOREIGN KEY (`isys_stor_model__isys_stor_manufacturer__id`) REFERENCES `isys_stor_manufacturer` (`isys_stor_manufacturer__id`) ON DELETE SET NULL ON UPDATE CASCADE
) ENGINE=InnoDB DEFAULT CHARSET=utf8mb3 COLLATE=utf8mb3_unicode_ci;

--
-- Dumping data for table `isys_stor_model`
--

COMMIT;

--
-- Table structure for table `isys_stor_raid_level`
--

CREATE TABLE `isys_stor_raid_level` (
  `isys_stor_raid_level__id` int(10) unsigned NOT NULL AUTO_INCREMENT,
  `isys_stor_raid_level__title` varchar(255) DEFAULT NULL,
  `isys_stor_raid_level__description` longtext DEFAULT NULL,
  `isys_stor_raid_level__const` varchar(255) DEFAULT NULL,
  `isys_stor_raid_level__sort` int(10) unsigned DEFAULT 5,
  `isys_stor_raid_level__property` int(10) unsigned DEFAULT 0,
  `isys_stor_raid_level__status` tinyint(3) unsigned NOT NULL DEFAULT 2,
  PRIMARY KEY (`isys_stor_raid_level__id`),
  KEY `isys_stor_raid_level__title` (`isys_stor_raid_level__title`)
) ENGINE=InnoDB AUTO_INCREMENT=1001 DEFAULT CHARSET=utf8mb3 COLLATE=utf8mb3_unicode_ci;

--
-- Dumping data for table `isys_stor_raid_level`
--

INSERT INTO `isys_stor_raid_level` VALUES
(1,'0',NULL,'C__STOR_RAID_LEVEL__0',10,0,2),
(2,'1',NULL,'C__STOR_RAID_LEVEL__1',20,0,2),
(3,'2',NULL,'C__STOR_RAID_LEVEL__2',30,0,2),
(4,'5',NULL,'C__STOR_RAID_LEVEL__5',40,0,2),
(5,'10',NULL,'C__STOR_RAID_LEVEL__10',50,0,2),
(6,'JBOD',NULL,'C__STOR_RAID_LEVEL__JBOD',60,0,2),
(1000,'6',NULL,'C__STOR_RAID_LEVEL__6',70,0,2);
COMMIT;

--
-- Table structure for table `isys_stor_type`
--

CREATE TABLE `isys_stor_type` (
  `isys_stor_type__id` int(10) unsigned NOT NULL AUTO_INCREMENT,
  `isys_stor_type__title` varchar(255) DEFAULT NULL,
  `isys_stor_type__description` longtext DEFAULT NULL,
  `isys_stor_type__const` varchar(255) DEFAULT NULL,
  `isys_stor_type__sort` int(10) unsigned DEFAULT 5,
  `isys_stor_type__property` int(10) unsigned DEFAULT 0,
  `isys_stor_type__status` tinyint(3) unsigned NOT NULL DEFAULT 1,
  PRIMARY KEY (`isys_stor_type__id`),
  KEY `isys_stor_type__title` (`isys_stor_type__title`)
) ENGINE=InnoDB AUTO_INCREMENT=12 DEFAULT CHARSET=utf8mb3 COLLATE=utf8mb3_unicode_ci;

--
-- Dumping data for table `isys_stor_type`
--

INSERT INTO `isys_stor_type` VALUES
(1,'LC__STORAGE_TYPE__HARD_DISK',NULL,'C__STOR_TYPE_DEVICE_HD',10,0,2),
(2,'LC__STORAGE_TYPE__FLOPPY',NULL,'C__STOR_TYPE_DEVICE_FLOPPY',20,0,2),
(3,'LC__STORAGE_TYPE__CD_ROM',NULL,'C__STOR_TYPE_DEVICE_CD_ROM',30,0,2),
(5,'LC__STORAGE_TYPE__TAPE',NULL,'C__STOR_TYPE_DEVICE_TAPE',50,0,2),
(6,'LC__STORAGE_TYPE__STICK',NULL,'C__STOR_TYPE_DEVICE_STICK',60,0,2),
(7,'SSD',NULL,'C__STOR_TYPE_DEVICE_SSD',11,0,2),
(8,'LC__STORAGE_TYPE__SD_CARD',NULL,'C__STOR_TYPE_DEVICE_SD_CARD',11,0,2),
(11,'LC__STORAGE_TYPE__STREAMER',NULL,'C__STOR_TYPE_DEVICE_STREAMER',11,0,2);
COMMIT;

--
-- Table structure for table `isys_stor_unit`
--

CREATE TABLE `isys_stor_unit` (
  `isys_stor_unit__id` int(10) unsigned NOT NULL AUTO_INCREMENT,
  `isys_stor_unit__title` varchar(255) DEFAULT NULL,
  `isys_stor_unit__description` longtext DEFAULT NULL,
  `isys_stor_unit__const` varchar(255) DEFAULT NULL,
  `isys_stor_unit__sort` int(10) unsigned DEFAULT 5,
  `isys_stor_unit__byte` int(10) unsigned DEFAULT NULL,
  `isys_stor_unit__status` tinyint(3) unsigned NOT NULL DEFAULT 2,
  `isys_stor_unit__property` int(10) unsigned DEFAULT 0,
  PRIMARY KEY (`isys_stor_unit__id`),
  KEY `isys_stor_unit__title` (`isys_stor_unit__title`)
) ENGINE=InnoDB AUTO_INCREMENT=7 DEFAULT CHARSET=utf8mb3 COLLATE=utf8mb3_unicode_ci;

--
-- Dumping data for table `isys_stor_unit`
--

INSERT INTO `isys_stor_unit` VALUES
(1,'KB','KiloByte\r1 024 Byte','C__STOR_UNIT__KB',5,NULL,2,0),
(2,'MB','MegaByte\r1 048 576 Byte','C__STOR_UNIT__MB',5,NULL,2,0),
(3,'GB','GigaByte\r1 073 741 824 = Byte','C__STOR_UNIT__GB',5,NULL,2,0),
(4,'TB','TerraByte\r1 099 511 627 776 Byte','C__STOR_UNIT__TB',5,NULL,2,0),
(5,'PB','PebiByte\r1 125 899 906 842 624 Byte','C__STOR_UNIT__PB',5,NULL,2,0),
(6,'EB','ExbiByte\r1 152 921 504 606 846 976  Byte','C__STOR_UNIT__EB',5,NULL,2,0);
COMMIT;

--
-- Table structure for table `isys_switch_role`
--

CREATE TABLE `isys_switch_role` (
  `isys_switch_role__id` int(10) unsigned NOT NULL AUTO_INCREMENT,
  `isys_switch_role__title` varchar(255) DEFAULT NULL,
  `isys_switch_role__description` longtext DEFAULT NULL,
  `isys_switch_role__const` varchar(255) DEFAULT NULL,
  `isys_switch_role__sort` int(10) unsigned DEFAULT NULL,
  `isys_switch_role__status` tinyint(3) unsigned NOT NULL DEFAULT 2,
  PRIMARY KEY (`isys_switch_role__id`),
  KEY `isys_switch_role__title` (`isys_switch_role__title`)
) ENGINE=InnoDB AUTO_INCREMENT=3 DEFAULT CHARSET=utf8mb3 COLLATE=utf8mb3_unicode_ci;

--
-- Dumping data for table `isys_switch_role`
--

INSERT INTO `isys_switch_role` VALUES
(1,'Master',NULL,'C__CMDB__SWITCH_ROLE__MASTER',NULL,2),
(2,'Slave',NULL,'C__CMDB__SWITCH_ROLE__SLAVE',NULL,2);
COMMIT;

--
-- Table structure for table `isys_switch_spanning_tree`
--

CREATE TABLE `isys_switch_spanning_tree` (
  `isys_switch_spanning_tree__id` int(10) unsigned NOT NULL AUTO_INCREMENT,
  `isys_switch_spanning_tree__title` varchar(255) DEFAULT NULL,
  `isys_switch_spanning_tree__description` longtext DEFAULT NULL,
  `isys_switch_spanning_tree__const` varchar(255) DEFAULT NULL,
  `isys_switch_spanning_tree__sort` int(10) unsigned DEFAULT NULL,
  `isys_switch_spanning_tree__status` tinyint(3) unsigned NOT NULL DEFAULT 2,
  PRIMARY KEY (`isys_switch_spanning_tree__id`),
  KEY `isys_switch_spanning_tree__title` (`isys_switch_spanning_tree__title`)
) ENGINE=InnoDB AUTO_INCREMENT=4 DEFAULT CHARSET=utf8mb3 COLLATE=utf8mb3_unicode_ci;

--
-- Dumping data for table `isys_switch_spanning_tree`
--

INSERT INTO `isys_switch_spanning_tree` VALUES
(1,'STP',NULL,'C__CMDB__SWITCH_SPANNING_TREE__STP',NULL,2),
(2,'RSTP',NULL,'C__CMDB__SWITCH_SPANNING_TREE__RSTP',NULL,2),
(3,'MSTP',NULL,'C__CMDB__SWITCH_SPANNING_TREE__MSTP',NULL,2);
COMMIT;

--
-- Table structure for table `isys_tag`
--

CREATE TABLE `isys_tag` (
  `isys_tag__id` int(10) unsigned NOT NULL AUTO_INCREMENT,
  `isys_tag__title` varchar(255) DEFAULT NULL,
  `isys_tag__description` longtext DEFAULT NULL,
  `isys_tag__const` varchar(255) DEFAULT NULL,
  `isys_tag__sort` int(10) unsigned DEFAULT NULL,
  `isys_tag__status` tinyint(3) unsigned NOT NULL DEFAULT 2,
  PRIMARY KEY (`isys_tag__id`),
  KEY `isys_tag__title` (`isys_tag__title`)
) ENGINE=InnoDB AUTO_INCREMENT=108 DEFAULT CHARSET=utf8mb3 COLLATE=utf8mb3_unicode_ci;

--
-- Dumping data for table `isys_tag`
--

INSERT INTO `isys_tag` VALUES
(99,'Copilot',NULL,NULL,50,2),
(104,'citynet',NULL,NULL,NULL,2),
(105,'ITLV',NULL,NULL,0,2),
(106,'PDF-XChange',NULL,NULL,NULL,2),
(107,'Lieferant',NULL,NULL,NULL,2);
COMMIT;

--
-- Table structure for table `isys_tag_2_isys_obj`
--

CREATE TABLE `isys_tag_2_isys_obj` (
  `isys_obj__id` int(10) unsigned NOT NULL,
  `isys_tag__id` int(10) unsigned NOT NULL,
  PRIMARY KEY (`isys_obj__id`,`isys_tag__id`),
  KEY `isys_obj__id` (`isys_obj__id`),
  KEY `isys_tag__id` (`isys_tag__id`),
  CONSTRAINT `isys_tag_2_isys_obj__ibfk1` FOREIGN KEY (`isys_obj__id`) REFERENCES `isys_obj` (`isys_obj__id`) ON DELETE CASCADE ON UPDATE CASCADE,
  CONSTRAINT `isys_tag_2_isys_obj__ibfk2` FOREIGN KEY (`isys_tag__id`) REFERENCES `isys_tag` (`isys_tag__id`) ON DELETE CASCADE ON UPDATE CASCADE
) ENGINE=InnoDB DEFAULT CHARSET=utf8mb3 COLLATE=utf8mb3_unicode_ci;

--
-- Dumping data for table `isys_tag_2_isys_obj`
--

INSERT INTO `isys_tag_2_isys_obj` VALUES
(102,104),
(126,104),
(250,104),
(1754,105),
(1755,105),
(1757,105),
(1758,105),
(1760,105),
(1762,105),
(1764,105),
(1765,105),
(1766,105),
(1767,105),
(1771,105),
(1772,105),
(1773,105),
(1774,105),
(1775,105),
(1779,105),
(1781,105),
(1782,105),
(1783,105),
(1790,105),
(1791,105),
(1793,105),
(1794,105),
(1795,105),
(1796,105),
(1797,105),
(1799,105),
(1800,105),
(1802,105),
(1807,105),
(1809,105),
(1811,105),
(1815,105),
(1817,105),
(1818,105),
(1820,105),
(1828,105),
(1829,105),
(1830,105),
(3034,104),
(3044,104),
(3058,104),
(3207,104),
(3296,105),
(3509,105),
(3687,104),
(3788,104),
(3797,104),
(4112,105),
(4938,105),
(4985,105),
(5150,107),
(5397,107),
(11949,105),
(16550,105),
(16840,105),
(28518,105),
(31971,105);
COMMIT;

--
-- Table structure for table `isys_tapelib_type`
--

CREATE TABLE `isys_tapelib_type` (
  `isys_tapelib_type__id` int(10) unsigned NOT NULL AUTO_INCREMENT,
  `isys_tapelib_type__title` varchar(255) DEFAULT NULL,
  `isys_tapelib_type__description` longtext DEFAULT NULL,
  `isys_tapelib_type__const` varchar(255) DEFAULT NULL,
  `isys_tapelib_type__sort` int(10) unsigned DEFAULT 5,
  `isys_tapelib_type__property` int(10) unsigned DEFAULT 0,
  `isys_tapelib_type__status` tinyint(3) unsigned NOT NULL DEFAULT 1,
  PRIMARY KEY (`isys_tapelib_type__id`),
  KEY `isys_tapelib_type__title` (`isys_tapelib_type__title`)
) ENGINE=InnoDB AUTO_INCREMENT=4 DEFAULT CHARSET=utf8mb3 COLLATE=utf8mb3_unicode_ci;

--
-- Dumping data for table `isys_tapelib_type`
--

INSERT INTO `isys_tapelib_type` VALUES
(1,'LC__UNIVERSAL__OTHER',NULL,'C__TAPELIB_TYPE__OTHER',5,0,2),
(2,'DDS','DDS','C__TAPELIB_TYPE__DDS',4,0,2),
(3,'DAT','DAT','C__TAPELIB_TYPE__DAT',4,0,2);
COMMIT;

--
-- Table structure for table `isys_telephone_fax_type`
--

CREATE TABLE `isys_telephone_fax_type` (
  `isys_telephone_fax_type__id` int(10) unsigned NOT NULL AUTO_INCREMENT,
  `isys_telephone_fax_type__title` varchar(255) DEFAULT NULL,
  `isys_telephone_fax_type__description` longtext DEFAULT NULL,
  `isys_telephone_fax_type__const` varchar(255) DEFAULT NULL,
  `isys_telephone_fax_type__property` int(10) DEFAULT NULL,
  `isys_telephone_fax_type__sort` int(10) DEFAULT NULL,
  `isys_telephone_fax_type__status` tinyint(3) unsigned NOT NULL DEFAULT 2,
  PRIMARY KEY (`isys_telephone_fax_type__id`),
  KEY `isys_telephone_fax_type__title` (`isys_telephone_fax_type__title`)
) ENGINE=InnoDB AUTO_INCREMENT=4 DEFAULT CHARSET=utf8mb3 COLLATE=utf8mb3_unicode_ci;

--
-- Dumping data for table `isys_telephone_fax_type`
--

INSERT INTO `isys_telephone_fax_type` VALUES
(1,'LC__CMDB__CATG__TELEPHONE_FAX__TYPE_ANALOG',NULL,'C__CMDB__TELEPHONE_FAX__TYPE_ANALOG',NULL,1,2),
(2,'LC__CMDB__CATG__TELEPHONE_FAX__TYPE_VOIP',NULL,'C__CMDB__TELEPHONE_FAX__TYPE_VOIP',NULL,2,2),
(3,'LC__CMDB__CATG__TELEPHONE_FAX__TYPE_ISDN',NULL,'C__CMDB__TELEPHONE_FAX__TYPE_ISDN',NULL,3,2);
COMMIT;

--
-- Table structure for table `isys_telephone_rate`
--

CREATE TABLE `isys_telephone_rate` (
  `isys_telephone_rate__id` int(10) unsigned NOT NULL AUTO_INCREMENT,
  `isys_telephone_rate__title` varchar(255) DEFAULT NULL,
  `isys_telephone_rate__description` longtext DEFAULT NULL,
  `isys_telephone_rate__const` varchar(255) DEFAULT NULL,
  `isys_telephone_rate__sort` int(10) unsigned DEFAULT NULL,
  `isys_telephone_rate__status` tinyint(3) unsigned NOT NULL DEFAULT 1,
  `isys_telephone_rate__property` int(10) unsigned DEFAULT NULL,
  PRIMARY KEY (`isys_telephone_rate__id`),
  KEY `isys_telephone_rate__title` (`isys_telephone_rate__title`)
) ENGINE=InnoDB DEFAULT CHARSET=utf8mb3 COLLATE=utf8mb3_unicode_ci;

--
-- Dumping data for table `isys_telephone_rate`
--

COMMIT;

--
-- Table structure for table `isys_temp_unit`
--

CREATE TABLE `isys_temp_unit` (
  `isys_temp_unit__id` int(10) unsigned NOT NULL AUTO_INCREMENT,
  `isys_temp_unit__const` varchar(255) DEFAULT NULL,
  `isys_temp_unit__title` varchar(255) DEFAULT NULL,
  `isys_temp_unit__description` longtext DEFAULT NULL,
  `isys_temp_unit__property` int(10) DEFAULT NULL,
  `isys_temp_unit__sort` int(10) unsigned DEFAULT NULL,
  `isys_temp_unit__status` tinyint(3) unsigned NOT NULL DEFAULT 2,
  PRIMARY KEY (`isys_temp_unit__id`),
  KEY `isys_temp_unit__title` (`isys_temp_unit__title`)
) ENGINE=InnoDB AUTO_INCREMENT=3 DEFAULT CHARSET=utf8mb3 COLLATE=utf8mb3_unicode_ci;

--
-- Dumping data for table `isys_temp_unit`
--

INSERT INTO `isys_temp_unit` VALUES
(1,'C__TEMP_UNIT__CELSIUS','°C',NULL,NULL,NULL,2),
(2,'C__TEMP_UNIT__FAHRENHEIT','°F',NULL,NULL,NULL,2);
COMMIT;

--
-- Table structure for table `isys_tierclass`
--

CREATE TABLE `isys_tierclass` (
  `isys_tierclass__id` int(10) unsigned NOT NULL AUTO_INCREMENT,
  `isys_tierclass__title` varchar(255) NOT NULL,
  `isys_tierclass__description` longtext CHARACTER SET utf8mb3 COLLATE utf8mb3_unicode_ci DEFAULT NULL,
  `isys_tierclass__const` varchar(255) DEFAULT NULL,
  `isys_tierclass__sort` int(10) unsigned DEFAULT NULL,
  `isys_tierclass__status` tinyint(3) unsigned NOT NULL DEFAULT 2,
  `isys_tierclass__property` int(10) unsigned DEFAULT 0,
  PRIMARY KEY (`isys_tierclass__id`),
  KEY `isys_tierclass__title` (`isys_tierclass__title`)
) ENGINE=InnoDB DEFAULT CHARSET=utf8mb3 COLLATE=utf8mb3_general_ci;

--
-- Dumping data for table `isys_tierclass`
--

COMMIT;

--
-- Table structure for table `isys_tree_group`
--

CREATE TABLE `isys_tree_group` (
  `isys_tree_group__id` int(10) unsigned NOT NULL AUTO_INCREMENT,
  `isys_tree_group__title` varchar(255) DEFAULT NULL,
  `isys_tree_group__description` longtext DEFAULT NULL,
  `isys_tree_group__image_name` varchar(255) DEFAULT NULL,
  `isys_tree_group__color` varchar(255) DEFAULT NULL,
  `isys_tree_group__sort` int(10) unsigned DEFAULT 0,
  `isys_tree_group__status` tinyint(3) unsigned NOT NULL DEFAULT 2,
  `isys_tree_group__property` int(10) unsigned DEFAULT 0,
  PRIMARY KEY (`isys_tree_group__id`)
) ENGINE=InnoDB AUTO_INCREMENT=9 DEFAULT CHARSET=utf8mb3 COLLATE=utf8mb3_unicode_ci;

--
-- Dumping data for table `isys_tree_group`
--

INSERT INTO `isys_tree_group` VALUES
(1,NULL,'blue1','10.png',NULL,10,2,0),
(2,NULL,'blue2','20.png',NULL,20,2,0),
(3,NULL,'blue3','30.png',NULL,30,2,0),
(4,NULL,'blue4','40.png',NULL,40,2,0),
(5,NULL,'green1','50.png',NULL,50,2,0),
(6,NULL,'green2','60.png',NULL,60,2,0),
(7,NULL,'green3','70.png',NULL,70,2,0),
(8,NULL,'green4','80.png',NULL,80,2,0);
COMMIT;

--
-- Table structure for table `isys_tts_config`
--

CREATE TABLE `isys_tts_config` (
  `isys_tts_config__id` int(10) unsigned NOT NULL AUTO_INCREMENT,
  `isys_tts_config__isys_tts_type__id` int(10) unsigned DEFAULT NULL,
  `isys_tts_config__active` tinyint(1) unsigned DEFAULT NULL,
  `isys_tts_config__user` varchar(255) NOT NULL,
  `isys_tts_config__pass` varchar(255) NOT NULL,
  `isys_tts_config__service_url` varchar(255) DEFAULT NULL,
  `isys_tts_config__tls_certificate` int(10) unsigned DEFAULT NULL,
  PRIMARY KEY (`isys_tts_config__id`),
  KEY `isys_tts_config__isys_tts_type__id` (`isys_tts_config__isys_tts_type__id`),
  KEY `isys_tts_config__tls_certificate` (`isys_tts_config__tls_certificate`),
  CONSTRAINT `isys_tts_config__tls_certificate` FOREIGN KEY (`isys_tts_config__tls_certificate`) REFERENCES `isys_obj` (`isys_obj__id`) ON DELETE SET NULL ON UPDATE CASCADE,
  CONSTRAINT `isys_tts_config_ibfk_1` FOREIGN KEY (`isys_tts_config__isys_tts_type__id`) REFERENCES `isys_tts_type` (`isys_tts_type__id`) ON DELETE CASCADE ON UPDATE CASCADE
) ENGINE=InnoDB AUTO_INCREMENT=2 DEFAULT CHARSET=utf8mb3 COLLATE=utf8mb3_unicode_ci;

--
-- Dumping data for table `isys_tts_config`
--

INSERT INTO `isys_tts_config` VALUES
(1,4,1,'i-doit@bludenz.at','fWsIs_AyaCCGzc9Bx3b0iR7ei7QoTkyPwNaN2Pa0GpzyTyjVEJRutJS7aN5fZHQd','https://zammad.bludenz.at',NULL);
COMMIT;

--
-- Table structure for table `isys_tts_type`
--

CREATE TABLE `isys_tts_type` (
  `isys_tts_type__id` int(10) unsigned NOT NULL AUTO_INCREMENT,
  `isys_tts_type__title` varchar(255) DEFAULT NULL,
  `isys_tts_type__const` varchar(255) DEFAULT NULL,
  `isys_tts_type__class` varchar(255) NOT NULL,
  `isys_tts_type__protocol` varchar(255) NOT NULL,
  `isys_tts_type__connector` varchar(255) NOT NULL,
  `isys_tts_type__url` varchar(255) DEFAULT NULL,
  `isys_tts_type__description` longtext DEFAULT NULL,
  `isys_tts_type__sort` int(10) DEFAULT 1,
  `isys_tts_type__status` tinyint(3) unsigned NOT NULL DEFAULT 2,
  PRIMARY KEY (`isys_tts_type__id`),
  KEY `isys_tts_type__title` (`isys_tts_type__title`)
) ENGINE=InnoDB AUTO_INCREMENT=5 DEFAULT CHARSET=utf8mb3 COLLATE=utf8mb3_unicode_ci;

--
-- Dumping data for table `isys_tts_type`
--

INSERT INTO `isys_tts_type` VALUES
(1,'LC__TTS_TYPE__RT','C__TTS__REQUEST_TRACKER','','isys_protocol_http','isys_connector_ticketing_rt','http://bestpractical.com/rt/',NULL,1,2),
(2,'LC__TTS_TYPE__OTRS','C__TTS__OTRS','','isys_protocol_soap','isys_connector_ticketing_otrs','http://www.otrs.org/',NULL,2,2),
(3,'LC__TTS_TYPE__ITOP','C__TTS__ITOP','','isys_protocol_http','isys_connector_ticketing_itop','http://www.itomig.de/produkte/itop.html',NULL,3,2),
(4,'LC__TTS_TYPE__ZAMMAD','C__TTS__ZAMMAD','','isys_protocol_http','isys_connector_ticketing_zammad','https://zammad.com',NULL,4,2);
COMMIT;

--
-- Table structure for table `isys_ui_con_type`
--

CREATE TABLE `isys_ui_con_type` (
  `isys_ui_con_type__id` int(10) unsigned NOT NULL AUTO_INCREMENT,
  `isys_ui_con_type__title` varchar(255) DEFAULT NULL,
  `isys_ui_con_type__description` longtext DEFAULT NULL,
  `isys_ui_con_type__const` varchar(255) DEFAULT NULL,
  `isys_ui_con_type__sort` int(10) unsigned DEFAULT 5,
  `isys_ui_con_type__property` int(10) unsigned DEFAULT 0,
  `isys_ui_con_type__status` tinyint(3) unsigned NOT NULL DEFAULT 1,
  PRIMARY KEY (`isys_ui_con_type__id`),
  KEY `isys_ui_con_type__title` (`isys_ui_con_type__title`)
) ENGINE=InnoDB AUTO_INCREMENT=13 DEFAULT CHARSET=utf8mb3 COLLATE=utf8mb3_unicode_ci;

--
-- Dumping data for table `isys_ui_con_type`
--

INSERT INTO `isys_ui_con_type` VALUES
(1,'LC__CMDB__UI_CON_TYPE__MONITOR','LC fuer conType MONITOR','C__UI_CON_TYPE__MONITOR',5,0,2),
(2,'LC__UI_CON_TYPE__MOUSE','Mouse','C__UI_CON_TYPE__MOUSE',5,0,2),
(3,'LC__UI_CON_TYPE__KEYBOARD','KEYBOARD','C__UI_CON_TYPE__KEYBOARD',5,0,2),
(4,'LC__UI_CON_TYPE__KVM','KVM','C__UI_CON_TYPE__KVM',5,0,2),
(5,'LC__UI_CON_TYPE__PRINTER','PRINTER','C__UI_CON_TYPE__PRINTER',5,0,2),
(6,'LC__UI_CON_TYPE__MEMORY_DISK','MEMORY_DISK','C__UI_CON_TYPE__MEMORY_DISK',5,0,2),
(7,'LC__UI_CON_TYPE__CONSOLE','CONSOLE','C__UI_CON_TYPE__CONSOLE',5,0,2),
(8,'LC__UI_CON_TYPE__PHONE_DIGITAL','PHONE_DIGITAL','C__UI_CON_TYPE__PHONE_DIGITAL',5,0,2),
(9,'LC__UI_CON_TYPE__PHONE_ANALOG','Analog (Telefon)','C__UI_CON_TYPE__PHONE_ANALOG',5,0,2),
(10,'LC__UI_CON_TYPE__PHONE_S0','S0 (Telefon)','C__UI_CON_TYPE__PHONE_S0',5,0,2),
(11,'LC__UI_CON_TYPE__MULTIMEDIA','Multimedia','C__UI_CON_TYPE__MULTIMEDIA',5,0,2),
(12,'LC__UI_CON_TYPE__OTHER','Sonstiges','C__UI_CON_TYPE__OTHER',5,0,2);
COMMIT;

--
-- Table structure for table `isys_ui_plugtype`
--

CREATE TABLE `isys_ui_plugtype` (
  `isys_ui_plugtype__id` int(10) unsigned NOT NULL AUTO_INCREMENT,
  `isys_ui_plugtype__title` varchar(255) DEFAULT NULL,
  `isys_ui_plugtype__description` longtext DEFAULT NULL,
  `isys_ui_plugtype__const` varchar(255) DEFAULT NULL,
  `isys_ui_plugtype__sort` int(10) unsigned DEFAULT 5,
  `isys_ui_plugtype__property` int(10) unsigned DEFAULT 0,
  `isys_ui_plugtype__status` tinyint(3) unsigned NOT NULL DEFAULT 1,
  PRIMARY KEY (`isys_ui_plugtype__id`),
  KEY `isys_ui_plugtype__title` (`isys_ui_plugtype__title`)
) ENGINE=InnoDB AUTO_INCREMENT=5 DEFAULT CHARSET=utf8mb3 COLLATE=utf8mb3_unicode_ci;

--
-- Dumping data for table `isys_ui_plugtype`
--

INSERT INTO `isys_ui_plugtype` VALUES
(1,'LC__UNIVERSAL__OTHER',NULL,'C__UI_PLUGTYPE__OTHER',0,0,2),
(2,'Serial',NULL,'C__UI_PLUGTYPE__SERIAL',10,0,2),
(3,'USB',NULL,'',5,0,2),
(4,'FireWire',NULL,'',5,0,2);
COMMIT;

--
-- Table structure for table `isys_unit`
--

CREATE TABLE `isys_unit` (
  `isys_unit__id` int(10) unsigned NOT NULL AUTO_INCREMENT,
  `isys_unit__title` varchar(255) NOT NULL,
  `isys_unit__description` longtext DEFAULT NULL,
  `isys_unit__table` varchar(255) NOT NULL,
  `isys_unit__default` int(10) unsigned DEFAULT NULL,
  PRIMARY KEY (`isys_unit__id`)
) ENGINE=InnoDB AUTO_INCREMENT=2 DEFAULT CHARSET=utf8mb3 COLLATE=utf8mb3_unicode_ci;

--
-- Dumping data for table `isys_unit`
--

INSERT INTO `isys_unit` VALUES
(1,'LC__UNIT__TIME_PERIOD',NULL,'isys_unit_of_time',3);
COMMIT;

--
-- Table structure for table `isys_unit_of_time`
--

CREATE TABLE `isys_unit_of_time` (
  `isys_unit_of_time__id` int(10) unsigned NOT NULL AUTO_INCREMENT,
  `isys_unit_of_time__title` varchar(255) DEFAULT NULL,
  `isys_unit_of_time__description` longtext DEFAULT NULL,
  `isys_unit_of_time__const` varchar(255) DEFAULT NULL,
  `isys_unit_of_time__factor` int(10) unsigned DEFAULT 1,
  `isys_unit_of_time__sort` int(10) unsigned DEFAULT NULL,
  `isys_unit_of_time__property` int(10) unsigned DEFAULT NULL,
  `isys_unit_of_time__status` tinyint(3) unsigned NOT NULL DEFAULT 1,
  PRIMARY KEY (`isys_unit_of_time__id`),
  KEY `isys_unit_of_time__title` (`isys_unit_of_time__title`)
) ENGINE=InnoDB AUTO_INCREMENT=7 DEFAULT CHARSET=utf8mb3 COLLATE=utf8mb3_unicode_ci;

--
-- Dumping data for table `isys_unit_of_time`
--

INSERT INTO `isys_unit_of_time` VALUES
(1,'LC__CMDB__UNIT_OF_TIME__SECOND',NULL,'C__CMDB__UNIT_OF_TIME__SECOND',1,1,NULL,2),
(2,'LC__CMDB__UNIT_OF_TIME__MINUTE',NULL,'C__CMDB__UNIT_OF_TIME__MINUTE',60,2,NULL,2),
(3,'LC__CMDB__UNIT_OF_TIME__HOUR',NULL,'C__CMDB__UNIT_OF_TIME__HOUR',3600,3,NULL,2),
(4,'LC__CMDB__UNIT_OF_TIME__DAY',NULL,'C__CMDB__UNIT_OF_TIME__DAY',86400,4,NULL,2),
(5,'LC__CMDB__UNIT_OF_TIME__MONTH',NULL,'C__CMDB__UNIT_OF_TIME__MONTH',2592000,5,NULL,2),
(6,'LC__CMDB__UNIT_OF_TIME__YEAR',NULL,'C__CMDB__UNIT_OF_TIME__YEAR',31104000,6,NULL,2);
COMMIT;

--
-- Table structure for table `isys_ups_battery_type`
--

CREATE TABLE `isys_ups_battery_type` (
  `isys_ups_battery_type__id` int(10) unsigned NOT NULL AUTO_INCREMENT,
  `isys_ups_battery_type__title` varchar(255) DEFAULT NULL,
  `isys_ups_battery_type__description` longtext DEFAULT NULL,
  `isys_ups_battery_type__const` varchar(255) DEFAULT NULL,
  `isys_ups_battery_type__sort` int(10) unsigned DEFAULT NULL,
  `isys_ups_battery_type__property` int(10) unsigned DEFAULT NULL,
  `isys_ups_battery_type__status` tinyint(3) unsigned NOT NULL DEFAULT 1,
  PRIMARY KEY (`isys_ups_battery_type__id`),
  KEY `isys_ups_battery_type__title` (`isys_ups_battery_type__title`)
) ENGINE=InnoDB DEFAULT CHARSET=utf8mb3 COLLATE=utf8mb3_unicode_ci;

--
-- Dumping data for table `isys_ups_battery_type`
--

COMMIT;

--
-- Table structure for table `isys_ups_type`
--

CREATE TABLE `isys_ups_type` (
  `isys_ups_type__id` int(10) unsigned NOT NULL AUTO_INCREMENT,
  `isys_ups_type__title` varchar(255) DEFAULT NULL,
  `isys_ups_type__description` longtext DEFAULT NULL,
  `isys_ups_type__const` varchar(255) DEFAULT NULL,
  `isys_ups_type__sort` int(10) unsigned DEFAULT NULL,
  `isys_ups_type__property` int(10) unsigned DEFAULT NULL,
  `isys_ups_type__status` tinyint(3) unsigned NOT NULL DEFAULT 1,
  PRIMARY KEY (`isys_ups_type__id`),
  KEY `isys_ups_type__title` (`isys_ups_type__title`)
) ENGINE=InnoDB AUTO_INCREMENT=3 DEFAULT CHARSET=utf8mb3 COLLATE=utf8mb3_unicode_ci;

--
-- Dumping data for table `isys_ups_type`
--

INSERT INTO `isys_ups_type` VALUES
(1,'Online',NULL,NULL,1,0,2),
(2,'Offline',NULL,NULL,2,0,2);
COMMIT;

--
-- Table structure for table `isys_user_locale`
--

CREATE TABLE `isys_user_locale` (
  `isys_user_locale__id` int(10) unsigned NOT NULL AUTO_INCREMENT,
  `isys_user_locale__isys_user_setting__id` int(10) unsigned NOT NULL,
  `isys_user_locale__language` int(11) unsigned NOT NULL,
  `isys_user_locale__language_time` int(10) unsigned DEFAULT NULL,
  `isys_user_locale__language_monetary` int(10) unsigned DEFAULT NULL,
  `isys_user_locale__language_numeric` int(10) unsigned DEFAULT NULL,
  `isys_user_locale__default_tree_view` int(10) unsigned NOT NULL,
  `isys_user_locale__default_tree_type` tinyint(1) unsigned DEFAULT NULL,
  `isys_user_locale__property` int(10) unsigned DEFAULT 0,
  `isys_user_locale__status` tinyint(3) unsigned NOT NULL DEFAULT 2,
  `isys_user_locale__isys_currency__id` int(10) unsigned DEFAULT NULL,
  `isys_user_locale__browser_language` tinyint(1) DEFAULT 0,
  PRIMARY KEY (`isys_user_locale__id`),
  UNIQUE KEY `isys_user_locale__isys_user_setting__id` (`isys_user_locale__isys_user_setting__id`),
  KEY `isys_user_locale__language_time` (`isys_user_locale__language_time`,`isys_user_locale__language_monetary`,`isys_user_locale__language_numeric`),
  KEY `isys_user_locale__isys_currency__id` (`isys_user_locale__isys_currency__id`),
  CONSTRAINT `isys_user_locale__isys_user_setting__id` FOREIGN KEY (`isys_user_locale__isys_user_setting__id`) REFERENCES `isys_user_setting` (`isys_user_setting__id`) ON DELETE CASCADE ON UPDATE CASCADE,
  CONSTRAINT `isys_user_locale_ibfk_1` FOREIGN KEY (`isys_user_locale__isys_currency__id`) REFERENCES `isys_currency` (`isys_currency__id`) ON DELETE SET NULL ON UPDATE CASCADE
) ENGINE=InnoDB AUTO_INCREMENT=77 DEFAULT CHARSET=utf8mb3 COLLATE=utf8mb3_unicode_ci;

--
-- Dumping data for table `isys_user_locale`
--

INSERT INTO `isys_user_locale` VALUES
(9,1,2,2,NULL,2,1008,3,0,2,1,0),
(13,6,2,2,NULL,2,1008,3,0,2,1,0),
(15,7,2,2,NULL,2,1008,3,0,2,1,0),
(17,8,2,2,NULL,2,1008,3,0,2,1,0),
(19,9,0,0,NULL,0,1008,1,0,2,1,0),
(21,10,0,0,NULL,0,1007,1,0,2,1,0),
(23,11,2,2,NULL,2,1008,3,0,2,1,0),
(25,12,2,2,NULL,2,1008,3,0,2,1,0),
(27,13,0,0,NULL,0,0,NULL,0,2,1,0),
(29,14,0,0,NULL,0,1008,NULL,0,2,1,0),
(32,15,2,0,NULL,0,0,NULL,0,2,1,0),
(34,16,0,0,NULL,0,1008,1,0,2,1,0),
(36,17,0,0,NULL,0,1008,1,0,2,1,0),
(39,18,0,0,NULL,0,0,NULL,0,2,1,0),
(42,19,0,2,NULL,2,1008,NULL,0,2,1,0),
(45,20,0,0,NULL,0,1008,1,0,2,1,0),
(48,21,0,0,NULL,0,1007,NULL,0,2,1,0),
(53,23,0,0,NULL,0,0,NULL,0,2,1,0),
(55,24,0,2,NULL,2,0,NULL,0,2,1,0),
(58,25,0,0,NULL,0,0,NULL,0,2,1,0),
(61,26,0,0,NULL,0,0,NULL,0,2,NULL,0),
(63,27,0,2,NULL,2,0,NULL,0,2,1,0),
(65,28,3,0,NULL,0,0,NULL,0,2,NULL,0),
(69,30,2,2,NULL,2,0,NULL,0,2,NULL,0),
(72,31,3,2,NULL,2,0,NULL,0,2,NULL,0),
(74,32,2,2,NULL,2,0,NULL,0,2,NULL,0),
(76,33,2,2,NULL,2,0,NULL,0,2,NULL,0);
COMMIT;

--
-- Table structure for table `isys_user_mydoit`
--

CREATE TABLE `isys_user_mydoit` (
  `isys_user_mydoit__id` int(10) unsigned NOT NULL AUTO_INCREMENT,
  `isys_user_mydoit__isys_user_setting__id` int(10) unsigned NOT NULL DEFAULT 0,
  `isys_user_mydoit__title` varchar(255) DEFAULT NULL,
  `isys_user_mydoit__description` longtext DEFAULT NULL,
  `isys_user_mydoit__link` varchar(255) DEFAULT NULL,
  `isys_user_mydoit__date_added` datetime DEFAULT NULL,
  `isys_user_mydoit__status` tinyint(3) unsigned NOT NULL DEFAULT 2,
  `isys_user_mydoit__property` int(10) unsigned DEFAULT 0,
  PRIMARY KEY (`isys_user_mydoit__id`),
  KEY `isys_user_mydoit_FKIndex1` (`isys_user_mydoit__isys_user_setting__id`),
  CONSTRAINT `isys_user_mydoit__isys_user_setting__id` FOREIGN KEY (`isys_user_mydoit__isys_user_setting__id`) REFERENCES `isys_user_setting` (`isys_user_setting__id`) ON DELETE CASCADE ON UPDATE CASCADE
) ENGINE=InnoDB DEFAULT CHARSET=utf8mb3 COLLATE=utf8mb3_unicode_ci;

--
-- Dumping data for table `isys_user_mydoit`
--

COMMIT;

--
-- Table structure for table `isys_user_session`
--

CREATE TABLE `isys_user_session` (
  `isys_user_session__id` int(10) unsigned NOT NULL AUTO_INCREMENT,
  `isys_user_session__isys_obj__id` int(10) unsigned DEFAULT NULL COMMENT 'Person object',
  `isys_user_session__php_sid` varchar(255) DEFAULT NULL,
  `isys_user_session__modus` varchar(255) DEFAULT NULL,
  `isys_user_session__status` tinyint(3) unsigned NOT NULL DEFAULT 1,
  `isys_user_session__time_login` datetime DEFAULT NULL,
  `isys_user_session__time_last_action` datetime DEFAULT NULL,
  `isys_user_session__description` longtext DEFAULT NULL,
  `isys_user_session__title` varchar(255) DEFAULT NULL,
  `isys_user_session__ip` varchar(20) DEFAULT NULL,
  PRIMARY KEY (`isys_user_session__id`),
  KEY `isys_user_session__isys_obj__id` (`isys_user_session__isys_obj__id`),
  KEY `isys_user_session__time_last_action` (`isys_user_session__time_last_action`),
  KEY `isys_user_session__php_sid` (`isys_user_session__php_sid`),
  CONSTRAINT `isys_user_session_ibfk_2` FOREIGN KEY (`isys_user_session__isys_obj__id`) REFERENCES `isys_obj` (`isys_obj__id`) ON DELETE CASCADE ON UPDATE CASCADE
) ENGINE=InnoDB AUTO_INCREMENT=42369 DEFAULT CHARSET=utf8mb3 COLLATE=utf8mb3_unicode_ci;

--
-- Dumping data for table `isys_user_session`
--

INSERT INTO `isys_user_session` VALUES
(42366,27,'e7951d23089599213495704a13375a2a',NULL,1,'2026-04-14 14:00:26','2026-04-14 14:02:07','/i-doit/cmdb/object/image/34974?tenant_id=1',NULL,'147.78.251.45'),
(42367,8510,'63b339839f9d7501cc41d3073752f3c8',NULL,1,'2026-04-14 14:05:26','2026-04-14 14:05:42','/i-doit/cmdb/browse-location/1',NULL,'147.78.251.45'),
(42368,27,'8e8742f4742d820e220bc722a2b51729',NULL,1,'2026-04-14 15:52:58','2026-04-14 15:52:59','/cmdb/object-type/icon/32?tenant_id=1',NULL,'10.10.21.47');
COMMIT;

--
-- Table structure for table `isys_user_setting`
--

CREATE TABLE `isys_user_setting` (
  `isys_user_setting__id` int(10) unsigned NOT NULL AUTO_INCREMENT,
  `isys_user_setting__isys_obj__id` int(10) unsigned DEFAULT NULL COMMENT 'Person object',
  PRIMARY KEY (`isys_user_setting__id`),
  KEY `isys_user_setting__isys_obj__id` (`isys_user_setting__isys_obj__id`),
  CONSTRAINT `isys_user_setting_ibfk_1` FOREIGN KEY (`isys_user_setting__isys_obj__id`) REFERENCES `isys_obj` (`isys_obj__id`) ON DELETE CASCADE ON UPDATE CASCADE
) ENGINE=InnoDB AUTO_INCREMENT=34 DEFAULT CHARSET=utf8mb3 COLLATE=utf8mb3_unicode_ci;

--
-- Dumping data for table `isys_user_setting`
--

INSERT INTO `isys_user_setting` VALUES
(4,1),
(2,4),
(1,9),
(15,22),
(6,26),
(7,27),
(8,522),
(9,2555),
(10,2667),
(11,2785),
(12,3260),
(13,3291),
(14,3803),
(16,4370),
(17,4418),
(18,4534),
(19,6973),
(20,7210),
(21,8510),
(23,8674),
(24,8677),
(25,8757),
(26,9569),
(27,9602),
(28,9603),
(30,12376),
(31,17613),
(33,23740),
(32,24957);
COMMIT;

--
-- Table structure for table `isys_user_ui`
--

CREATE TABLE `isys_user_ui` (
  `isys_user_ui__id` int(10) NOT NULL AUTO_INCREMENT,
  `isys_user_ui__isys_user_setting__id` int(10) unsigned NOT NULL,
  `isys_user_ui__theme` varchar(255) NOT NULL,
  `isys_user_ui__archive_color` char(7) NOT NULL DEFAULT '#FFFF00',
  `isys_user_ui__del_color` char(7) NOT NULL DEFAULT '#FF0000',
  `isys_user_ui__tree_visible` tinyint(2) DEFAULT 3,
  PRIMARY KEY (`isys_user_ui__id`),
  KEY `isys_user_setting_FKIndex1` (`isys_user_ui__isys_user_setting__id`),
  CONSTRAINT `isys_user_ui__isys_user_setting__id` FOREIGN KEY (`isys_user_ui__isys_user_setting__id`) REFERENCES `isys_user_setting` (`isys_user_setting__id`) ON DELETE CASCADE ON UPDATE CASCADE
) ENGINE=InnoDB AUTO_INCREMENT=23 DEFAULT CHARSET=utf8mb3 COLLATE=utf8mb3_unicode_ci;

--
-- Dumping data for table `isys_user_ui`
--

INSERT INTO `isys_user_ui` VALUES
(1,1,'default','#FFFF00','#FF0000',3),
(2,2,'default','#FFFF00','#FF0000',3),
(4,4,'default','#FFFF00','#FF0000',3),
(6,6,'default','#FFFF00','#FF0000',3),
(7,7,'default','#FFFF00','#FF0000',3),
(8,8,'default','#FFFF00','#FF0000',3),
(9,9,'default','#FFFF00','#FF0000',3),
(10,10,'default','#FFFF00','#FF0000',3),
(11,11,'default','#FFFF00','#FF0000',3),
(12,12,'default','#FFFF00','#FF0000',2),
(13,13,'default','#FFFF00','#FF0000',3),
(14,14,'default','#FFFF00','#FF0000',3),
(15,15,'default','#FFFF00','#FF0000',3),
(16,16,'default','#FFFF00','#FF0000',3),
(17,17,'default','#FFFF00','#FF0000',3),
(18,18,'default','#FFFF00','#FF0000',3),
(19,19,'default','#FFFF00','#FF0000',3),
(20,20,'default','#FFFF00','#FF0000',3),
(21,21,'default','#FFFF00','#FF0000',3);
COMMIT;

--
-- Table structure for table `isys_validation_config`
--

CREATE TABLE `isys_validation_config` (
  `isys_validation_config__id` int(10) unsigned NOT NULL AUTO_INCREMENT,
  `isys_validation_config__isysgui_catg__id` int(10) DEFAULT NULL,
  `isys_validation_config__isysgui_cats__id` int(10) DEFAULT NULL,
  `isys_validation_config__json` mediumtext DEFAULT NULL,
  `isys_validation_config__isysgui_catg_custom__id` int(10) unsigned DEFAULT NULL,
  `isys_validation_config__category_class` varchar(255) DEFAULT NULL,
  PRIMARY KEY (`isys_validation_config__id`),
  KEY `isys_validation_config__isysgui_catg_custom__id` (`isys_validation_config__isysgui_catg_custom__id`),
  CONSTRAINT `isys_validation_config__isysgui_catg_custom__id` FOREIGN KEY (`isys_validation_config__isysgui_catg_custom__id`) REFERENCES `isysgui_catg_custom` (`isysgui_catg_custom__id`) ON DELETE CASCADE ON UPDATE CASCADE
) ENGINE=InnoDB DEFAULT CHARSET=utf8mb3 COLLATE=utf8mb3_unicode_ci;

--
-- Dumping data for table `isys_validation_config`
--

COMMIT;

--
-- Table structure for table `isys_virtual_device_host`
--

CREATE TABLE `isys_virtual_device_host` (
  `isys_virtual_device_host__id` int(10) unsigned NOT NULL AUTO_INCREMENT,
  `isys_virtual_device_host__isys_catg_virtual_device_list__id` int(10) unsigned NOT NULL,
  `isys_virtual_device_host__isys_catg_ldevclient_list__id` int(10) unsigned DEFAULT NULL,
  `isys_virtual_device_host__isys_catg_drive_list__id` int(10) unsigned DEFAULT NULL,
  `isys_virtual_device_host__isys_catg_stor_list__id` int(10) unsigned DEFAULT NULL,
  `isys_virtual_device_host__isys_catg_port_list__id` int(10) unsigned DEFAULT NULL,
  `isys_virtual_device_host__isys_catg_ui_list__id` int(10) unsigned DEFAULT NULL,
  `isys_virtual_device_host__switch_port_group` varchar(255) DEFAULT '',
  `isys_virtual_device_host__cluster_storage` varchar(255) DEFAULT '',
  `isys_virtual_device_host__cluster_ui` varchar(255) DEFAULT '',
  `isys_virtual_device_host__isys_catg_raid_list__id` int(10) unsigned DEFAULT NULL,
  `isys_virtual_device_host__isys_virtual_port_group__id` int(10) unsigned DEFAULT NULL,
  PRIMARY KEY (`isys_virtual_device_host__id`),
  KEY `isys_virtual_device_host__isys_catg_virtual_device_list__id` (`isys_virtual_device_host__isys_catg_virtual_device_list__id`),
  KEY `isys_virtual_device_host__isys_catg_ldevclient_list__id` (`isys_virtual_device_host__isys_catg_ldevclient_list__id`),
  KEY `isys_virtual_device_host__isys_catg_drive_list__id` (`isys_virtual_device_host__isys_catg_drive_list__id`),
  KEY `isys_virtual_device_host__isys_catg_stor_list__id` (`isys_virtual_device_host__isys_catg_stor_list__id`),
  KEY `isys_virtual_device_host__isys_catg_port_list__id` (`isys_virtual_device_host__isys_catg_port_list__id`),
  KEY `isys_virtual_device_host__isys_catg_ui_list__id` (`isys_virtual_device_host__isys_catg_ui_list__id`),
  KEY `isys_virtual_device_host__isys_virtual_port_group__id` (`isys_virtual_device_host__isys_virtual_port_group__id`),
  CONSTRAINT `isys_virtual_device_host__isys_virtual_port_group__id` FOREIGN KEY (`isys_virtual_device_host__isys_virtual_port_group__id`) REFERENCES `isys_virtual_port_group` (`isys_virtual_port_group__id`) ON DELETE SET NULL ON UPDATE NO ACTION,
  CONSTRAINT `isys_virtual_device_host_ibfk_1` FOREIGN KEY (`isys_virtual_device_host__isys_catg_ldevclient_list__id`) REFERENCES `isys_catg_ldevclient_list` (`isys_catg_ldevclient_list__id`) ON DELETE SET NULL ON UPDATE CASCADE,
  CONSTRAINT `isys_virtual_device_host_ibfk_2` FOREIGN KEY (`isys_virtual_device_host__isys_catg_drive_list__id`) REFERENCES `isys_catg_drive_list` (`isys_catg_drive_list__id`) ON DELETE SET NULL ON UPDATE CASCADE,
  CONSTRAINT `isys_virtual_device_host_ibfk_3` FOREIGN KEY (`isys_virtual_device_host__isys_catg_stor_list__id`) REFERENCES `isys_catg_stor_list` (`isys_catg_stor_list__id`) ON DELETE SET NULL ON UPDATE CASCADE,
  CONSTRAINT `isys_virtual_device_host_ibfk_4` FOREIGN KEY (`isys_virtual_device_host__isys_catg_port_list__id`) REFERENCES `isys_catg_port_list` (`isys_catg_port_list__id`) ON DELETE SET NULL ON UPDATE CASCADE,
  CONSTRAINT `isys_virtual_device_host_ibfk_5` FOREIGN KEY (`isys_virtual_device_host__isys_catg_ui_list__id`) REFERENCES `isys_catg_ui_list` (`isys_catg_ui_list__id`) ON DELETE SET NULL ON UPDATE CASCADE,
  CONSTRAINT `isys_virtual_device_host_ibfk_6` FOREIGN KEY (`isys_virtual_device_host__isys_catg_virtual_device_list__id`) REFERENCES `isys_catg_virtual_device_list` (`isys_catg_virtual_device_list__id`) ON DELETE CASCADE ON UPDATE CASCADE
) ENGINE=InnoDB DEFAULT CHARSET=utf8mb3 COLLATE=utf8mb3_unicode_ci;

--
-- Dumping data for table `isys_virtual_device_host`
--

COMMIT;

--
-- Table structure for table `isys_virtual_device_local`
--

CREATE TABLE `isys_virtual_device_local` (
  `isys_virtual_device_local__id` int(10) unsigned NOT NULL AUTO_INCREMENT,
  `isys_virtual_device_local__isys_catg_virtual_device_list__id` int(10) unsigned NOT NULL,
  `isys_virtual_device_local__isys_catg_stor_list__id` int(10) unsigned DEFAULT NULL,
  `isys_virtual_device_local__isys_catg_port_list__id` int(10) unsigned DEFAULT NULL,
  `isys_virtual_device_local__isys_catg_ui_list__id` int(10) unsigned DEFAULT NULL,
  `isys_virtual_device_local__isys_virtual_storage_type__id` int(10) unsigned DEFAULT NULL,
  `isys_virtual_device_local__isys_virtual_network_type__id` int(10) unsigned DEFAULT NULL,
  PRIMARY KEY (`isys_virtual_device_local__id`),
  KEY `isys_virtual_device_local__isys_catg_virtual_device_list__id` (`isys_virtual_device_local__isys_catg_virtual_device_list__id`),
  KEY `isys_virtual_device_local__isys_catg_stor_list__id` (`isys_virtual_device_local__isys_catg_stor_list__id`),
  KEY `isys_virtual_device_local__isys_virtual_storage_type__id` (`isys_virtual_device_local__isys_virtual_storage_type__id`),
  KEY `isys_virtual_device_local__isys_virtual_network_type__id` (`isys_virtual_device_local__isys_virtual_network_type__id`),
  KEY `isys_virtual_device_local__isys_catg_ui_list__id` (`isys_virtual_device_local__isys_catg_ui_list__id`),
  KEY `isys_virtual_device_local__isys_catg_port_list__id` (`isys_virtual_device_local__isys_catg_port_list__id`),
  CONSTRAINT `isys_virtual_device_local_ibfk_1` FOREIGN KEY (`isys_virtual_device_local__isys_catg_stor_list__id`) REFERENCES `isys_catg_stor_list` (`isys_catg_stor_list__id`) ON DELETE SET NULL ON UPDATE CASCADE,
  CONSTRAINT `isys_virtual_device_local_ibfk_2` FOREIGN KEY (`isys_virtual_device_local__isys_virtual_storage_type__id`) REFERENCES `isys_virtual_storage_type` (`isys_virtual_storage_type__id`) ON DELETE SET NULL ON UPDATE CASCADE,
  CONSTRAINT `isys_virtual_device_local_ibfk_3` FOREIGN KEY (`isys_virtual_device_local__isys_virtual_network_type__id`) REFERENCES `isys_virtual_network_type` (`isys_virtual_network_type__id`) ON DELETE SET NULL ON UPDATE CASCADE,
  CONSTRAINT `isys_virtual_device_local_ibfk_4` FOREIGN KEY (`isys_virtual_device_local__isys_catg_ui_list__id`) REFERENCES `isys_catg_ui_list` (`isys_catg_ui_list__id`) ON DELETE SET NULL ON UPDATE CASCADE,
  CONSTRAINT `isys_virtual_device_local_ibfk_5` FOREIGN KEY (`isys_virtual_device_local__isys_catg_virtual_device_list__id`) REFERENCES `isys_catg_virtual_device_list` (`isys_catg_virtual_device_list__id`) ON DELETE CASCADE ON UPDATE CASCADE
) ENGINE=InnoDB DEFAULT CHARSET=utf8mb3 COLLATE=utf8mb3_unicode_ci;

--
-- Dumping data for table `isys_virtual_device_local`
--

COMMIT;

--
-- Table structure for table `isys_virtual_network_type`
--

CREATE TABLE `isys_virtual_network_type` (
  `isys_virtual_network_type__id` int(10) unsigned NOT NULL AUTO_INCREMENT,
  `isys_virtual_network_type__title` varchar(255) DEFAULT NULL,
  `isys_virtual_network_type__description` longtext DEFAULT NULL,
  `isys_virtual_network_type__const` varchar(255) DEFAULT NULL,
  `isys_virtual_network_type__sort` int(10) unsigned DEFAULT 0,
  `isys_virtual_network_type__status` tinyint(3) unsigned NOT NULL DEFAULT 2,
  `isys_virtual_network_type__property` int(10) unsigned DEFAULT 0,
  PRIMARY KEY (`isys_virtual_network_type__id`),
  KEY `isys_virtual_network_type__title` (`isys_virtual_network_type__title`)
) ENGINE=InnoDB AUTO_INCREMENT=5 DEFAULT CHARSET=utf8mb3 COLLATE=utf8mb3_unicode_ci;

--
-- Dumping data for table `isys_virtual_network_type`
--

INSERT INTO `isys_virtual_network_type` VALUES
(1,'Bridged','','C__NETWORK_TYPE__BRIDGED',1,2,0),
(2,'NAT','','C__NETWORK_TYPE__NAT',1,2,0),
(3,'Host-only','','C__NETWORK_TYPE__HOSTONLY',1,2,0),
(4,'Virtual Switch','','C__NETWORK_TYPE__VIRTUALSWITCH',1,2,0);
COMMIT;

--
-- Table structure for table `isys_virtual_port_group`
--

CREATE TABLE `isys_virtual_port_group` (
  `isys_virtual_port_group__id` int(10) unsigned NOT NULL AUTO_INCREMENT,
  `isys_virtual_port_group__isys_catg_virtual_switch_list__id` int(10) unsigned NOT NULL,
  `isys_virtual_port_group__title` varchar(255) DEFAULT NULL,
  `isys_virtual_port_group__vlanid` varchar(255) DEFAULT NULL,
  PRIMARY KEY (`isys_virtual_port_group__id`),
  KEY `isys_virtual_port_group__isys_catg_virtual_switch_list__id` (`isys_virtual_port_group__isys_catg_virtual_switch_list__id`),
  CONSTRAINT `isys_virtual_port_group_ibfk_1` FOREIGN KEY (`isys_virtual_port_group__isys_catg_virtual_switch_list__id`) REFERENCES `isys_catg_virtual_switch_list` (`isys_catg_virtual_switch_list__id`) ON DELETE CASCADE ON UPDATE CASCADE
) ENGINE=InnoDB DEFAULT CHARSET=utf8mb3 COLLATE=utf8mb3_unicode_ci;

--
-- Dumping data for table `isys_virtual_port_group`
--

COMMIT;

--
-- Table structure for table `isys_virtual_storage_type`
--

CREATE TABLE `isys_virtual_storage_type` (
  `isys_virtual_storage_type__id` int(10) unsigned NOT NULL AUTO_INCREMENT,
  `isys_virtual_storage_type__title` varchar(255) DEFAULT NULL,
  `isys_virtual_storage_type__description` longtext DEFAULT NULL,
  `isys_virtual_storage_type__const` varchar(255) DEFAULT NULL,
  `isys_virtual_storage_type__sort` int(10) unsigned DEFAULT 0,
  `isys_virtual_storage_type__status` tinyint(3) unsigned NOT NULL DEFAULT 2,
  `isys_virtual_storage_type__property` int(10) unsigned DEFAULT 0,
  PRIMARY KEY (`isys_virtual_storage_type__id`),
  KEY `isys_virtual_storage_type__title` (`isys_virtual_storage_type__title`)
) ENGINE=InnoDB AUTO_INCREMENT=5 DEFAULT CHARSET=utf8mb3 COLLATE=utf8mb3_unicode_ci;

--
-- Dumping data for table `isys_virtual_storage_type`
--

INSERT INTO `isys_virtual_storage_type` VALUES
(1,'Raw Device/LUN','',NULL,1,2,0),
(2,'Disk File','',NULL,1,2,0),
(3,'Folder','',NULL,1,2,0),
(4,'Client Device','',NULL,1,2,0);
COMMIT;

--
-- Table structure for table `isys_virtual_switch_2_port`
--

CREATE TABLE `isys_virtual_switch_2_port` (
  `isys_virtual_switch_2_port__id` int(10) unsigned NOT NULL AUTO_INCREMENT,
  `isys_virtual_switch_2_port__isys_catg_virtual_switch_list__id` int(10) unsigned NOT NULL,
  `isys_virtual_switch_2_port__isys_catg_port_list__id` int(10) unsigned NOT NULL,
  PRIMARY KEY (`isys_virtual_switch_2_port__id`),
  KEY `isys_virtual_switch_2_port__isys_catg_virtual_switch_list__id` (`isys_virtual_switch_2_port__isys_catg_virtual_switch_list__id`),
  KEY `isys_virtual_switch_2_port__isys_catg_port_list__id` (`isys_virtual_switch_2_port__isys_catg_port_list__id`),
  CONSTRAINT `isys_virtual_switch_2_port_ibfk_1` FOREIGN KEY (`isys_virtual_switch_2_port__isys_catg_virtual_switch_list__id`) REFERENCES `isys_catg_virtual_switch_list` (`isys_catg_virtual_switch_list__id`) ON DELETE CASCADE ON UPDATE CASCADE,
  CONSTRAINT `isys_virtual_switch_2_port_ibfk_2` FOREIGN KEY (`isys_virtual_switch_2_port__isys_catg_port_list__id`) REFERENCES `isys_catg_port_list` (`isys_catg_port_list__id`) ON DELETE CASCADE ON UPDATE CASCADE
) ENGINE=InnoDB DEFAULT CHARSET=utf8mb3 COLLATE=utf8mb3_unicode_ci;

--
-- Dumping data for table `isys_virtual_switch_2_port`
--

COMMIT;

--
-- Table structure for table `isys_visualization_profile`
--

CREATE TABLE `isys_visualization_profile` (
  `isys_visualization_profile__id` int(10) unsigned NOT NULL AUTO_INCREMENT,
  `isys_visualization_profile__title` varchar(255) DEFAULT NULL,
  `isys_visualization_profile__const` varchar(255) DEFAULT NULL,
  `isys_visualization_profile__type_blacklist` varchar(255) DEFAULT NULL,
  `isys_visualization_profile__defaults` text DEFAULT NULL,
  `isys_visualization_profile__obj_info_config` text DEFAULT NULL,
  `isys_visualization_profile__config` text DEFAULT NULL,
  PRIMARY KEY (`isys_visualization_profile__id`)
) ENGINE=InnoDB AUTO_INCREMENT=6 DEFAULT CHARSET=utf8mb3 COLLATE=utf8mb3_unicode_ci;

--
-- Dumping data for table `isys_visualization_profile`
--

INSERT INTO `isys_visualization_profile` VALUES
(1,'LC__VISUALIZATION_PROFILES__DEFAULT','C__VISUALIZATION_PROFILES__DEFAULT',NULL,'{\"orientation\":\"vertical\",\"service-filter\":\"-1\"}','{\"main_obj\":[{\"g\":{\"C__CATG__GLOBAL\":[\"0\",\"type\",\"Objekttyp (Allgemein)\"]}},{\"g\":{\"C__CATG__GLOBAL\":[\"0\",\"title\",\"Name (Allgemein)\"]}},{\"g\":{\"C__CATG__GLOBAL\":[\"0\",\"sysid\",\"SYSID (Allgemein)\"]}},{\"g\":{\"C__CATG__GLOBAL\":[\"0\",\"cmdb_status\",\"CMDB-Status (Allgemein)\"]}}],\"lvls\":[],\"query\":\"SELECT \\nobj_main.isys_obj__id AS \\n\'__id__\\n\', \\nj3.isys_obj_type__title AS \\n\'LC__REPORT__FORM__OBJECT_TYPE###1\\n\', \\nobj_main.isys_obj__title AS \\n\'LC__UNIVERSAL__TITLE###1\\n\', \\nobj_main.isys_obj__sysid AS \\n\'SYSID###1\\n\', \\nobj_main_status.isys_cmdb_status__title AS \\n\'LC__UNIVERSAL__CMDB_STATUS\\n\' \\n\\nFROM isys_obj AS obj_main \\nINNER JOIN isys_cmdb_status AS obj_main_status ON obj_main_status.isys_cmdb_status__id = obj_main.isys_obj__isys_cmdb_status__id \\nLEFT JOIN isys_cmdb_status AS j4 ON j4.isys_cmdb_status__id = obj_main.isys_obj__isys_cmdb_status__id \\nLEFT JOIN isys_obj_type AS j3 ON j3.isys_obj_type__id = obj_main.isys_obj__isys_obj_type__id \\n\\nWHERE TRUE \\n AND obj_main.isys_obj__id = %s  \\n ORDER BY obj_main.isys_obj__id ASC LIMIT 0, 1;\"}','{\"width\":\"160\",\"master_top\":false,\"highlight-color\":\"#AA0000\",\"show-cmdb-path\":true,\"tooltip\":false,\"rows\":[{\"fontcolor\":\"#FFFFFF\",\"option\":\"obj-type-title-icon\",\"font-bold\":true,\"fillcolor\":\"#000000\"},{\"fontcolor\":\"#000000\",\"option\":\"obj-title-cmdb-status\",\"fillcolor_obj_type\":true}]}'),
(2,'LC__VISUALIZATION_PROFILES__MICRO','C__VISUALIZATION_PROFILES__MICRO',NULL,'{\"orientation\":\"vertical\",\"service-filter\":\"-1\"}','{\"main_obj\":[{\"g\":{\"C__CATG__GLOBAL\":[\"0\",\"type\",\"Objekttyp (Allgemein)\"]}},{\"g\":{\"C__CATG__GLOBAL\":[\"0\",\"title\",\"Name (Allgemein)\"]}},{\"g\":{\"C__CATG__GLOBAL\":[\"0\",\"sysid\",\"SYSID (Allgemein)\"]}},{\"g\":{\"C__CATG__GLOBAL\":[\"0\",\"cmdb_status\",\"CMDB-Status (Allgemein)\"]}}],\"lvls\":[],\"query\":\"SELECT \\nobj_main.isys_obj__id AS \\n\'__id__\\n\', \\nj3.isys_obj_type__title AS \\n\'LC__REPORT__FORM__OBJECT_TYPE###1\\n\', \\nobj_main.isys_obj__title AS \\n\'LC__UNIVERSAL__TITLE###1\\n\', \\nobj_main.isys_obj__sysid AS \\n\'SYSID###1\\n\', \\nobj_main_status.isys_cmdb_status__title AS \\n\'LC__UNIVERSAL__CMDB_STATUS\\n\' \\n\\nFROM isys_obj AS obj_main \\nINNER JOIN isys_cmdb_status AS obj_main_status ON obj_main_status.isys_cmdb_status__id = obj_main.isys_obj__isys_cmdb_status__id \\nLEFT JOIN isys_cmdb_status AS j4 ON j4.isys_cmdb_status__id = obj_main.isys_obj__isys_cmdb_status__id \\nLEFT JOIN isys_obj_type AS j3 ON j3.isys_obj_type__id = obj_main.isys_obj__isys_obj_type__id \\n\\nWHERE TRUE \\n AND obj_main.isys_obj__id = %s  \\n ORDER BY obj_main.isys_obj__id ASC LIMIT 0, 1;\"}','{\"width\":\"23\",\"master_top\":false,\"highlight-color\":\"#AA0000\",\"show-cmdb-path\":true,\"tooltip\":true,\"rows\":[{\"fontcolor\":\"#000000\",\"option\":\"obj-type-title-icon\",\"fillcolor_obj_type\":true}]}'),
(3,'LC__VISUALIZATION_PROFILES__POINT','C__VISUALIZATION_PROFILES__POINT','tree','{\"orientation\":\"vertical\",\"service-filter\":\"-1\"}','{\"main_obj\":[{\"g\":{\"C__CATG__GLOBAL\":[\"0\",\"type\",\"Objekttyp (Allgemein)\"]}},{\"g\":{\"C__CATG__GLOBAL\":[\"0\",\"title\",\"Name (Allgemein)\"]}},{\"g\":{\"C__CATG__GLOBAL\":[\"0\",\"sysid\",\"SYSID (Allgemein)\"]}},{\"g\":{\"C__CATG__GLOBAL\":[\"0\",\"cmdb_status\",\"CMDB-Status (Allgemein)\"]}}],\"lvls\":[],\"query\":\"SELECT \\nobj_main.isys_obj__id AS \\n\'__id__\\n\', \\nj3.isys_obj_type__title AS \\n\'LC__REPORT__FORM__OBJECT_TYPE###1\\n\', \\nobj_main.isys_obj__title AS \\n\'LC__UNIVERSAL__TITLE###1\\n\', \\nobj_main.isys_obj__sysid AS \\n\'SYSID###1\\n\', \\nobj_main_status.isys_cmdb_status__title AS \\n\'LC__UNIVERSAL__CMDB_STATUS\\n\' \\n\\nFROM isys_obj AS obj_main \\nINNER JOIN isys_cmdb_status AS obj_main_status ON obj_main_status.isys_cmdb_status__id = obj_main.isys_obj__isys_cmdb_status__id \\nLEFT JOIN isys_cmdb_status AS j4 ON j4.isys_cmdb_status__id = obj_main.isys_obj__isys_cmdb_status__id \\nLEFT JOIN isys_obj_type AS j3 ON j3.isys_obj_type__id = obj_main.isys_obj__isys_obj_type__id \\n\\nWHERE TRUE \\n AND obj_main.isys_obj__id = %s  \\n ORDER BY obj_main.isys_obj__id ASC LIMIT 0, 1;\"}','{\"width\":\"90\",\"mikro\":true,\"master_top\":false,\"highlight-color\":\"#AA0000\",\"show-cmdb-path\":true,\"tooltip\":true,\"rows\":[]}'),
(4,'SM',NULL,NULL,'{\"orientation\":\"horizontal\",\"service-filter\":\"3\"}','{\"main_obj\":[{\"g\":{\"C__CATG__CONTACT\":[\"132\",\"description\",\"Beschreibung (Kontaktzuweisung)\"]}},{\"g\":{\"C__CATG__CONTACT\":[\"127\",\"contact_object\",\"Kontakt (Kontaktzuweisung)\"]}},{\"g\":{\"C__CATG__CONTACT\":[\"129\",\"role\",\"Rolle (Kontaktzuweisung)\"]}},{\"g\":{\"C__CATG__CONTACT\":[\"128\",\"primary\",\"Prim\\u00e4r (Kontaktzuweisung)\"]}},{\"g_custom\":{\"C__CATG__CUSTOM_FIELDS_EIN_UND_AUSTRITTSDATUM\":[\"1568\",\"f_popup_c_17628546009944330\",\"Eintrittsdatum (Ein- und Austrittsdatum)\"]}},{\"g_custom\":{\"C__CATG__CUSTOM_FIELDS_EIN_UND_AUSTRITTSDATUM\":[\"1569\",\"f_popup_c_17628546009946731\",\"Austrittsdatum (Ein- und Austrittsdatum)\"]}},{\"g_custom\":{\"C__CATG__CUSTOM_FIELDS_LEBENSZYKLUS\":[\"1578\",\"f_popup_c_17708020932274500\",\"Last Logon:  ()\"]}},{\"g\":{\"C__CATG__STORAGE_DEVICE\":[\"301\",\"serial\",\"Seriennummer  (Ger\\u00e4t)\"]}}],\"lvls\":[],\"query\":\"SELECT \\nobj_main.isys_obj__id AS \'__id__\', \\nj5.isys_catg_contact_list__description AS \'LC__CMDB__LOGBOOK__DESCRIPTION###0_21\', \\njob4.isys_obj__title AS \'LC__CMDB__CATG__GLOBAL_CONTACT###0_21\', \\nj7.isys_contact_tag__title AS \'LC__CMDB__CONTACT_ROLE###0_21\', \\n(CASE j5.isys_catg_contact_list__primary_contact WHEN 0 THEN \'LC__UNIVERSAL__NO\' WHEN 1 THEN \'LC__UNIVERSAL__YES\' END) AS \'LC__CATG__CONTACT_LIST__PRIMARY###0_21\', \\nj8.isys_catg_custom_fields_list__field_content AS \'locales::fmt_date::Eintrittsdatum###4_22\', \\nj9.isys_catg_custom_fields_list__field_content AS \'locales::fmt_date::Austrittsdatum###4_22\', \\nj10.isys_catg_custom_fields_list__field_content AS \'locales::fmt_datetime::Last Logon:###4_25\', \\nj2.isys_catg_stor_list__serial AS \'LC__CATG__STORAGE_SERIAL###0_43\' \\n\\n FROM isys_obj AS obj_main \\nINNER JOIN isys_cmdb_status AS obj_main_status ON obj_main_status.isys_cmdb_status__id = obj_main.isys_obj__isys_cmdb_status__id \\nLEFT JOIN isys_catg_contact_list AS j5 ON j5.isys_catg_contact_list__isys_obj__id = obj_main.isys_obj__id  \\nLEFT JOIN isys_connection AS j4 ON j4.isys_connection__id = j5.isys_catg_contact_list__isys_connection__id \\nLEFT JOIN isys_obj AS job4 ON j4.isys_connection__isys_obj__id = job4.isys_obj__id \\nLEFT JOIN isys_contact_tag AS j7 ON j7.isys_contact_tag__id = j5.isys_catg_contact_list__isys_contact_tag__id \\nLEFT JOIN isys_catg_stor_list AS j2 ON j2.isys_catg_stor_list__isys_obj__id = obj_main.isys_obj__id  \\nLEFT JOIN isys_catg_custom_fields_list AS ROOT_C__CATG__CUSTOM_FIELDS_EIN_UND_AUSTRITTSDATUM ON obj_main.isys_obj__id = ROOT_C__CATG__CUSTOM_FIELDS_EIN_UND_AUSTRITTSDATUM.isys_catg_custom_fields_list__isys_obj__id\\n                                AND ROOT_C__CATG__CUSTOM_FIELDS_EIN_UND_AUSTRITTSDATUM.isys_catg_custom_fields_list__isysgui_catg_custom__id = (SELECT isysgui_catg_custom__id FROM isysgui_catg_custom WHERE isysgui_catg_custom__const = \'C__CATG__CUSTOM_FIELDS_EIN_UND_AUSTRITTSDATUM\')\\n                                AND ROOT_C__CATG__CUSTOM_FIELDS_EIN_UND_AUSTRITTSDATUM.isys_catg_custom_fields_list__field_type = \'commentary\'  LEFT JOIN isys_catg_custom_fields_list AS j8 ON obj_main.isys_obj__id = j8.isys_catg_custom_fields_list__isys_obj__id AND j8.isys_catg_custom_fields_list__field_key = \'c_17628546009944330\' \\n                                AND j8.isys_catg_custom_fields_list__data__id = ROOT_C__CATG__CUSTOM_FIELDS_EIN_UND_AUSTRITTSDATUM.isys_catg_custom_fields_list__data__id  \\n LEFT JOIN isys_catg_custom_fields_list AS j9 ON obj_main.isys_obj__id = j9.isys_catg_custom_fields_list__isys_obj__id AND j9.isys_catg_custom_fields_list__field_key = \'c_17628546009946731\'  AND j9.isys_catg_custom_fields_list__data__id = ROOT_C__CATG__CUSTOM_FIELDS_EIN_UND_AUSTRITTSDATUM.isys_catg_custom_fields_list__data__id  \\nLEFT JOIN isys_catg_custom_fields_list AS ROOT_C__CATG__CUSTOM_FIELDS_LEBENSZYKLUS ON obj_main.isys_obj__id = ROOT_C__CATG__CUSTOM_FIELDS_LEBENSZYKLUS.isys_catg_custom_fields_list__isys_obj__id\\n                                AND ROOT_C__CATG__CUSTOM_FIELDS_LEBENSZYKLUS.isys_catg_custom_fields_list__isysgui_catg_custom__id = (SELECT isysgui_catg_custom__id FROM isysgui_catg_custom WHERE isysgui_catg_custom__const = \'C__CATG__CUSTOM_FIELDS_LEBENSZYKLUS\')\\n                                AND ROOT_C__CATG__CUSTOM_FIELDS_LEBENSZYKLUS.isys_catg_custom_fields_list__field_type = \'commentary\'  LEFT JOIN isys_catg_custom_fields_list AS j10 ON obj_main.isys_obj__id = j10.isys_catg_custom_fields_list__isys_obj__id AND j10.isys_catg_custom_fields_list__field_key = \'c_17708020932274500\' \\n                                AND j10.isys_catg_custom_fields_list__data__id = ROOT_C__CATG__CUSTOM_FIELDS_LEBENSZYKLUS.isys_catg_custom_fields_list__data__id  \\n\\nWHERE TRUE \\n \\n AND obj_main.isys_obj__id = %s\\n ORDER BY j5.isys_catg_contact_list__description DESC LIMIT 0, 1\"}','{\"width\":\"200\",\"master_top\":false,\"highlight-color\":\"#538cdd\",\"show-cmdb-path\":true,\"tooltip\":true,\"rows\":[{\"fontcolor\":\"#ffffff\",\"option\":\"obj-type-title-icon\",\"fillcolor\":\"#000000\"},{\"fontcolor\":\"#000000\",\"option\":\"obj-title-cmdb-status\",\"fillcolor_obj_type\":true}],\"skip-already-iterated-node\":false,\"sort-by-object-type\":true}'),
(5,'CV',NULL,NULL,'{\"orientation\":\"horizontal\",\"service-filter\":\"3\"}','{\"main_obj\":[],\"lvls\":[],\"query\":\"SELECT \\nobj_main.isys_obj__id AS \'__id__\' \\n\\n FROM isys_obj AS obj_main \\nINNER JOIN isys_cmdb_status AS obj_main_status ON obj_main_status.isys_cmdb_status__id = obj_main.isys_obj__isys_cmdb_status__id \\n\\nWHERE TRUE \\n \\n AND obj_main.isys_obj__id = %s\\n LIMIT 0, 1\"}','{\"width\":\"160\",\"master_top\":false,\"highlight-color\":\"#538cdd\",\"show-cmdb-path\":true,\"tooltip\":true,\"rows\":[{\"fontcolor\":\"#ffffff\",\"option\":\"obj-type-title-icon\",\"fillcolor\":\"#000000\"},{\"fontcolor\":\"#000000\",\"option\":\"obj-title-cmdb-status\",\"fillcolor_obj_type\":true}],\"skip-already-iterated-node\":false,\"sort-by-object-type\":true}');
COMMIT;

--
-- Table structure for table `isys_vlan_management_protocol`
--

CREATE TABLE `isys_vlan_management_protocol` (
  `isys_vlan_management_protocol__id` int(10) unsigned NOT NULL AUTO_INCREMENT,
  `isys_vlan_management_protocol__title` varchar(255) DEFAULT NULL,
  `isys_vlan_management_protocol__description` longtext DEFAULT NULL,
  `isys_vlan_management_protocol__const` varchar(255) DEFAULT NULL,
  `isys_vlan_management_protocol__sort` int(10) unsigned DEFAULT NULL,
  `isys_vlan_management_protocol__status` tinyint(3) unsigned NOT NULL DEFAULT 2,
  PRIMARY KEY (`isys_vlan_management_protocol__id`),
  KEY `isys_vlan_management_protocol__title` (`isys_vlan_management_protocol__title`)
) ENGINE=InnoDB AUTO_INCREMENT=3 DEFAULT CHARSET=utf8mb3 COLLATE=utf8mb3_unicode_ci;

--
-- Dumping data for table `isys_vlan_management_protocol`
--

INSERT INTO `isys_vlan_management_protocol` VALUES
(1,'VTPv2',NULL,'C__CMDB__VLAN_MANAGEMENT_PROTOCOL__VTPV2',NULL,2),
(2,'VTPv3',NULL,'C__CMDB__VLAN_MANAGEMENT_PROTOCOL__VTPV3',NULL,2);
COMMIT;

--
-- Table structure for table `isys_vm_type`
--

CREATE TABLE `isys_vm_type` (
  `isys_vm_type__id` int(10) unsigned NOT NULL AUTO_INCREMENT,
  `isys_vm_type__title` varchar(255) DEFAULT NULL,
  `isys_vm_type__description` longtext DEFAULT NULL,
  `isys_vm_type__const` varchar(255) DEFAULT NULL,
  `isys_vm_type__sort` int(10) unsigned DEFAULT 0,
  `isys_vm_type__status` tinyint(3) unsigned NOT NULL DEFAULT 2,
  `isys_vm_type__property` int(10) unsigned DEFAULT 0,
  PRIMARY KEY (`isys_vm_type__id`),
  KEY `isys_vm_type__title` (`isys_vm_type__title`)
) ENGINE=InnoDB AUTO_INCREMENT=14 DEFAULT CHARSET=utf8mb3 COLLATE=utf8mb3_unicode_ci;

--
-- Dumping data for table `isys_vm_type`
--

INSERT INTO `isys_vm_type` VALUES
(1,'VMWare ESX','',NULL,1,2,0),
(2,'VMWare Workstation','',NULL,1,2,0),
(3,'WMWare Server','',NULL,1,2,0),
(4,'VMWare Fusion','',NULL,1,2,0),
(5,'Microsoft Virtual PC','',NULL,1,2,0),
(6,'Parallels Desktop','',NULL,1,2,0),
(7,'Parallels Virtuozzo','',NULL,1,2,0),
(8,'Parallels Workstation','',NULL,1,2,0),
(9,'VServer','',NULL,1,2,0),
(10,'XEN','',NULL,1,2,0),
(11,'KVM','',NULL,1,2,0),
(12,'QEMU','',NULL,1,2,0),
(13,'Docker',NULL,NULL,0,2,0);
COMMIT;

--
-- Table structure for table `isys_vmkernel_port`
--

CREATE TABLE `isys_vmkernel_port` (
  `isys_vmkernel_port__id` int(10) unsigned NOT NULL AUTO_INCREMENT,
  `isys_vmkernel_port__isys_catg_virtual_switch_list__id` int(10) unsigned NOT NULL,
  `isys_vmkernel_port__isys_catg_ip_list__id` int(10) unsigned DEFAULT NULL,
  `isys_vmkernel_port__title` varchar(255) NOT NULL,
  PRIMARY KEY (`isys_vmkernel_port__id`),
  KEY `isys_vmkernel_port__isys_catg_virtual_switch_list__id` (`isys_vmkernel_port__isys_catg_virtual_switch_list__id`),
  KEY `isys_vmkernel_port__isys_catg_ip_list__id` (`isys_vmkernel_port__isys_catg_ip_list__id`),
  CONSTRAINT `isys_vmkernel_port_ibfk_1` FOREIGN KEY (`isys_vmkernel_port__isys_catg_virtual_switch_list__id`) REFERENCES `isys_catg_virtual_switch_list` (`isys_catg_virtual_switch_list__id`) ON DELETE CASCADE ON UPDATE CASCADE,
  CONSTRAINT `isys_vmkernel_port_ibfk_2` FOREIGN KEY (`isys_vmkernel_port__isys_catg_ip_list__id`) REFERENCES `isys_catg_ip_list` (`isys_catg_ip_list__id`) ON DELETE CASCADE ON UPDATE CASCADE
) ENGINE=InnoDB DEFAULT CHARSET=utf8mb3 COLLATE=utf8mb3_unicode_ci;

--
-- Dumping data for table `isys_vmkernel_port`
--

COMMIT;

--
-- Table structure for table `isys_voip_phone_button_template`
--

CREATE TABLE `isys_voip_phone_button_template` (
  `isys_voip_phone_button_template__id` int(10) unsigned NOT NULL AUTO_INCREMENT,
  `isys_voip_phone_button_template__title` varchar(255) DEFAULT NULL,
  `isys_voip_phone_button_template__description` longtext DEFAULT NULL,
  `isys_voip_phone_button_template__const` varchar(255) DEFAULT NULL,
  `isys_voip_phone_button_template__sort` int(10) unsigned DEFAULT 5,
  `isys_voip_phone_button_template__status` tinyint(3) unsigned NOT NULL DEFAULT 2,
  `isys_voip_phone_button_template__property` int(10) unsigned DEFAULT 0,
  PRIMARY KEY (`isys_voip_phone_button_template__id`),
  KEY `isys_voip_phone_button_template__title` (`isys_voip_phone_button_template__title`)
) ENGINE=InnoDB DEFAULT CHARSET=utf8mb3 COLLATE=utf8mb3_unicode_ci;

--
-- Dumping data for table `isys_voip_phone_button_template`
--

COMMIT;

--
-- Table structure for table `isys_voip_phone_softkey_template`
--

CREATE TABLE `isys_voip_phone_softkey_template` (
  `isys_voip_phone_softkey_template__id` int(10) unsigned NOT NULL AUTO_INCREMENT,
  `isys_voip_phone_softkey_template__title` varchar(255) DEFAULT NULL,
  `isys_voip_phone_softkey_template__description` longtext DEFAULT NULL,
  `isys_voip_phone_softkey_template__const` varchar(255) DEFAULT NULL,
  `isys_voip_phone_softkey_template__sort` int(10) unsigned DEFAULT 5,
  `isys_voip_phone_softkey_template__status` tinyint(3) unsigned NOT NULL DEFAULT 2,
  `isys_voip_phone_softkey_template__property` int(10) unsigned DEFAULT 0,
  PRIMARY KEY (`isys_voip_phone_softkey_template__id`),
  KEY `isys_voip_phone_softkey_template__title` (`isys_voip_phone_softkey_template__title`)
) ENGINE=InnoDB DEFAULT CHARSET=utf8mb3 COLLATE=utf8mb3_unicode_ci;

--
-- Dumping data for table `isys_voip_phone_softkey_template`
--

COMMIT;

--
-- Table structure for table `isys_volume_unit`
--

CREATE TABLE `isys_volume_unit` (
  `isys_volume_unit__id` int(10) unsigned NOT NULL AUTO_INCREMENT,
  `isys_volume_unit__title` varchar(255) DEFAULT NULL,
  `isys_volume_unit__description` longtext DEFAULT NULL,
  `isys_volume_unit__factor` int(10) unsigned DEFAULT 1,
  `isys_volume_unit__sort` int(10) unsigned DEFAULT 1,
  `isys_volume_unit__const` varchar(255) DEFAULT NULL,
  `isys_volume_unit__property` int(10) unsigned DEFAULT 0,
  `isys_volume_unit__status` tinyint(3) unsigned NOT NULL DEFAULT 2,
  PRIMARY KEY (`isys_volume_unit__id`),
  KEY `isys_volume_unit__title` (`isys_volume_unit__title`)
) ENGINE=InnoDB AUTO_INCREMENT=3 DEFAULT CHARSET=utf8mb3 COLLATE=utf8mb3_unicode_ci;

--
-- Dumping data for table `isys_volume_unit`
--

INSERT INTO `isys_volume_unit` VALUES
(1,'ml',NULL,1,1,'C__VOLUME_UNIT__ML',0,2),
(2,'l',NULL,100,2,'C__VOLUME_UNIT__L',0,2);
COMMIT;

--
-- Table structure for table `isys_vrrp_type`
--

CREATE TABLE `isys_vrrp_type` (
  `isys_vrrp_type__id` int(10) unsigned NOT NULL AUTO_INCREMENT,
  `isys_vrrp_type__title` varchar(255) DEFAULT NULL,
  `isys_vrrp_type__description` longtext DEFAULT NULL,
  `isys_vrrp_type__sort` int(11) DEFAULT 5,
  `isys_vrrp_type__property` int(10) unsigned DEFAULT 0,
  `isys_vrrp_type__const` varchar(255) DEFAULT NULL,
  `isys_vrrp_type__status` tinyint(3) unsigned NOT NULL DEFAULT 1,
  PRIMARY KEY (`isys_vrrp_type__id`),
  KEY `isys_vrrp_type__title` (`isys_vrrp_type__title`),
  KEY `isys_vrrp_type__const` (`isys_vrrp_type__const`)
) ENGINE=InnoDB AUTO_INCREMENT=4 DEFAULT CHARSET=utf8mb3 COLLATE=utf8mb3_unicode_ci;

--
-- Dumping data for table `isys_vrrp_type`
--

INSERT INTO `isys_vrrp_type` VALUES
(1,'LC__VRRP__TYPE__VRRP',NULL,5,0,'C__VRRP__TYPE__VRRP',2),
(2,'LC__VRRP__TYPE__HSRP',NULL,5,0,'C__VRRP__TYPE__HSRP',2),
(3,'LC__VRRP__TYPE__GLBT',NULL,5,0,'C__VRRP__TYPE__GLBT',2);
COMMIT;

--
-- Table structure for table `isys_wan_capacity_unit`
--

CREATE TABLE `isys_wan_capacity_unit` (
  `isys_wan_capacity_unit__id` int(10) unsigned NOT NULL AUTO_INCREMENT,
  `isys_wan_capacity_unit__title` varchar(255) DEFAULT NULL,
  `isys_wan_capacity_unit__description` longtext DEFAULT NULL,
  `isys_wan_capacity_unit__const` varchar(255) DEFAULT NULL,
  `isys_wan_capacity_unit__factor` float unsigned DEFAULT 1,
  `isys_wan_capacity_unit__sort` int(10) unsigned DEFAULT 5,
  `isys_wan_capacity_unit__property` int(10) unsigned DEFAULT 0,
  `isys_wan_capacity_unit__status` tinyint(3) unsigned NOT NULL DEFAULT 1,
  PRIMARY KEY (`isys_wan_capacity_unit__id`)
) ENGINE=InnoDB AUTO_INCREMENT=5 DEFAULT CHARSET=utf8mb3 COLLATE=utf8mb3_unicode_ci;

--
-- Dumping data for table `isys_wan_capacity_unit`
--

INSERT INTO `isys_wan_capacity_unit` VALUES
(1,'MBit','MegaBit','C__WAN_CAPACITY_UNIT__MBITS',1000000,5,0,2),
(2,'KBit','KiloBit','C__WAN_CAPACITY_UNIT__KBITS',1000,5,0,2),
(3,'GBit','GigaBit','C__WAN_CAPACITY_UNIT__GBITS',1000000000,5,0,2),
(4,'Bit','Bit','C__WAN_CAPACITY_UNIT__BITS',1,5,0,2);
COMMIT;

--
-- Table structure for table `isys_wan_role`
--

CREATE TABLE `isys_wan_role` (
  `isys_wan_role__id` int(10) unsigned NOT NULL AUTO_INCREMENT,
  `isys_wan_role__title` varchar(255) DEFAULT NULL,
  `isys_wan_role__description` longtext DEFAULT NULL,
  `isys_wan_role__const` varchar(255) DEFAULT NULL,
  `isys_wan_role__sort` int(10) unsigned DEFAULT 5,
  `isys_wan_role__status` tinyint(3) unsigned NOT NULL DEFAULT 1,
  `isys_wan_role__property` int(10) unsigned DEFAULT NULL,
  PRIMARY KEY (`isys_wan_role__id`),
  KEY `isys_wan_role__title` (`isys_wan_role__title`)
) ENGINE=InnoDB AUTO_INCREMENT=3 DEFAULT CHARSET=utf8mb3 COLLATE=utf8mb3_unicode_ci;

--
-- Dumping data for table `isys_wan_role`
--

INSERT INTO `isys_wan_role` VALUES
(1,'LC__WAN_ROLE__PRIMARY','LC__WAN_ROLE__PRIMARY','C__WAN_ROLE__PRIMARY',5,2,0),
(2,'LC__WAN_ROLE__BACKUP','LC__WAN_ROLE__BACKUP\r\r\n(Backupleitung)','C__WAN_ROLE__BACKUP',5,2,0);
COMMIT;

--
-- Table structure for table `isys_wan_type`
--

CREATE TABLE `isys_wan_type` (
  `isys_wan_type__id` int(10) unsigned NOT NULL AUTO_INCREMENT,
  `isys_wan_type__title` varchar(255) DEFAULT NULL,
  `isys_wan_type__description` longtext DEFAULT NULL,
  `isys_wan_type__const` varchar(255) DEFAULT NULL,
  `isys_wan_type__sort` int(10) unsigned DEFAULT 5,
  `isys_wan_type__property` int(10) unsigned DEFAULT 0,
  `isys_wan_type__status` tinyint(3) unsigned NOT NULL DEFAULT 1,
  PRIMARY KEY (`isys_wan_type__id`),
  KEY `isys_wan_type__title` (`isys_wan_type__title`)
) ENGINE=InnoDB AUTO_INCREMENT=7 DEFAULT CHARSET=utf8mb3 COLLATE=utf8mb3_unicode_ci;

--
-- Dumping data for table `isys_wan_type`
--

INSERT INTO `isys_wan_type` VALUES
(1,'LC__UNIVERSAL__NOT_KNOWN','Unknown / Nicht Bekannt','C__WAN_TYPE__NOT_KNOWN',5,0,2),
(2,'FrameRelay',NULL,'C__WAN_TYPE__FRAME_RELAY',5,0,2),
(3,'ATM',NULL,'C__WAN_TYPE__ATM',5,0,2),
(4,'ISDN',NULL,'C__WAN_TYPE__ISDN',5,0,2),
(5,'xDSL',NULL,'C__WAN_TYPE__XDSL',5,0,2),
(6,'X21',NULL,'C__WAN_TYPE__X21',5,0,2);
COMMIT;

--
-- Table structure for table `isys_wato_folder`
--

CREATE TABLE `isys_wato_folder` (
  `isys_wato_folder__id` int(10) unsigned NOT NULL AUTO_INCREMENT,
  `isys_wato_folder__title` varchar(255) DEFAULT NULL,
  `isys_wato_folder__status` tinyint(3) unsigned NOT NULL DEFAULT 2,
  `isys_wato_folder__const` varchar(255) DEFAULT NULL,
  `isys_wato_folder__sort` int(10) DEFAULT NULL,
  `isys_wato_folder__description` text DEFAULT NULL,
  PRIMARY KEY (`isys_wato_folder__id`),
  KEY `isys_wato_folder__title` (`isys_wato_folder__title`)
) ENGINE=InnoDB AUTO_INCREMENT=12 DEFAULT CHARSET=utf8mb3 COLLATE=utf8mb3_unicode_ci;

--
-- Dumping data for table `isys_wato_folder`
--

INSERT INTO `isys_wato_folder` VALUES
(8,'/',2,NULL,NULL,NULL),
(9,'Switch',2,NULL,NULL,NULL),
(10,'linux_router',2,NULL,NULL,NULL),
(11,'linux_server',2,NULL,NULL,NULL);
COMMIT;

--
-- Table structure for table `isys_weight_unit`
--

CREATE TABLE `isys_weight_unit` (
  `isys_weight_unit__id` int(10) unsigned NOT NULL AUTO_INCREMENT,
  `isys_weight_unit__title` varchar(255) DEFAULT NULL,
  `isys_weight_unit__description` longtext DEFAULT NULL,
  `isys_weight_unit__const` varchar(255) DEFAULT NULL,
  `isys_weight_unit__factor` float unsigned DEFAULT 1,
  `isys_weight_unit__sort` int(10) unsigned DEFAULT NULL,
  `isys_weight_unit__property` int(10) unsigned DEFAULT NULL,
  `isys_weight_unit__status` tinyint(3) unsigned NOT NULL DEFAULT 1,
  PRIMARY KEY (`isys_weight_unit__id`),
  KEY `isys_weight_unit__title` (`isys_weight_unit__title`)
) ENGINE=InnoDB AUTO_INCREMENT=4 DEFAULT CHARSET=utf8mb3 COLLATE=utf8mb3_unicode_ci;

--
-- Dumping data for table `isys_weight_unit`
--

INSERT INTO `isys_weight_unit` VALUES
(1,'g',NULL,'C__WEIGHT_UNIT__G',1,2,NULL,2),
(2,'kg',NULL,'C__WEIGHT_UNIT__KG',1000,3,NULL,2),
(3,'t',NULL,'C__WEIGHT_UNIT__T',1000000,4,NULL,2);
COMMIT;

--
-- Table structure for table `isys_weighting`
--

CREATE TABLE `isys_weighting` (
  `isys_weighting__id` int(10) unsigned NOT NULL AUTO_INCREMENT,
  `isys_weighting__title` varchar(255) DEFAULT NULL,
  `isys_weighting__key` int(10) unsigned DEFAULT NULL,
  `isys_weighting__description` longtext DEFAULT NULL,
  `isys_weighting__const` varchar(255) DEFAULT NULL,
  `isys_weighting__sort` int(10) unsigned DEFAULT NULL,
  `isys_weighting__property` int(10) unsigned DEFAULT NULL,
  `isys_weighting__status` tinyint(3) unsigned NOT NULL DEFAULT 1,
  PRIMARY KEY (`isys_weighting__id`)
) ENGINE=InnoDB AUTO_INCREMENT=11 DEFAULT CHARSET=utf8mb3 COLLATE=utf8mb3_unicode_ci;

--
-- Dumping data for table `isys_weighting`
--

INSERT INTO `isys_weighting` VALUES
(1,'LC__WEIGHTING__1',1,NULL,'C__WEIGHTING__1',1,NULL,2),
(2,'LC__WEIGHTING__2',2,NULL,'C__WEIGHTING__2',2,NULL,2),
(3,'LC__WEIGHTING__3',3,NULL,'C__WEIGHTING__3',3,NULL,2),
(4,'LC__WEIGHTING__4',4,NULL,'C__WEIGHTING__4',4,NULL,2),
(5,'LC__WEIGHTING__5',5,NULL,'C__WEIGHTING__5',5,NULL,2),
(6,'LC__WEIGHTING__6',6,NULL,'C__WEIGHTING__6',6,NULL,2),
(7,'LC__WEIGHTING__7',7,NULL,'C__WEIGHTING__7',7,NULL,2),
(8,'LC__WEIGHTING__8',8,NULL,'C__WEIGHTING__8',8,NULL,2),
(9,'LC__WEIGHTING__9',9,NULL,'C__WEIGHTING__9',9,NULL,2),
(10,'LC__WEIGHTING__10',19,NULL,'C__WEIGHTING__10',10,NULL,2);
COMMIT;

--
-- Table structure for table `isys_widgets`
--

CREATE TABLE `isys_widgets` (
  `isys_widgets__id` int(10) unsigned NOT NULL AUTO_INCREMENT,
  `isys_widgets__title` varchar(255) NOT NULL,
  `isys_widgets__description` longtext DEFAULT NULL,
  `isys_widgets__identifier` varchar(255) NOT NULL,
  `isys_widgets__const` varchar(255) NOT NULL,
  `isys_widgets__default_config` text NOT NULL,
  `isys_widgets__sorting` int(10) unsigned DEFAULT 99,
  `isys_widgets__default` tinyint(1) unsigned DEFAULT 0,
  PRIMARY KEY (`isys_widgets__id`)
) ENGINE=InnoDB AUTO_INCREMENT=22 DEFAULT CHARSET=utf8mb3 COLLATE=utf8mb3_unicode_ci;

--
-- Dumping data for table `isys_widgets`
--

INSERT INTO `isys_widgets` VALUES
(1,'LC__WIDGET__TIPS','A small summary of helpful tips for beginners.','tips','C__WIDGET__TIPS','',99,0),
(2,'LC__WIDGET__QUICKLAUNCH','A small list of links which may come in handy.','quicklaunch','C__WIDGET__QUICKLAUNCH','',2,1),
(3,'LC__WIDGET__MYOBJECTS','A list of objects the current user has frequently changed.','myobjects','C__WIDGET__MYOBJECTS','{\"objects\":25}',1,1),
(4,'LC__WIDGET__STATS','Displays a small pie chart with some statistics','stats','C__WIDGET__STATS','{\"title\":\"LC__CMDB__CATG__OBJECT\",\"chart_type\":\"Pie\",\"legend\":\"on\",\"obj_types\":[\"C__OBJTYPE__SERVER\",\"C__OBJTYPE__CLIENT\",\"C__OBJTYPE__SWITCH\",\"C__OBJTYPE__BUILDING\",\"C__OBJTYPE__ENCLOSURE\",\"C__OBJTYPE__ROOM\",\"C__OBJTYPE__PHONE\",\"C__OBJTYPE__PERSON\",\"C__OBJTYPE__PERSON_GROUP\"]}',99,0),
(5,'LC__WIDGET__STATSTABLE','A formal table of various statistics.','statstable','C__WIDGET__STATSTABLE','',99,0),
(6,'LC__WIDGET__WELCOME','This is a \"welcome\" widget with a small introduction to the new dashboard.','welcome','C__WIDGET__WELCOME','{\"animate\":false,\"salutation\":\"a\"}',99,0),
(7,'LC__WIDGET__REPORTS','This is a \"report\" for displaying any of your reports on the dashboard.','reports','C__WIDGET__REPORTS','{\"report_id\":0,\"count\":\"25\"}',99,0),
(8,'LC__WIDGET__RSS','This is a generic RSS feed reader','rss','C__WIDGET__RSS','{\"url\":\"http://www.i-doit.com/feed/\",\"count\":\"5\"}',99,0),
(9,'LC__WIDGET__IFRAME','This is a generic iframe widget to display various external content','iframe','C__WIDGET__IFRAME','{\"title\":\"Web-Browser\",\"url\":\"http://www.i-doit.com/\",\"height\":\"400\"}',99,0),
(10,'LC__WIDGET__NOTES','With this widget you can save notes on colored background','notes','C__WIDGET__NOTES','{\"fontcolor\":\"#000\",\"color\":\"#f3e890\",\"title\":\"Note\",\"note\":\"\"}',99,0),
(11,'LC__WIDGET__BOOKMARKS','This is a \"report\" for displaying any of your reports on the dashboard.','bookmarks','C__WIDGET__BOOKMARKS','',99,0),
(12,'LC__WIDGET__OBJINFO','Shows vital information about an object','objinfo','C__WIDGET__OBJINFO','null',99,0),
(13,'LC__WIDGET__CALCULATOR','Calculator','calculator','C__WIDGET__CALCULATOR','null',99,0),
(14,'CMDB-Explorer','CMDB-Explorer object view','cmdbexplorer','C__WIDGET__CMDB_EXPLORER','null',99,0),
(15,'LC__WIDGET__CALENDAR','A calendar widget with options to display misc information.','calendar','C__WIDGET__CALENDAR','null',99,0),
(16,'LC__WIDGET__OBJECT_INFORMATION_LIST','Properties','properties','C__WIDGET__OBJECT_INFORMATION_LIST','null',99,0),
(17,'LC__WIDGET__IT_SERVICE_CONSISTENCY','This widget is similar like the report view','itserviceconsistency','C__WIDGET__IT_SERVICE_CONSISTENCY','{\"show_all\":\"0\"}',99,0),
(18,'LC__WIDGET__EVAL_OVERVIEW','This widget displays information about your eval/subscription','eval','C__WIDGET__EVAL_OVERVIEW','{\"layout\":\"vertical\",\"short_form\":\"0\"}',99,0),
(19,'LC__MONITORING__WIDGET__NOT_OK_HOSTS','This widget will load and display \"not ok\" hosts.','not_ok_hosts','C__WIDGET__MONITORING__NOT_OK_HOSTS','{\"host\":\"1\"}',0,1),
(20,'LC__WIDGET__LIVECYCLE_CMDBSTATUS','This widget will display a CMDB-Status livecycle of selected objects.','cmdb_statuslivecycle','C__WIDGET__LIVECYCLE_CMDBSTATUS','',99,0),
(21,'LC__WIDGET__LOGGED_IN_USERS','This widget shows all the logged in user.','loggedinusers','C__WIDGET__LOGGED_IN_USERS','',99,0);
COMMIT;

--
-- Table structure for table `isys_widgets_config`
--

CREATE TABLE `isys_widgets_config` (
  `isys_widgets_config__id` int(10) unsigned NOT NULL AUTO_INCREMENT,
  `isys_widgets_config__isys_widgets__id` int(10) unsigned NOT NULL,
  `isys_widgets_config__isys_obj__id` int(10) unsigned NOT NULL,
  `isys_widgets_config__configuration` text NOT NULL,
  `isys_widgets_config__sorting` int(10) unsigned NOT NULL,
  PRIMARY KEY (`isys_widgets_config__id`),
  KEY `isys_widgets_config__isys_widgets__id` (`isys_widgets_config__isys_widgets__id`,`isys_widgets_config__isys_obj__id`),
  KEY `isys_widgets_config__isys_obj__id` (`isys_widgets_config__isys_obj__id`)
) ENGINE=InnoDB AUTO_INCREMENT=92 DEFAULT CHARSET=utf8mb3 COLLATE=utf8mb3_unicode_ci;

--
-- Dumping data for table `isys_widgets_config`
--

INSERT INTO `isys_widgets_config` VALUES
(1,19,522,'{\"host\":\"1\"}',0),
(2,18,522,'{\"layout\":\"vertical\",\"short_form\":\"0\"}',1),
(3,4,522,'{\"title\":\"LC__CMDB__CATG__OBJECT\",\"chart_type\":\"Pie\",\"legend\":\"on\",\"obj_types\":[\"C__OBJTYPE__SERVER\",\"C__OBJTYPE__CLIENT\",\"C__OBJTYPE__SWITCH\",\"C__OBJTYPE__BUILDING\",\"C__OBJTYPE__ENCLOSURE\",\"C__OBJTYPE__ROOM\",\"C__OBJTYPE__PHONE\",\"C__OBJTYPE__PERSON\",\"C__OBJTYPE__PERSON_GROUP\"]}',2),
(4,2,522,'',3),
(5,3,522,'{\"objects\":25}',4),
(6,6,26,'{\"animate\":false,\"salutation\":\"a\"}',1),
(7,18,26,'{\"layout\":\"vertical\",\"short_form\":\"0\"}',2),
(8,4,26,'{\"title\":\"LC__CMDB__CATG__OBJECT\",\"chart_type\":\"Pie\",\"legend\":\"on\",\"obj_types\":[\"C__OBJTYPE__SERVER\",\"C__OBJTYPE__CLIENT\",\"C__OBJTYPE__SWITCH\",\"C__OBJTYPE__BUILDING\",\"C__OBJTYPE__ENCLOSURE\",\"C__OBJTYPE__ROOM\",\"C__OBJTYPE__PHONE\",\"C__OBJTYPE__PERSON\",\"C__OBJTYPE__PERSON_GROUP\"]}',3),
(9,2,26,'',4),
(10,3,26,'{\"objects\":25}',5),
(11,1,26,'',6),
(12,19,26,'{\"host\":\"1\"}',0),
(13,6,2785,'{\"animate\":false,\"salutation\":\"a\"}',0),
(14,18,2785,'{\"layout\":\"vertical\",\"short_form\":\"0\"}',1),
(15,4,2785,'{\"title\":\"LC__CMDB__CATG__OBJECT\",\"chart_type\":\"Pie\",\"legend\":\"on\",\"obj_types\":[\"C__OBJTYPE__SERVER\",\"C__OBJTYPE__CLIENT\",\"C__OBJTYPE__SWITCH\",\"C__OBJTYPE__BUILDING\",\"C__OBJTYPE__ENCLOSURE\",\"C__OBJTYPE__ROOM\",\"C__OBJTYPE__PHONE\",\"C__OBJTYPE__PERSON\",\"C__OBJTYPE__PERSON_GROUP\"]}',2),
(16,2,2785,'',3),
(17,3,2785,'{\"objects\":25}',4),
(18,1,2785,'',5),
(19,19,2785,'{\"host\":\"1\"}',6),
(20,18,7210,'{\"layout\":\"vertical\",\"short_form\":\"0\"}',0),
(21,4,7210,'{\"title\":\"LC__CMDB__CATG__OBJECT\",\"chart_type\":\"Pie\",\"legend\":\"on\",\"obj_types\":[\"C__OBJTYPE__SERVER\",\"C__OBJTYPE__CLIENT\",\"C__OBJTYPE__SWITCH\",\"C__OBJTYPE__BUILDING\",\"C__OBJTYPE__ENCLOSURE\",\"C__OBJTYPE__ROOM\",\"C__OBJTYPE__PHONE\",\"C__OBJTYPE__PERSON\",\"C__OBJTYPE__PERSON_GROUP\"]}',1),
(22,2,7210,'',2),
(23,3,7210,'{\"objects\":25}',5),
(24,1,7210,'',3),
(25,21,7210,'',4),
(35,2,27,'',2),
(36,3,27,'{\"objects\":25}',1),
(38,19,27,'{\"host\":\"1\"}',0),
(39,3,9602,'{\"objects\":10}',4),
(40,2,9602,'',0),
(43,19,9602,'{\"host\":\"1\"}',19),
(46,4,9602,'{\"title\":\"Personen - Personengruppen - Organisation \",\"legend\":\"on\",\"obj_types\":[\"C__OBJTYPE__ORGANIZATION\",\"C__OBJTYPE__PERSON\",\"C__OBJTYPE__PERSON_GROUP\"],\"chart_type\":\"Donut\"}',1),
(48,5,9602,'',5),
(49,1,9602,'',18),
(54,7,9602,'{\"title\":\"Clients älter 4 Jahre\",\"report_id\":\"7\",\"count\":\"25\",\"limit\":\"5000\"}',6),
(59,21,9602,'',15),
(60,15,9602,'{\"title\":\"\",\"object_events\":true,\"events\":[{\"name\":\"Testtermin\",\"date\":\"04.11.2025\",\"type\":\"note\"}]}',17),
(61,11,9602,'[{\"id\":\"1773906748354\",\"title\":\"Clients ohne Standort\",\"link\":\"https://itsmcloud.bludenz.at/i-doit/index.php?moduleID=1004&treeNode=100428&rpID=3&report_category=8&mNavID=2&reportID=19\",\"new_window\":true},{\"id\":\"1773911666715\",\"title\":\"Personen ohne Firma\",\"link\":\"https://itsmcloud.bludenz.at/i-doit/index.php?moduleID=1004&treeNode=100428&rpID=3&report_category=8&mNavID=2&reportID=27\",\"new_window\":true},{\"id\":\"1774943927335\",\"title\":\"Geräte auf Lager\",\"link\":\"https://itsmcloud.bludenz.at/i-doit/index.php?moduleID=1004&treeNode=100421&rpID=3&report_category=1&mNavID=2&reportID=25\",\"new_window\":true},{\"id\":\"1775039405244\",\"title\":\"Personen aktiv aber Austrittsdatum\",\"link\":\"https://itsmcloud.bludenz.at/i-doit/index.php?moduleID=1004&treeNode=100428&rpID=3&report_category=8&mNavID=2&reportID=42\",\"new_window\":true}]',16),
(62,4,9602,'{\"title\":\"Infrastruktur\",\"legend\":\"on\",\"obj_types\":[\"C__OBJTYPE__CELL_PHONE_CONTRACT\",\"C__OBJTYPE__CLIENT\",\"C__OBJTYPE__MONITOR\",\"C__OBJTYPE__PRINTER\",\"C__OBJTYPE__SERVER\",\"C__OBJTYPE__SWITCH\",\"C__OBJTYPE__VIRTUAL_SERVER\"],\"chart_type\":\"Donut\"}',2),
(63,4,9602,'{\"title\":\"Service - Anwendungen - Lizenzen - Verträge\",\"legend\":\"on\",\"obj_types\":[\"C__OBJTYPE__APPLICATION\",\"C__OBJTYPE__MAINTENANCE\",\"C__OBJTYPE__LICENCE\",\"C__OBJTYPE__IT_SERVICE\"],\"chart_type\":\"Donut\"}',3),
(65,4,27,'{\"title\":\"LC__CMDB__CATG__OBJECT\",\"chart_type\":\"Pie\",\"legend\":\"on\",\"obj_types\":[\"C__OBJTYPE__SERVER\",\"C__OBJTYPE__CLIENT\",\"C__OBJTYPE__SWITCH\",\"C__OBJTYPE__BUILDING\",\"C__OBJTYPE__ENCLOSURE\",\"C__OBJTYPE__ROOM\",\"C__OBJTYPE__PHONE\",\"C__OBJTYPE__PERSON\",\"C__OBJTYPE__PERSON_GROUP\"]}',3),
(66,7,9602,'{\"title\":\"Aktive Clients ohne Standort\",\"report_id\":\"19\",\"count\":\"25\",\"limit\":\"5000\"}',7),
(67,7,9602,'{\"title\":\"Personen \\\"In Betrieb\\\" aber \\\"Login deaktiviert\\\"\",\"report_id\":\"17\",\"count\":\"25\",\"limit\":\"5000\"}',8),
(68,7,9602,'{\"title\":\"Aktive Clients ohne primären Kontakt als Benutzer\",\"report_id\":\"18\",\"count\":\"25\",\"limit\":\"5000\"}',9),
(69,7,9602,'{\"title\":\"Personen \\\"Außer Betrieb\\\" aber \\\"Login aktiviert\\\"\",\"report_id\":\"20\",\"count\":\"25\",\"limit\":\"5000\"}',10),
(70,3,8677,'{\"objects\":25}',0),
(71,2,8677,'',1),
(72,7,8677,'{\"title\":\"Aktive Clients ohne Standort\",\"report_id\":\"19\",\"count\":\"25\",\"limit\":\"5000\"}',2),
(73,7,8677,'{\"title\":\"Aktive Clients ohne primären Kontakt als Benutzer\",\"report_id\":\"18\",\"count\":\"25\",\"limit\":\"5000\"}',3),
(74,7,8677,'{\"title\":\"Clients älter 4 Jahre\",\"report_id\":\"7\",\"count\":\"25\",\"limit\":\"5000\"}',4),
(83,7,9602,'{\"title\":\"Geräte auf Lager\",\"report_id\":\"25\",\"count\":\"25\",\"limit\":\"5000\"}',13),
(84,3,9569,'{\"objects\":25}',0),
(85,2,9569,'',1),
(86,7,9569,'{\"title\":\"Geräte auf Lager\",\"report_id\":\"25\",\"count\":\"25\",\"limit\":\"5000\"}',2),
(87,7,9602,'{\"title\":\"Aktive Geräte ohne S/N\",\"report_id\":\"26\",\"count\":\"25\",\"limit\":\"5000\"}',12),
(88,7,9602,'{\"title\":\"Personen ohne \\\"Firma\\\"\",\"report_id\":\"27\",\"count\":\"25\",\"limit\":\"5000\"}',11),
(91,7,9602,'{\"title\":\"Personen \\\"Login aktiv\\\" aber \\\"Austrittsdatum vorhanden\\\"\",\"report_id\":\"42\",\"count\":\"25\",\"limit\":\"5000\"}',14);
COMMIT;

--
-- Table structure for table `isys_wlan_auth`
--

CREATE TABLE `isys_wlan_auth` (
  `isys_wlan_auth__id` int(10) unsigned NOT NULL AUTO_INCREMENT,
  `isys_wlan_auth__title` varchar(255) DEFAULT NULL,
  `isys_wlan_auth__description` longtext DEFAULT NULL,
  `isys_wlan_auth__const` varchar(255) DEFAULT NULL,
  `isys_wlan_auth__sort` int(10) unsigned DEFAULT NULL,
  `isys_wlan_auth__property` int(10) unsigned DEFAULT NULL,
  `isys_wlan_auth__status` tinyint(3) unsigned NOT NULL DEFAULT 1,
  PRIMARY KEY (`isys_wlan_auth__id`),
  KEY `isys_wlan_auth__status` (`isys_wlan_auth__status`),
  KEY `isys_wlan_auth__title` (`isys_wlan_auth__title`)
) ENGINE=InnoDB AUTO_INCREMENT=5 DEFAULT CHARSET=utf8mb3 COLLATE=utf8mb3_unicode_ci COMMENT='Authentification rank';

--
-- Dumping data for table `isys_wlan_auth`
--

INSERT INTO `isys_wlan_auth` VALUES
(1,'LC__WLAN_AUTH__FREE','without authentification',NULL,10,NULL,2),
(2,'WPA','WPA',NULL,20,NULL,2),
(3,'WPA2','WPA2',NULL,30,NULL,2),
(4,'WEP','WEP',NULL,40,NULL,2);
COMMIT;

--
-- Table structure for table `isys_wlan_channel`
--

CREATE TABLE `isys_wlan_channel` (
  `isys_wlan_channel__id` int(10) unsigned NOT NULL AUTO_INCREMENT,
  `isys_wlan_channel__title` varchar(255) DEFAULT NULL,
  `isys_wlan_channel__description` longtext DEFAULT NULL,
  `isys_wlan_channel__const` varchar(255) DEFAULT NULL,
  `isys_wlan_channel__sort` int(10) unsigned DEFAULT 5,
  `isys_wlan_channel__status` tinyint(3) unsigned NOT NULL DEFAULT 1,
  `isys_wlan_channel__property` int(10) unsigned DEFAULT 0,
  PRIMARY KEY (`isys_wlan_channel__id`),
  KEY `isys_wlan_channel__status` (`isys_wlan_channel__status`),
  KEY `isys_wlan_channel__title` (`isys_wlan_channel__title`)
) ENGINE=InnoDB AUTO_INCREMENT=15 DEFAULT CHARSET=utf8mb3 COLLATE=utf8mb3_unicode_ci;

--
-- Dumping data for table `isys_wlan_channel`
--

INSERT INTO `isys_wlan_channel` VALUES
(1,'LC__UNIVERSAL__AUTOMATIC','','C__WLAN_CHANNEL__AUTO',5,2,0),
(2,'1',NULL,NULL,5,2,0),
(3,'2',NULL,NULL,5,2,0),
(4,'3',NULL,NULL,5,2,0),
(5,'4',NULL,NULL,5,2,0),
(6,'5',NULL,NULL,5,2,0),
(7,'6',NULL,NULL,5,2,0),
(8,'7',NULL,NULL,5,2,0),
(9,'8',NULL,NULL,5,2,0),
(10,'9',NULL,NULL,5,2,0),
(11,'10',NULL,NULL,5,2,0),
(12,'11',NULL,NULL,5,2,0),
(13,'12',NULL,NULL,5,2,0),
(14,'13',NULL,NULL,5,2,0);
COMMIT;

--
-- Table structure for table `isys_wlan_encryption`
--

CREATE TABLE `isys_wlan_encryption` (
  `isys_wlan_encryption__id` int(10) unsigned NOT NULL AUTO_INCREMENT,
  `isys_wlan_encryption__title` varchar(255) DEFAULT NULL,
  `isys_wlan_encryption__description` longtext DEFAULT NULL,
  `isys_wlan_encryption__const` varchar(255) DEFAULT NULL,
  `isys_wlan_encryption__sort` int(10) unsigned DEFAULT NULL,
  `isys_wlan_encryption__property` int(10) unsigned DEFAULT NULL,
  `isys_wlan_encryption__status` tinyint(3) unsigned NOT NULL DEFAULT 1,
  PRIMARY KEY (`isys_wlan_encryption__id`),
  KEY `isys_wlan_encryption__status` (`isys_wlan_encryption__status`),
  KEY `isys_wlan_encryption__title` (`isys_wlan_encryption__title`)
) ENGINE=InnoDB AUTO_INCREMENT=4 DEFAULT CHARSET=utf8mb3 COLLATE=utf8mb3_unicode_ci;

--
-- Dumping data for table `isys_wlan_encryption`
--

INSERT INTO `isys_wlan_encryption` VALUES
(1,'RC4',NULL,NULL,1,NULL,2),
(2,'TKIP',NULL,NULL,2,NULL,2),
(3,'AES',NULL,NULL,3,NULL,2);
COMMIT;

--
-- Table structure for table `isys_wlan_function`
--

CREATE TABLE `isys_wlan_function` (
  `isys_wlan_function__id` int(10) unsigned NOT NULL AUTO_INCREMENT,
  `isys_wlan_function__title` varchar(255) DEFAULT NULL,
  `isys_wlan_function__description` longtext DEFAULT NULL,
  `isys_wlan_function__const` varchar(255) DEFAULT NULL,
  `isys_wlan_function__sort` int(10) unsigned DEFAULT 5,
  `isys_wlan_function__status` tinyint(3) unsigned NOT NULL DEFAULT 1,
  `isys_wlan_function__property` int(10) unsigned DEFAULT 0,
  PRIMARY KEY (`isys_wlan_function__id`),
  KEY `isys_wlan_function__status` (`isys_wlan_function__status`),
  KEY `isys_wlan_function__title` (`isys_wlan_function__title`)
) ENGINE=InnoDB AUTO_INCREMENT=5 DEFAULT CHARSET=utf8mb3 COLLATE=utf8mb3_unicode_ci;

--
-- Dumping data for table `isys_wlan_function`
--

INSERT INTO `isys_wlan_function` VALUES
(1,'LC__WLAN_FUNCTION__ACCESSPOINT',NULL,'C__WLAN_FUNCTION__ACCESSPOINT',5,2,1),
(2,'LC__WLAN_FUNCTION__BRIDGE',NULL,'C__WLAN_FUNCTION__BRIDGE',5,2,1),
(3,'LC__WLAN_FUNCTION__REPEATER',NULL,'C__WLAN_FUNCTION__REPEATER',5,2,1),
(4,'LC__UNIVERSAL__OTHER',NULL,'C__WLAN_FUNCTION__OTHER',5,2,1);
COMMIT;

--
-- Table structure for table `isys_wlan_standard`
--

CREATE TABLE `isys_wlan_standard` (
  `isys_wlan_standard__id` int(10) unsigned NOT NULL AUTO_INCREMENT,
  `isys_wlan_standard__title` varchar(255) DEFAULT NULL,
  `isys_wlan_standard__description` longtext DEFAULT NULL,
  `isys_wlan_standard__const` varchar(255) DEFAULT NULL,
  `isys_wlan_standard__sort` int(10) unsigned DEFAULT 5,
  `isys_wlan_standard__status` tinyint(3) unsigned NOT NULL DEFAULT 1,
  `isys_wlan_standard__property` int(10) unsigned DEFAULT 0,
  PRIMARY KEY (`isys_wlan_standard__id`),
  KEY `isys_wlan_standard__status` (`isys_wlan_standard__status`),
  KEY `isys_wlan_standard__title` (`isys_wlan_standard__title`)
) ENGINE=InnoDB AUTO_INCREMENT=5 DEFAULT CHARSET=utf8mb3 COLLATE=utf8mb3_unicode_ci;

--
-- Dumping data for table `isys_wlan_standard`
--

INSERT INTO `isys_wlan_standard` VALUES
(1,'802.11a','802.11a',NULL,5,2,0),
(2,'802.11b','802.11b',NULL,5,2,0),
(3,'802.11g','802.11g',NULL,5,2,0),
(4,'LC__UNIVERSAL__OTHER','Andere','C__WLAN_STANDARD_OTHER',5,2,0);
COMMIT;

--
-- Table structure for table `isysgui_catg`
--

CREATE TABLE `isysgui_catg` (
  `isysgui_catg__id` int(10) unsigned NOT NULL AUTO_INCREMENT,
  `isysgui_catg__isys_tree_group__id` int(10) unsigned DEFAULT NULL,
  `isysgui_catg__type` int(10) unsigned DEFAULT 0 COMMENT 'Bitwise type categorization of this category',
  `isysgui_catg__title` varchar(255) DEFAULT NULL,
  `isysgui_catg__description` longtext DEFAULT NULL,
  `isysgui_catg__const` varchar(255) DEFAULT NULL,
  `isysgui_catg__source_table` varchar(255) DEFAULT NULL,
  `isysgui_catg__class_name` varchar(255) DEFAULT NULL,
  `isysgui_catg__sort` int(10) unsigned DEFAULT 5,
  `isysgui_catg__parent` int(10) unsigned DEFAULT NULL,
  `isysgui_catg__list_multi_value` int(10) unsigned DEFAULT 0,
  `isysgui_catg__property` int(10) unsigned DEFAULT 0,
  `isysgui_catg__search` int(10) unsigned DEFAULT 1,
  `isysgui_catg__status` tinyint(3) unsigned NOT NULL DEFAULT 1,
  `isysgui_catg__standard` int(10) unsigned DEFAULT 0,
  `isysgui_catg__overview` int(10) unsigned DEFAULT 0 COMMENT 'Is this category allowed in the overview view?',
  PRIMARY KEY (`isysgui_catg__id`),
  KEY `isysgui_catg_FKIndex1` (`isysgui_catg__isys_tree_group__id`),
  KEY `isysgui_catg__parent` (`isysgui_catg__parent`),
  KEY `isysgui_catg__type` (`isysgui_catg__type`),
  KEY `isysgui_catg__const` (`isysgui_catg__const`),
  KEY `isysgui_catg__status` (`isysgui_catg__status`),
  CONSTRAINT `isysgui_catg__parent` FOREIGN KEY (`isysgui_catg__parent`) REFERENCES `isysgui_catg` (`isysgui_catg__id`) ON DELETE SET NULL ON UPDATE CASCADE,
  CONSTRAINT `isysgui_catg_ibfk_1` FOREIGN KEY (`isysgui_catg__isys_tree_group__id`) REFERENCES `isys_tree_group` (`isys_tree_group__id`) ON DELETE NO ACTION ON UPDATE NO ACTION
) ENGINE=InnoDB AUTO_INCREMENT=196 DEFAULT CHARSET=utf8mb3 COLLATE=utf8mb3_unicode_ci;

--
-- Dumping data for table `isysgui_catg`
--

INSERT INTO `isysgui_catg` VALUES
(1,2,2,'LC__CMDB__CATG__GLOBAL',NULL,'C__CATG__GLOBAL','isys_catg_global','isys_cmdb_dao_category_g_global',10,NULL,0,0,1,2,1,1),
(2,2,2,'LC__CMDB__CATG__MODEL',NULL,'C__CATG__MODEL','isys_catg_model','isys_cmdb_dao_category_g_model',40,NULL,0,0,1,2,0,1),
(3,2,2,'LC__CMDB__CATG__FORMFACTOR',NULL,'C__CATG__FORMFACTOR','isys_catg_formfactor','isys_cmdb_dao_category_g_formfactor',50,NULL,0,0,1,2,0,1),
(4,3,2,'LC__CMDB__CATG__CPU',NULL,'C__CATG__CPU','isys_catg_cpu','isys_cmdb_dao_category_g_cpu',60,NULL,1,0,0,2,0,1),
(5,3,2,'LC__CMDB__CATG__MEMORY','Memory / Hauptspeicher','C__CATG__MEMORY','isys_catg_memory','isys_cmdb_dao_category_g_memory',80,NULL,1,0,1,2,0,1),
(7,4,10,'LC__CMDB__CATG__NETWORK','Network','C__CATG__NETWORK','isys_catg_netp','isys_cmdb_dao_category_g_network_interface',110,NULL,1,0,1,2,0,0),
(8,5,10,'LC__CMDB__CATG__DAS','Lokaler Massenspeicher','C__CATG__STORAGE','isys_catg_stor','isys_cmdb_dao_category_g_stor_view',120,NULL,0,0,1,2,0,0),
(9,3,2,'LC__CMDB__CATG__POWER_CONSUMER','Stromverbraucher','C__CATG__POWER_CONSUMER','isys_catg_pc','isys_cmdb_dao_category_g_power_consumer',90,NULL,1,0,1,2,0,1),
(10,3,2,'LC__CMDB__CATG__UNIVERSAL_INTERFACE',NULL,'C__CATG__UNIVERSAL_INTERFACE','isys_catg_ui','isys_cmdb_dao_category_g_ui',2,49,1,0,1,2,0,1),
(12,7,2,'LC__CMDB__CATG__APPLICATION',NULL,'C__CATG__APPLICATION','isys_catg_application','isys_cmdb_dao_category_g_application',180,NULL,1,0,1,2,0,1),
(14,8,2,'LC__CMDB__CATG__ACCESS',NULL,'C__CATG__ACCESS','isys_catg_access','isys_cmdb_dao_category_g_access',220,NULL,1,0,1,2,0,1),
(15,8,2,'LC__CMDB__CATG__BACKUP','BACKUP','C__CATG__BACKUP','isys_catg_backup','isys_cmdb_dao_category_g_backup',230,NULL,1,0,1,2,0,1),
(18,6,2,'LC__CATG_EMERGENCY_PLAN',NULL,'C__CATG__EMERGENCY_PLAN','isys_catg_emergency_plan','isys_cmdb_dao_category_g_emergency_plan',150,NULL,1,0,1,2,0,1),
(20,6,2,'LC__CMDB__CATG__FILE',NULL,'C__CATG__FILE','isys_catg_file','isys_cmdb_dao_category_g_file',170,NULL,1,0,1,2,0,1),
(21,2,4,'LC__CMDB__CATG__CONTACT',NULL,'C__CATG__CONTACT','isys_catg_contact','isys_cmdb_dao_category_g_contact',20,NULL,1,0,1,2,0,1),
(22,8,2,'LC__CMDB__CATG__LOGBOOK',NULL,'C__CATG__LOGBOOK','isys_catg_logb','isys_cmdb_dao_category_g_logb',210,NULL,1,0,1,2,1,0),
(25,3,2,'LC__CMDB__CATG__CONTROLLER','CONTROLLER','C__CATG__CONTROLLER','isys_catg_controller','isys_cmdb_dao_category_g_controller',70,8,1,0,1,2,0,1),
(26,2,2,'LC__CMDB__CATG__LOCATION','Location','C__CATG__LOCATION','isys_catg_location','isys_cmdb_dao_category_g_location',30,NULL,0,0,1,2,0,1),
(27,8,2,'LC__CMDB__CATG__IMAGE','Image','C__CATG__IMAGE','isys_catg_image','isys_cmdb_dao_category_g_image',240,NULL,0,0,1,2,0,0),
(28,6,2,'LC__CMDB__CATG__MANUAL',NULL,'C__CATG__MANUAL','isys_catg_manual','isys_cmdb_dao_category_g_manual',140,NULL,1,0,1,2,0,1),
(31,NULL,1,'LC__CMDB__CATG__OVERVIEW',NULL,'C__CATG__OVERVIEW','isys_catg_overview','isys_cmdb_dao_category_g_overview',0,NULL,0,16,1,2,1,0),
(32,8,1,'LC__CMDB__CATG__WORKFLOW','list of assigned workflows','C__CATG__WORKFLOW','isys_catg_workflow','isys_cmdb_dao_category_g_workflow',235,NULL,1,0,1,2,0,1),
(33,2,2,'LC__CMDB__CATG__SOUND','sound','C__CATG__SOUND','isys_catg_sound','isys_cmdb_dao_category_g_sound',50,NULL,1,0,1,2,0,1),
(34,2,3,'LC__CMDB__CATG__SPATIALLY_CONNECTED_OBJECTS','Object 2 Location','C__CATG__OBJECT','isys_catg_virtual','isys_cmdb_dao_category_g_virtual_object',30,NULL,1,0,1,2,0,1),
(35,2,2,'LC__CMDB__CATG__GRAPHIC','Graphic adapter','C__CATG__GRAPHIC','isys_catg_graphic','isys_cmdb_dao_category_g_graphic',30,NULL,1,0,1,2,0,1),
(36,2,2,'LC__CMDB__CATG__VIRTUAL_MACHINE','virtual_machine','C__CATG__VIRTUAL_MACHINE','isys_catg_virtual_machine','isys_cmdb_dao_category_g_virtual_machine',10,72,0,0,1,2,0,1),
(38,2,2,'LC__CMDB__CATG__ACCOUNTING',NULL,'C__CATG__ACCOUNTING','isys_catg_accounting','isys_cmdb_dao_category_g_accounting',5,NULL,0,0,1,2,0,1),
(39,4,2,'LC__CMDB__CATG__NETWORK_TREE_CONFIG_PORT','Network','C__CATG__NETWORK_PORT','isys_catg_port','isys_cmdb_dao_category_g_network_port',110,7,1,0,1,2,0,1),
(40,4,2,'LC__CMDB__CATG__NETWORK_TREE_CONFIG_INTERFACE_P','Network','C__CATG__NETWORK_INTERFACE','isys_catg_netp','isys_cmdb_dao_category_g_network_interface',100,7,1,0,1,2,0,1),
(41,4,2,'LC__CMDB__CATG__NETWORK_TREE_CONFIG_PORT_L','Network','C__CATG__NETWORK_LOG_PORT','isys_catg_log_port','isys_cmdb_dao_category_g_network_ifacel',120,7,1,0,1,2,0,1),
(42,5,2,'LC__STORAGE_DRIVE','','C__CATG__DRIVE','isys_catg_drive','isys_cmdb_dao_category_g_drive',1,NULL,1,0,1,2,0,1),
(43,4,2,'LC__STORAGE_DEVICE','','C__CATG__STORAGE_DEVICE','isys_catg_stor','isys_cmdb_dao_category_g_stor',2,8,1,0,1,2,0,1),
(45,4,2,'LC__STORAGE_FCPORT','','C__CATG__CONTROLLER_FC_PORT','isys_catg_fc_port','isys_cmdb_dao_category_g_controller_fcport',4,46,1,0,1,2,0,1),
(46,5,10,'LC__CMDB__CATG__SAN','','C__CATG__SANPOOL','isys_catg_virtual','isys_cmdb_dao_category_g_sanpool_view',5,NULL,0,0,1,2,0,0),
(47,4,2,'LC__CATG__IP_ADDRESS','','C__CATG__IP','isys_catg_ip','isys_cmdb_dao_category_g_ip',150,NULL,1,0,1,2,0,1),
(48,2,2,'LC__CATG__VERSION','Version','C__CATG__VERSION','isys_catg_version','isys_cmdb_dao_category_g_version',5,NULL,1,0,1,2,0,1),
(49,3,10,'LC__CMDB__CATG__CABLING',NULL,'C__CATG__CABLING','isys_catg_virtual','isys_cmdb_dao_category_g_virtual_cabling',3001,NULL,0,0,1,2,0,0),
(50,3,2,'LC__CMDB__CATG__CONNECTORS',NULL,'C__CATG__CONNECTOR','isys_catg_connector','isys_cmdb_dao_category_g_connector',1,49,1,0,1,2,0,0),
(51,3,2,'LC__CMDB__CATG__INVOICE',NULL,'C__CATG__INVOICE','isys_catg_invoice','isys_cmdb_dao_category_g_invoice',500,NULL,1,0,1,2,0,1),
(53,3,1,'LC__CMDB__CATG__CUSTOM_FIELDS',NULL,'C__CATG__CUSTOM_FIELDS','isys_catg_custom_fields','isys_cmdb_dao_category_g_custom_fields',3001,NULL,0,0,1,2,0,0),
(54,2,2,'LC__CMDB__CATG__POWER_SUPPLIER',NULL,'C__CATG__POWER_SUPPLIER','isys_catg_power_supplier','isys_cmdb_dao_category_g_power_supplier',40,NULL,0,0,1,2,0,1),
(55,4,2,'LC__CMDB__CATG__RAID','Raid-Verbunde','C__CATG__RAID','isys_catg_raid','isys_cmdb_dao_category_g_raid',6,8,1,0,1,2,0,1),
(56,4,2,'LC__CMDB__CATG__LDEV_SERVER','Logical devices (LDEV Server)','C__CATG__LDEV_SERVER','isys_catg_sanpool','isys_cmdb_dao_category_g_sanpool',2,46,1,0,1,2,0,1),
(57,4,2,'LC__CMDB__CATG__LDEV_CLIENT','Logical devices (Client)','C__CATG__LDEV_CLIENT','isys_catg_ldevclient','isys_cmdb_dao_category_g_ldevclient',3,46,1,0,1,2,0,1),
(58,4,2,'LC__CMDB__CATG__HBA','Hostadapter','C__CATG__HBA','isys_catg_hba','isys_cmdb_dao_category_g_hba',4,46,1,0,1,2,0,1),
(59,7,10,'LC__CMDB__CATG__CLUSTER',NULL,'C__CATG__CLUSTER_ROOT','isys_catg_cluster','isys_cmdb_dao_category_g_cluster',5,NULL,0,0,1,2,0,0),
(60,7,2,'LC__CMDB__CATG__CLUSTER',NULL,'C__CATG__CLUSTER','isys_catg_cluster','isys_cmdb_dao_category_g_cluster',5,59,0,0,1,2,0,1),
(61,5,2,'LC__CMDB__CATG__SHARES',NULL,'C__CATG__SHARES','isys_catg_shares','isys_cmdb_dao_category_g_shares',40,NULL,1,0,1,2,0,1),
(62,7,2,'LC__CMDB__CATG__CLUSTER_SERVICES',NULL,'C__CATG__CLUSTER_SERVICE','isys_catg_cluster_service','isys_cmdb_dao_category_g_cluster_service',5,59,1,0,1,2,0,1),
(63,7,3,'LC__CMDB__CATG__CLUSTER_MEMBERS',NULL,'C__CATG__CLUSTER_MEMBERS','isys_catg_cluster_members','isys_cmdb_dao_category_g_cluster_members',5,59,1,0,1,2,0,0),
(64,7,1,'LC__CMDB__CATG__CLUSTER_SHARED_STORAGE',NULL,'C__CATG__CLUSTER_SHARED_STORAGE','isys_catg_virtual','isys_cmdb_dao_category_g_cluster_shared_storage',5,59,0,0,1,2,0,0),
(65,7,3,'LC__CMDB__CATG__CLUSTER_MEMBERSHIPS',NULL,'C__CATG__CLUSTER_MEMBERSHIPS','isys_catg_cluster_members','isys_cmdb_dao_category_g_cluster_memberships',5,NULL,1,0,1,2,0,0),
(66,5,2,'LC__CMDB__CATG__COMPUTING_RESOURCES',NULL,'C__CATG__COMPUTING_RESOURCES','isys_catg_computing_resources','isys_cmdb_dao_category_g_computing_resources',6,NULL,0,0,1,2,0,1),
(67,7,1,'LC__CMDB__CATG__CLUSTER_VITALITY',NULL,'C__CATG__CLUSTER_VITALITY','isys_catg_virtual','isys_cmdb_dao_category_g_cluster_vitality',6,59,0,0,1,2,0,0),
(68,7,1,'SNMP',NULL,'C__CATG__SNMP','isys_catg_snmp','isys_cmdb_dao_category_g_snmp',5,NULL,0,0,1,2,0,1),
(69,7,10,'LC__CMDB__CATG__VIRTUAL_HOST',NULL,'C__CATG__VIRTUAL_HOST_ROOT','isys_catg_virtual_host','isys_cmdb_dao_category_g_virtual_host',5,NULL,0,0,1,2,0,0),
(70,7,2,'LC__CMDB__CATG__VIRTUAL_HOST',NULL,'C__CATG__VIRTUAL_HOST','isys_catg_virtual_host','isys_cmdb_dao_category_g_virtual_host',5,69,0,0,1,2,0,1),
(71,7,3,'LC__CMDB__CATG__GUEST_SYSTEMS',NULL,'C__CATG__GUEST_SYSTEMS','isys_catg_virtual_machine','isys_cmdb_dao_category_g_guest_systems',5,69,1,0,1,2,0,0),
(72,2,10,'LC__CMDB__CATG__VIRTUAL_MACHINE',NULL,'C__CATG__VIRTUAL_MACHINE__ROOT','isys_catg_virtual_machine','isys_cmdb_dao_category_g_virtual_machine',9,NULL,0,0,1,2,0,0),
(73,2,2,'LC__CMDB__CATG__VIRTUAL_SWITCHES',NULL,'C__CATG__VIRTUAL_SWITCH','isys_catg_virtual_switch','isys_cmdb_dao_category_g_virtual_switch',5,69,1,0,1,2,0,0),
(74,7,2,'LC__CMDB__CATG__VIRTUAL_DEVICES',NULL,'C__CATG__VIRTUAL_DEVICE','isys_catg_virtual_device','isys_cmdb_dao_category_g_virtual_devices',5,72,1,0,1,2,0,0),
(75,7,1,'LC__CMDB__CATG__CLUSTER_SHARED_VIRTUAL_SWITCH',NULL,'C__CATG__CLUSTER_SHARED_VIRTUAL_SWITCH','isys_catg_virtual','isys_cmdb_dao_category_g_cluster_shared_virtual_switch',5,59,0,0,1,2,0,0),
(76,8,3,'LC__CMDB__CATG__BACKUP__ASSIGNED_OBJECTS',NULL,'C__CATG__BACKUP__ASSIGNED_OBJECTS','isys_catg_backup','isys_cmdb_dao_category_g_backup_assigned_objects',5,NULL,1,0,1,2,0,0),
(77,8,3,'LC__CMDB__CATG__GROUP_MEMBERSHIPS',NULL,'C__CATG__GROUP_MEMBERSHIPS','isys_cats_group','isys_cmdb_dao_category_g_group_memberships',5,NULL,1,0,1,2,0,0),
(78,1,3,'LC__CMDB__TREE__IT_SERVICE_COMPONENTS',NULL,'C__CATG__IT_SERVICE_COMPONENTS','isys_catg_its_components','isys_cmdb_dao_category_g_it_service_components',5,153,1,0,1,2,0,0),
(79,6,1,'LC__CMDB__CATG__ITS_LOGBOOK',NULL,'C__CATG__ITS_LOGBOOK','isys_catg_logb','isys_cmdb_dao_category_g_its_logb',5,153,1,0,1,2,0,0),
(80,1,3,'LC__CMDB__CATG__IT_SERVICE_ASSIGNMENT',NULL,'C__CATG__IT_SERVICE','isys_catg_its_components','isys_cmdb_dao_category_g_itservice',1,NULL,1,0,1,2,0,1),
(81,2,1,'LC__CMDB__CATG__OBJECT_VITALITY',NULL,'C__CATG__OBJECT_VITALITY','isys_catg_virtual','isys_cmdb_dao_category_g_object_vitality',6,NULL,0,0,1,2,0,0),
(82,6,2,'LC__CMDB__CATG__RELATION',NULL,'C__CATG__RELATION','isys_catg_relation','isys_cmdb_dao_category_g_relation',1,NULL,1,0,1,2,1,0),
(83,1,2,'LC__CMDB__CATG__IT_SERVICE_RELATION',NULL,'C__CATG__IT_SERVICE_RELATIONS','isys_catg_relation','isys_cmdb_dao_category_g_service_relation',5,153,1,0,1,2,0,0),
(84,NULL,2,'LC__CMDB__TREE__DATABASE_ASSIGNMENT',NULL,'C__CATG__DATABASE_ASSIGNMENT','isys_cats_database_access','isys_cmdb_dao_category_g_database_assignment',1,NULL,1,0,1,2,0,1),
(85,1,2,'LC__CMDB__CATG__ITS_TYPE',NULL,'C__CATG__ITS_TYPE','isys_catg_its_type','isys_cmdb_dao_category_g_its_type',5,153,0,0,1,2,0,1),
(86,1,2,'LC__CMDB__CATG__PASSWORD',NULL,'C__CATG__PASSWD','isys_catg_password','isys_cmdb_dao_category_g_password',10,NULL,1,0,0,2,0,1),
(88,2,2,'LC__CMDB__CATG__SOA_STACKS',NULL,'C__CATG__SOA_STACKS','isys_catg_soa_stacks','isys_cmdb_dao_category_g_soa_stacks',5,NULL,1,0,1,2,0,1),
(89,6,2,'LC__CMDB__CATG__PLANNING',NULL,'C__CATG__PLANNING','isys_catg_planning','isys_cmdb_dao_category_g_planning',1,NULL,1,0,1,2,1,1),
(90,7,3,'LC__CMDB__CATG__ASSIGNED_CARDS',NULL,'C__CATG__ASSIGNED_CARDS','isys_catg_assigned_cards','isys_cmdb_dao_category_g_assigned_cards',5,NULL,1,0,1,2,0,1),
(91,1,2,'LC__CMDB__CATS__SIM_CARD',NULL,'C__CATG__SIM_CARD','isys_catg_sim_card','isys_cmdb_dao_category_g_sim_card',5,NULL,0,0,1,2,0,1),
(92,7,2,'LC__CMDB__CATG__TSI_SERVICE',NULL,'C__CATG__TSI_SERVICE','isys_catg_tsi_service','isys_cmdb_dao_category_g_tsi_service',5,NULL,0,0,1,2,0,1),
(93,7,2,'LC__CMDB__CATG__AUDIT',NULL,'C__CATG__AUDIT','isys_catg_audit','isys_cmdb_dao_category_g_audit',5,NULL,1,0,1,2,0,1),
(94,4,1,'LC__CMDB__CATG__NETWORK_PORT_OVERVIEW','Network port overview','C__CATG__NETWORK_PORT_OVERVIEW','isys_catg_port','isys_cmdb_dao_category_g_network_port_overview',110,7,0,0,0,2,0,0),
(95,NULL,2,'LC__CMDB__CATG__LOGICAL_UNIT','','C__CATG__LOGICAL_UNIT','isys_catg_logical_unit','isys_cmdb_dao_category_g_logical_unit',5,NULL,0,0,1,2,0,1),
(96,NULL,3,'LC__CMDB__CATG__ASSIGNED_LOGICAL_UNITS','','C__CATG__ASSIGNED_LOGICAL_UNIT','isys_catg_virtual','isys_cmdb_dao_category_g_assigned_logical_unit',5,NULL,1,0,1,2,0,1),
(97,NULL,3,'LC__CMDB__CATG__ASSIGNED_WORKSTATION','','C__CATG__ASSIGNED_WORKSTATION','isys_catg_logical_unit','isys_cmdb_dao_category_g_assigned_workstation',5,NULL,0,0,1,2,0,1),
(98,NULL,1,'LC__CMDB__CATG__VIRTUAL_TICKETS',NULL,'C__CATG__VIRTUAL_TICKETS','isys_catg_virtual','isys_cmdb_dao_category_g_virtual_tickets',10,NULL,0,0,1,2,1,1),
(99,NULL,3,'LC__CMDB__CATG__PERSON_ASSIGNED_WORKSTATION','','C__CATG__PERSON_ASSIGNED_WORKSTATION','isys_catg_logical_unit','isys_cmdb_dao_category_g_person_assigned_workstation',5,NULL,1,0,1,2,0,1),
(100,NULL,3,'LC__CMDB__CATG__CONTRACT_ASSIGNMENT',NULL,'C__CATG__CONTRACT_ASSIGNMENT','isys_catg_contract_assignment','isys_cmdb_dao_category_g_contract_assignment',5,NULL,1,0,1,2,0,0),
(103,NULL,1,'LC__CMDB__CATG__RACK_VIEW',NULL,'C__CATG__RACK_VIEW','isys_catg_virtual','isys_cmdb_dao_category_g_rack_view',5,NULL,0,NULL,0,2,0,0),
(104,NULL,2,'LC__CMDB__CATG__MAIL_ADDRESSES__EMAIL_ADDRESSES',NULL,'C__CATG__MAIL_ADDRESSES','isys_catg_mail_addresses','isys_cmdb_dao_category_g_mail_addresses',5,NULL,1,0,1,2,0,1),
(105,NULL,2,'LC__CMDB__CATG__VOIP_PHONE',NULL,'C__CATG__VOIP_PHONE','isys_catg_voip_phone','isys_cmdb_dao_category_g_voip_phone',5,NULL,0,0,1,2,0,1),
(106,NULL,2,'LC__CMDB__CATG__VOIP_PHONE_LINE',NULL,'C__CATG__VOIP_PHONE_LINE','isys_catg_voip_phone_line','isys_cmdb_dao_category_g_voip_phone_line',5,NULL,1,0,1,2,0,1),
(107,NULL,2,'LC__CMDB__CATG__TELEPHONE_FAX',NULL,'C__CATG__TELEPHONE_FAX','isys_catg_telephone_fax','isys_cmdb_dao_category_g_telephone_fax',5,NULL,0,NULL,0,2,0,1),
(108,NULL,2,'LC__CMDB__CATG__SMARTCARD_CERTIFICATE',NULL,'C__CATG__SMARTCARD_CERTIFICATE','isys_catg_smartcard_certificate','isys_cmdb_dao_category_g_smartcard_certificate',5,NULL,0,NULL,0,2,0,1),
(109,NULL,2,'LC__CMDB__CATG__SHARE_ACCESS',NULL,'C__CATG__SHARE_ACCESS','isys_catg_share_access','isys_cmdb_dao_category_g_share_access',5,NULL,1,0,1,2,0,1),
(110,NULL,1,'LC__CMDB__CATG__SUPERNET',NULL,'C__CATG__VIRTUAL_SUPERNET','isys_catg_virtual','isys_cmdb_dao_category_g_virtual_supernet',0,NULL,0,0,1,2,0,1),
(111,3,2,'LC__CMDB__CATG__CERTIFICATE',NULL,'C__CATG__CERTIFICATE','isys_catg_certificate','isys_cmdb_dao_category_g_certificate',60,NULL,1,0,0,2,0,1),
(112,NULL,2,'LC__CMDB__CATG__SLA','SLA Configuration','C__CATG__SLA','isys_catg_sla','isys_cmdb_dao_category_g_sla',0,NULL,0,0,1,2,0,1),
(113,NULL,1,'LC__CMDB__CATG__LDAP_DN',NULL,'C__CATG__LDAP_DN','isys_catg_ldap_dn','isys_cmdb_dao_category_g_ldap_dn',5,NULL,0,0,1,2,0,1),
(114,NULL,1,'LC__CMDB__CATG__AUTH',NULL,'C__CATG__VIRTUAL_AUTH','isys_catg_virtual','isys_cmdb_dao_category_g_virtual_auth',5,NULL,0,0,1,2,1,0),
(134,NULL,2,'LC__CATG__ADDRESS','Category address for object type building','C__CATG__ADDRESS','isys_catg_address','isys_cmdb_dao_category_g_address',5,NULL,0,0,1,2,0,1),
(135,NULL,2,'LC__CATG__MONITORING','Monitoring folder category','C__CATG__MONITORING','isys_catg_monitoring','isys_cmdb_dao_category_g_monitoring',NULL,NULL,0,NULL,1,2,0,0),
(136,NULL,1,'LC__CATG__LIVESTATUS','Livestatus category','C__CATG__LIVESTATUS','isys_catg_virtual','isys_cmdb_dao_category_g_livestatus',NULL,135,0,NULL,1,2,0,0),
(137,NULL,2,'LC__CATG__VEHICLE','Vehicle category','C__CATG__VEHICLE','isys_catg_vehicle','isys_cmdb_dao_category_g_vehicle',5,NULL,0,0,1,2,0,1),
(138,NULL,2,'LC__CATG__AIRCRAFT','Aircraft category','C__CATG__AIRCRAFT','isys_catg_aircraft','isys_cmdb_dao_category_g_aircraft',5,NULL,0,0,1,2,0,1),
(139,NULL,10,'LC__CATG__NET_CONNECTIONS','Network connection category','C__CATG__NET_CONNECTIONS_FOLDER','isys_catg_net_listener','isys_cmdb_dao_category_g_net_listener',5,NULL,1,0,1,2,0,1),
(140,NULL,2,'LC__CATG__NET_LISTENER','Network listener category','C__CATG__NET_LISTENER','isys_catg_net_listener','isys_cmdb_dao_category_g_net_listener',5,139,1,0,1,2,0,1),
(141,NULL,2,'LC__CATG__NET_CONNECTOR','Network connector category','C__CATG__NET_CONNECTOR','isys_catg_net_connector','isys_cmdb_dao_category_g_net_connector',5,139,1,0,1,2,0,1),
(142,7,2,'LC__CMDB__CATG__CLUSTER_ADM_SERVICE','Subcategory administration service for global category cluster','C__CATG__CLUSTER_ADM_SERVICE','isys_catg_cluster_adm_service','isys_cmdb_dao_category_g_cluster_adm_service',NULL,59,1,NULL,1,2,0,0),
(144,NULL,2,'LC__CMDB__CATG__JDISC_CUSTOM_ATTRIBUTES',NULL,'C__CATG__JDISC_CA','isys_catg_jdisc_ca','isys_cmdb_dao_category_g_jdisc_ca',5,NULL,1,0,1,2,0,1),
(145,NULL,10,'LC__CATG__CMK_FOLDER','Check_MK folder category','C__CATG__CMK','isys_catg_cmk','isys_cmdb_dao_category_g_cmk',NULL,NULL,0,NULL,1,2,0,0),
(146,NULL,2,'LC__CATG__CMK_TAG','Check_MK tag category','C__CATG__CMK_TAG','isys_catg_cmk_tag','isys_cmdb_dao_category_g_cmk_tag',NULL,145,0,NULL,1,2,0,0),
(147,NULL,2,'LC__CATG__CMK_HOST_SERVICE','Check_MK services category','C__CATG__CMK_HOST_SERVICE','isys_catg_cmk_host_service','isys_cmdb_dao_category_g_cmk_host_service',NULL,145,1,NULL,1,2,0,0),
(148,NULL,2,'LC__CATG__CMK_SERVICE','Check_MK service folder category','C__CATG__CMK_SERVICE','isys_catg_cmk_service','isys_cmdb_dao_category_g_cmk_service',NULL,NULL,1,NULL,1,2,0,0),
(149,NULL,2,'LC__CATG__CMK_DEF','Check_MK definition category','C__CATG__CMK_DEF','isys_catg_cmk','isys_cmdb_dao_category_g_cmk',NULL,145,0,NULL,1,2,0,0),
(150,NULL,0,'LC__CATG__NDO','NDO category','C__CATG__NDO','isys_catg_virtual','isys_cmdb_dao_category_g_ndo',NULL,135,0,NULL,1,2,0,0),
(151,NULL,2,'LC__CATG__CABLE','Cable category','C__CATG__CABLE','isys_catg_cable','isys_cmdb_dao_category_g_cable',245,175,0,0,1,2,0,1),
(152,7,2,'LC__CMDB__CATG__IDENTIFIER',NULL,'C__CATG__IDENTIFIER','isys_catg_identifier','isys_cmdb_dao_category_g_identifier',5,NULL,1,0,1,2,0,1),
(153,NULL,2,'LC__CMDB__CATG__SERVICE','Category service','C__CATG__SERVICE','isys_catg_service','isys_cmdb_dao_category_g_service',5,NULL,0,0,1,2,0,1),
(154,NULL,2,'LC__CATG__OPERATING_SYSTEM',NULL,'C__CATG__OPERATING_SYSTEM','isys_catg_application','isys_cmdb_dao_category_g_operating_system',5,NULL,0,0,1,2,0,1),
(155,NULL,0,'LC__CMDB__CATG__JDISC_DISCOVERY',NULL,'C__CATG__JDISC_DISCOVERY','isys_catg_virtual','isys_cmdb_dao_category_g_jdisc_discovery',5,NULL,0,0,1,2,0,0),
(156,NULL,2,'LC__CMDB__CATG__QINQ_SP','QinQ SP-VLAN','C__CATG__QINQ_SP','isys_catg_qinq','isys_cmdb_dao_category_g_qinq_sp',123,NULL,0,0,1,2,0,1),
(157,NULL,2,'LC__CMDB__CATG__FIBER_LEAD','fiber/lead','C__CATG__FIBER_LEAD','isys_catg_fiber_lead','isys_cmdb_dao_category_g_fiber_lead',123,NULL,1,0,1,2,0,1),
(158,NULL,3,'LC__CMDB__CATG__QINQ_CE','QinQ CE-VLAN','C__CATG__QINQ_CE','isys_catg_qinq','isys_cmdb_dao_category_g_qinq_ce',123,NULL,1,0,1,2,0,1),
(159,NULL,2,'LC__CATG__IMAGES',NULL,'C__CATG__IMAGES','isys_catg_images','isys_cmdb_dao_category_g_images',5,NULL,1,0,1,2,0,0),
(160,NULL,2,'LC__CATG__WAN',NULL,'C__CATG__WAN','isys_catg_wan','isys_cmdb_dao_category_g_wan',255,NULL,0,0,1,2,0,1),
(161,NULL,2,'LC__CMDB__CATG__RM_CONTROLLER',NULL,'C__CATG__RM_CONTROLLER','isys_catg_rm_controller','isys_cmdb_dao_category_g_rm_controller',5,NULL,1,0,1,2,0,1),
(162,NULL,1,'LC__CATG__VIRTUAL_MAINTENANCE',NULL,'C__CATG__VIRTUAL_MAINTENANCE','isys_catg_virtual','isys_cmdb_dao_category_g_virtual_maintenance',5,NULL,0,0,0,2,0,0),
(163,NULL,2,'LC__CMDB__CATG__MANAGED_DEVICES',NULL,'C__CATG__RM_CONTROLLER_BACKWARD','isys_catg_virtual','isys_cmdb_dao_category_g_rm_controller_backward',5,NULL,1,0,0,2,0,0),
(164,NULL,4,'LC__CMDB__CATG__MANAGED_OBJECTS',NULL,'C__CATG__MANAGED_OBJECTS','isys_catg_virtual','isys_cmdb_dao_category_g_managed_objects',5,NULL,1,0,0,2,0,1),
(165,NULL,2,'LC__CATG__VRRP','','C__CATG__VRRP','isys_catg_vrrp','isys_cmdb_dao_category_g_vrrp',255,NULL,0,0,1,2,0,1),
(166,NULL,2,'LC__CATG__VRRP_MEMBER','','C__CATG__VRRP_MEMBER','isys_catg_vrrp_member','isys_cmdb_dao_category_g_vrrp_member',255,165,1,0,1,2,0,1),
(167,NULL,4,'LC__CATG__VRRP_VIEW','','C__CATG__VRRP_VIEW','isys_catg_virtual','isys_cmdb_dao_category_g_vrrp_view',255,7,0,0,0,2,0,1),
(168,NULL,2,'LC__CATG__STACK_MEMBER','','C__CATG__STACK_MEMBER','isys_catg_stack_member','isys_cmdb_dao_category_g_stack_member',255,NULL,1,0,1,2,0,1),
(169,NULL,1,'LC__CATG__STACK_MEMBERSHIP','','C__CATG__STACK_MEMBERSHIP','isys_catg_virtual','isys_cmdb_dao_category_g_stack_membership',255,NULL,0,0,0,2,0,1),
(170,NULL,2,'LC__CATG__LAST_LOGIN_USER','','C__CATG__LAST_LOGIN_USER','isys_catg_last_login_user','isys_cmdb_dao_category_g_last_login_user',255,NULL,0,0,1,2,0,1),
(171,NULL,10,'LC__CATG__NET_ZONE',NULL,'C__CATG__NET_ZONE','isys_catg_virtual','isys_cmdb_dao_category_g_net_zone',5,NULL,0,0,0,2,0,0),
(172,NULL,2,'LC__CATG__NET_ZONE_OPTIONS',NULL,'C__CATG__NET_ZONE_OPTIONS','isys_catg_net_zone_options','isys_cmdb_dao_category_g_net_zone_options',5,171,0,0,0,2,0,0),
(173,NULL,1,'LC__CATG__NET_ZONE_SCOPES',NULL,'C__CATG__NET_ZONE_SCOPES','isys_catg_virtual','isys_cmdb_dao_category_g_net_zone_scopes',5,171,0,0,0,2,0,0),
(174,NULL,1,'LC__CATG__STACK_PORT_OVERVIEW',NULL,'C__CATG__STACK_PORT_OVERVIEW','isys_catg_virtual','isys_cmdb_dao_category_g_stack_port_overview',5,NULL,1,0,0,2,0,0),
(175,NULL,1,'LC__CATG__CABLE_CONNECTION','Cable connection category','C__CATG__CABLE_CONNECTION','isys_catg_virtual','isys_cmdb_dao_category_g_cable_connection',5,NULL,0,0,0,2,0,0),
(176,NULL,1,'LC__MODULE__MULTIEDIT_CATEGORY',NULL,'C__CATG__MULTIEDIT','isys_catg_virtual','isys_cmdb_dao_category_g_multiedit',10,NULL,0,0,0,2,1,0),
(177,NULL,10,'LC__CATG__DATABASE_FOLDER','','C__CATG__DATABASE_FOLDER','isys_catg_virtual','isys_cmdb_dao_category_g_database_folder',5,NULL,0,0,0,2,0,0),
(178,NULL,2,'LC__CATG__DBMS','','C__CATG__DATABASE','isys_catg_database','isys_cmdb_dao_category_g_database',5,177,1,0,0,2,0,0),
(179,NULL,2,'LC__CATG__DATABASE_TABLE','','C__CATG__DATABASE_TABLE','isys_catg_database_table','isys_cmdb_dao_category_g_database_table',5,177,1,0,0,2,0,0),
(180,NULL,2,'LC__CATG__DATABASES','','C__CATG__DATABASE_SA','isys_catg_database_sa','isys_cmdb_dao_category_g_database_sa',5,177,1,0,0,2,0,0),
(181,NULL,2,'LC__CMDB__CATG__SIM',NULL,'C__CATG__SIM','isys_catg_sim','isys_cmdb_dao_category_g_sim',5,NULL,0,0,1,2,0,1),
(182,NULL,2,'LC__CMDB__CATG__CARDS',NULL,'C__CATG__CARDS','isys_catg_cards','isys_cmdb_dao_category_g_cards',5,NULL,1,0,1,2,0,1),
(183,NULL,3,'LC__CATG__ASSIGNED_SIM_CARDS','Assigned sim cards','C__CATG__ASSIGNED_SIM_CARDS','isys_catg_cards','isys_cmdb_dao_category_g_assigned_sim_cards',5,NULL,1,0,1,2,0,1),
(184,NULL,2,'LC__CMDB__CATG__CLOUD_SUBSCRIPTIONS',NULL,'C__CATG__CLOUD_SUBSCRIPTIONS','isys_catg_cloud_subscriptions','isys_cmdb_dao_category_g_cloud_subscriptions',180,NULL,1,0,1,2,0,1),
(185,NULL,2,'LC__CATG__ASSIGNED_SUBSCRIPTIONS',NULL,'C__CATG__ASSIGNED_SUBSCRIPTIONS','isys_catg_assigned_subscriptions','isys_cmdb_dao_category_g_assigned_subscriptions',5,NULL,1,0,1,2,0,1),
(186,NULL,2,'LC__CATG__ASSIGNED_USERS',NULL,'C__CATG__ASSIGNED_USERS','isys_catg_assigned_subscriptions','isys_cmdb_dao_category_g_assigned_users',5,NULL,1,0,1,2,0,1),
(187,NULL,2,'LC__CMDB__CATG__SUPPORT_ENTITLEMENT',NULL,'C__CATG__SUPPORT_ENTITLEMENT','isys_catg_support_entitlement','isys_cmdb_dao_category_g_support_entitlement',3002,NULL,1,0,1,2,0,1),
(188,NULL,4,'LC__CMDB__CATG__CONNECTION_ENDPOINT',NULL,'C__CATG__CONNECTION_ENDPOINT','isys_catg_connection_endpoint','isys_cmdb_dao_category_g_connection_endpoint',3003,7,1,0,1,2,0,0),
(189,NULL,2,'LC__CATG__JDISC_DEVICE_INFORMATION',NULL,'C__CATG__JDISC_DEVICE_INFORMATION','isys_catg_jdisc_device_information','isys_cmdb_dao_category_g_jdisc_device_information',5,NULL,0,0,1,2,0,1),
(192,NULL,2,'LC__CATG__CMK2',NULL,'C__CATG__CMK2','isys_catg_cmk2','isys_cmdb_dao_category_g_cmk2',5,NULL,0,0,1,2,0,0),
(193,NULL,2,'LC__CATG__CMK2_TAG',NULL,'C__CATG__CMK2_TAG','isys_catg_cmk2_tag','isys_cmdb_dao_category_g_cmk2_tag',5,NULL,0,0,1,2,0,0),
(194,NULL,2,'LC__CMDB__CATG__AP_CONTROLLER',NULL,'C__CATG__AP_CONTROLLER','isys_catg_ap_controller','isys_cmdb_dao_category_g_ap_controller',5,NULL,0,0,1,2,0,1),
(195,NULL,2,'LC__CMDB__CATG__AP_DEVICES',NULL,'C__CATG__AP_DEVICES','isys_catg_virtual','isys_cmdb_dao_category_g_ap_devices',5,NULL,1,0,0,2,0,0);
COMMIT;

--
-- Table structure for table `isysgui_catg_custom`
--

CREATE TABLE `isysgui_catg_custom` (
  `isysgui_catg_custom__id` int(10) unsigned NOT NULL AUTO_INCREMENT,
  `isysgui_catg_custom__type` int(10) unsigned DEFAULT 0 COMMENT 'Bitwise type categorization of this category',
  `isysgui_catg_custom__title` varchar(255) CHARACTER SET latin1 COLLATE latin1_swedish_ci NOT NULL,
  `isysgui_catg_custom__config` text CHARACTER SET latin1 COLLATE latin1_swedish_ci NOT NULL,
  `isysgui_catg_custom__parent` int(10) NOT NULL,
  `isysgui_catg_custom__sort` int(10) NOT NULL,
  `isysgui_catg_custom__const` varchar(255) CHARACTER SET latin1 COLLATE latin1_swedish_ci DEFAULT NULL,
  `isysgui_catg_custom__source_table` varchar(255) CHARACTER SET latin1 COLLATE latin1_swedish_ci DEFAULT 'isys_catg_custom_fields_list',
  `isysgui_catg_custom__class_name` varchar(255) CHARACTER SET latin1 COLLATE latin1_swedish_ci DEFAULT 'isys_cmdb_dao_category_g_custom_fields',
  `isysgui_catg_custom__list_multi_value` int(10) DEFAULT 0,
  `isysgui_catg_custom__status` tinyint(3) unsigned NOT NULL DEFAULT 2,
  `isysgui_catg_custom__label_position` varchar(8) DEFAULT 'left',
  `isysgui_catg_custom__icon` varchar(255) DEFAULT NULL,
  PRIMARY KEY (`isysgui_catg_custom__id`),
  KEY `isysgui_catg_custom__type` (`isysgui_catg_custom__type`),
  KEY `isysgui_catg_custom__const` (`isysgui_catg_custom__const`),
  KEY `isysgui_catg_custom__status` (`isysgui_catg_custom__status`)
) ENGINE=InnoDB AUTO_INCREMENT=27 DEFAULT CHARSET=utf8mb3 COLLATE=utf8mb3_unicode_ci;

--
-- Dumping data for table `isysgui_catg_custom`
--

INSERT INTO `isysgui_catg_custom` VALUES
(1,2,'LC__OBJTYPE__PRIVACY_PROCESSING','a:9:{s:15:\"c_1501762461759\";a:3:{s:4:\"type\";s:9:\"f_wysiwyg\";s:5:\"title\";s:23:\"Zwecke der Verarbeitung\";s:12:\"show_in_list\";i:1;}s:15:\"c_1501762484761\";a:3:{s:4:\"type\";s:2:\"hr\";s:5:\"title\";s:0:\"\";s:12:\"show_in_list\";i:0;}s:15:\"c_1501762492910\";a:3:{s:4:\"type\";s:9:\"f_wysiwyg\";s:5:\"title\";s:15:\"Löschstrategie\";s:12:\"show_in_list\";i:1;}s:15:\"c_1501762511998\";a:3:{s:4:\"type\";s:2:\"hr\";s:5:\"title\";s:0:\"\";s:12:\"show_in_list\";i:0;}s:15:\"c_1501762523440\";a:6:{s:4:\"type\";s:7:\"f_popup\";s:5:\"popup\";s:14:\"browser_object\";s:5:\"title\";s:22:\"Verwendete IT-Services\";s:10:\"identifier\";s:2:\"49\";s:14:\"multiselection\";i:1;s:12:\"show_in_list\";i:1;}s:15:\"c_1501762604807\";a:3:{s:4:\"type\";s:2:\"hr\";s:5:\"title\";s:0:\"\";s:12:\"show_in_list\";i:0;}s:15:\"c_1507133646851\";a:5:{s:4:\"type\";s:7:\"f_popup\";s:5:\"popup\";s:11:\"dialog_plus\";s:5:\"title\";s:28:\"Schutzbedarf Vertraulichkeit\";s:10:\"identifier\";s:12:\"Schutzbedarf\";s:12:\"show_in_list\";i:1;}s:15:\"c_1507551349788\";a:5:{s:4:\"type\";s:7:\"f_popup\";s:5:\"popup\";s:11:\"dialog_plus\";s:5:\"title\";s:27:\"Schutzbedarf Verfügbarkeit\";s:10:\"identifier\";s:26:\"Schutzbedarf_Verfugbarkeit\";s:12:\"show_in_list\";i:1;}s:15:\"c_1507551366102\";a:5:{s:4:\"type\";s:7:\"f_popup\";s:5:\"popup\";s:11:\"dialog_plus\";s:5:\"title\";s:24:\"Schutzbedarf Integrität\";s:10:\"identifier\";s:23:\"Schutzbedarf_Integritat\";s:12:\"show_in_list\";i:1;}}',0,0,'C__CATG__CUSTOM_FIELDS_ANGABENZUMVERFAHREN','isys_catg_custom_fields_list','isys_cmdb_dao_category_g_custom_fields',0,2,'left',NULL),
(2,2,'LC__CATEGORY__PRIVACY_RISK_MANAGEMENT','a:5:{s:15:\"c_1501763625226\";a:5:{s:4:\"type\";s:7:\"f_popup\";s:5:\"popup\";s:11:\"dialog_plus\";s:5:\"title\";s:9:\"Bedrohung\";s:10:\"identifier\";s:9:\"Bedrohung\";s:12:\"show_in_list\";i:1;}s:15:\"c_1501763647066\";a:6:{s:4:\"type\";s:7:\"f_popup\";s:5:\"popup\";s:11:\"dialog_plus\";s:5:\"title\";s:25:\"Bedrohte Sicherheitsziele\";s:10:\"identifier\";s:25:\"Bedrohte_Sicherheitsziele\";s:14:\"multiselection\";i:1;s:12:\"show_in_list\";i:1;}s:15:\"c_1501763663810\";a:3:{s:4:\"type\";s:9:\"f_wysiwyg\";s:5:\"title\";s:13:\"Risikoanalyse\";s:12:\"show_in_list\";i:1;}s:15:\"c_1501763681632\";a:5:{s:4:\"type\";s:7:\"f_popup\";s:5:\"popup\";s:11:\"dialog_plus\";s:5:\"title\";s:6:\"Risiko\";s:10:\"identifier\";s:6:\"Risiko\";s:12:\"show_in_list\";i:1;}s:15:\"c_1509962289510\";a:6:{s:4:\"type\";s:7:\"f_popup\";s:5:\"popup\";s:14:\"browser_object\";s:5:\"title\";s:50:\"Maßnahmen zum angemessenen Schutz gem. Artikel 32\";s:10:\"identifier\";s:2:\"48\";s:14:\"multiselection\";i:1;s:12:\"show_in_list\";i:1;}}',0,0,'C__CATG__CUSTOM_FIELDS_RISIKOMANAGEMENT','isys_catg_custom_fields_list','isys_cmdb_dao_category_g_custom_fields',1,2,'left',NULL),
(3,2,'LC__OBJTYPE__PRIVACY_IT_COMPOSITE','a:1:{s:15:\"c_1509961693825\";a:6:{s:4:\"type\";s:7:\"f_popup\";s:5:\"popup\";s:14:\"browser_object\";s:5:\"title\";s:37:\"Zugewiesene Verarbeitungstätigkeiten\";s:10:\"identifier\";s:2:\"46\";s:14:\"multiselection\";i:1;s:12:\"show_in_list\";i:1;}}',0,0,'C__CATG__CUSTOM_FIELDS_INFORMATIONSVERBUNG','isys_catg_custom_fields_list','isys_cmdb_dao_category_g_custom_fields',0,2,'left',NULL),
(4,2,'LC__OBJTYPE__PRIVACY_DATA_CATAGORIES','a:3:{s:15:\"c_1501763121220\";a:4:{s:4:\"type\";s:8:\"f_dialog\";s:5:\"extra\";s:6:\"yes-no\";s:5:\"title\";s:37:\"Besondere Kategorie gemäß Artikel 9\";s:12:\"show_in_list\";i:1;}s:15:\"c_1501768628149\";a:5:{s:4:\"type\";s:7:\"f_popup\";s:5:\"popup\";s:11:\"dialog_plus\";s:5:\"title\";s:11:\"Datenklasse\";s:10:\"identifier\";s:11:\"Datenklasse\";s:12:\"show_in_list\";i:1;}s:15:\"c_1501763138010\";a:4:{s:4:\"type\";s:8:\"f_dialog\";s:5:\"extra\";s:6:\"yes-no\";s:5:\"title\";s:57:\"Daten über strafrechtliche Verurteilungen und Straftaten\";s:12:\"show_in_list\";i:1;}}',0,0,'C__CATG__CUSTOM_FIELDS_DATENKATEGORIE','isys_catg_custom_fields_list','isys_cmdb_dao_category_g_custom_fields',0,2,'left',NULL),
(5,2,'LC__OBJTYPE__PRIVACY_DATA_CATAGORIES_ASSIGNMENT','a:9:{s:15:\"c_1503569234510\";a:3:{s:4:\"type\";s:6:\"f_text\";s:5:\"title\";s:11:\"Bezeichnung\";s:12:\"show_in_list\";i:1;}s:15:\"c_1503563013173\";a:4:{s:4:\"type\";s:7:\"f_popup\";s:5:\"popup\";s:14:\"browser_object\";s:5:\"title\";s:19:\"Betroffene Personen\";s:12:\"show_in_list\";i:1;}s:15:\"c_1512138332131\";a:5:{s:4:\"type\";s:7:\"f_popup\";s:5:\"popup\";s:14:\"browser_object\";s:5:\"title\";s:14:\"Datenkategorie\";s:14:\"multiselection\";i:1;s:12:\"show_in_list\";i:1;}s:15:\"c_1501769914393\";a:6:{s:4:\"type\";s:7:\"f_popup\";s:5:\"popup\";s:11:\"dialog_plus\";s:5:\"title\";s:37:\"Rechtsgrundlage für die Verarbeitung\";s:10:\"identifier\";s:36:\"Rechtsgrundlage_fur_die_Verarbeitung\";s:14:\"multiselection\";i:1;s:12:\"show_in_list\";i:1;}s:15:\"c_1511522422382\";a:3:{s:4:\"type\";s:9:\"f_wysiwyg\";s:5:\"title\";s:56:\"Welche Rechtsgrundlage beziehungsweise welches Interesse\";s:12:\"show_in_list\";i:1;}s:15:\"c_1503580877383\";a:5:{s:4:\"type\";s:7:\"f_popup\";s:5:\"popup\";s:14:\"browser_object\";s:5:\"title\";s:20:\"Datenübermittlungen\";s:14:\"multiselection\";i:1;s:12:\"show_in_list\";i:1;}s:15:\"c_1503583263697\";a:5:{s:4:\"type\";s:7:\"f_popup\";s:5:\"popup\";s:14:\"browser_object\";s:5:\"title\";s:12:\"Datenzugriff\";s:14:\"multiselection\";i:1;s:12:\"show_in_list\";i:1;}s:15:\"c_1511522199642\";a:4:{s:4:\"type\";s:8:\"f_dialog\";s:5:\"extra\";s:6:\"yes-no\";s:5:\"title\";s:30:\"Bei betroffenen Person erhoben\";s:12:\"show_in_list\";i:1;}s:15:\"c_1507133041837\";a:3:{s:4:\"type\";s:6:\"f_text\";s:5:\"title\";s:61:\"Datenherkunft (wenn nicht bei der betroffenen Person erhoben)\";s:12:\"show_in_list\";i:1;}}',0,0,'C__CATG__CUSTOM_FIELDS_DATENKATEGORIEZUWEISUNG','isys_catg_custom_fields_list','isys_cmdb_dao_category_g_custom_fields',1,2,'left',NULL),
(6,2,'LC__OBJTYPE__PRIVACY_IMPACT_ASSASSMENT','a:1:{s:15:\"c_1501763371176\";a:5:{s:4:\"type\";s:7:\"f_popup\";s:5:\"popup\";s:14:\"browser_object\";s:5:\"title\";s:30:\"Datenschutz-Folgenabschätzung\";s:10:\"identifier\";s:2:\"43\";s:12:\"show_in_list\";i:1;}}',0,0,'C__CATG__CUSTOM_FIELDS_DATENSCHUTZFOLGENABSCHTZUNG','isys_catg_custom_fields_list','isys_cmdb_dao_category_g_custom_fields',0,2,'left',NULL),
(7,2,'LC__OBJTYPE__PRIVACY_CONTRACT','a:1:{s:15:\"c_1501767233632\";a:4:{s:4:\"type\";s:7:\"f_popup\";s:5:\"popup\";s:14:\"browser_object\";s:5:\"title\";s:7:\"Vertrag\";s:12:\"show_in_list\";i:1;}}',0,0,'C__CATG__CUSTOM_FIELDS_DATENSCHUTZVERTRAG','isys_catg_custom_fields_list','isys_cmdb_dao_category_g_custom_fields',0,2,'left',NULL),
(8,2,'LC__OBJTYPE__PRIVACY_IT_CONTROLL','a:9:{s:15:\"c_1520256268615\";a:5:{s:4:\"type\";s:7:\"f_popup\";s:5:\"popup\";s:11:\"dialog_plus\";s:5:\"title\";s:9:\"Kategorie\";s:10:\"identifier\";s:9:\"Kategorie\";s:12:\"show_in_list\";i:1;}s:15:\"c_1509699586061\";a:3:{s:4:\"type\";s:9:\"f_wysiwyg\";s:5:\"title\";s:21:\"Details zur Umsetzung\";s:12:\"show_in_list\";i:1;}s:15:\"c_1509699628998\";a:5:{s:4:\"type\";s:7:\"f_popup\";s:5:\"popup\";s:11:\"dialog_plus\";s:5:\"title\";s:20:\"Status der Umsetzung\";s:10:\"identifier\";s:20:\"Status_der_Umsetzung\";s:12:\"show_in_list\";i:1;}s:15:\"c_1509699641630\";a:3:{s:4:\"type\";s:9:\"f_wysiwyg\";s:5:\"title\";s:11:\"Begründung\";s:12:\"show_in_list\";i:1;}s:15:\"c_1509699659024\";a:4:{s:4:\"type\";s:7:\"f_popup\";s:5:\"popup\";s:14:\"browser_object\";s:5:\"title\";s:12:\"Umsetung von\";s:12:\"show_in_list\";i:1;}s:15:\"c_1509699778851\";a:4:{s:4:\"type\";s:7:\"f_popup\";s:5:\"popup\";s:8:\"calendar\";s:5:\"title\";s:13:\"Umsetzung bis\";s:12:\"show_in_list\";i:1;}s:15:\"c_1509699799006\";a:4:{s:4:\"type\";s:7:\"f_popup\";s:5:\"popup\";s:8:\"calendar\";s:5:\"title\";s:25:\"Nächste Überprüfung am\";s:12:\"show_in_list\";i:1;}s:15:\"c_1509699833990\";a:4:{s:4:\"type\";s:7:\"f_popup\";s:5:\"popup\";s:14:\"browser_object\";s:5:\"title\";s:15:\"Überprüft von\";s:12:\"show_in_list\";i:1;}s:15:\"c_1509699964835\";a:5:{s:4:\"type\";s:7:\"f_popup\";s:5:\"popup\";s:11:\"dialog_plus\";s:5:\"title\";s:34:\"Ergebnis der letzten Überprüfung\";s:10:\"identifier\";s:32:\"Ergebnis_der_letzten_Uberprufung\";s:12:\"show_in_list\";i:1;}}',0,0,'C__CATG__CUSTOM_FIELDS_1509700012','isys_catg_custom_fields_list','isys_cmdb_dao_category_g_custom_fields',0,2,'left',NULL),
(9,2,'Datenübermittlung','a:5:{s:15:\"c_1501763433860\";a:3:{s:4:\"type\";s:9:\"f_wysiwyg\";s:5:\"title\";s:23:\"Zweck der Übermittlung\";s:12:\"show_in_list\";i:1;}s:15:\"c_1501763453985\";a:3:{s:4:\"type\";s:2:\"hr\";s:5:\"title\";s:0:\"\";s:12:\"show_in_list\";i:0;}s:15:\"c_1501763500529\";a:4:{s:4:\"type\";s:8:\"f_dialog\";s:5:\"extra\";s:6:\"yes-no\";s:5:\"title\";s:9:\"Drittland\";s:12:\"show_in_list\";i:1;}s:15:\"c_1501763517355\";a:5:{s:4:\"type\";s:7:\"f_popup\";s:5:\"popup\";s:14:\"browser_object\";s:5:\"title\";s:10:\"Empfänger\";s:14:\"multiselection\";i:1;s:12:\"show_in_list\";i:1;}s:15:\"c_1501763558796\";a:6:{s:4:\"type\";s:7:\"f_popup\";s:5:\"popup\";s:11:\"dialog_plus\";s:5:\"title\";s:51:\"Garantien gemäß Artikel 49 Absatz 1 Unterabsatz 2\";s:10:\"identifier\";s:49:\"Garantien_gemas_Artikel_49_Absatz_1_Unterabsatz_2\";s:14:\"multiselection\";i:1;s:12:\"show_in_list\";i:0;}}',0,0,'C__CATG__CUSTOM_FIELDS_DATENBERMITTLUNG','isys_catg_custom_fields_list','isys_cmdb_dao_category_g_custom_fields',0,2,'left',NULL),
(10,2,'Services','a:1:{s:15:\"c_1533130195788\";a:8:{s:4:\"type\";s:7:\"f_popup\";s:5:\"popup\";s:14:\"browser_object\";s:5:\"title\";s:7:\"Service\";s:10:\"identifier\";s:2:\"49\";s:14:\"multiselection\";i:1;s:10:\"visibility\";s:7:\"visible\";s:12:\"show_in_list\";i:1;s:11:\"show_inline\";i:0;}}',0,0,'C__CATG__CUSTOM_FIELDS_SERVICES','isys_catg_custom_fields_list','isys_cmdb_dao_category_g_custom_fields',1,2,'left',NULL),
(11,2,'Abrechnungskz','a:2:{s:19:\"c_17696144658324290\";a:7:{s:4:\"type\";s:7:\"f_popup\";s:5:\"popup\";s:11:\"dialog_plus\";s:5:\"title\";s:18:\"Verrechnungs-Kunde\";s:10:\"identifier\";s:18:\"VERRECHNUNGS_KUNDE\";s:10:\"visibility\";s:7:\"visible\";s:12:\"show_in_list\";b:1;s:11:\"show_inline\";b:0;}s:19:\"c_17696795696044070\";a:7:{s:4:\"type\";s:8:\"f_dialog\";s:5:\"extra\";s:6:\"yes-no\";s:5:\"title\";s:11:\"Verrechnung\";s:7:\"default\";s:2:\"-1\";s:10:\"visibility\";s:7:\"visible\";s:12:\"show_in_list\";b:0;s:11:\"show_inline\";b:0;}}',0,0,'C__CATG__CUSTOM_FIELDS_ABRECHNUNGSKZ','isys_catg_custom_fields_list','isys_cmdb_dao_category_g_custom_fields',0,2,'left','images/icons/silk/user_gray.png'),
(12,2,'Zuweisung virtueller Web Hosts','a:0:{}',0,0,'C__CATG__CUSTOM_FIELDS_1416763130','isys_catg_custom_fields_list','isys_cmdb_dao_category_g_custom_fields',1,2,'left',NULL),
(13,2,'Schutzbedarf','a:0:{}',0,0,'C__CATG__CUSTOM_FIELDS_SCHUTZBEDARF','isys_catg_custom_fields_list','isys_cmdb_dao_category_g_custom_fields',0,2,'left',NULL),
(14,2,'Schutzmaßnahmen','a:0:{}',0,0,'C__CATG__CUSTOM_FIELDS_SCHUTZMASSNAHMEN','isys_catg_custom_fields_list','isys_cmdb_dao_category_g_custom_fields',1,2,'left',NULL),
(15,2,'Wikiki ID','a:0:{}',0,0,'C__CATG__CUSTOM_FIELDS_WIKIKIID','isys_catg_custom_fields_list','isys_cmdb_dao_category_g_custom_fields',1,2,'left',NULL),
(16,2,'phpPassSafe','a:0:{}',0,0,'C__CATG__CUSTOM_FIELDS_PHPPASSSAFE','isys_catg_custom_fields_list','isys_cmdb_dao_category_g_custom_fields',0,2,'left',NULL),
(17,2,'Installierte Zertifikate','a:0:{}',0,0,'C__CATG__CUSTOM_FIELDS_INSTALLIERTE_ZERTIFIKATE','isys_catg_custom_fields_list','isys_cmdb_dao_category_g_custom_fields',0,2,'left',NULL),
(18,2,'Verarbeitungstätigkeiten','a:1:{s:15:\"c_1622791253392\";a:7:{s:4:\"type\";s:7:\"f_popup\";s:5:\"popup\";s:14:\"report_browser\";s:5:\"title\";s:25:\"Verarbeitungstätigkeiten\";s:10:\"identifier\";s:1:\"4\";s:10:\"visibility\";s:7:\"visible\";s:12:\"show_in_list\";i:1;s:11:\"show_inline\";i:0;}}',0,0,'C__CATG__CUSTOM_FIELDS_VERARBEITUNGSTTIGKEITEN','isys_catg_custom_fields_list','isys_cmdb_dao_category_g_custom_fields',0,2,'left',NULL),
(19,2,'LC__MODULE__PRIVACY__PROCESSINGS__OF_ORGANISATION','a:1:{s:15:\"c_1626800401516\";a:7:{s:4:\"type\";s:7:\"f_popup\";s:5:\"popup\";s:14:\"report_browser\";s:5:\"title\";s:31:\"LC__OBJTYPE__PRIVACY_PROCESSING\";s:10:\"identifier\";i:5;s:10:\"visibility\";s:7:\"visible\";s:12:\"show_in_list\";i:1;s:11:\"show_inline\";i:0;}}',0,0,'C__CATG__CUSTOM_FIELDS_PROCESSINGS_OF_ORGANISATION','isys_catg_custom_fields_list','isys_cmdb_dao_category_g_custom_fields',0,2,'left',NULL),
(20,2,'Tickets der Organisation','a:1:{s:19:\"c_17620207123954750\";a:5:{s:4:\"type\";s:6:\"script\";s:5:\"title\";s:6394:\"// Fetch tickets from zammad-external-data\n\n// Store a unique marker in the script itself, then find it (couldn’t find a better way to place the table in the DOM)\nvar currentScript = document.currentScript || (function() {\n    var scripts = document.getElementsByTagName(\'script\');\n    for (var i = 0; i < scripts.length; i++) {\n        if (scripts[i].textContent.indexOf(\'UNIQUE_MARKER_12345\') > -1) {\n            return scripts[i];\n        }\n    }\n    return scripts[scripts.length - 1];\n})();\nvar container = currentScript.parentElement;\n\n// Configuration\nvar proxyUrl = \'https://itsmcloud.bludenz.at/i-doit/zammad-external-data\'; // Replace with your actual proxy URL\nvar zammadBaseURL = \'https://zammad.bludenz.at\'; // Replace with your actual zammad URL\n\n// Get object ID from URL parameter\nvar objectID = new URLSearchParams(window.location.search).get(\'objID\')\n\n// Show loading message\ncontainer.innerHTML = \'<p style=\"padding: 10px;\">Loading tickets...</p>\';\n\n// Fetch tickets through proxy\nvar xhr = new XMLHttpRequest();\nxhr.open(\'GET\', proxyUrl + \'/zammad/tickets?query=idoit_organization.value:\' + objectID, true);\n\nxhr.onload = function() {\n    if (xhr.status >= 200 && xhr.status < 300) {\n        var response = JSON.parse(xhr.responseText);\n\n        // Clear loading message\n        container.innerHTML = \'\';\n\n        // Check for errors\n        if (response.error) {\n            container.innerHTML = \'<p style=\"color: red; padding: 10px;\">Error: \' + response.error + \'</p>\';\n            return;\n        }\n\n        // Response is directly an array of tickets\n        var tickets = Array.isArray(response) ? response : [];\n\n        // Check if we have tickets\n        if (tickets.length === 0) {\n            container.innerHTML = \'<p style=\"padding: 10px;\">No tickets found for this organisation.</p>\';\n            return;\n        }\n\n        // Create wrapper div for margin\n        var wrapper = document.createElement(\'div\');\n        wrapper.style.margin = \'10px 20px\';\n\n        // Create table\n        var table = document.createElement(\'table\');\n        table.style.width = \'100%\';\n        table.style.borderCollapse = \'collapse\';\n\n        // Create header\n        var thead = document.createElement(\'thead\');\n        var headerRow = document.createElement(\'tr\');\n\n        var headers = [\'Subject\', \'State\', \'Owner\', \'Created at\', \'Updated at\', \'Priority\', \"Group\", \"\"];\n        headers.forEach(function(headerText) {\n            var th = document.createElement(\'th\');\n            th.textContent = headerText;\n            th.style.border = \'1px solid #ddd\';\n            th.style.padding = \'8px\';\n            th.style.backgroundColor = \'#f2f2f2\';\n            th.style.textAlign = \'left\';\n            th.style.fontWeight = \'bold\';\n            headerRow.appendChild(th);\n        });\n\n        thead.appendChild(headerRow);\n        table.appendChild(thead);\n\n        // Create body with ticket data\n        var tbody = document.createElement(\'tbody\');\n\n        tickets.forEach(function(ticket, index) {\n            var tr = document.createElement(\'tr\');\n            if (index % 2 === 0) {\n                tr.style.backgroundColor = \'#f9f9f9\';\n            }\n\n            // Title\n            var tdTitle = document.createElement(\'td\');\n            tdTitle.textContent = ticket.title || \'-\';\n            tdTitle.style.border = \'1px solid #ddd\';\n            tdTitle.style.padding = \'8px\';\n            tr.appendChild(tdTitle);\n\n            // State\n            var tdState = document.createElement(\'td\');\n            tdState.textContent = ticket.state || \'-\';\n            tdState.style.border = \'1px solid #ddd\';\n            tdState.style.padding = \'8px\';\n            tr.appendChild(tdState);\n\n            // Owner\n            var tdOwner = document.createElement(\'td\');\n            tdOwner.textContent = ticket.owner || \'-\';\n            tdOwner.style.border = \'1px solid #ddd\';\n            tdOwner.style.padding = \'8px\';\n            tr.appendChild(tdOwner);\n\n            // created at \n            var tdCreatedAt = document.createElement(\'td\');\n            tdCreatedAt.textContent = ticket.created_at || \'-\';\n            tdCreatedAt.style.border = \'1px solid #ddd\';\n            tdCreatedAt.style.padding = \'8px\';\n            tr.appendChild(tdCreatedAt);\n\n            // created at \n            var tdUpdatedAt = document.createElement(\'td\');\n            tdUpdatedAt.textContent = ticket.updated_at || \'-\';\n            tdUpdatedAt.style.border = \'1px solid #ddd\';\n            tdUpdatedAt.style.padding = \'8px\';\n            tr.appendChild(tdUpdatedAt);\n\n\n\n            // Priority\n            var tdPriority = document.createElement(\'td\');\n            tdPriority.textContent = ticket.priority || \'-\';\n            tdPriority.style.border = \'1px solid #ddd\';\n            tdPriority.style.padding = \'8px\';\n            tr.appendChild(tdPriority);\n            \n            // Group\n            var tdGroup = document.createElement(\'td\');\n            tdGroup.textContent = ticket.group || \'-\';\n            tdGroup.style.border = \'1px solid #ddd\';\n            tdGroup.style.padding = \'8px\';\n            tr.appendChild(tdGroup);\n\n            // Link to ticket (https://zammad.panic.at/#ticket/zoom/id)\n            var tdLink = document.createElement(\'td\');\n            tdLink.style.border = \'1px solid #ddd\';\n            tdLink.style.padding = \'8px\';\n\n            var link = document.createElement(\'a\');\n            link.href = zammadBaseURL + \'/#ticket/zoom/\' + ticket.id;\n            link.className = \'btn\';\n            link.target = \'_blank\';\n\n            var img = document.createElement(\'img\');\n            img.src = \'images/axialis/basic/link.svg\';\n            img.alt = \'\';\n\n            var span = document.createElement(\'span\');\n            span.textContent = \'Open in Zammad\';\n\n            link.appendChild(img);\n            link.appendChild(span);\n            tdLink.appendChild(link);\n            tr.appendChild(tdLink);\n\n            tbody.appendChild(tr);\n        });\n\n        table.appendChild(tbody);\n        wrapper.appendChild(table);\n        container.appendChild(wrapper);\n\n    } else {\n        container.innerHTML = \'<p style=\"color: red; padding: 10px;\">Error loading tickets: \' + xhr.status + \'</p>\';\n    }\n};\n\nxhr.onerror = function() {\n    container.innerHTML = \'<p style=\"color: red; padding: 10px;\">Network error occurred while loading tickets</p>\';\n};\n\nxhr.send();\";s:10:\"visibility\";s:7:\"visible\";s:12:\"show_in_list\";b:0;s:11:\"show_inline\";b:0;}}',0,0,'C__CATG__CUSTOM_FIELDS_TICKETS_DER_ORGANISATION','isys_catg_custom_fields_list','isys_cmdb_dao_category_g_custom_fields',0,2,'left',NULL),
(21,2,'In- und Außerbetriebnahme','a:2:{s:19:\"c_17628531837605970\";a:8:{s:4:\"type\";s:7:\"f_popup\";s:5:\"popup\";s:8:\"calendar\";s:5:\"extra\";s:13:\"date-datetime\";s:5:\"title\";s:14:\"Inbetriebnahme\";s:7:\"default\";s:2:\"-1\";s:10:\"visibility\";s:7:\"visible\";s:12:\"show_in_list\";b:0;s:11:\"show_inline\";b:0;}s:19:\"c_17628531837609291\";a:8:{s:4:\"type\";s:7:\"f_popup\";s:5:\"popup\";s:8:\"calendar\";s:5:\"extra\";s:13:\"date-datetime\";s:5:\"title\";s:18:\"Außerbetriebnahme\";s:7:\"default\";s:2:\"-1\";s:10:\"visibility\";s:7:\"visible\";s:12:\"show_in_list\";b:0;s:11:\"show_inline\";b:0;}}',0,0,'C__CATG__CUSTOM_FIELDS_IN_UND_AUSSERBETRIEBNAHME','isys_catg_custom_fields_list','isys_cmdb_dao_category_g_custom_fields',0,2,'left','images/axialis/basic/clock.svg'),
(22,2,'Ein- und Austrittsdatum','a:2:{s:19:\"c_17628546009944330\";a:8:{s:4:\"type\";s:7:\"f_popup\";s:5:\"popup\";s:8:\"calendar\";s:5:\"extra\";s:13:\"date-datetime\";s:5:\"title\";s:14:\"Eintrittsdatum\";s:7:\"default\";s:2:\"-1\";s:10:\"visibility\";s:7:\"visible\";s:12:\"show_in_list\";b:0;s:11:\"show_inline\";b:0;}s:19:\"c_17628546009946731\";a:8:{s:4:\"type\";s:7:\"f_popup\";s:5:\"popup\";s:8:\"calendar\";s:5:\"extra\";s:13:\"date-datetime\";s:5:\"title\";s:14:\"Austrittsdatum\";s:7:\"default\";s:2:\"-1\";s:10:\"visibility\";s:7:\"visible\";s:12:\"show_in_list\";b:0;s:11:\"show_inline\";b:0;}}',0,0,'C__CATG__CUSTOM_FIELDS_EIN_UND_AUSTRITTSDATUM','isys_catg_custom_fields_list','isys_cmdb_dao_category_g_custom_fields',0,2,'left','images/axialis/basic/clock.svg'),
(23,2,'Aktive Personen der Organisation','a:1:{s:19:\"c_17628549947399050\";a:7:{s:4:\"type\";s:7:\"f_popup\";s:5:\"popup\";s:14:\"report_browser\";s:5:\"title\";s:15:\"Aktive Personen\";s:10:\"identifier\";s:32:\"C__AKTIVE_ZUGEWIESENE_PERSONEN_D\";s:10:\"visibility\";s:7:\"visible\";s:12:\"show_in_list\";b:0;s:11:\"show_inline\";b:0;}}',0,0,'C__CATG__CUSTOM_FIELDS_AKTIVE_PERSONEN_DER_ORGANISATION','isys_catg_custom_fields_list','isys_cmdb_dao_category_g_custom_fields',0,2,'left',NULL),
(24,2,'Label Printer','a:1:{s:19:\"c_17684091245637440\";a:5:{s:4:\"type\";s:6:\"script\";s:5:\"title\";s:7952:\"(function() {\n    \'use strict\';\n\n    // Configuration - Auto-generated API URL\n    const API_BASE_URL = \'https://itsmcloud.bludenz.at/label_printer/api/label\';\n\n    let formWrapper = null;\n    let scriptElement = null;\n\n    function tryInitialize() {\n        const scripts = document.querySelectorAll(\'script[type=\"text/javascript\"]\');\n        for (let i = scripts.length - 1; i >= 0; i--) {\n            if (scripts[i].textContent && scripts[i].textContent.includes(\'label-generator-wrapper\')) {\n                scriptElement = scripts[i];\n                break;\n            }\n        }\n        if (!scriptElement) return false;\n        if (!scriptElement.parentElement || !document.body.contains(scriptElement.parentElement)) return false;\n        formWrapper = document.createElement(\'div\');\n        formWrapper.className = \'label-generator-wrapper\';\n        scriptElement.parentElement.insertBefore(formWrapper, scriptElement.nextSibling);\n        initializeLabelGenerator(formWrapper);\n        return true;\n    }\n\n    function getObjectIdFromUrl() {\n        const urlParams = new URLSearchParams(window.location.search);\n        return urlParams.get(\'objID\');\n    }\n\n    async function fetchLabelDefinitions() {\n        try {\n            const response = await fetch(API_BASE_URL + \'/definitions\');\n            if (!response.ok) throw new Error(\'Failed to fetch label definitions\');\n            return await response.json();\n        } catch (error) {\n            console.error(\'Error fetching label definitions:\', error);\n            return [];\n        }\n    }\n\n    async function generateAndDownloadLabel(objectId, labelDefinitionId, offset) {\n        try {\n            const response = await fetch(API_BASE_URL + \'/generate\', {\n                method: \'POST\',\n                headers: { \'Content-Type\': \'application/x-www-form-urlencoded\' },\n                body: new URLSearchParams({ objectId: objectId, labelDefinitionId: labelDefinitionId, offset: offset })\n            });\n            if (!response.ok) {\n                const error = await response.json();\n                throw new Error(error.error || \'Failed to generate label\');\n            }\n            const contentDisposition = response.headers.get(\'Content-Disposition\');\n            const filename = contentDisposition ? contentDisposition.split(\'filename=\')[1].replace(/\"/g, \'\') : \'label.pdf\';\n            const blob = await response.blob();\n            const url = window.URL.createObjectURL(blob);\n            const a = document.createElement(\'a\');\n            a.href = url;\n            a.download = filename;\n            document.body.appendChild(a);\n            a.click();\n            window.URL.revokeObjectURL(url);\n            document.body.removeChild(a);\n        } catch (error) {\n            console.error(\'Failed to generate label:\', error);\n            throw error;\n        }\n    }\n\n    async function initializeLabelGenerator(formWrapper) {\n        const objectId = getObjectIdFromUrl();\n        if (!objectId) {\n            formWrapper.innerHTML = \'<div style=\"padding: 15px; background: #fff3cd; border: 1px solid #ffc107; border-radius: 4px; color: #856404;\"><strong>Warning:</strong> No objID found in URL</div>\';\n            return;\n        }\n        formWrapper.innerHTML = \'<div style=\"padding: 15px; background: #f9f9f9; border: 1px solid #ddd; border-radius: 4px;\">Loading label definitions...</div>\';\n        const labelDefinitions = await fetchLabelDefinitions();\n        if (labelDefinitions.length === 0) {\n            formWrapper.innerHTML = \'<div style=\"padding: 15px; background: #f8d7da; border: 1px solid #f5c6cb; border-radius: 4px; color: #721c24;\"><strong>Error:</strong> No label definitions available or failed to load</div>\';\n            return;\n        }\n        let optionsHtml = \'<option value=\"\">-- Select Label Definition --</option>\';\n        labelDefinitions.forEach(function(def) {\n            optionsHtml += \'<option value=\"\' + def.id + \'\">\' + def.title + \' (\' + def.driver + \')</option>\';\n        });\n        const formContainer = document.createElement(\'div\');\n        formContainer.innerHTML = \'<form id=\"label-generator-form-\' + objectId + \'\"><table class=\"contentTable\"><tbody><tr><td class=\"key\"><label>Label Definition:</label></td><td class=\"value\"><div class=\"ml20 input-group input-size-normal\"><select class=\"input label-def-select\" required>\' + optionsHtml + \'</select></div></td></tr><tr><td class=\"key\"><label>Offset:</label></td><td class=\"value\"><div class=\"ml20 input-group input-size-normal\"><input class=\"input label-offset-input\" type=\"number\" value=\"0\" min=\"0\" placeholder=\"Enter offset (default: 0)\"/></div></td></tr><tr><td class=\"key\"></td><td class=\"value\"><div class=\"ml20 input-group input-size-normal\"><button class=\"btn\" type=\"submit\">Generate Label</button></div></td></tr></tbody></table><div class=\"status-msg\" style=\"margin-top: 15px; padding: 10px; display: none; border-radius: 4px;\"></div></form>\';\n        formWrapper.innerHTML = \'\';\n        formWrapper.appendChild(formContainer);\n        const form = formContainer.querySelector(\'form\');\n        const labelDefinitionIdInput = formContainer.querySelector(\'.label-def-select\');\n        const offsetInput = formContainer.querySelector(\'.label-offset-input\');\n        const statusMessage = formContainer.querySelector(\'.status-msg\');\n        const submitButton = formContainer.querySelector(\'button[type=\"submit\"]\');\n        form.addEventListener(\'submit\', async function(e) {\n            e.preventDefault();\n            const labelDefinitionId = labelDefinitionIdInput.value;\n            const offset = offsetInput.value;\n            if (!labelDefinitionId) {\n                statusMessage.style.display = \'block\';\n                statusMessage.style.backgroundColor = \'#fff3cd\';\n                statusMessage.style.color = \'#856404\';\n                statusMessage.style.border = \'1px solid #ffeaa7\';\n                statusMessage.textContent = \'Please select a label definition\';\n                return;\n            }\n            submitButton.disabled = true;\n            submitButton.textContent = \'Generating...\';\n            statusMessage.style.display = \'block\';\n            statusMessage.style.backgroundColor = \'#d1ecf1\';\n            statusMessage.style.color = \'#0c5460\';\n            statusMessage.style.border = \'1px solid #bee5eb\';\n            statusMessage.textContent = \'Generating label...\';\n            try {\n                await generateAndDownloadLabel(objectId, labelDefinitionId, offset);\n                statusMessage.style.backgroundColor = \'#d4edda\';\n                statusMessage.style.color = \'#155724\';\n                statusMessage.style.border = \'1px solid #c3e6cb\';\n                statusMessage.textContent = \'Label generated successfully!\';\n                setTimeout(function() { statusMessage.style.display = \'none\'; }, 3000);\n            } catch (error) {\n                statusMessage.style.backgroundColor = \'#f8d7da\';\n                statusMessage.style.color = \'#721c24\';\n                statusMessage.style.border = \'1px solid #f5c6cb\';\n                statusMessage.textContent = \'Error: \' + error.message;\n            } finally {\n                submitButton.disabled = false;\n                submitButton.textContent = \'Generate Label\';\n            }\n        });\n    }\n\n    if (tryInitialize()) return;\n    var retryCount = 0;\n    var maxRetries = 50;\n    var retryInterval = setInterval(function() {\n        retryCount++;\n        if (tryInitialize()) {\n            clearInterval(retryInterval);\n            return;\n        }\n        if (retryCount >= maxRetries) {\n            clearInterval(retryInterval);\n            console.error(\'Label generator: Could not initialize after multiple attempts\');\n        }\n    }, 100);\n    if (document.readyState === \'loading\') {\n        document.addEventListener(\'DOMContentLoaded\', function() {\n            if (!formWrapper) tryInitialize();\n        });\n    }\n})();\";s:10:\"visibility\";s:7:\"visible\";s:12:\"show_in_list\";b:0;s:11:\"show_inline\";b:0;}}',0,0,'C__CATG__CUSTOM_FIELDS_LABEL_PRINTER','isys_catg_custom_fields_list','isys_cmdb_dao_category_g_custom_fields',0,2,'left','images/axialis/documents-folders/document-color-grey.svg'),
(25,2,'Lebenszyklus','a:4:{s:19:\"c_17696927776912250\";a:7:{s:4:\"type\";s:7:\"f_popup\";s:5:\"popup\";s:14:\"browser_object\";s:5:\"title\";s:13:\"Ersetzt Host:\";s:10:\"identifier\";s:2:\"18\";s:10:\"visibility\";s:7:\"visible\";s:12:\"show_in_list\";b:0;s:11:\"show_inline\";b:0;}s:19:\"c_17696930246693680\";a:7:{s:4:\"type\";s:7:\"f_popup\";s:5:\"popup\";s:14:\"browser_object\";s:5:\"title\";s:25:\"wurde ersetzt durch Host:\";s:10:\"identifier\";s:2:\"18\";s:10:\"visibility\";s:7:\"visible\";s:12:\"show_in_list\";b:0;s:11:\"show_inline\";b:0;}s:19:\"c_17696932332509470\";a:8:{s:4:\"type\";s:7:\"f_popup\";s:5:\"popup\";s:8:\"calendar\";s:5:\"extra\";s:13:\"date-datetime\";s:5:\"title\";s:28:\"wurde ersetzt durch Host am:\";s:7:\"default\";s:2:\"-1\";s:10:\"visibility\";s:7:\"visible\";s:12:\"show_in_list\";b:0;s:11:\"show_inline\";b:1;}s:19:\"c_17708020932274500\";a:8:{s:4:\"type\";s:7:\"f_popup\";s:5:\"popup\";s:8:\"calendar\";s:5:\"extra\";s:13:\"date-datetime\";s:5:\"title\";s:11:\"Last Logon:\";s:7:\"default\";s:1:\"1\";s:10:\"visibility\";s:7:\"visible\";s:12:\"show_in_list\";b:0;s:11:\"show_inline\";b:0;}}',0,0,'C__CATG__CUSTOM_FIELDS_LEBENSZYKLUS','isys_catg_custom_fields_list','isys_cmdb_dao_category_g_custom_fields',0,2,'left','images/axialis/basic/history.svg'),
(26,2,'Zugewiesene Lizenzen','a:1:{s:18:\"c_1773333226481160\";a:7:{s:4:\"type\";s:7:\"f_popup\";s:5:\"popup\";s:14:\"report_browser\";s:5:\"title\";s:20:\"Zugewiesene Lizenzen\";s:10:\"identifier\";s:32:\"C__ZUGEWIESENE_LIZENZ_ZU_AKTUELL\";s:10:\"visibility\";s:7:\"visible\";s:12:\"show_in_list\";b:0;s:11:\"show_inline\";b:0;}}',0,0,'C__CATG__CUSTOM_FIELDS_ZUGEWIESENE_LIZENZEN','isys_catg_custom_fields_list','isys_cmdb_dao_category_g_custom_fields',0,2,'left','images/axialis/documents-folders/document-color-grey.svg');
COMMIT;

--
