-- Table structure for table `isys_connection_type`
--

CREATE TABLE `isys_connection_type` (
  `isys_connection_type__id` int(10) unsigned NOT NULL AUTO_INCREMENT,
  `isys_connection_type__title` varchar(255) NOT NULL,
  `isys_connection_type__description` longtext DEFAULT NULL,
  `isys_connection_type__const` varchar(100) DEFAULT NULL,
  `isys_connection_type__sort` int(10) NOT NULL,
  `isys_connection_type__status` tinyint(3) unsigned NOT NULL DEFAULT 1,
  `isys_connection_type__property` int(10) NOT NULL,
  PRIMARY KEY (`isys_connection_type__id`),
  KEY `isys_connection_type__title` (`isys_connection_type__title`)
) ENGINE=InnoDB AUTO_INCREMENT=11 DEFAULT CHARSET=utf8mb3 COLLATE=utf8mb3_unicode_ci;

--
-- Dumping data for table `isys_connection_type`
--

INSERT INTO `isys_connection_type` VALUES
(1,'RJ-45','','C__CONNECTION_TYPE__RJ45',1,2,0),
(2,'RJ-11','','C__CONNECTION_TYPE__RJ11',2,2,0),
(3,'MTRJ','','C__CONNECTION_TYPE__MTRJ',3,2,0),
(4,'LC__CATG__CONNECTOR__SCHUKO','','C__CONNECTION_TYPE__SCHUKO',4,2,0),
(5,'LC__CATG__CONNECTOR__IEC_POWER_CONNECTOR','','C__CONNECTION_TYPE__IEC_POWER_CONNECTOR',5,2,0),
(6,'LC','lucent connector','C__CONNECTION_TYPE__LC',6,2,0),
(7,'SC','subscriber connector','C__CONNECTION_TYPE__SC',7,2,0),
(8,'FC','',NULL,0,2,0),
(9,'RJ45','','',9,2,0),
(10,'FibreChannel','','',10,2,0);
COMMIT;

--
-- Table structure for table `isys_contact`
--

CREATE TABLE `isys_contact` (
  `isys_contact__id` int(10) unsigned NOT NULL AUTO_INCREMENT,
  `isys_contact__title` varchar(255) DEFAULT NULL,
  `isys_contact__description` longtext DEFAULT NULL,
  `isys_contact__status` tinyint(3) unsigned NOT NULL DEFAULT 1,
  `isys_contact__property` int(10) unsigned DEFAULT NULL,
  `isys_contact__isys_connection__id` int(10) unsigned DEFAULT NULL,
  PRIMARY KEY (`isys_contact__id`),
  KEY `isys_contact__isys_connection__id` (`isys_contact__isys_connection__id`),
  CONSTRAINT `isys_contact_ibfk_2` FOREIGN KEY (`isys_contact__isys_connection__id`) REFERENCES `isys_connection` (`isys_connection__id`) ON DELETE SET NULL ON UPDATE CASCADE
) ENGINE=InnoDB AUTO_INCREMENT=139 DEFAULT CHARSET=utf8mb3 COLLATE=utf8mb3_unicode_ci;

--
-- Dumping data for table `isys_contact`
--

INSERT INTO `isys_contact` VALUES
(1,NULL,NULL,2,0,NULL),
(2,NULL,NULL,2,0,NULL),
(3,NULL,NULL,2,0,NULL),
(4,NULL,NULL,2,0,NULL),
(5,NULL,NULL,2,0,NULL),
(6,NULL,NULL,2,0,NULL),
(7,NULL,NULL,2,0,NULL),
(8,NULL,NULL,2,0,NULL),
(9,NULL,NULL,2,0,NULL),
(10,NULL,NULL,2,0,NULL),
(11,NULL,NULL,2,0,NULL),
(12,NULL,NULL,2,0,NULL),
(13,NULL,NULL,2,0,NULL),
(14,NULL,NULL,2,0,NULL),
(15,NULL,NULL,2,0,NULL),
(16,NULL,NULL,2,0,NULL),
(17,NULL,NULL,2,0,NULL),
(18,NULL,NULL,2,0,NULL),
(19,NULL,NULL,2,0,NULL),
(20,NULL,NULL,2,0,NULL),
(21,NULL,NULL,2,0,NULL),
(22,NULL,NULL,2,0,NULL),
(23,NULL,NULL,2,0,NULL),
(24,NULL,NULL,2,0,NULL),
(25,NULL,NULL,2,0,NULL),
(26,NULL,NULL,2,0,NULL),
(27,NULL,NULL,2,0,NULL),
(28,NULL,NULL,2,0,NULL),
(29,NULL,NULL,2,0,NULL),
(30,NULL,NULL,2,0,NULL),
(31,NULL,NULL,2,0,NULL),
(32,NULL,NULL,2,0,NULL),
(33,NULL,NULL,2,0,NULL),
(34,NULL,NULL,2,0,NULL),
(35,NULL,NULL,2,0,NULL),
(36,NULL,NULL,2,0,NULL),
(37,NULL,NULL,2,0,NULL),
(38,NULL,NULL,2,0,NULL),
(39,NULL,NULL,2,0,NULL),
(40,NULL,NULL,2,0,NULL),
(41,NULL,NULL,2,0,NULL),
(42,NULL,NULL,2,0,NULL),
(43,NULL,NULL,2,0,NULL),
(44,NULL,NULL,2,0,NULL),
(45,NULL,NULL,2,0,NULL),
(46,NULL,NULL,2,0,NULL),
(47,NULL,NULL,2,0,NULL),
(48,NULL,NULL,2,0,NULL),
(49,NULL,NULL,2,0,NULL),
(50,NULL,NULL,2,0,NULL),
(51,NULL,NULL,2,0,NULL),
(52,NULL,NULL,2,0,NULL),
(53,NULL,NULL,2,0,NULL),
(54,NULL,NULL,2,0,NULL),
(55,NULL,NULL,2,0,NULL),
(56,NULL,NULL,2,0,NULL),
(57,NULL,NULL,2,0,NULL),
(58,NULL,NULL,2,0,NULL),
(59,NULL,NULL,2,0,NULL),
(60,NULL,NULL,2,0,NULL),
(61,NULL,NULL,2,0,NULL),
(62,NULL,NULL,2,0,NULL),
(63,NULL,NULL,2,0,NULL),
(64,NULL,NULL,2,0,NULL),
(65,NULL,NULL,2,0,NULL),
(66,NULL,NULL,2,0,NULL),
(67,NULL,NULL,2,0,NULL),
(68,NULL,NULL,2,0,NULL),
(69,NULL,NULL,2,0,NULL),
(70,NULL,NULL,2,0,NULL),
(71,NULL,NULL,2,0,NULL),
(72,NULL,NULL,2,0,NULL),
(73,NULL,NULL,2,0,NULL),
(74,NULL,NULL,2,0,NULL),
(75,NULL,NULL,2,0,NULL),
(76,NULL,NULL,2,0,NULL),
(77,NULL,NULL,2,0,NULL),
(78,NULL,NULL,2,0,NULL),
(79,NULL,NULL,2,0,NULL),
(80,NULL,NULL,2,0,NULL),
(81,NULL,NULL,2,0,NULL),
(82,NULL,NULL,2,0,NULL),
(83,NULL,NULL,2,0,NULL),
(84,NULL,NULL,2,0,NULL),
(85,NULL,NULL,2,0,NULL),
(86,NULL,NULL,2,0,NULL),
(87,NULL,NULL,2,0,NULL),
(88,NULL,NULL,2,0,NULL),
(89,NULL,NULL,2,0,NULL),
(90,NULL,NULL,2,0,NULL),
(91,NULL,NULL,2,0,NULL),
(92,NULL,NULL,2,0,NULL),
(93,NULL,NULL,2,0,NULL),
(94,NULL,NULL,2,0,NULL),
(95,NULL,NULL,2,0,NULL),
(96,NULL,NULL,2,0,NULL),
(97,NULL,NULL,2,0,NULL),
(98,NULL,NULL,2,0,NULL),
(99,NULL,NULL,2,0,NULL),
(100,NULL,NULL,2,0,NULL),
(101,NULL,NULL,2,0,NULL),
(102,NULL,NULL,2,0,NULL),
(103,NULL,NULL,2,0,NULL),
(104,NULL,NULL,2,0,NULL),
(105,NULL,NULL,2,0,NULL),
(106,NULL,NULL,2,0,NULL),
(107,NULL,NULL,2,0,NULL),
(108,NULL,NULL,2,0,NULL),
(109,NULL,NULL,2,0,NULL),
(110,NULL,NULL,2,0,NULL),
(111,NULL,NULL,2,0,NULL),
(112,NULL,NULL,2,0,NULL),
(113,NULL,NULL,2,0,NULL),
(114,NULL,NULL,2,0,NULL),
(115,NULL,NULL,2,0,NULL),
(116,NULL,NULL,2,0,NULL),
(117,NULL,NULL,2,0,NULL),
(118,NULL,NULL,2,0,NULL),
(119,NULL,NULL,2,0,NULL),
(120,NULL,NULL,2,0,NULL),
(121,NULL,NULL,2,0,NULL),
(122,NULL,NULL,2,0,NULL),
(123,NULL,NULL,2,0,NULL),
(124,NULL,NULL,2,0,NULL),
(125,NULL,NULL,2,0,NULL),
(126,NULL,NULL,2,0,NULL),
(127,NULL,NULL,2,0,NULL),
(128,NULL,NULL,2,0,NULL),
(129,NULL,NULL,2,0,NULL),
(130,NULL,NULL,2,0,NULL),
(131,NULL,NULL,2,0,NULL),
(132,NULL,NULL,2,0,NULL),
(133,NULL,NULL,2,0,NULL),
(134,NULL,NULL,2,0,NULL),
(135,NULL,NULL,2,0,NULL),
(136,NULL,NULL,2,0,NULL),
(137,NULL,NULL,2,0,NULL),
(138,NULL,NULL,2,0,NULL);
COMMIT;

--
-- Table structure for table `isys_contact_2_isys_obj`
--

CREATE TABLE `isys_contact_2_isys_obj` (
  `isys_contact_2_isys_obj__id` int(10) unsigned NOT NULL AUTO_INCREMENT,
  `isys_contact_2_isys_obj__isys_obj__id` int(10) unsigned NOT NULL,
  `isys_contact_2_isys_obj__isys_contact__id` int(10) unsigned NOT NULL,
  PRIMARY KEY (`isys_contact_2_isys_obj__id`),
  KEY `isys_contact_2_isys_obj__isys_obj__id` (`isys_contact_2_isys_obj__isys_obj__id`),
  KEY `isys_contact_2_isys_obj__isys_contact__id` (`isys_contact_2_isys_obj__isys_contact__id`),
  CONSTRAINT `isys_contact_2_isys_obj__isys_contact__id__FK` FOREIGN KEY (`isys_contact_2_isys_obj__isys_contact__id`) REFERENCES `isys_contact` (`isys_contact__id`) ON DELETE CASCADE ON UPDATE CASCADE,
  CONSTRAINT `isys_contact_2_isys_obj__isys_obj__id__FK` FOREIGN KEY (`isys_contact_2_isys_obj__isys_obj__id`) REFERENCES `isys_obj` (`isys_obj__id`) ON DELETE CASCADE ON UPDATE CASCADE
) ENGINE=InnoDB AUTO_INCREMENT=264 DEFAULT CHARSET=utf8mb3 COLLATE=utf8mb3_unicode_ci;

--
-- Dumping data for table `isys_contact_2_isys_obj`
--

INSERT INTO `isys_contact_2_isys_obj` VALUES
(17,9602,4),
(34,26680,6),
(38,9602,7),
(39,4252,8),
(40,4252,9),
(41,4252,10),
(47,281,11),
(48,281,12),
(49,33557,13),
(50,33557,14),
(51,33557,15),
(52,33557,16),
(55,16439,18),
(56,16439,19),
(70,16439,22),
(76,37531,24),
(86,9602,23),
(91,9602,17),
(104,26620,1),
(105,5494,28),
(106,5494,29),
(107,6118,30),
(108,6118,31),
(109,39518,32),
(110,39518,33),
(111,39518,34),
(112,39518,35),
(113,39518,36),
(114,39518,37),
(115,39518,38),
(116,16439,39),
(117,16439,40),
(118,16439,41),
(119,16439,42),
(120,16439,43),
(121,16439,44),
(122,5109,45),
(123,5109,46),
(124,5109,47),
(125,5109,48),
(126,5109,49),
(127,5109,50),
(131,9602,20),
(132,37533,51),
(134,5109,53),
(135,5109,54),
(136,40906,55),
(137,41021,56),
(138,41021,57),
(139,41045,58),
(140,16439,59),
(141,16439,60),
(151,5109,62),
(152,16439,63),
(153,9602,26),
(157,16439,64),
(158,16439,65),
(164,16439,67),
(165,9602,61),
(169,9602,25),
(170,26337,25),
(171,9602,52),
(172,26337,52),
(173,41021,68),
(174,41021,69),
(175,41021,70),
(176,58364,71),
(179,9602,27),
(184,9602,66),
(185,26620,66),
(186,26620,5),
(187,9602,3),
(190,9602,21),
(191,26337,21),
(192,77010,73),
(194,77048,74),
(195,16439,75),
(196,16439,76),
(197,41045,77),
(200,26620,78),
(201,9602,72),
(202,37533,79),
(203,37533,80),
(204,108052,81),
(205,28307,82),
(206,26441,83),
(207,26698,84),
(208,26688,85),
(209,108067,86),
(210,26693,87),
(211,26693,88),
(212,26693,89),
(213,26680,91),
(214,26680,92),
(215,26680,93),
(216,108068,94),
(217,26680,95),
(218,26688,96),
(219,9602,2),
(220,9602,97),
(221,145452,98),
(223,16439,100),
(224,26337,101),
(225,9602,101),
(226,191375,102),
(227,191375,103),
(228,191375,104),
(229,191375,105),
(230,191375,106),
(231,191375,107),
(232,191375,108),
(233,191375,109),
(234,191375,110),
(235,191375,111),
(236,191375,112),
(237,191375,113),
(238,191375,114),
(239,191375,115),
(240,191375,116),
(241,191375,117),
(242,191375,118),
(243,191375,119),
(244,191375,120),
(245,191375,121),
(246,191375,122),
(247,191375,123),
(248,191375,124),
(249,191375,125),
(250,9602,99),
(251,40906,126),
(252,40906,127),
(253,40906,128),
(254,40906,129),
(255,40906,130),
(256,40906,131),
(257,40906,132),
(258,40906,133),
(259,40906,134),
(260,9602,135),
(261,9602,136),
(262,231230,137),
(263,231230,138);
COMMIT;

--
-- Table structure for table `isys_contact_tag`
--

CREATE TABLE `isys_contact_tag` (
  `isys_contact_tag__id` int(10) unsigned NOT NULL AUTO_INCREMENT,
  `isys_contact_tag__description` longtext DEFAULT NULL,
  `isys_contact_tag__title` varchar(255) DEFAULT NULL,
  `isys_contact_tag__const` varchar(255) DEFAULT NULL,
  `isys_contact_tag__sort` int(10) unsigned DEFAULT NULL,
  `isys_contact_tag__property` int(10) unsigned DEFAULT NULL,
  `isys_contact_tag__status` tinyint(3) unsigned NOT NULL DEFAULT 2,
  `isys_contact_tag__isys_relation_type__id` int(10) unsigned DEFAULT NULL,
  PRIMARY KEY (`isys_contact_tag__id`),
  KEY `isys_contact_tag_ibfk_1` (`isys_contact_tag__isys_relation_type__id`),
  CONSTRAINT `isys_contact_tag_ibfk_1` FOREIGN KEY (`isys_contact_tag__isys_relation_type__id`) REFERENCES `isys_relation_type` (`isys_relation_type__id`) ON DELETE SET NULL ON UPDATE CASCADE
) ENGINE=InnoDB AUTO_INCREMENT=28 DEFAULT CHARSET=utf8mb3 COLLATE=utf8mb3_unicode_ci;

--
-- Dumping data for table `isys_contact_tag`
--

INSERT INTO `isys_contact_tag` VALUES
(1,NULL,'LC__CMDB__CONTACT__ROLE__ADMINISTRATOR','C__CONTACT_TYPE__ADMIN',1,NULL,2,4),
(2,NULL,'LC__CMDB__CONTACT__ROLE__USER','C__CONTACT_TYPE__USER',2,NULL,2,5),
(3,NULL,'LC__CMDB__CONTACT__ROLE__SUPPLIER','C__CONTACT_TYPE__SUPPLIER',2,NULL,2,5),
(4,NULL,'LC__CMDB__CONTACT__ROLE__JURISDICTION','C__CONTACT_TYPE__JURISDICTION',2,NULL,2,5),
(5,NULL,'LC__CMDB__CONTACT__ROLE__CONTACT','C__CONTACT_TYPE__CONTACT',2,NULL,2,5),
(6,NULL,'LC__CMDB__CONTACT__ROLE__CONTRACT_PARTNER','C__CONTACT_TYPE__CONTRACT_PARTNER',2,NULL,2,5),
(7,NULL,'LC__CMDB__CONTACT__ROLE__NOTIFICATIONS','C__CONTACT_TYPE__NOTIFICATIONS',2,NULL,2,5),
(8,NULL,'LC__CMDB__CONTACT__ROLE__NAGIOS','C__CONTACT_TYPE__NAGIOS',2,NULL,2,5),
(9,NULL,'LC__CMDB__CONTACT__ROLE__SERVICE_MANAGER','C__CONTACT_TYPE__SERVICE_MANAGER',NULL,NULL,2,4),
(10,NULL,'LC__MODULE__PRIVACY__ROLE__CONTROLLER','C__MODULE__PRIVACY__ROLE__CONTROLLER',NULL,NULL,2,5),
(11,NULL,'LC__MODULE__PRIVACY__ROLE__PROCESSOR','C__MODULE__PRIVACY__ROLE__PROCESSOR',NULL,NULL,2,5),
(12,NULL,'LC__MODULE__PRIVACY__ROLE__RESPONSIBLE','C__MODULE__PRIVACY__ROLE__RESPONSIBLE',NULL,NULL,2,NULL),
(13,NULL,'LC__MODULE__PRIVACY__ROLE__DPOFFICER','C__MODULE__PRIVACY__ROLE__DPOFFICER',NULL,NULL,2,5),
(14,NULL,'Verantwortlicher',NULL,NULL,NULL,2,5),
(15,NULL,'Eigentümer',NULL,NULL,NULL,2,5),
(16,NULL,'LC__CMDB__CONTACT__ROLE__MONITORING','C__CONTACT_TYPE__MONITORING',NULL,NULL,2,4),
(17,NULL,'LC__MODULE__PRIVACY__ROLE__JOINT_CONTROLLER','C__MODULE__PRIVACY__ROLE__JOINT_CONTROLLER',NULL,NULL,2,5),
(18,NULL,'Koordinatioren IT-Region im Sinne der DSGVO',NULL,NULL,NULL,2,5),
(19,NULL,'Bürgermeister',NULL,NULL,NULL,2,5),
(20,NULL,'Vereinsobmann',NULL,NULL,NULL,2,5),
(21,NULL,'Auftraggeber im Sinne der DSGVO',NULL,NULL,NULL,2,5),
(22,NULL,'Vereins/Verbandsmitglied als Auftraggeber',NULL,NULL,NULL,2,5),
(23,NULL,'Key User',NULL,NULL,NULL,2,5),
(24,NULL,'ITLV Vertragspartner',NULL,NULL,NULL,2,5),
(25,NULL,'VPV-Admin',NULL,NULL,NULL,2,5),
(26,NULL,'Mitglied',NULL,NULL,NULL,2,NULL),
(27,NULL,'Mitglied außerordentlich',NULL,NULL,NULL,2,NULL);
COMMIT;

--
-- Table structure for table `isys_container`
--

CREATE TABLE `isys_container` (
  `isys_container__id` int(10) NOT NULL AUTO_INCREMENT,
  `isys_container__isys_obj__id` int(10) unsigned NOT NULL COMMENT 'connection to object of object-type container',
  `isys_container__isys_obj__id__parent` int(10) unsigned DEFAULT NULL,
  `isys_container__isys_obj__id__child` int(10) unsigned DEFAULT NULL,
  PRIMARY KEY (`isys_container__id`),
  KEY `isys_container__isys_obj__id__parent` (`isys_container__isys_obj__id__parent`),
  KEY `isys_container__isys_obj__id__child` (`isys_container__isys_obj__id__child`),
  KEY `isys_container__isys_obj__id` (`isys_container__isys_obj__id`),
  CONSTRAINT `isys_container_ibfk_1` FOREIGN KEY (`isys_container__isys_obj__id__child`) REFERENCES `isys_obj` (`isys_obj__id`) ON DELETE CASCADE,
  CONSTRAINT `isys_container_ibfk_2` FOREIGN KEY (`isys_container__isys_obj__id`) REFERENCES `isys_obj` (`isys_obj__id`) ON DELETE CASCADE,
  CONSTRAINT `isys_container_ibfk_3` FOREIGN KEY (`isys_container__isys_obj__id__parent`) REFERENCES `isys_obj` (`isys_obj__id`) ON DELETE CASCADE
) ENGINE=InnoDB DEFAULT CHARSET=utf8mb3 COLLATE=utf8mb3_unicode_ci;

--
-- Dumping data for table `isys_container`
--

COMMIT;

--
-- Table structure for table `isys_contract_end_type`
--

CREATE TABLE `isys_contract_end_type` (
  `isys_contract_end_type__id` int(11) NOT NULL AUTO_INCREMENT,
  `isys_contract_end_type__title` varchar(255) DEFAULT NULL,
  `isys_contract_end_type__description` longtext DEFAULT NULL,
  `isys_contract_end_type__const` varchar(255) DEFAULT NULL,
  `isys_contract_end_type__property` int(11) DEFAULT NULL,
  `isys_contract_end_type__sort` int(11) DEFAULT NULL,
  `isys_contract_end_type__status` tinyint(3) unsigned NOT NULL DEFAULT 2,
  PRIMARY KEY (`isys_contract_end_type__id`),
  KEY `isys_contract_end_type__title` (`isys_contract_end_type__title`)
) ENGINE=InnoDB AUTO_INCREMENT=3 DEFAULT CHARSET=utf8mb3 COLLATE=utf8mb3_unicode_ci;

--
-- Dumping data for table `isys_contract_end_type`
--

INSERT INTO `isys_contract_end_type` VALUES
(1,'LC__DIALOG__NOTICE',NULL,'C__DIALOG__NOTICE',NULL,NULL,2),
(2,'LC__DIALOG__PERIOD',NULL,'C__DIALOG__PERIOD',NULL,NULL,2);
COMMIT;

--
-- Table structure for table `isys_contract_notice_period_type`
--

CREATE TABLE `isys_contract_notice_period_type` (
  `isys_contract_notice_period_type__id` int(10) unsigned NOT NULL AUTO_INCREMENT,
  `isys_contract_notice_period_type__title` varchar(255) DEFAULT NULL,
  `isys_contract_notice_period_type__description` longtext DEFAULT NULL,
  `isys_contract_notice_period_type__const` varchar(255) DEFAULT NULL,
  `isys_contract_notice_period_type__property` int(10) DEFAULT NULL,
  `isys_contract_notice_period_type__sort` int(10) DEFAULT NULL,
  `isys_contract_notice_period_type__status` tinyint(3) unsigned NOT NULL DEFAULT 2,
  PRIMARY KEY (`isys_contract_notice_period_type__id`),
  KEY `isys_contract_notice_period_type__title` (`isys_contract_notice_period_type__title`)
) ENGINE=InnoDB AUTO_INCREMENT=3 DEFAULT CHARSET=utf8mb3 COLLATE=utf8mb3_unicode_ci;

--
-- Dumping data for table `isys_contract_notice_period_type`
--

INSERT INTO `isys_contract_notice_period_type` VALUES
(1,'LC__CATG__CONTRACT__FROM_NOTICE_DATE',NULL,'C__CONTRACT__FROM_NOTICE_DATE',NULL,NULL,2),
(2,'LC__CATG__CONTRACT__ON_CONTRACT_END',NULL,'C__CONTRACT__ON_CONTRACT_END',NULL,NULL,2);
COMMIT;

--
-- Table structure for table `isys_contract_payment_period`
--

CREATE TABLE `isys_contract_payment_period` (
  `isys_contract_payment_period__id` int(11) unsigned NOT NULL AUTO_INCREMENT,
  `isys_contract_payment_period__title` varchar(255) DEFAULT NULL,
  `isys_contract_payment_period__description` longtext DEFAULT NULL,
  `isys_contract_payment_period__const` varchar(255) DEFAULT NULL,
  `isys_contract_payment_period__sort` int(11) DEFAULT NULL,
  `isys_contract_payment_period__status` tinyint(3) unsigned NOT NULL DEFAULT 2,
  PRIMARY KEY (`isys_contract_payment_period__id`),
  KEY `isys_contract_payment_period__title` (`isys_contract_payment_period__title`)
) ENGINE=InnoDB AUTO_INCREMENT=5 DEFAULT CHARSET=utf8mb3 COLLATE=utf8mb3_unicode_ci;

--
-- Dumping data for table `isys_contract_payment_period`
--

INSERT INTO `isys_contract_payment_period` VALUES
(1,'LC__CONTRACT__PAYMENT_PERIOD__MONTHLY','Monthly payment','C__CONTRACT__PAYMENT_PERIOD__MONTHLY',0,2),
(2,'LC__CONTRACT__PAYMENT_PERIOD__QUARTERLY','Quarterly payment','C__CONTRACT__PAYMENT_PERIOD__QUARTERLY',1,2),
(3,'LC__CONTRACT__PAYMENT_PERIOD__HALF_YEARLY','Half-yearly payment','C__CONTRACT__PAYMENT_PERIOD__HALF_YEARLY',2,2),
(4,'LC__CONTRACT__PAYMENT_PERIOD__YEARLY','Yearly payment','C__CONTRACT__PAYMENT_PERIOD__YEARLY',3,2);
COMMIT;

--
-- Table structure for table `isys_contract_reaction_rate`
--

CREATE TABLE `isys_contract_reaction_rate` (
  `isys_contract_reaction_rate__id` int(11) NOT NULL AUTO_INCREMENT,
  `isys_contract_reaction_rate__title` varchar(255) DEFAULT NULL,
  `isys_contract_reaction_rate__description` longtext DEFAULT NULL,
  `isys_contract_reaction_rate__const` varchar(255) DEFAULT NULL,
  `isys_contract_reaction_rate__property` int(11) DEFAULT NULL,
  `isys_contract_reaction_rate__sort` int(11) DEFAULT NULL,
  `isys_contract_reaction_rate__status` tinyint(3) unsigned NOT NULL DEFAULT 2,
  PRIMARY KEY (`isys_contract_reaction_rate__id`),
  KEY `isys_contract_reaction_rate__title` (`isys_contract_reaction_rate__title`)
) ENGINE=InnoDB AUTO_INCREMENT=4 DEFAULT CHARSET=utf8mb3 COLLATE=utf8mb3_unicode_ci;

--
-- Dumping data for table `isys_contract_reaction_rate`
--

INSERT INTO `isys_contract_reaction_rate` VALUES
(1,'8x5x4','8x5x4',NULL,0,0,2),
(2,'24x7x4','24x7x4',NULL,0,0,2),
(3,'LC__UNIVERSAL__OTHER','Andere / Other',NULL,0,0,2);
COMMIT;

--
-- Table structure for table `isys_contract_status`
--

CREATE TABLE `isys_contract_status` (
  `isys_contract_status__id` int(11) NOT NULL AUTO_INCREMENT,
  `isys_contract_status__title` varchar(255) DEFAULT NULL,
  `isys_contract_status__description` longtext DEFAULT NULL,
  `isys_contract_status__const` varchar(255) DEFAULT NULL,
  `isys_contract_status__property` int(11) DEFAULT NULL,
  `isys_contract_status__sort` int(11) DEFAULT NULL,
  `isys_contract_status__status` tinyint(3) unsigned NOT NULL DEFAULT 2,
  PRIMARY KEY (`isys_contract_status__id`),
  KEY `isys_contract_status__title` (`isys_contract_status__title`)
) ENGINE=InnoDB AUTO_INCREMENT=4 DEFAULT CHARSET=utf8mb3 COLLATE=utf8mb3_unicode_ci;

--
-- Dumping data for table `isys_contract_status`
--

INSERT INTO `isys_contract_status` VALUES
(1,'LC__CMDB__CATS__MAINTENANCE_STATUS_ACTIVE','',NULL,0,1,2),
(2,'LC__CMDB__CATS__MAINTENANCE_STATUS_TERMINATED','',NULL,0,2,2),
(3,'LC__CMDB__CATS__MAINTENANCE_STATUS_FINISHED','',NULL,0,3,2);
COMMIT;

--
-- Table structure for table `isys_contract_type`
--

CREATE TABLE `isys_contract_type` (
  `isys_contract_type__id` int(11) NOT NULL AUTO_INCREMENT,
  `isys_contract_type__title` varchar(255) DEFAULT NULL,
  `isys_contract_type__description` longtext DEFAULT NULL,
  `isys_contract_type__const` varchar(255) DEFAULT NULL,
  `isys_contract_type__property` int(11) DEFAULT NULL,
  `isys_contract_type__sort` int(11) DEFAULT NULL,
  `isys_contract_type__status` tinyint(3) unsigned NOT NULL DEFAULT 2,
  PRIMARY KEY (`isys_contract_type__id`),
  KEY `isys_contract_type__title` (`isys_contract_type__title`)
) ENGINE=InnoDB AUTO_INCREMENT=8 DEFAULT CHARSET=utf8mb3 COLLATE=utf8mb3_unicode_ci;

--
-- Dumping data for table `isys_contract_type`
--

INSERT INTO `isys_contract_type` VALUES
(1,'LC__CMDB__CATS__MAINTENANCE_CONTRACT_TYPE_AGREEMENT_GUARANTEE','',NULL,0,1,2),
(2,'LC__CMDB__CATS__MAINTENANCE_CONTRACT_TYPE_MAINTENANCE','LC__CMDB__CATS__MAINTENANCE_CONTRACT_TYPE_MAINTENANCE',NULL,0,2,2),
(3,'LC__CMDB__CATS__MAINTENANCE_CONTRACT_TYPE_LEASING','LC__CMDB__CATS__MAINTENANCE_CONTRACT_TYPE_LEASING',NULL,0,3,2),
(4,'LC__CMDB__CATS__MAINTENANCE_CONTRACT_TYPE_LEASING_WITH_MAINTENANCE','LC__CMDB__CATS__MAINTENANCE_CONTRACT_TYPE_LEASING_WITH_MAINTENANCE',NULL,0,4,2),
(5,'LC__CMDB__CATS__MAINTENANCE_CONTRACT_TYPE_LICENSE','LC__CMDB__CATS__MAINTENANCE_CONTRACT_TYPE_LICENSE',NULL,0,5,2),
(6,'Lizenzabo',NULL,NULL,NULL,NULL,2),
(7,'Mietvertrag',NULL,NULL,NULL,NULL,2);
COMMIT;

--
-- Table structure for table `isys_controller_manufacturer`
--

CREATE TABLE `isys_controller_manufacturer` (
  `isys_controller_manufacturer__id` int(10) unsigned NOT NULL AUTO_INCREMENT,
  `isys_controller_manufacturer__title` varchar(255) DEFAULT NULL,
  `isys_controller_manufacturer__description` longtext DEFAULT NULL,
  `isys_controller_manufacturer__const` varchar(255) DEFAULT NULL,
  `isys_controller_manufacturer__sort` int(10) unsigned DEFAULT NULL,
  `isys_controller_manufacturer__status` tinyint(3) unsigned NOT NULL DEFAULT 1,
  `isys_controller_manufacturer__property` int(10) unsigned DEFAULT NULL,
  PRIMARY KEY (`isys_controller_manufacturer__id`),
  KEY `isys_controller_manufacturer__title` (`isys_controller_manufacturer__title`)
) ENGINE=InnoDB DEFAULT CHARSET=utf8mb3 COLLATE=utf8mb3_unicode_ci;

--
-- Dumping data for table `isys_controller_manufacturer`
--

COMMIT;

--
-- Table structure for table `isys_controller_model`
--

CREATE TABLE `isys_controller_model` (
  `isys_controller_model__id` int(10) unsigned NOT NULL AUTO_INCREMENT,
  `isys_controller_model__title` varchar(255) DEFAULT NULL,
  `isys_controller_model__description` longtext DEFAULT NULL,
  `isys_controller_model__const` varchar(255) DEFAULT NULL,
  `isys_controller_model__sort` int(10) unsigned DEFAULT 5,
  `isys_controller_model__status` tinyint(3) unsigned NOT NULL DEFAULT 2,
  `isys_controller_model__property` int(10) unsigned DEFAULT 0,
  PRIMARY KEY (`isys_controller_model__id`),
  KEY `isys_controller_model__title` (`isys_controller_model__title`)
) ENGINE=InnoDB DEFAULT CHARSET=utf8mb3 COLLATE=utf8mb3_unicode_ci;

--
-- Dumping data for table `isys_controller_model`
--

COMMIT;

--
-- Table structure for table `isys_controller_type`
--

CREATE TABLE `isys_controller_type` (
  `isys_controller_type__id` int(10) unsigned NOT NULL AUTO_INCREMENT,
  `isys_controller_type__title` varchar(255) DEFAULT NULL,
  `isys_controller_type__description` longtext DEFAULT NULL,
  `isys_controller_type__const` varchar(255) DEFAULT NULL,
  `isys_controller_type__software_emulation` int(10) unsigned DEFAULT 0,
  `isys_controller_type__sort` int(10) unsigned DEFAULT NULL,
  `isys_controller_type__status` tinyint(3) unsigned NOT NULL DEFAULT 2,
  `isys_controller_type__property` int(10) unsigned DEFAULT 0,
  PRIMARY KEY (`isys_controller_type__id`),
  KEY `isys_controller_type__title` (`isys_controller_type__title`)
) ENGINE=InnoDB AUTO_INCREMENT=9 DEFAULT CHARSET=utf8mb3 COLLATE=utf8mb3_unicode_ci;

--
-- Dumping data for table `isys_controller_type`
--

INSERT INTO `isys_controller_type` VALUES
(1,'SCSI','Short for small computer system interface','C__STOR_TYPE_STANDARD_CONTROLLER',0,10,2,0),
(2,'ATA','ATA','C__STOR_TYPE_STANDARD_CONTROLLER',0,20,2,0),
(3,'SATA',NULL,'C__STOR_TYPE_STANDARD_CONTROLLER',0,30,2,0),
(4,'PATA','PATA','C__STOR_TYPE_STANDARD_CONTROLLER',0,40,2,0),
(7,'USB','USB','C__STOR_TYPE_STANDARD_CONTROLLER',0,60,2,0),
(8,'SAS','SAS','C__STOR_TYPE_STANDARD_SAS',0,70,2,0);
COMMIT;

--
-- Table structure for table `isys_cp_contract_type`
--

CREATE TABLE `isys_cp_contract_type` (
  `isys_cp_contract_type__id` int(10) unsigned NOT NULL AUTO_INCREMENT,
  `isys_cp_contract_type__title` varchar(255) DEFAULT NULL,
  `isys_cp_contract_type__description` longtext DEFAULT NULL,
  `isys_cp_contract_type__const` varchar(255) DEFAULT NULL,
  `isys_cp_contract_type__sort` int(10) unsigned DEFAULT NULL,
  `isys_cp_contract_type__property` int(10) unsigned DEFAULT NULL,
  `isys_cp_contract_type__status` tinyint(3) unsigned NOT NULL DEFAULT 1,
  PRIMARY KEY (`isys_cp_contract_type__id`),
  KEY `isys_cp_contract_type__title` (`isys_cp_contract_type__title`)
) ENGINE=InnoDB AUTO_INCREMENT=3 DEFAULT CHARSET=utf8mb3 COLLATE=utf8mb3_unicode_ci;

--
-- Dumping data for table `isys_cp_contract_type`
--

INSERT INTO `isys_cp_contract_type` VALUES
(1,'LC__CMDB__MAIN_CONTRACT',NULL,'C__CMDB__MAIN_CONTRACT',NULL,NULL,2),
(2,'LC__CMDB__ALTERNATIVE_CONTRACT',NULL,'C__CMDB__ALTERNATIVE_CONTRACT',NULL,NULL,2);
COMMIT;

--
-- Table structure for table `isys_csv_profile`
--

CREATE TABLE `isys_csv_profile` (
  `isys_csv_profile__id` int(11) unsigned NOT NULL AUTO_INCREMENT,
  `isys_csv_profile__title` varchar(255) DEFAULT NULL,
  `isys_csv_profile__data` text DEFAULT NULL,
  PRIMARY KEY (`isys_csv_profile__id`)
) ENGINE=InnoDB AUTO_INCREMENT=5 DEFAULT CHARSET=utf8mb3 COLLATE=utf8mb3_unicode_ci;

--
-- Dumping data for table `isys_csv_profile`
--

INSERT INTO `isys_csv_profile` VALUES
(1,'netzwer_kimport (Bludenz_networks.csv)','{\"globalObjectType\":\"C__OBJTYPE__LAYER3_NET\",\"separator\":\";\",\"headlines\":true,\"singlevalueOverwriteEmptyValues\":\"1\",\"multivalue\":\"column\",\"multivalueUpdateMode\":\"m_untouched\",\"assignments\":[{\"category\":\"object_title\",\"property\":\"\"},{\"category\":\"C__CATS__NET\",\"property\":\"address\"},{\"category\":\"C__CATS__NET\",\"property\":\"netmask\"}],\"identificationKeys\":[],\"identificationCounter\":\"1\",\"additionalPropertySearch\":[]}'),
(2,'Netwok_Import (Bludenz_networks.csv)','{\"globalObjectType\":\"C__OBJTYPE__LAYER3_NET\",\"separator\":\";\",\"headlines\":true,\"singlevalueOverwriteEmptyValues\":\"1\",\"multivalue\":\"column\",\"multivalueUpdateMode\":\"m_untouched\",\"assignments\":[{\"category\":\"object_title\",\"property\":\"\"},{\"category\":\"C__CATS__NET\",\"property\":\"address\"},{\"category\":\"C__CATS__NET\",\"property\":\"netmask\"},{\"category\":\"C__CATS__NET_DHCP\",\"property\":\"range_from\"},{\"category\":\"C__CATS__NET_DHCP\",\"property\":\"range_to\"}],\"identificationKeys\":[],\"identificationCounter\":\"1\",\"additionalPropertySearch\":[]}'),
(3,'Processings (Privacy Add-on)','{\"globalObjectType\":\"C__OBJTYPE__PRIVACY_PROCESSING\",\"separator\":\";\",\"headlines\":true,\"singlevalueOverwriteEmptyValues\":\"0\",\"multivalue\":\"row\",\"multivalueUpdateMode\":\"m_untouched\",\"assignments\":[{\"category\":\"object_title\",\"property\":\"\"},{\"category\":\"C__CATG__CUSTOM_FIELDS_ANGABENZUMVERFAHREN\",\"property\":\"f_wysiwyg_c_1501762461759\"},{\"category\":\"C__CATG__CUSTOM_FIELDS_ANGABENZUMVERFAHREN\",\"property\":\"f_wysiwyg_c_1501762492910\"},{\"category\":\"C__CATG__CUSTOM_FIELDS_ANGABENZUMVERFAHREN\",\"property\":\"f_popup_c_1507133646851\"},{\"category\":\"C__CATG__CUSTOM_FIELDS_ANGABENZUMVERFAHREN\",\"property\":\"f_popup_c_1507551349788\"},{\"category\":\"C__CATG__CUSTOM_FIELDS_ANGABENZUMVERFAHREN\",\"property\":\"f_popup_c_1507551366102\"},{\"category\":\"C__CATG__CUSTOM_FIELDS_ANGABENZUMVERFAHREN\",\"property\":\"description\"},{\"category\":\"C__CATG__CUSTOM_FIELDS_DATENKATEGORIEZUWEISUNG\",\"property\":\"f_text_c_1503569234510\"},{\"category\":\"C__CATG__CUSTOM_FIELDS_DATENKATEGORIEZUWEISUNG\",\"property\":\"f_popup_c_1503563013173\",\"object_type\":\"C__OBJTYPE__PERSON_GROUP\",\"create_object\":true},{\"category\":\"C__CATG__CUSTOM_FIELDS_DATENKATEGORIEZUWEISUNG\",\"property\":\"f_popup_c_1512138332131\",\"object_type\":\"C__OBJTYPE__PRIVACY_DATA_CATAGORIES\",\"create_object\":true},{\"category\":\"C__CATG__CUSTOM_FIELDS_DATENKATEGORIEZUWEISUNG\",\"property\":\"f_popup_c_1501769914393\"},{\"category\":\"C__CATG__CUSTOM_FIELDS_DATENKATEGORIEZUWEISUNG\",\"property\":\"f_popup_c_1503580877383\",\"object_type\":\"C__OBJTYPE__PRIVACY_DATA_TRANSFER\",\"create_object\":true},{\"category\":\"C__CATG__CUSTOM_FIELDS_DATENKATEGORIEZUWEISUNG\",\"property\":\"f_popup_c_1503583263697\",\"object_type\":\"C__OBJTYPE__PERSON_GROUP\",\"create_object\":true},{\"category\":\"C__CATG__CUSTOM_FIELDS_DATENKATEGORIEZUWEISUNG\",\"property\":\"f_dialog_c_1511522199642\"},{\"category\":\"C__CATG__CUSTOM_FIELDS_DATENKATEGORIEZUWEISUNG\",\"property\":\"f_text_c_1507133041837\"},{\"category\":\"C__CATG__CUSTOM_FIELDS_DATENKATEGORIEZUWEISUNG\",\"property\":\"description\"},{\"category\":\"C__CATG__CUSTOM_FIELDS_DATENSCHUTZFOLGENABSCHTZUNG\",\"property\":\"description\"},{\"category\":\"C__CATG__CONTACT\",\"property\":\"contact_object\",\"object_type\":\"C__OBJTYPE__ORGANIZATION\",\"create_object\":true},{\"category\":\"C__CATG__CONTACT\",\"property\":\"role\"}],\"identificationKeys\":[],\"identificationCounter\":\"1\",\"additionalPropertySearch\":[]}'),
(4,'container import (Bludenz_container.csv)','{\"globalObjectType\":\"C__DOCKER_CONTAINER\",\"separator\":\";\",\"headlines\":true,\"defaultTemplate\":false,\"singlevalueOverwriteEmptyValues\":\"1\",\"multivalue\":\"row\",\"multivalueUpdateMode\":\"m_untouched\",\"assignments\":[{\"category\":\"C__CATG__VIRTUAL_MACHINE\",\"property\":\"hosts\",\"object_type\":\"C__OBJTYPE__VIRTUAL_SERVER\",\"create_object\":true},{\"category\":\"object_title\",\"property\":\"\"}],\"identificationKeys\":[],\"identificationCounter\":\"1\",\"additionalPropertySearch\":[]}');
COMMIT;

--
-- Table structure for table `isys_currency`
--

CREATE TABLE `isys_currency` (
  `isys_currency__id` int(10) unsigned NOT NULL AUTO_INCREMENT,
  `isys_currency__title` varchar(255) DEFAULT NULL,
  `isys_currency__description` longtext DEFAULT NULL,
  `isys_currency__const` varchar(255) DEFAULT NULL,
  `isys_currency__sort` int(10) unsigned DEFAULT NULL,
  `isys_currency__status` tinyint(3) unsigned NOT NULL DEFAULT 1,
  `isys_currency__property` int(10) unsigned DEFAULT NULL,
  PRIMARY KEY (`isys_currency__id`),
  KEY `isys_currency__title` (`isys_currency__title`)
) ENGINE=InnoDB AUTO_INCREMENT=5 DEFAULT CHARSET=utf8mb3 COLLATE=utf8mb3_unicode_ci;

--
-- Dumping data for table `isys_currency`
--

INSERT INTO `isys_currency` VALUES
(1,'EUR;€','Euro','C__CMDB__CURRENCY__EURO',NULL,2,NULL),
(2,'USD;$','Dollar','C__CMDB__CURRENCY__DOLLAR',NULL,2,NULL),
(3,'GBP;£','Pfund','C__CMDB__CURRENCY__POUND',NULL,2,NULL),
(4,'CHF;Sfr.','Schweizer Franken','C__CMDB__CURRENCY__SWISS_FRANC',NULL,2,NULL);
COMMIT;

--
-- Table structure for table `isys_custom_properties`
--

CREATE TABLE `isys_custom_properties` (
  `isys_custom_properties__id` int(11) unsigned NOT NULL AUTO_INCREMENT,
  `isys_custom_properties__isysgui_catg__id` int(10) unsigned DEFAULT NULL,
  `isys_custom_properties__isysgui_cats__id` int(10) unsigned DEFAULT NULL,
  `isys_custom_properties__property` varchar(255) NOT NULL,
  `isys_custom_properties__data` text NOT NULL,
  PRIMARY KEY (`isys_custom_properties__id`),
  KEY `isys_custom_properties__isysgui_catg__id` (`isys_custom_properties__isysgui_catg__id`),
  KEY `isys_custom_properties__isysgui_cats__id` (`isys_custom_properties__isysgui_cats__id`),
  CONSTRAINT `isys_custom_properties_ibfk_2` FOREIGN KEY (`isys_custom_properties__isysgui_cats__id`) REFERENCES `isysgui_cats` (`isysgui_cats__id`) ON DELETE CASCADE ON UPDATE CASCADE
) ENGINE=InnoDB AUTO_INCREMENT=9 DEFAULT CHARSET=utf8mb3 COLLATE=utf8mb3_unicode_ci;

--
-- Dumping data for table `isys_custom_properties`
--

INSERT INTO `isys_custom_properties` VALUES
(1,NULL,49,'custom_1','{\"info\":{\"title\":\"Custom Display name\"}}'),
(2,NULL,49,'custom_2','{\"info\":{\"title\":\"Custom Surname\"}}'),
(3,NULL,49,'custom_3','{\"info\":{\"title\":\"Custom homePhone\"}}'),
(4,NULL,49,'custom_4','{\"info\":{\"title\":\"Custom mobile\"}}'),
(5,NULL,49,'custom_5','{\"info\":{\"title\":\"Custom info\"}}'),
(6,NULL,49,'custom_6','{\"info\":{\"title\":\"Eintrittsdatum\"}}'),
(7,NULL,49,'custom_7','{\"info\":{\"title\":\"Austrittsdatum\"}}'),
(8,NULL,49,'custom_8','{\"info\":{\"title\":\"Custom department\"}}');
COMMIT;

--
-- Table structure for table `isys_database_instance_type`
--

CREATE TABLE `isys_database_instance_type` (
  `isys_database_instance_type__id` int(10) unsigned NOT NULL AUTO_INCREMENT,
  `isys_database_instance_type__title` varchar(255) DEFAULT NULL,
  `isys_database_instance_type__const` varchar(255) DEFAULT NULL,
  `isys_database_instance_type__description` longtext DEFAULT NULL,
  `isys_database_instance_type__status` tinyint(3) unsigned NOT NULL DEFAULT 2,
  PRIMARY KEY (`isys_database_instance_type__id`)
) ENGINE=InnoDB DEFAULT CHARSET=utf8mb3 COLLATE=utf8mb3_unicode_ci;

--
-- Dumping data for table `isys_database_instance_type`
--

COMMIT;

--
-- Table structure for table `isys_database_objects`
--

CREATE TABLE `isys_database_objects` (
  `isys_database_objects__id` int(10) unsigned NOT NULL AUTO_INCREMENT,
  `isys_database_objects__title` varchar(255) DEFAULT NULL,
  `isys_database_objects__const` varchar(255) DEFAULT NULL,
  `isys_database_objects__description` longtext DEFAULT NULL,
  `isys_database_objects__status` tinyint(3) unsigned NOT NULL DEFAULT 2,
  `isys_database_objects__sort` int(10) unsigned DEFAULT NULL,
  `isys_database_objects__property` int(10) unsigned DEFAULT NULL,
  PRIMARY KEY (`isys_database_objects__id`),
  KEY `isys_database_objects__title` (`isys_database_objects__title`)
) ENGINE=InnoDB AUTO_INCREMENT=11 DEFAULT CHARSET=utf8mb3 COLLATE=utf8mb3_unicode_ci;

--
-- Dumping data for table `isys_database_objects`
--

INSERT INTO `isys_database_objects` VALUES
(1,'LC__DATABASE_OBJECTS__TABLE','C__DATABASE_OBJECTS__TABLE',NULL,2,NULL,NULL),
(2,'LC__DATABASE_OBJECTS__VIEW','C__DATABASE_OBJECTS__VIEW',NULL,2,NULL,NULL),
(3,'LC__DATABASE_OBJECTS__SEQUENCE','C__DATABASE_OBJECTS__SEQUENCE',NULL,2,NULL,NULL),
(4,'LC__DATABASE_OBJECTS__SYNONYM','C__DATABASE_OBJECTS__SYNONYM',NULL,2,NULL,NULL),
(5,'LC__DATABASE_OBJECTS__INDEX','C__DATABASE_OBJECTS__INDEX',NULL,2,NULL,NULL),
(6,'LC__DATABASE_OBJECTS__CLUSTER','C__DATABASE_OBJECTS__CLUSTER',NULL,2,NULL,NULL),
(7,'LC__DATABASE_OBJECTS__SNAPSHOT','C__DATABASE_OBJECTS__SNAPSHOT',NULL,2,NULL,NULL),
(8,'LC__DATABASE_OBJECTS__PROCEDURE','C__DATABASE_OBJECTS__PROCEDURE',NULL,2,NULL,NULL),
(9,'LC__DATABASE_OBJECTS__FUNCTION','C__DATABASE_OBJECTS__FUNCTION',NULL,2,NULL,NULL),
(10,'LC__DATABASE_OBJECTS__PACKAGE','C__DATABASE_OBJECTS__PACKAGE',NULL,2,NULL,NULL);
COMMIT;

--
-- Table structure for table `isys_database_schema`
--

CREATE TABLE `isys_database_schema` (
  `isys_database_schema__id` int(10) unsigned NOT NULL AUTO_INCREMENT,
  `isys_database_schema__title` varchar(255) DEFAULT NULL,
  `isys_database_schema__const` varchar(255) DEFAULT NULL,
  `isys_database_schema__description` longtext DEFAULT NULL,
  `isys_database_schema__status` tinyint(3) unsigned NOT NULL DEFAULT 2,
  PRIMARY KEY (`isys_database_schema__id`)
) ENGINE=InnoDB DEFAULT CHARSET=utf8mb3 COLLATE=utf8mb3_unicode_ci;

--
-- Dumping data for table `isys_database_schema`
--

COMMIT;

--
-- Table structure for table `isys_db_init`
--

CREATE TABLE `isys_db_init` (
  `isys_db_init__id` int(10) unsigned NOT NULL AUTO_INCREMENT,
  `isys_db_init__key` varchar(255) NOT NULL,
  `isys_db_init__value` varchar(255) DEFAULT NULL,
  PRIMARY KEY (`isys_db_init__id`)
) ENGINE=InnoDB AUTO_INCREMENT=7 DEFAULT CHARSET=utf8mb3 COLLATE=utf8mb3_unicode_ci;

--
-- Dumping data for table `isys_db_init`
--

INSERT INTO `isys_db_init` VALUES
(1,'title','i-doit 38'),
(2,'revision','202638000'),
(3,'version','38'),
(4,'type','pro'),
(5,'required_revision','202535000'),
(6,'required_version','35');
COMMIT;

--
-- Table structure for table `isys_dbms`
--

CREATE TABLE `isys_dbms` (
  `isys_dbms__id` int(10) unsigned NOT NULL AUTO_INCREMENT,
  `isys_dbms__title` varchar(255) DEFAULT NULL,
  `isys_dbms__const` varchar(255) DEFAULT NULL,
  `isys_dbms__description` longtext DEFAULT NULL,
  `isys_dbms__status` tinyint(3) unsigned NOT NULL DEFAULT 1,
  `isys_dbms__sort` int(10) unsigned DEFAULT NULL,
  `isys_dbms__property` int(10) unsigned DEFAULT NULL,
  PRIMARY KEY (`isys_dbms__id`),
  KEY `isys_dbms__title` (`isys_dbms__title`)
) ENGINE=InnoDB AUTO_INCREMENT=16 DEFAULT CHARSET=utf8mb3 COLLATE=utf8mb3_unicode_ci;

--
-- Dumping data for table `isys_dbms`
--

INSERT INTO `isys_dbms` VALUES
(1,'MySQL','C__DBMS__MYSQL',NULL,2,NULL,NULL),
(2,'Oracle Database','C__DBMS__ORACLE',NULL,2,NULL,NULL),
(3,'Microsoft SQL Server','C__DBMS__MYSQL',NULL,2,NULL,NULL),
(4,'PostgreSQL','C__DBMS__PGSQL',NULL,2,NULL,NULL),
(5,'SQLite','C__DBMS__SQLITE',NULL,2,NULL,NULL),
(6,'DB2','C__DBMS__DB2',NULL,2,NULL,NULL),
(7,'Lotus Notes','C__DBMS__LOTUSNOTES',NULL,2,NULL,NULL),
(8,'MongoDB','C__DBMS__MONGODB',NULL,2,NULL,NULL),
(9,'MaxDB','C__DBMS__MAXDB',NULL,2,NULL,NULL),
(10,'Sybase','C__DBMS__SYBAE',NULL,2,NULL,NULL),
(11,'Derby','C__DBMS__DERBY',NULL,2,NULL,NULL),
(12,'dBASE','C__DBMS__DBASE',NULL,2,NULL,NULL),
(13,'FrontBase','C__DBMS__FRONTBASE',NULL,2,NULL,NULL),
(14,'InterBase','C__DBMS__INTERBASE',NULL,2,NULL,NULL),
(15,'Berkeley DB','C__DBMS__BERKELEYDB',NULL,2,NULL,NULL);
COMMIT;

--
-- Table structure for table `isys_dependency`
--

CREATE TABLE `isys_dependency` (
  `isys_dependency__id` int(10) unsigned NOT NULL AUTO_INCREMENT,
  `isys_dependency__isys_obj__id__master` int(10) unsigned DEFAULT NULL,
  `isys_dependency__isys_obj__id__slave` int(10) unsigned DEFAULT NULL,
  `isys_dependency__title` varchar(255) DEFAULT NULL,
  `isys_dependency__description` longtext DEFAULT NULL,
  `isys_dependency__datetime` timestamp NOT NULL DEFAULT current_timestamp(),
  `isys_dependency__status` tinyint(3) unsigned NOT NULL DEFAULT 2,
  `isys_dependency__property` int(10) unsigned DEFAULT 0,
  PRIMARY KEY (`isys_dependency__id`),
  KEY `isys_dependency_FKIndex1` (`isys_dependency__isys_obj__id__slave`),
  KEY `isys_dependency_FKIndex2` (`isys_dependency__isys_obj__id__master`),
  CONSTRAINT `isys_dependency_ibfk_1` FOREIGN KEY (`isys_dependency__isys_obj__id__master`) REFERENCES `isys_obj` (`isys_obj__id`) ON DELETE SET NULL ON UPDATE CASCADE,
  CONSTRAINT `isys_dependency_ibfk_2` FOREIGN KEY (`isys_dependency__isys_obj__id__slave`) REFERENCES `isys_obj` (`isys_obj__id`) ON DELETE SET NULL ON UPDATE CASCADE
) ENGINE=InnoDB DEFAULT CHARSET=utf8mb3 COLLATE=utf8mb3_unicode_ci;

--
-- Dumping data for table `isys_dependency`
--

COMMIT;

--
-- Table structure for table `isys_depth_unit`
--

CREATE TABLE `isys_depth_unit` (
  `isys_depth_unit__id` int(10) unsigned NOT NULL AUTO_INCREMENT,
  `isys_depth_unit__title` varchar(255) DEFAULT NULL,
  `isys_depth_unit__description` longtext DEFAULT NULL,
  `isys_depth_unit__const` varchar(255) DEFAULT NULL,
  `isys_depth_unit__factor` float unsigned DEFAULT 1,
  `isys_depth_unit__sort` int(10) unsigned DEFAULT NULL,
  `isys_depth_unit__property` int(10) unsigned DEFAULT NULL,
  `isys_depth_unit__status` tinyint(3) unsigned NOT NULL DEFAULT 2,
  PRIMARY KEY (`isys_depth_unit__id`),
  KEY `isys_depth_unit__title` (`isys_depth_unit__title`)
) ENGINE=InnoDB AUTO_INCREMENT=7 DEFAULT CHARSET=utf8mb3 COLLATE=utf8mb3_unicode_ci;

--
-- Dumping data for table `isys_depth_unit`
--

INSERT INTO `isys_depth_unit` VALUES
(1,'LC__DEPTH_UNIT__MM',NULL,'C__DEPTH_UNIT__MM',1,1,NULL,2),
(2,'LC__DEPTH_UNIT__CM',NULL,'C__DEPTH_UNIT__CM',10,2,NULL,2),
(3,'LC__DEPTH_UNIT__INCH',NULL,'C__DEPTH_UNIT__INCH',25.4,3,NULL,2),
(4,'LC__DEPTH_UNIT__METER',NULL,'C__DEPTH_UNIT__METER',1000,4,NULL,2),
(5,'LC__DEPTH_UNIT__FOOT',NULL,'C__DEPTH_UNIT__FOOT',304.8,5,NULL,2),
(6,'LC__DEPTH_UNIT__KILOMETER',NULL,'C__DEPTH_UNIT__KILOMETER',1000000,6,NULL,2);
COMMIT;

--
-- Table structure for table `isys_dialog_plus_custom`
--

CREATE TABLE `isys_dialog_plus_custom` (
  `isys_dialog_plus_custom__id` int(10) unsigned NOT NULL AUTO_INCREMENT,
  `isys_dialog_plus_custom__identifier` varchar(255) DEFAULT NULL,
  `isys_dialog_plus_custom__title` varchar(255) DEFAULT NULL,
  `isys_dialog_plus_custom__description` longtext DEFAULT NULL,
  `isys_dialog_plus_custom__property` int(10) unsigned DEFAULT 0,
  `isys_dialog_plus_custom__status` tinyint(3) unsigned NOT NULL DEFAULT 1,
  `isys_dialog_plus_custom__const` varchar(255) DEFAULT NULL,
  `isys_dialog_plus_custom__sort` int(10) unsigned DEFAULT NULL,
  `isys_dialog_plus_custom__isys_dialog_plus_custom__id` int(10) unsigned DEFAULT NULL,
  PRIMARY KEY (`isys_dialog_plus_custom__id`),
  KEY `isys_dialog_plus_custom__identifier` (`isys_dialog_plus_custom__identifier`),
  KEY `isys_dialog_plus_custom__isys_dialog_plus_custom__id` (`isys_dialog_plus_custom__isys_dialog_plus_custom__id`),
  CONSTRAINT `isys_dialog_plus_custom_ibfk_1` FOREIGN KEY (`isys_dialog_plus_custom__isys_dialog_plus_custom__id`) REFERENCES `isys_dialog_plus_custom` (`isys_dialog_plus_custom__id`) ON DELETE SET NULL ON UPDATE CASCADE
) ENGINE=InnoDB AUTO_INCREMENT=108 DEFAULT CHARSET=utf8mb3 COLLATE=utf8mb3_unicode_ci;

--
-- Dumping data for table `isys_dialog_plus_custom`
--

INSERT INTO `isys_dialog_plus_custom` VALUES
(1,'Rechtsgrundlage_fur_die_Verarbeitung','Artikel 6 lit a: Einwilligung durch Betroffene',NULL,0,2,'C__DIALOG_PLUS_CUSTOM_PRIVACY',NULL,NULL),
(2,'Rechtsgrundlage_fur_die_Verarbeitung','Artikel 6 lit b: Erfüllung eines Vertrages',NULL,0,2,'C__DIALOG_PLUS_CUSTOM_PRIVACY',NULL,NULL),
(3,'Rechtsgrundlage_fur_die_Verarbeitung','Artikel 6 lit c: Erfüllung einer rechtlichen Verpflichtung',NULL,0,2,'C__DIALOG_PLUS_CUSTOM_PRIVACY',NULL,NULL),
(4,'Rechtsgrundlage_fur_die_Verarbeitung','Artikel 6 lit d: Lebenswichtige Interessen der Betroffenen',NULL,0,2,'C__DIALOG_PLUS_CUSTOM_PRIVACY',NULL,NULL),
(5,'Rechtsgrundlage_fur_die_Verarbeitung','Artikel 6 lit e: Wahrnehmung einer Aufgabe im öffentlichen Interesse',NULL,0,2,'C__DIALOG_PLUS_CUSTOM_PRIVACY',NULL,NULL),
(6,'Rechtsgrundlage_fur_die_Verarbeitung','Artikel 6 lit f: Wahrung der berechtigten Interessen des Verantwortlichen oder eines Dritten',NULL,0,2,'C__DIALOG_PLUS_CUSTOM_PRIVACY',NULL,NULL),
(7,'Rechtsgrundlage_fur_die_Verarbeitung','Artikel 9 lit a: Ausdrückliche Einwilligung durch Betroffene',NULL,0,2,'C__DIALOG_PLUS_CUSTOM_PRIVACY',NULL,NULL),
(8,'Rechtsgrundlage_fur_die_Verarbeitung','Artikel 9 lit b: Zur Erfüllung von Pflichten oder Wahrnehmung von Rechten aus Arbeits und Sozialrecht',NULL,0,2,'C__DIALOG_PLUS_CUSTOM_PRIVACY',NULL,NULL),
(9,'Rechtsgrundlage_fur_die_Verarbeitung','Artikel 9 lit c: Lebenswichtige Interessen der Betroffenen',NULL,0,2,'C__DIALOG_PLUS_CUSTOM_PRIVACY',NULL,NULL),
(10,'Rechtsgrundlage_fur_die_Verarbeitung','Artikel 9 lit d: Verarbeitung erfolgt durch eine politisch, weltanschaulich, religiös oder gewerkschaftlich ausgerichtete Organisation',NULL,0,2,'C__DIALOG_PLUS_CUSTOM_PRIVACY',NULL,NULL),
(11,'Rechtsgrundlage_fur_die_Verarbeitung','Artikel 9 lit e: Betroffene haben Daten offensichtlich öffentlich gemacht',NULL,0,2,'C__DIALOG_PLUS_CUSTOM_PRIVACY',NULL,NULL),
(12,'Rechtsgrundlage_fur_die_Verarbeitung','Artikel 9 lit f: Geltendmachung, Ausübung oder Verteidigung von Rechtsansprüchen',NULL,0,2,'C__DIALOG_PLUS_CUSTOM_PRIVACY',NULL,NULL),
(13,'Rechtsgrundlage_fur_die_Verarbeitung','Artikel 9 lit g: Wahrnehmung einer Aufgabe im öffentlichen Interesse',NULL,0,2,'C__DIALOG_PLUS_CUSTOM_PRIVACY',NULL,NULL),
(14,'Rechtsgrundlage_fur_die_Verarbeitung','Artikel 9 lit h: Verarbeitung für für Zwecke der Gesundheitsvorsorge oder der Arbeitsmedizin, für die Beurteilung der Arbeitsfähigkeit des Beschäftigten, …',NULL,0,2,'C__DIALOG_PLUS_CUSTOM_PRIVACY',NULL,NULL),
(15,'Rechtsgrundlage_fur_die_Verarbeitung','Artikel 9 lit i: Verarbeitung im Bereich der öffentlichen Gesundheit',NULL,0,2,'C__DIALOG_PLUS_CUSTOM_PRIVACY',NULL,NULL),
(16,'Rechtsgrundlage_fur_die_Verarbeitung','Artikel 9 lit j: Im öffentlichen Interesse liegende Archivzwecke, wissenschaftliche oder historische Forschungszwecke oder für statistische Zwecke',NULL,0,2,'C__DIALOG_PLUS_CUSTOM_PRIVACY',NULL,NULL),
(17,'Risiko','Normal',NULL,0,2,'C__DIALOG_PLUS_CUSTOM_PRIVACY',NULL,NULL),
(18,'Risiko','Hoch',NULL,0,2,'C__DIALOG_PLUS_CUSTOM_PRIVACY',NULL,NULL),
(19,'Risiko','Sehr hoch',NULL,0,2,'C__DIALOG_PLUS_CUSTOM_PRIVACY',NULL,NULL),
(20,'Bedrohung','G 0.1 Feuer',NULL,0,2,'C__DIALOG_PLUS_CUSTOM_PRIVACY',NULL,NULL),
(21,'Bedrohung','G 0.2 Ungünstige klimatische Bedingungen',NULL,0,2,'C__DIALOG_PLUS_CUSTOM_PRIVACY',NULL,NULL),
(22,'Bedrohung','G 0.3 Wasser',NULL,0,2,'C__DIALOG_PLUS_CUSTOM_PRIVACY',NULL,NULL),
(23,'Bedrohung','G 0.4 Verschmutzung, Staub, Korrosion',NULL,0,2,'C__DIALOG_PLUS_CUSTOM_PRIVACY',NULL,NULL),
(24,'Bedrohung','G 0.5 Naturkatastrophen',NULL,0,2,'C__DIALOG_PLUS_CUSTOM_PRIVACY',NULL,NULL),
(25,'Bedrohung','G 0.6 Katastrophen im Umfeld',NULL,0,2,'C__DIALOG_PLUS_CUSTOM_PRIVACY',NULL,NULL),
(26,'Bedrohung','G 0.7 Großereignisse im Umfeld',NULL,0,2,'C__DIALOG_PLUS_CUSTOM_PRIVACY',NULL,NULL),
(27,'Bedrohung','G 0.8 Ausfall oder Störung der Stromversorgung',NULL,0,2,'C__DIALOG_PLUS_CUSTOM_PRIVACY',NULL,NULL),
(28,'Bedrohung','G 0.9 Ausfall oder Störung von Kommunikationsnetzen',NULL,0,2,'C__DIALOG_PLUS_CUSTOM_PRIVACY',NULL,NULL),
(29,'Bedrohung','G 0.10 Ausfall oder Störung von Versorgungsnetzen',NULL,0,2,'C__DIALOG_PLUS_CUSTOM_PRIVACY',NULL,NULL),
(30,'Bedrohung','G 0.11 Ausfall oder Störung von Dienstleistern',NULL,0,2,'C__DIALOG_PLUS_CUSTOM_PRIVACY',NULL,NULL),
(31,'Bedrohung','G 0.12 Elektromagnetische Störstrahlung',NULL,0,2,'C__DIALOG_PLUS_CUSTOM_PRIVACY',NULL,NULL),
(32,'Bedrohung','G 0.13 Abfangen kompromittierender Strahlung',NULL,0,2,'C__DIALOG_PLUS_CUSTOM_PRIVACY',NULL,NULL),
(33,'Bedrohung','G 0.14 Ausspähen von Informationen / Spionage',NULL,0,2,'C__DIALOG_PLUS_CUSTOM_PRIVACY',NULL,NULL),
(34,'Bedrohung','G 0.15 Abhören',NULL,0,2,'C__DIALOG_PLUS_CUSTOM_PRIVACY',NULL,NULL),
(35,'Bedrohung','G 0.16 Diebstahl von Geräten, Datenträgern oder Dokumenten',NULL,0,2,'C__DIALOG_PLUS_CUSTOM_PRIVACY',NULL,NULL),
(36,'Bedrohung','G 0.17 Verlust von Geräten, Datenträgern oder Dokumenten',NULL,0,2,'C__DIALOG_PLUS_CUSTOM_PRIVACY',NULL,NULL),
(37,'Bedrohung','G 0.18 Fehlplanung oder fehlende Anpassung',NULL,0,2,'C__DIALOG_PLUS_CUSTOM_PRIVACY',NULL,NULL),
(38,'Bedrohung','G 0.19 Offenlegung schützenswerter Informationen',NULL,0,2,'C__DIALOG_PLUS_CUSTOM_PRIVACY',NULL,NULL),
(39,'Bedrohung','G 0.20 Informationen oder Produkte aus unzuverlässiger Quelle',NULL,0,2,'C__DIALOG_PLUS_CUSTOM_PRIVACY',NULL,NULL),
(40,'Bedrohung','G 0.21 Manipulation von Hard- oder Software',NULL,0,2,'C__DIALOG_PLUS_CUSTOM_PRIVACY',NULL,NULL),
(41,'Bedrohung','G 0.22 Manipulation von Informationen',NULL,0,2,'C__DIALOG_PLUS_CUSTOM_PRIVACY',NULL,NULL),
(42,'Bedrohung','G 0.23 Unbefugtes Eindringen in IT-Systeme',NULL,0,2,'C__DIALOG_PLUS_CUSTOM_PRIVACY',NULL,NULL),
(43,'Bedrohung','G 0.24 Zerstörung von Geräten oder Datenträgern',NULL,0,2,'C__DIALOG_PLUS_CUSTOM_PRIVACY',NULL,NULL),
(44,'Bedrohung','G 0.25 Ausfall von Geräten oder Systemen',NULL,0,2,'C__DIALOG_PLUS_CUSTOM_PRIVACY',NULL,NULL),
(45,'Bedrohung','G 0.26 Fehlfunktion von Geräten oder Systemen',NULL,0,2,'C__DIALOG_PLUS_CUSTOM_PRIVACY',NULL,NULL),
(46,'Bedrohung','G 0.27 Ressourcenmangel',NULL,0,2,'C__DIALOG_PLUS_CUSTOM_PRIVACY',NULL,NULL),
(47,'Bedrohung','G 0.28 Software-Schwachstellen oder -Fehler',NULL,0,2,'C__DIALOG_PLUS_CUSTOM_PRIVACY',NULL,NULL),
(48,'Bedrohung','G 0.29 Verstoß gegen Gesetze oder Regelungen',NULL,0,2,'C__DIALOG_PLUS_CUSTOM_PRIVACY',NULL,NULL),
(49,'Bedrohung','G 0.30 Unberechtigte Nutzung oder Administration von Geräten und Systemen',NULL,0,2,'C__DIALOG_PLUS_CUSTOM_PRIVACY',NULL,NULL),
(50,'Bedrohung','G 0.31 Fehlerhafte Nutzung oder Administration von Geräten und Systemen',NULL,0,2,'C__DIALOG_PLUS_CUSTOM_PRIVACY',NULL,NULL),
(51,'Bedrohung','G 0.32 Missbrauch von Berechtigungen',NULL,0,2,'C__DIALOG_PLUS_CUSTOM_PRIVACY',NULL,NULL),
(52,'Bedrohung','G 0.33 Personalausfall',NULL,0,2,'C__DIALOG_PLUS_CUSTOM_PRIVACY',NULL,NULL),
(53,'Bedrohung','G 0.34 Anschlag',NULL,0,2,'C__DIALOG_PLUS_CUSTOM_PRIVACY',NULL,NULL),
(54,'Bedrohung','G 0.35 Nötigung, Erpressung oder Korruption',NULL,0,2,'C__DIALOG_PLUS_CUSTOM_PRIVACY',NULL,NULL),
(55,'Bedrohung','G 0.36 Identitätsdiebstahl',NULL,0,2,'C__DIALOG_PLUS_CUSTOM_PRIVACY',NULL,NULL),
(56,'Bedrohung','G 0.37 Abstreiten von Handlungen',NULL,0,2,'C__DIALOG_PLUS_CUSTOM_PRIVACY',NULL,NULL),
(57,'Bedrohung','G 0.38 Missbrauch personenbezogener Daten',NULL,0,2,'C__DIALOG_PLUS_CUSTOM_PRIVACY',NULL,NULL),
(58,'Bedrohung','G 0.39 Schadprogramme',NULL,0,2,'C__DIALOG_PLUS_CUSTOM_PRIVACY',NULL,NULL),
(59,'Bedrohung','G 0.40 Verhinderung von Diensten (Denial of Service)',NULL,0,2,'C__DIALOG_PLUS_CUSTOM_PRIVACY',NULL,NULL),
(60,'Bedrohung','G 0.41 Sabotage',NULL,0,2,'C__DIALOG_PLUS_CUSTOM_PRIVACY',NULL,NULL),
(61,'Bedrohung','G 0.42 Social Engineering',NULL,0,2,'C__DIALOG_PLUS_CUSTOM_PRIVACY',NULL,NULL),
(62,'Bedrohung','G 0.43 Einspielen von Nachrichten',NULL,0,2,'C__DIALOG_PLUS_CUSTOM_PRIVACY',NULL,NULL),
(63,'Bedrohung','G 0.44 Unbefugtes Eindringen in Räumlichkeiten',NULL,0,2,'C__DIALOG_PLUS_CUSTOM_PRIVACY',NULL,NULL),
(64,'Bedrohung','G 0.45 Datenverlust',NULL,0,2,'C__DIALOG_PLUS_CUSTOM_PRIVACY',NULL,NULL),
(65,'Bedrohung','G 0.46 Integritätsverlust schützenswerter Informationen',NULL,0,2,'C__DIALOG_PLUS_CUSTOM_PRIVACY',NULL,NULL),
(66,'Schutzbedarf','Hoch',NULL,0,2,'C__DIALOG_PLUS_CUSTOM_PRIVACY',NULL,NULL),
(67,'Schutzbedarf','Sehr hoch',NULL,0,2,'C__DIALOG_PLUS_CUSTOM_PRIVACY',NULL,NULL),
(68,'Schutzbedarf','Normal',NULL,0,2,'C__DIALOG_PLUS_CUSTOM_PRIVACY',NULL,NULL),
(69,'Schutzbedarf_Verfugbarkeit','Hoch',NULL,0,2,'C__DIALOG_PLUS_CUSTOM_PRIVACY',NULL,NULL),
(70,'Schutzbedarf_Verfugbarkeit','Sehr hoch',NULL,0,2,'C__DIALOG_PLUS_CUSTOM_PRIVACY',NULL,NULL),
(71,'Schutzbedarf_Verfugbarkeit','Normal',NULL,0,2,'C__DIALOG_PLUS_CUSTOM_PRIVACY',NULL,NULL),
(72,'Schutzbedarf_Integritat','Hoch',NULL,0,2,'C__DIALOG_PLUS_CUSTOM_PRIVACY',NULL,NULL),
(73,'Schutzbedarf_Integritat','Sehr hoch',NULL,0,2,'C__DIALOG_PLUS_CUSTOM_PRIVACY',NULL,NULL),
(74,'Schutzbedarf_Integritat','Normal',NULL,0,2,'C__DIALOG_PLUS_CUSTOM_PRIVACY',NULL,NULL),
(75,'Status_der_Umsetzung','Umgesetzt',NULL,0,2,'C__DIALOG_PLUS_CUSTOM_PRIVACY',NULL,NULL),
(76,'Status_der_Umsetzung','Teilweise umgesetzt',NULL,0,2,'C__DIALOG_PLUS_CUSTOM_PRIVACY',NULL,NULL),
(77,'Status_der_Umsetzung','In Planung',NULL,0,2,'C__DIALOG_PLUS_CUSTOM_PRIVACY',NULL,NULL),
(78,'Status_der_Umsetzung','Nicht umgesetzt',NULL,0,2,'C__DIALOG_PLUS_CUSTOM_PRIVACY',NULL,NULL),
(79,'Rechtsgrundlage_fur_die_Verarbeitung','Erfüllung einer rechtlichen Verpflichtung, Verarbeitung ist erforderlich - für die Wahrnehmung einer Aufgabe - die im Öffentliches Interesse oder in Ausübung öffentlicher Gewalt erfolgt (Erforderlichkeitsprüfung gemäß Art 6 Abs 3 DSGVO)',NULL,0,2,NULL,NULL,NULL),
(80,'Rechtsgrundlage_fur_die_Verarbeitung','Verarbeitung ist erforderlich, für die Wahrnehmung einer Aufgabe, die im Öffentliches Interesse oder in Ausübung öffentlicher Gewalt erfolgt (Erforderlichkeitsprüfung gemäß Art 6 Abs 3 DSGVO)  Verarbeitung von personenbezogenen Daten über strafrechtlich',NULL,0,2,NULL,NULL,NULL),
(81,'Rechtsgrundlage_fur_die_Verarbeitung','Gesetzlich vorgesehene Verarbeitung aus Gründen eines erheblichen öffentlichen Interesses  (bes. Kat.)',NULL,0,2,NULL,NULL,NULL),
(82,'Rechtsgrundlage_fur_die_Verarbeitung','Einwilligung des Betroffenen erforderlich',NULL,0,2,NULL,NULL,NULL),
(83,'Rechtsgrundlage_fur_die_Verarbeitung','Verarbeitung ist erforderlich, für die Wahrnehmung einer Aufgabe, die im Öffentliches Interesse oder in Ausübung öffentlicher Gewalt erfolgt (Erforderlichkeitsprüfung gemäß Art 6 Abs 3 DSGVO) Gesetzliche Vorgaben  //',NULL,0,2,NULL,NULL,NULL),
(84,'Rechtsgrundlage_fur_die_Verarbeitung','Erfüllung eines Vertrages, zur Durchführung vorvertraglicher Maßnahmen erforderlich',NULL,0,2,NULL,NULL,NULL),
(85,'Rechtsgrundlage_fur_die_Verarbeitung','Verarbeitung ist erforderlich, für die Wahrnehmung einer Aufgabe, die im Öffentliches Interesse oder in Ausübung öffentlicher Gewalt erfolgt (Erforderlichkeitsprüfung gemäß Art 6 Abs 3 DSGVO)  Verarbeitung besonderer Kategorien personenbezogener Daten (',NULL,0,2,NULL,NULL,NULL),
(86,'Rechtsgrundlage_fur_die_Verarbeitung','Berechtigtes Interesse der Gemeinde',NULL,0,2,NULL,NULL,NULL),
(87,'Rechtsgrundlage_fur_die_Verarbeitung','Einwilligung des Betroffenen',NULL,0,2,NULL,NULL,NULL),
(88,'Rechtsgrundlage_fur_die_Verarbeitung','Erfüllung eines Vertrages (zB Dienstvertrag), zur Durchführung vorvertraglicher Maßnahmen erforderlich',NULL,0,2,NULL,NULL,NULL),
(89,'Rechtsgrundlage_fur_die_Verarbeitung','Berechtigtes Interesse der Gemeinde (zB um auf Anfragen oder Beschwerden von Dritten entsprechend reagieren und bspw den Sach-/Fallbearbeiter damit konfrontieren zu könne',NULL,0,2,NULL,NULL,NULL),
(90,'Rechtsgrundlage_fur_die_Verarbeitung','Ausdrückliche Einwilligung  (bes. Kat.)',NULL,0,2,NULL,NULL,NULL),
(91,'Rechtsgrundlage_fur_die_Verarbeitung','Erfüllung einer rechtlichen Verpflichtung, MeldeG idgF und MeldG-DV',NULL,0,2,NULL,NULL,NULL),
(92,'Rechtsgrundlage_fur_die_Verarbeitung','Gesetzlich vorgesehene Verarbeitung aus Gründen eines erheblichen öffentlichen Interesses (bes. Kat.)',NULL,0,2,NULL,NULL,NULL),
(93,'Rechtsgrundlage_fur_die_Verarbeitung','Berechtigtes Interesse der Behörde, insb Aufrechterhaltung der Funktionsfähigkeit der IKT und damit Sicherstellung der Leistungsbereitschaft/-erbringung an die Bürger',NULL,0,2,NULL,NULL,NULL),
(94,'Rechtsgrundlage_fur_die_Verarbeitung','Verarbeitung besonderer Kategorien personenbezogener Daten (Art 9 DSGVO): Gesetzlich vorgesehene Verarbeitung aus Gründen eines erheblichen öffentlichen Interesses',NULL,0,2,NULL,NULL,NULL),
(95,'Rechtsgrundlage_fur_die_Verarbeitung','Gesetzlich vorgesehen',NULL,0,2,NULL,NULL,NULL),
(96,'Rechtsgrundlage_fur_die_Verarbeitung','Ausdrückliche Einwilligung (bes.Kat.)',NULL,0,2,NULL,NULL,NULL),
(97,'Bedrohte_Sicherheitsziele','Vertraulichkeit',NULL,0,2,NULL,NULL,NULL),
(98,'Bedrohte_Sicherheitsziele','Verfügbarkeit',NULL,0,2,NULL,NULL,NULL),
(99,'Bedrohte_Sicherheitsziele','Integrität',NULL,0,2,NULL,NULL,NULL),
(100,'Bedrohte_Sicherheitsziele','Datenminimierung',NULL,0,2,NULL,NULL,NULL),
(101,'Bedrohte_Sicherheitsziele','Nichtverkettung',NULL,0,2,NULL,NULL,NULL),
(102,'Bedrohte_Sicherheitsziele','Transparenz',NULL,0,2,NULL,NULL,NULL),
(103,'Bedrohte_Sicherheitsziele','Intervenierbarkeit',NULL,0,2,NULL,NULL,NULL),
(104,'VERRECHNUNGS_KUNDE','10 - Amt der Stadt Bludenz',NULL,0,2,NULL,NULL,NULL),
(105,'VERRECHNUNGS_KUNDE','20 - ',NULL,0,2,NULL,NULL,NULL),
(106,'VERRECHNUNGS_KUNDE','61 - Marktgemeinde Nenzing',NULL,0,2,NULL,NULL,NULL),
(107,'VERRECHNUNGS_KUNDE','11 - Gemeinde Bludesch',NULL,0,2,NULL,NULL,NULL);
COMMIT;

--
-- Table structure for table `isys_drive_list_2_stor_list`
--

CREATE TABLE `isys_drive_list_2_stor_list` (
  `isys_drive_list_2_stor_list__id` int(10) unsigned NOT NULL AUTO_INCREMENT,
  `isys_drive_list_2_stor_list__isys_catg_drive_list__id` int(10) unsigned NOT NULL DEFAULT 0,
  `isys_drive_list_2_stor_list__isys_catg_stor_list__id` int(10) unsigned NOT NULL DEFAULT 0,
  PRIMARY KEY (`isys_drive_list_2_stor_list__id`),
  KEY `isys_drive_list_2_stor_list_FKIndex1` (`isys_drive_list_2_stor_list__isys_catg_drive_list__id`),
  KEY `isys_drive_list_2_stor_list_FKIndex2` (`isys_drive_list_2_stor_list__isys_catg_stor_list__id`)
) ENGINE=InnoDB DEFAULT CHARSET=utf8mb3 COLLATE=utf8mb3_unicode_ci;

--
-- Dumping data for table `isys_drive_list_2_stor_list`
--

COMMIT;

--
-- Table structure for table `isys_event`
--

CREATE TABLE `isys_event` (
  `isys_event__id` int(10) unsigned NOT NULL AUTO_INCREMENT,
  `isys_event__isys_module__id` int(10) unsigned NOT NULL COMMENT 'module id',
  `isys_event__identifier` varchar(100) NOT NULL,
  `isys_event__handler` varchar(200) NOT NULL,
  `isys_event__title` varchar(100) NOT NULL,
  `isys_event__description` text NOT NULL,
  `isys_event__status` int(1) NOT NULL DEFAULT 2,
  PRIMARY KEY (`isys_event__id`),
  UNIQUE KEY `event_index` (`isys_event__isys_module__id`,`isys_event__identifier`),
  KEY `isys_event__status` (`isys_event__status`),
  KEY `isys_event__title` (`isys_event__title`),
  CONSTRAINT `isys_event__isys_module__id` FOREIGN KEY (`isys_event__isys_module__id`) REFERENCES `isys_module` (`isys_module__id`) ON DELETE CASCADE ON UPDATE CASCADE
) ENGINE=InnoDB AUTO_INCREMENT=8 DEFAULT CHARSET=utf8mb3 COLLATE=utf8mb3_unicode_ci;

--
-- Dumping data for table `isys_event`
--

INSERT INTO `isys_event` VALUES
(1,2,'mod.cmdb.objectCreated','isys_module_cmdb_eventhandler::onObjectCreated','LC__MODULE__CMDB_EVENTS__OBJECT_CREATED','',2),
(2,2,'mod.cmdb.objectDeleted','isys_module_cmdb_eventhandler::onObjectDeleted','LC__MODULE__CMDB_EVENTS__OBJECT_DELETED','',2),
(3,2,'mod.cmdb.afterCreateCategoryEntry','isys_module_cmdb_eventhandler::onAfterCategoryEntryCreate','LC__MODULE__CMDB_EVENTS__AFTER_CATEGORY_CREATE','',2),
(4,2,'mod.cmdb.afterCategoryEntrySave','isys_module_cmdb_eventhandler::onAfterCategoryEntrySave','LC__MODULE__CMDB_EVENTS__AFTER_CATEGORY_SAVE','',2),
(5,2,'mod.cmdb.beforeRankRecord','isys_module_cmdb_eventhandler::onBeforeRankRecord','LC__MODULE__CMDB_EVENTS__BEFORE_RANK','',2),
(6,2,'mod.cmdb.afterObjectTypeSave','isys_module_cmdb_eventhandler::onAfterObjectTypeSave','LC__MODULE__CMDB_EVENTS__AFTER_OBJECT_TYPE_SAVE','',2),
(7,2,'mod.cmdb.afterObjectTypePurge','isys_module_cmdb_eventhandler::onAfterObjectTypePurge','LC__MODULE__CMDB_EVENTS__AFTER_OBJECT_TYPE_PURGE','',2);
COMMIT;

--
-- Table structure for table `isys_event_log`
--

CREATE TABLE `isys_event_log` (
  `isys_event_log__id` int(10) unsigned NOT NULL AUTO_INCREMENT,
  `isys_event_log__isys_event_subscription__id` int(10) unsigned DEFAULT NULL COMMENT 'event subscription id',
  `isys_event_log__message` varchar(255) NOT NULL,
  `isys_event_log__response` text NOT NULL,
  `isys_event_log__response_code` int(1) NOT NULL DEFAULT 0,
  `isys_event_log__status` int(1) NOT NULL COMMENT 'process exit status',
  `isys_event_log__datetime` datetime NOT NULL,
  `isys_event_log__command` varchar(255) DEFAULT NULL,
  PRIMARY KEY (`isys_event_log__id`),
  KEY `isys_event_log__isys_event_subscription__id` (`isys_event_log__isys_event_subscription__id`),
  CONSTRAINT `isys_event_log__isys_event_subscription__id` FOREIGN KEY (`isys_event_log__isys_event_subscription__id`) REFERENCES `isys_event_subscription` (`isys_event_subscription__id`) ON DELETE SET NULL ON UPDATE CASCADE
) ENGINE=InnoDB DEFAULT CHARSET=utf8mb3 COLLATE=utf8mb3_unicode_ci;

--
-- Dumping data for table `isys_event_log`
--

COMMIT;

--
-- Table structure for table `isys_event_queue`
--

CREATE TABLE `isys_event_queue` (
  `isys_event_queue__id` int(10) unsigned NOT NULL AUTO_INCREMENT,
  `isys_event_queue__isys_event_subscription__id` int(10) unsigned NOT NULL COMMENT 'event subscription id',
  `isys_event_queue__data` text NOT NULL,
  `isys_event_queue__datetime` datetime NOT NULL,
  PRIMARY KEY (`isys_event_queue__id`),
  KEY `isys_event_queue__isys_event_subscription__id` (`isys_event_queue__isys_event_subscription__id`),
  CONSTRAINT `isys_event_queue__isys_event_subscription__id` FOREIGN KEY (`isys_event_queue__isys_event_subscription__id`) REFERENCES `isys_event_subscription` (`isys_event_subscription__id`) ON DELETE CASCADE ON UPDATE CASCADE
) ENGINE=InnoDB DEFAULT CHARSET=utf8mb3 COLLATE=utf8mb3_unicode_ci;

--
-- Dumping data for table `isys_event_queue`
--

COMMIT;

--
-- Table structure for table `isys_event_subscription`
--

CREATE TABLE `isys_event_subscription` (
  `isys_event_subscription__id` int(10) unsigned NOT NULL AUTO_INCREMENT,
  `isys_event_subscription__isys_event__id` int(10) unsigned DEFAULT NULL,
  `isys_event_subscription__isys_obj__id` int(10) unsigned DEFAULT NULL COMMENT 'user id',
  `isys_event_subscription__title` varchar(255) NOT NULL COMMENT 'description',
  `isys_event_subscription__queued` int(1) unsigned DEFAULT NULL COMMENT 'instant or queued event handling',
  `isys_event_subscription__type` varchar(100) NOT NULL COMMENT 'event handler type',
  `isys_event_subscription__command` varchar(255) NOT NULL COMMENT 'execution command',
  `isys_event_subscription__options` text NOT NULL,
  `isys_event_subscription__date_created` datetime NOT NULL,
  `isys_event_subscription__source` varchar(32) DEFAULT NULL,
  `isys_event_subscription__action` varchar(32) DEFAULT NULL,
  `isys_event_subscription__reference` varchar(32) DEFAULT NULL,
  `isys_event_subscription__reference_option` text DEFAULT NULL,
  `isys_event_subscription__context` text DEFAULT NULL,
  PRIMARY KEY (`isys_event_subscription__id`),
  KEY `isys_event_subscription__isys_event__id` (`isys_event_subscription__isys_event__id`),
  KEY `isys_event_subscription__isys_obj__id` (`isys_event_subscription__isys_obj__id`),
  CONSTRAINT `isys_event_subscription__isys_event__id` FOREIGN KEY (`isys_event_subscription__isys_event__id`) REFERENCES `isys_event` (`isys_event__id`) ON DELETE CASCADE ON UPDATE CASCADE,
  CONSTRAINT `isys_event_subscription__isys_obj__id` FOREIGN KEY (`isys_event_subscription__isys_obj__id`) REFERENCES `isys_obj` (`isys_obj__id`) ON DELETE SET NULL ON UPDATE CASCADE
) ENGINE=InnoDB DEFAULT CHARSET=utf8mb3 COLLATE=utf8mb3_unicode_ci;

--
-- Dumping data for table `isys_event_subscription`
--

COMMIT;

--
-- Table structure for table `isys_export`
--

CREATE TABLE `isys_export` (
  `isys_export__id` int(10) NOT NULL AUTO_INCREMENT,
  `isys_export__title` varchar(255) NOT NULL,
  `isys_export__params` text NOT NULL,
  `isys_export__exported` int(10) NOT NULL,
  `isys_export__datetime` datetime NOT NULL,
  PRIMARY KEY (`isys_export__id`)
) ENGINE=InnoDB DEFAULT CHARSET=utf8mb3 COLLATE=utf8mb3_unicode_ci;

--
-- Dumping data for table `isys_export`
--

COMMIT;

--
-- Table structure for table `isys_fc_port_medium`
--

CREATE TABLE `isys_fc_port_medium` (
  `isys_fc_port_medium__id` int(10) unsigned NOT NULL AUTO_INCREMENT,
  `isys_fc_port_medium__title` varchar(255) DEFAULT NULL,
  `isys_fc_port_medium__description` longtext DEFAULT NULL,
  `isys_fc_port_medium__const` varchar(255) DEFAULT NULL,
  `isys_fc_port_medium__sort` int(10) unsigned DEFAULT NULL,
  `isys_fc_port_medium__status` tinyint(3) unsigned NOT NULL DEFAULT 1,
  `isys_fc_port_medium__property` int(10) unsigned DEFAULT NULL,
  PRIMARY KEY (`isys_fc_port_medium__id`),
  KEY `isys_fc_port_medium__title` (`isys_fc_port_medium__title`)
) ENGINE=InnoDB DEFAULT CHARSET=utf8mb3 COLLATE=utf8mb3_unicode_ci;

--
-- Dumping data for table `isys_fc_port_medium`
--

COMMIT;

--
-- Table structure for table `isys_fc_port_path`
--

CREATE TABLE `isys_fc_port_path` (
  `isys_fc_port_path__id` int(10) unsigned NOT NULL AUTO_INCREMENT,
  `isys_fc_port_path__isys_catg_sanpool_list__id` int(10) unsigned NOT NULL,
  `isys_fc_port_path__isys_catg_fc_port_list__id` int(10) unsigned NOT NULL,
  PRIMARY KEY (`isys_fc_port_path__id`),
  KEY `isys_fc_port_path__isys_catg_sanpool_list__id` (`isys_fc_port_path__isys_catg_sanpool_list__id`),
  KEY `isys_fc_port_path__isys_catg_fc_port_list__id` (`isys_fc_port_path__isys_catg_fc_port_list__id`),
  CONSTRAINT `isys_fc_port_path_ibfk_1` FOREIGN KEY (`isys_fc_port_path__isys_catg_sanpool_list__id`) REFERENCES `isys_catg_sanpool_list` (`isys_catg_sanpool_list__id`) ON DELETE CASCADE ON UPDATE CASCADE,
  CONSTRAINT `isys_fc_port_path_ibfk_2` FOREIGN KEY (`isys_fc_port_path__isys_catg_fc_port_list__id`) REFERENCES `isys_catg_fc_port_list` (`isys_catg_fc_port_list__id`) ON DELETE CASCADE ON UPDATE CASCADE
) ENGINE=InnoDB DEFAULT CHARSET=utf8mb3 COLLATE=utf8mb3_unicode_ci;

--
-- Dumping data for table `isys_fc_port_path`
--

COMMIT;

--
-- Table structure for table `isys_fc_port_type`
--

CREATE TABLE `isys_fc_port_type` (
  `isys_fc_port_type__id` int(10) unsigned NOT NULL AUTO_INCREMENT,
  `isys_fc_port_type__title` varchar(255) DEFAULT NULL,
  `isys_fc_port_type__description` longtext DEFAULT NULL,
  `isys_fc_port_type__sort` int(10) unsigned DEFAULT 5,
  `isys_fc_port_type__const` varchar(255) DEFAULT NULL,
  `isys_fc_port_type__property` int(10) unsigned DEFAULT 0,
  `isys_fc_port_type__status` tinyint(3) unsigned NOT NULL DEFAULT 2,
  PRIMARY KEY (`isys_fc_port_type__id`),
  KEY `isys_fc_port_type__title` (`isys_fc_port_type__title`)
) ENGINE=InnoDB DEFAULT CHARSET=utf8mb3 COLLATE=utf8mb3_unicode_ci;

--
-- Dumping data for table `isys_fc_port_type`
--

COMMIT;

--
-- Table structure for table `isys_fiber_category`
--

CREATE TABLE `isys_fiber_category` (
  `isys_fiber_category__id` int(10) unsigned NOT NULL AUTO_INCREMENT,
  `isys_fiber_category__title` varchar(255) DEFAULT NULL,
  `isys_fiber_category__description` longtext DEFAULT NULL,
  `isys_fiber_category__const` varchar(255) DEFAULT NULL,
  `isys_fiber_category__sort` int(10) unsigned DEFAULT 5,
  `isys_fiber_category__status` tinyint(3) unsigned NOT NULL DEFAULT 2,
  `isys_fiber_category__property` int(10) unsigned DEFAULT 0,
  PRIMARY KEY (`isys_fiber_category__id`)
) ENGINE=InnoDB AUTO_INCREMENT=7 DEFAULT CHARSET=utf8mb3 COLLATE=utf8mb3_unicode_ci COMMENT='fiber category';

--
-- Dumping data for table `isys_fiber_category`
--

INSERT INTO `isys_fiber_category` VALUES
(1,'OM1',NULL,'C__CATEGORY_FIBER__OM1',1,2,0),
(2,'OM2',NULL,'C__CATEGORY_FIBER__OM2',2,2,0),
(3,'OM3',NULL,'C__CATEGORY_FIBER__OM3',3,2,0),
(4,'OM4',NULL,'C__CATEGORY_FIBER__OM4',4,2,0),
(5,'OS1',NULL,'C__CATEGORY_FIBER__OS1',5,2,0),
(6,'OS2',NULL,'C__CATEGORY_FIBER__OS2',6,2,0);
COMMIT;

--
-- Table structure for table `isys_fiber_wave_length`
--

CREATE TABLE `isys_fiber_wave_length` (
  `isys_fiber_wave_length__id` int(10) unsigned NOT NULL AUTO_INCREMENT,
  `isys_fiber_wave_length__title` varchar(255) DEFAULT NULL,
  `isys_fiber_wave_length__description` longtext DEFAULT NULL,
  `isys_fiber_wave_length__const` varchar(255) DEFAULT NULL,
  `isys_fiber_wave_length__sort` int(10) unsigned DEFAULT 5,
  `isys_fiber_wave_length__status` tinyint(3) unsigned NOT NULL DEFAULT 2,
  `isys_fiber_wave_length__property` int(10) unsigned DEFAULT 0,
  PRIMARY KEY (`isys_fiber_wave_length__id`)
) ENGINE=InnoDB DEFAULT CHARSET=utf8mb3 COLLATE=utf8mb3_unicode_ci COMMENT='fiber wave lengths';

--
-- Dumping data for table `isys_fiber_wave_length`
--

COMMIT;

--
-- Table structure for table `isys_file_category`
--

CREATE TABLE `isys_file_category` (
  `isys_file_category__id` int(10) unsigned NOT NULL AUTO_INCREMENT,
  `isys_file_category__title` varchar(255) DEFAULT NULL,
  `isys_file_category__description` longtext DEFAULT NULL,
  `isys_file_category__const` varchar(255) DEFAULT NULL,
  `isys_file_category__sort` int(10) unsigned DEFAULT NULL,
  `isys_file_category__property` int(10) unsigned DEFAULT NULL,
  `isys_file_category__status` tinyint(3) unsigned NOT NULL DEFAULT 1,
  PRIMARY KEY (`isys_file_category__id`),
  KEY `isys_file_category__title` (`isys_file_category__title`)
) ENGINE=InnoDB AUTO_INCREMENT=8 DEFAULT CHARSET=utf8mb3 COLLATE=utf8mb3_unicode_ci;

--
-- Dumping data for table `isys_file_category`
--

INSERT INTO `isys_file_category` VALUES
(1,'SonicWall Settings',NULL,NULL,NULL,NULL,2),
(2,'Linux Router Configs',NULL,NULL,NULL,NULL,2),
(3,'AVV',NULL,NULL,NULL,NULL,2),
(4,'Firewall Script',NULL,NULL,NULL,NULL,2),
(5,'Switch Configs',NULL,NULL,NULL,NULL,2),
(6,'Licenses',NULL,NULL,NULL,NULL,2),
(7,'Grafiken',NULL,NULL,NULL,NULL,2);
COMMIT;

--
-- Table structure for table `isys_file_physical`
--

CREATE TABLE `isys_file_physical` (
  `isys_file_physical__id` int(10) unsigned NOT NULL AUTO_INCREMENT,
  `isys_file_physical__title` varchar(255) DEFAULT NULL,
  `isys_file_physical__filename` varchar(255) DEFAULT NULL,
  `isys_file_physical__filename_original` varchar(255) DEFAULT NULL,
  `isys_file_physical__description` longtext DEFAULT NULL,
  `isys_file_physical__md5` varchar(255) DEFAULT NULL,
  `isys_file_physical__date_uploaded` datetime DEFAULT NULL,
  `isys_file_physical__user_id_uploaded` int(10) unsigned DEFAULT NULL,
  `isys_file_physical__status` tinyint(3) unsigned NOT NULL DEFAULT 2,
  `isys_file_physical__property` int(10) unsigned DEFAULT 0,
  PRIMARY KEY (`isys_file_physical__id`)
) ENGINE=InnoDB AUTO_INCREMENT=21 DEFAULT CHARSET=utf8mb3 COLLATE=utf8mb3_unicode_ci;

--
-- Dumping data for table `isys_file_physical`
--

INSERT INTO `isys_file_physical` VALUES
(1,NULL,'173__1520950994__blulan_etc.tar.gz','blulan_etc.tar.gz',NULL,'371f36da5de42885d4528e7cd5da2dea','2018-03-13 15:23:14',27,2,0),
(2,NULL,'188__1521196748__blulan_var_www.tar.gz','blulan_var_www.tar.gz',NULL,'299fe52319c447bf2bcc47ced4ec1b5a','2018-03-16 11:39:08',27,2,0),
(3,NULL,'2655__1535055940__sonicwall-tz_200-5_8_0_5-2o.exp','sonicwall-TZ_200-5_8_0_5-2o.exp',NULL,'49f9146545fbc8d072ff82731b6ac1ff','2018-08-23 22:25:40',27,2,0),
(4,NULL,'2836__1544080871__sonicwall-nsa_2600-6_2_5_1-26n-hf158173-1n.exp','sonicwall-NSA_2600-6_2_5_1-26n--HF158173-1n.exp',NULL,'e7a4f043ffd166c508f0bc9761e7f0a3','2018-12-06 08:21:11',27,2,0),
(5,NULL,'2836__1544081057__sonicwall-nsa_2600-6_2_5_1-26n-hf158173-1n-1-.exp','sonicwall-NSA_2600-6_2_5_1-26n--HF158173-1n (1).exp',NULL,'fca7623196e884682760091e68936691','2018-12-06 08:24:17',27,2,0),
(6,NULL,'3035__1557411266__gemeindezentrum_etc.tar.gz','gemeindezentrum_etc.tar.gz',NULL,'c4780dd6d12564643879779318f6bbea','2019-05-09 16:14:26',27,2,0),
(7,NULL,'3214__1569917101__sonicwall-tz_200-5_8_0_5-2o.exp','sonicwall-TZ_200-5_8_0_5-2o.exp',NULL,'1fe08af655ab48d4b4cb31187e88efb3','2019-10-01 10:05:01',27,2,0),
(8,NULL,'3280__1573204053__auftragsverarbeitervereinbarung-acp-valblu.pdf','Auftragsverarbeitervereinbarung ACP-Valblu.pdf',NULL,'578ff7a643f914d1da3fc50be98b4452','2019-11-08 10:07:33',3260,2,0),
(9,NULL,'3285__1573204507__bestellung-datenschutzbeauftragter.pdf','Bestellung Datenschutzbeauftragter.pdf',NULL,'cdb5bb623169c94e5cb6d3622951a3c2','2019-11-08 10:15:07',3260,2,0),
(10,NULL,'3286__1573204557__bestellung-datenschutzbeauftragter.pdf','Bestellung Datenschutzbeauftragter.pdf',NULL,'cdb5bb623169c94e5cb6d3622951a3c2','2019-11-08 10:15:57',3260,2,0),
(11,NULL,'3682__1575995312__firewall','firewall',NULL,'54f0739a7e48e67368f3c44e75034d09','2019-12-10 17:28:32',26,2,0),
(12,NULL,'2836__1589364892__sonicwall-nsa_2600-6_5_4_4-44n-1589364613.exp','sonicwall-NSA_2600-6_5_4_4-44n-1589364613.exp',NULL,'05da66ed1cd9033e05ece13787c24a22','2020-05-13 12:14:52',27,2,0),
(13,NULL,'2836__1603123712__sw_nsa-2600__eng_6.5.4.7-83n.sig','sw_nsa-2600__eng_6.5.4.7-83n.sig',NULL,'68a6028bd9605170ec7454b7a4a4b0d3','2020-10-19 18:08:32',27,2,0),
(14,NULL,'4042__1604500311__2020-04-20-information-zur-dsfa-infizierte.docx','2020-04-20 Information zur DSFA Infizierte.docx',NULL,'32b8fbcd6db4e5a63800f439cecd32fb','2020-11-04 15:31:51',27,2,0),
(15,NULL,'4083__1611825272__auftragsverarbeitervereinbarung-stadt-valblu.pdf','Auftragsverarbeitervereinbarung Stadt - ValBlu.pdf',NULL,'07aa48b68040a5235cb4d85992c4b6f2','2021-01-28 10:14:32',3260,2,0),
(16,NULL,'4334__1625572331__router_nenzing_etc.tar.gz','router_nenzing_etc.tar.gz',NULL,'b87ad167b81c3aa882a1570fffe8ecd6','2021-07-06 13:52:11',27,2,0),
(17,NULL,'8617__1677657545__config_sw8305.cfg','config_SW8305.cfg',NULL,'e7ceac1f54647feb76adc6e9749365ad','2023-03-01 08:59:05',2785,2,0),
(18,NULL,'8828__1695981634__synergis.synlic','Synergis.synlic',NULL,'ea2675a2fbd116269d16e1259e08dc5f','2023-09-29 12:00:34',7210,2,0),
(19,NULL,'26358__1761815705__bludenz-logo-alpenstadt-schwarz-300dpi.tif','bludenz-logo-alpenstadt-schwarz-300dpi.tif',NULL,'eb580b887e0da92223b1aa4c3f8f22dc','2025-10-30 10:15:05',9602,2,0),
(20,NULL,'26360__1761835120__bludenz-logo-alpenstadt-weiss300dpi.png','bludenz-logo-alpenstadt-weiss300dpi.png',NULL,'d0123ba12125001cef42d64de672c944','2025-10-30 15:38:40',9602,2,0);
COMMIT;

--
-- Table structure for table `isys_file_version`
--

CREATE TABLE `isys_file_version` (
  `isys_file_version__id` int(10) unsigned NOT NULL AUTO_INCREMENT,
  `isys_file_version__title` varchar(255) DEFAULT NULL,
  `isys_file_version__description` longtext DEFAULT NULL,
  `isys_file_version__revision` int(10) unsigned DEFAULT NULL,
  `isys_file_version__isys_obj__id` int(10) unsigned NOT NULL,
  `isys_file_version__isys_file_physical__id` int(10) unsigned DEFAULT NULL,
  `isys_file_version__const` varchar(255) NOT NULL,
  `isys_file_version__sort` int(10) unsigned DEFAULT NULL,
  `isys_file_version__status` tinyint(3) unsigned NOT NULL DEFAULT 1,
  `isys_file_version__property` int(10) unsigned DEFAULT NULL,
  PRIMARY KEY (`isys_file_version__id`),
  KEY `isys_file_version_FKIndex1` (`isys_file_version__isys_file_physical__id`),
  KEY `isys_file_version_FKIndex2` (`isys_file_version__isys_obj__id`),
  KEY `isys_file_version__status` (`isys_file_version__status`),
  CONSTRAINT `isys_file_version_ibfk_1` FOREIGN KEY (`isys_file_version__isys_file_physical__id`) REFERENCES `isys_file_physical` (`isys_file_physical__id`) ON DELETE NO ACTION ON UPDATE NO ACTION,
  CONSTRAINT `isys_file_version_ibfk_2` FOREIGN KEY (`isys_file_version__isys_obj__id`) REFERENCES `isys_obj` (`isys_obj__id`) ON DELETE CASCADE ON UPDATE CASCADE
) ENGINE=InnoDB AUTO_INCREMENT=21 DEFAULT CHARSET=utf8mb3 COLLATE=utf8mb3_unicode_ci;

--
-- Dumping data for table `isys_file_version`
--

INSERT INTO `isys_file_version` VALUES
(1,'etc','',1,173,1,'',NULL,2,NULL),
(2,'Backup Valblu Blulan /var/www','',1,188,2,'',NULL,2,NULL),
(3,'Settings nach Inbetriebnahme','',1,2655,3,'',NULL,2,NULL),
(4,'','Vor der Entferunung von SYSTEAM SSH Zugängen',1,2836,4,'',NULL,2,NULL),
(5,'','Nach SYSTEAM SSH Entfernung',2,2836,5,'',NULL,2,NULL),
(6,'','',1,3035,6,'',NULL,2,NULL),
(7,'','',1,3214,7,'',NULL,2,NULL),
(8,'','',1,3280,8,'',NULL,2,NULL),
(9,'','',1,3285,9,'',NULL,2,NULL),
(10,'','',1,3286,10,'',NULL,2,NULL),
(11,'','',1,3682,11,'',NULL,2,NULL),
(12,'Backup vom 13.5.2020','Nach Konfiguation einer erzwungenen Route für srs.bludenz.at ',3,2836,12,'',NULL,2,NULL),
(13,'Backup vom 19.10.2020 vor dem Firmwareupdate auf Version 6.5.4.7-83n','Backup vom 19.10.2020 vor dem Firmwareupdate auf Version 6.5.4.7-83n',4,2836,13,'',NULL,2,NULL),
(14,'','',1,4042,14,'',NULL,2,NULL),
(15,'','',1,4083,15,'',NULL,2,NULL),
(16,'','',1,4334,16,'',NULL,2,NULL),
(17,'','',1,8617,17,'',NULL,2,NULL),
(18,'','',1,8828,18,'',NULL,2,NULL),
(19,'','',1,26358,19,'',NULL,2,NULL),
(20,'','',1,26360,20,'',NULL,2,NULL);
COMMIT;

--
-- Table structure for table `isys_filesystem_type`
--

CREATE TABLE `isys_filesystem_type` (
  `isys_filesystem_type__id` int(10) unsigned NOT NULL AUTO_INCREMENT,
  `isys_filesystem_type__title` varchar(255) DEFAULT NULL,
  `isys_filesystem_type__description` longtext DEFAULT NULL,
  `isys_filesystem_type__const` varchar(255) DEFAULT NULL,
  `isys_filesystem_type__sort` int(10) unsigned DEFAULT 5,
  `isys_filesystem_type__property` int(10) unsigned DEFAULT 0,
  `isys_filesystem_type__status` tinyint(3) unsigned NOT NULL DEFAULT 2,
  PRIMARY KEY (`isys_filesystem_type__id`),
  KEY `isys_filesystem_type__title` (`isys_filesystem_type__title`)
) ENGINE=InnoDB AUTO_INCREMENT=10 DEFAULT CHARSET=utf8mb3 COLLATE=utf8mb3_unicode_ci;

--
-- Dumping data for table `isys_filesystem_type`
--

INSERT INTO `isys_filesystem_type` VALUES
(1,'FAT','','C__FILESYSTEM_TYPE__FAT',1,0,2),
(2,'FAT32',NULL,'C__FILESYSTEM_TYPE__FAT32',2,0,2),
(3,'NTFS',NULL,'C__FILESYSTEM_TYPE__NTFS',3,0,2),
(4,'LINUX SWAP',NULL,'C__FILESYSTEM_TYPE__LINUX_SWAP',4,0,2),
(5,'ReiserFS','','C__FILESYSTEM_TYPE__REISER_FS',5,0,2),
(6,'EXT2','','C__FILESYSTEM_TYPE__EXT2',6,0,2),
(7,'EXT3','','C__FILESYSTEM_TYPE__EXT3',7,0,2),
(8,'HPFS','','C__FILESYSTEM_TYPE__HPFS',8,0,2),
(9,'NSS','','C__FILESYSTEM_TYPE__NSS',9,0,2);
COMMIT;

--
-- Table structure for table `isys_frequency_unit`
--

CREATE TABLE `isys_frequency_unit` (
  `isys_frequency_unit__id` int(10) unsigned NOT NULL AUTO_INCREMENT,
  `isys_frequency_unit__title` varchar(255) DEFAULT NULL,
  `isys_frequency_unit__description` longtext DEFAULT NULL,
  `isys_frequency_unit__const` varchar(255) DEFAULT NULL,
  `isys_frequency_unit__factor` bigint(32) unsigned DEFAULT NULL,
  `isys_frequency_unit__sort` int(10) unsigned DEFAULT 5,
  `isys_frequency_unit__status` tinyint(3) unsigned NOT NULL DEFAULT 2,
  `isys_frequency_unit__property` int(10) unsigned DEFAULT 0,
  PRIMARY KEY (`isys_frequency_unit__id`),
  KEY `isys_frequency_unit__title` (`isys_frequency_unit__title`)
) ENGINE=InnoDB AUTO_INCREMENT=5 DEFAULT CHARSET=utf8mb3 COLLATE=utf8mb3_unicode_ci;

--
-- Dumping data for table `isys_frequency_unit`
--

INSERT INTO `isys_frequency_unit` VALUES
(1,'KHz',NULL,'C__FREQUENCY_UNIT__KHZ',1000,1,2,0),
(2,'MHz',NULL,'C__FREQUENCY_UNIT__MHZ',1000000,2,2,0),
(3,'GHz',NULL,'C__FREQUENCY_UNIT__GHZ',1000000000,3,2,0),
(4,'THz',NULL,'C__FREQUENCY_UNIT__THZ',1000000000000,4,2,0);
COMMIT;

--
-- Table structure for table `isys_graphic_manufacturer`
--

CREATE TABLE `isys_graphic_manufacturer` (
  `isys_graphic_manufacturer__id` int(10) unsigned NOT NULL AUTO_INCREMENT,
  `isys_graphic_manufacturer__title` varchar(255) DEFAULT NULL,
  `isys_graphic_manufacturer__description` longtext DEFAULT NULL,
  `isys_graphic_manufacturer__const` varchar(255) DEFAULT NULL,
  `isys_graphic_manufacturer__sort` int(10) unsigned DEFAULT NULL,
  `isys_graphic_manufacturer__status` tinyint(3) unsigned NOT NULL DEFAULT 1,
  `isys_graphic_manufacturer__property` int(10) unsigned DEFAULT NULL,
  PRIMARY KEY (`isys_graphic_manufacturer__id`),
  KEY `isys_graphic_manufacturer__title` (`isys_graphic_manufacturer__title`)
) ENGINE=InnoDB DEFAULT CHARSET=utf8mb3 COLLATE=utf8mb3_unicode_ci;

--
-- Dumping data for table `isys_graphic_manufacturer`
--

COMMIT;

--
-- Table structure for table `isys_guarantee_period_unit`
--

CREATE TABLE `isys_guarantee_period_unit` (
  `isys_guarantee_period_unit__id` int(10) unsigned NOT NULL AUTO_INCREMENT,
  `isys_guarantee_period_unit__title` varchar(255) DEFAULT NULL,
  `isys_guarantee_period_unit__description` longtext DEFAULT NULL,
  `isys_guarantee_period_unit__const` varchar(255) DEFAULT NULL,
  `isys_guarantee_period_unit__sort` int(10) unsigned DEFAULT NULL,
  `isys_guarantee_period_unit__status` tinyint(3) unsigned NOT NULL DEFAULT 1,
  `isys_guarantee_period_unit__property` int(10) unsigned DEFAULT NULL,
  PRIMARY KEY (`isys_guarantee_period_unit__id`),
  KEY `isys_guarantee_period_unit__title` (`isys_guarantee_period_unit__title`)
) ENGINE=InnoDB AUTO_INCREMENT=5 DEFAULT CHARSET=utf8mb3 COLLATE=utf8mb3_unicode_ci;

--
-- Dumping data for table `isys_guarantee_period_unit`
--

INSERT INTO `isys_guarantee_period_unit` VALUES
(1,'LC__UNIVERSAL__MONTHS','Months','C__GUARANTEE_PERIOD_UNIT_MONTH',3,2,0),
(2,'LC__UNIVERSAL__DAYS','Days','C__GUARANTEE_PERIOD_UNIT_DAYS',1,2,NULL),
(3,'LC__UNIVERSAL__WEEKS','Weeks','C__GUARANTEE_PERIOD_UNIT_WEEKS',2,2,NULL),
(4,'LC__UNIVERSAL__YEARS','Years','C__GUARANTEE_PERIOD_UNIT_YEARS',4,2,NULL);
COMMIT;

--
-- Table structure for table `isys_hba_type`
--

CREATE TABLE `isys_hba_type` (
  `isys_hba_type__id` int(10) unsigned NOT NULL AUTO_INCREMENT,
  `isys_hba_type__title` varchar(255) DEFAULT NULL,
  `isys_hba_type__description` longtext DEFAULT NULL,
  `isys_hba_type__const` varchar(255) DEFAULT NULL,
  `isys_hba_type__software_emulation` int(10) unsigned DEFAULT 0,
  `isys_hba_type__sort` int(10) unsigned DEFAULT NULL,
  `isys_hba_type__status` tinyint(3) unsigned NOT NULL DEFAULT 2,
  `isys_hba_type__property` int(10) unsigned DEFAULT 0,
  PRIMARY KEY (`isys_hba_type__id`),
  KEY `isys_hba_type__title` (`isys_hba_type__title`)
) ENGINE=InnoDB AUTO_INCREMENT=5 DEFAULT CHARSET=utf8mb3 COLLATE=utf8mb3_unicode_ci;

--
-- Dumping data for table `isys_hba_type`
--

INSERT INTO `isys_hba_type` VALUES
(1,'FC','FiberChanel','C__STOR_TYPE_FC_CONTROLLER',0,10,2,0),
(2,'iSCSI/FCIP','iSCSI/FCIP','C__STOR_TYPE_ISCSI_CONTROLLER',0,20,2,0),
(3,'SAS','','C__STOR_TYPE_SAS_CONTROLLER',0,30,2,0),
(4,'SATA','','C__STOR_TYPE_SATA_CONTROLLER',0,40,2,0);
COMMIT;

--
-- Table structure for table `isys_hostaddress_pairs`
--

CREATE TABLE `isys_hostaddress_pairs` (
  `isys_hostaddress_pairs__id` int(10) unsigned NOT NULL AUTO_INCREMENT,
  `isys_hostaddress_pairs__isys_catg_ip_list__id` int(10) unsigned NOT NULL,
  `isys_hostaddress_pairs__hostname` varchar(255) CHARACTER SET utf8mb3 COLLATE utf8mb3_unicode_ci NOT NULL,
  `isys_hostaddress_pairs__domain` varchar(255) CHARACTER SET utf8mb3 COLLATE utf8mb3_unicode_ci NOT NULL,
  PRIMARY KEY (`isys_hostaddress_pairs__id`),
  KEY `isys_hostaddress_pairs__isys_catg_ip_list__id` (`isys_hostaddress_pairs__isys_catg_ip_list__id`),
  CONSTRAINT `isys_hostaddress_pairs__isys_catg_ip_list__id` FOREIGN KEY (`isys_hostaddress_pairs__isys_catg_ip_list__id`) REFERENCES `isys_catg_ip_list` (`isys_catg_ip_list__id`) ON DELETE CASCADE ON UPDATE CASCADE
) ENGINE=InnoDB AUTO_INCREMENT=2 DEFAULT CHARSET=utf8mb3 COLLATE=utf8mb3_general_ci;

--
-- Dumping data for table `isys_hostaddress_pairs`
--

INSERT INTO `isys_hostaddress_pairs` VALUES
(1,2,'docker','bludenz.at');
COMMIT;

--
-- Table structure for table `isys_iface_manufacturer`
--

CREATE TABLE `isys_iface_manufacturer` (
  `isys_iface_manufacturer__id` int(10) unsigned NOT NULL AUTO_INCREMENT,
  `isys_iface_manufacturer__title` varchar(255) DEFAULT NULL,
  `isys_iface_manufacturer__description` longtext DEFAULT NULL,
  `isys_iface_manufacturer__const` varchar(255) DEFAULT NULL,
  `isys_iface_manufacturer__sort` int(10) unsigned DEFAULT NULL,
  `isys_iface_manufacturer__status` tinyint(3) unsigned NOT NULL DEFAULT 1,
  `isys_iface_manufacturer__property` int(10) unsigned DEFAULT NULL,
  PRIMARY KEY (`isys_iface_manufacturer__id`),
  KEY `isys_iface_manufacturer__title` (`isys_iface_manufacturer__title`)
) ENGINE=InnoDB AUTO_INCREMENT=5 DEFAULT CHARSET=utf8mb3 COLLATE=utf8mb3_unicode_ci;

--
-- Dumping data for table `isys_iface_manufacturer`
--

INSERT INTO `isys_iface_manufacturer` VALUES
(1,'Intel',NULL,NULL,NULL,2,NULL),
(2,'D-Link',NULL,NULL,NULL,2,NULL),
(3,'tp-link',NULL,NULL,NULL,2,NULL),
(4,'vmware',NULL,NULL,NULL,2,NULL);
COMMIT;

--
-- Table structure for table `isys_iface_model`
--

CREATE TABLE `isys_iface_model` (
  `isys_iface_model__id` int(10) unsigned NOT NULL AUTO_INCREMENT,
  `isys_iface_model__title` varchar(255) DEFAULT NULL,
  `isys_iface_model__description` longtext DEFAULT NULL,
  `isys_iface_model__const` varchar(255) DEFAULT NULL,
  `isys_iface_model__sort` int(10) unsigned DEFAULT NULL,
  `isys_iface_model__status` tinyint(3) unsigned NOT NULL DEFAULT 1,
  `isys_iface_model__property` int(10) unsigned DEFAULT NULL,
  PRIMARY KEY (`isys_iface_model__id`),
  KEY `isys_iface_model__title` (`isys_iface_model__title`)
) ENGINE=InnoDB AUTO_INCREMENT=6 DEFAULT CHARSET=utf8mb3 COLLATE=utf8mb3_unicode_ci;

--
-- Dumping data for table `isys_iface_model`
--

INSERT INTO `isys_iface_model` VALUES
(1,'82579LM',NULL,NULL,NULL,2,NULL),
(2,'DGE-528T',NULL,NULL,NULL,2,NULL),
(3,'PRO1000',NULL,NULL,NULL,2,NULL),
(4,'TG-3468',NULL,NULL,NULL,2,NULL),
(5,'vmxnet3',NULL,NULL,NULL,2,NULL);
COMMIT;

--
-- Table structure for table `isys_import`
--

CREATE TABLE `isys_import` (
  `isys_import__id` int(10) unsigned NOT NULL AUTO_INCREMENT,
  `isys_import__title` varchar(255) DEFAULT NULL,
  `isys_import__import_date` datetime DEFAULT NULL,
  `isys_import__isys_import_type__id` int(10) unsigned DEFAULT NULL,
  `isys_import__isys_import_profile__id` int(10) unsigned DEFAULT NULL,
  PRIMARY KEY (`isys_import__id`),
  KEY `isys_import__isys_import_type__id` (`isys_import__isys_import_type__id`),
  CONSTRAINT `isys_import__isys_import_type__id` FOREIGN KEY (`isys_import__isys_import_type__id`) REFERENCES `isys_import_type` (`isys_import_type__id`) ON DELETE SET NULL ON UPDATE CASCADE
) ENGINE=InnoDB AUTO_INCREMENT=174 DEFAULT CHARSET=utf8mb3 COLLATE=utf8mb3_unicode_ci;

--
-- Dumping data for table `isys_import`
--

INSERT INTO `isys_import` VALUES
(1,'Bludenz_networks.csv','2017-12-12 09:20:21',1,NULL),
(2,'Bludenz_networks.csv','2017-12-18 17:29:58',1,NULL),
(3,'Bludenz_container.csv','2018-07-19 18:04:44',1,NULL),
(4,'Bludenz_container.csv','2018-07-19 18:07:23',1,NULL),
(5,'85 object(s) modified by mass channges.','2019-03-19 10:31:16',5,NULL),
(6,'85 object(s) modified by mass channges.','2019-03-19 10:33:53',5,NULL),
(7,'Container.csv','2020-03-09 11:59:56',1,NULL),
(8,'21 object(s) modified by mass channges.','2020-11-04 14:08:18',5,NULL),
(9,'71 object(s) modified by mass channges.','2020-11-04 14:12:16',5,NULL),
(10,'1 object(s) modified by mass channges.','2020-11-04 14:19:57',5,NULL),
(11,'109 object(s) modified by mass channges.','2020-11-04 14:22:33',5,NULL),
(12,'115 object(s) modified by mass channges.','2022-10-07 08:05:27',5,NULL),
(13,'115 object(s) modified by mass channges.','2022-10-07 08:08:21',5,NULL),
(14,'2025_11_06__RegioBludenzKunden.csv','2025-11-06 12:15:51',1,NULL),
(15,'2025_11_06__RegioBludenzKunden.csv','2025-11-06 12:15:52',1,NULL),
(16,'Import_Eintrittsdatum_Personen.csv','2025-11-21 09:30:49',1,NULL),
(17,'Import_Eintrittsdatum_Personen.csv','2025-11-21 09:31:59',1,NULL),
(18,'Import_Eintrittsdatum_Personen.csv','2025-11-21 09:49:34',1,NULL),
(19,'Import_Eintrittsdatum_Personen.csv','2025-11-21 10:07:21',1,NULL),
(20,'Import_Eintrittsdatum_Personen.csv','2025-11-21 10:15:01',1,NULL),
(21,'Import_Eintrittsdatum_Personen.csv','2025-11-21 10:18:56',1,NULL),
(22,'Import_Eintrittsdatum_Personen.csv','2025-11-21 10:26:44',1,NULL),
(23,'Import_Eintrittsdatum_Personen.csv','2025-11-21 11:47:17',1,NULL),
(24,'Import_Eintrittsdatum_Personen.csv','2025-11-21 11:47:21',1,NULL),
(25,'Import_Eintrittsdatum_Personen.csv','2025-11-21 11:47:26',1,NULL),
(26,'Import_Eintrittsdatum_Personen.csv','2025-11-21 11:47:31',1,NULL),
(27,'Import_Eintrittsdatum_Personen.csv','2025-11-21 11:47:36',1,NULL),
(28,'Import_Eintrittsdatum_Personen.csv','2025-11-21 11:47:41',1,NULL),
(29,'Import_Eintrittsdatum_Personen.csv','2025-11-21 11:47:45',1,NULL),
(30,'Import_Eintrittsdatum_Personen.csv','2025-11-21 11:47:50',1,NULL),
(31,'Import_Eintrittsdatum_Personen.csv','2025-11-21 11:47:54',1,NULL),
(32,'Import_Eintrittsdatum_Personen.csv','2025-11-21 11:47:58',1,NULL),
(33,'Import_Eintrittsdatum_Personen.csv','2025-11-21 11:48:05',1,NULL),
(34,'Import_Eintrittsdatum_Personen.csv','2025-11-21 11:48:09',1,NULL),
(35,'Import_Eintrittsdatum_Personen.csv','2025-11-21 11:48:13',1,NULL),
(36,'Import_Eintrittsdatum_Personen.csv','2025-11-21 11:48:17',1,NULL),
(37,'Import_Eintrittsdatum_Personen.csv','2025-11-21 11:48:21',1,NULL),
(38,'Import_Eintrittsdatum_Personen.csv','2025-11-21 11:48:26',1,NULL),
(39,'Import_Eintrittsdatum_Personen.csv','2025-11-21 11:48:30',1,NULL),
(40,'Import_Eintrittsdatum_Personen.csv','2025-11-21 11:48:35',1,NULL),
(41,'Import_Eintrittsdatum_Personen.csv','2025-11-21 11:48:39',1,NULL),
(42,'Import_Eintrittsdatum_Personen.csv','2025-11-21 11:48:44',1,NULL),
(43,'Import_Eintrittsdatum_Personen.csv','2025-11-21 11:48:49',1,NULL),
(44,'Import_Eintrittsdatum_Personen.csv','2025-11-21 11:48:53',1,NULL),
(45,'Import_Eintrittsdatum_Personen.csv','2025-11-21 11:48:58',1,NULL),
(46,'Import_Eintrittsdatum_Personen.csv','2025-11-21 11:49:02',1,NULL),
(47,'Import_Eintrittsdatum_Personen.csv','2025-11-21 11:49:07',1,NULL),
(48,'Import_Eintrittsdatum_Personen.csv','2025-11-21 11:49:13',1,NULL),
(49,'Import_Eintrittsdatum_Personen.csv','2025-11-21 11:49:18',1,NULL),
(50,'Import_Eintrittsdatum_Personen.csv','2025-11-21 11:49:24',1,NULL),
(51,'Import_Eintrittsdatum_Personen.csv','2025-11-21 11:49:28',1,NULL),
(52,'Import_Eintrittsdatum_Personen.csv','2025-11-21 11:49:33',1,NULL),
(53,'Import_Eintrittsdatum_Personen.csv','2025-11-21 11:49:37',1,NULL),
(54,'Import_Eintrittsdatum_Personen.csv','2025-11-21 11:49:42',1,NULL),
(55,'Import_Eintrittsdatum_Personen.csv','2025-11-21 11:49:47',1,NULL),
(56,'Import_Eintrittsdatum_Personen.csv','2025-11-21 11:49:52',1,NULL),
(57,'Import_Eintrittsdatum_Personen.csv','2025-11-21 11:49:58',1,NULL),
(58,'Import_Eintrittsdatum_Personen.csv','2025-11-21 11:50:04',1,NULL),
(59,'Import_Eintrittsdatum_Personen.csv','2025-11-21 11:50:08',1,NULL),
(60,'Import_Eintrittsdatum_Personen.csv','2025-11-21 11:50:13',1,NULL),
(61,'Import_Eintrittsdatum_Personen.csv','2025-11-21 11:50:18',1,NULL),
(62,'Import_Eintrittsdatum_Personen.csv','2025-11-21 11:50:24',1,NULL),
(63,'Import_Eintrittsdatum_Personen.csv','2025-11-21 11:50:29',1,NULL),
(64,'Import_Eintrittsdatum_Personen.csv','2025-11-21 11:50:35',1,NULL),
(65,'Import_Eintrittsdatum_Personen.csv','2025-11-21 11:50:40',1,NULL),
(66,'Import_Eintrittsdatum_Personen.csv','2025-11-21 11:50:45',1,NULL),
(67,'Import_Eintrittsdatum_Personen.csv','2025-11-21 11:50:50',1,NULL),
(68,'Import_Eintrittsdatum_Personen.csv','2025-11-21 11:50:56',1,NULL),
(69,'Import_Eintrittsdatum_Personen.csv','2025-11-21 11:51:02',1,NULL),
(70,'Import_Eintrittsdatum_Personen.csv','2025-11-21 11:51:07',1,NULL),
(71,'Import_Eintrittsdatum_Personen.csv','2025-11-21 11:51:12',1,NULL),
(72,'Import_Eintrittsdatum_Personen.csv','2025-11-21 11:51:17',1,NULL),
(73,'Import_Eintrittsdatum_Personen.csv','2025-11-21 11:51:22',1,NULL),
(74,'Import_Eintrittsdatum_Personen.csv','2025-11-21 11:54:11',1,NULL),
(75,'Import_Eintrittsdatum_Personen.csv','2025-11-21 11:54:12',1,NULL),
(76,'Import_Eintrittsdatum_Personen.csv','2025-11-21 11:54:13',1,NULL),
(77,'Import_Eintrittsdatum_Personen.csv','2025-11-21 11:54:15',1,NULL),
(78,'Import_Eintrittsdatum_Personen.csv','2025-11-21 11:54:16',1,NULL),
(79,'Import_Eintrittsdatum_Personen.csv','2025-11-21 11:54:18',1,NULL),
(80,'Import_Eintrittsdatum_Personen.csv','2025-11-21 11:54:20',1,NULL),
(81,'Import_Eintrittsdatum_Personen.csv','2025-11-21 11:54:22',1,NULL),
(82,'Import_Eintrittsdatum_Personen.csv','2025-11-21 11:54:24',1,NULL),
(83,'Import_Eintrittsdatum_Personen.csv','2025-11-21 11:54:25',1,NULL),
(84,'Import_Eintrittsdatum_Personen.csv','2025-11-21 11:54:27',1,NULL),
(85,'Import_Eintrittsdatum_Personen.csv','2025-11-21 11:54:29',1,NULL),
(86,'Import_Eintrittsdatum_Personen.csv','2025-11-21 11:54:31',1,NULL),
(87,'Import_Eintrittsdatum_Personen.csv','2025-11-21 11:54:33',1,NULL),
(88,'Import_Eintrittsdatum_Personen.csv','2025-11-21 11:54:35',1,NULL),
(89,'Import_Eintrittsdatum_Personen.csv','2025-11-21 11:54:37',1,NULL),
(90,'Import_Eintrittsdatum_Personen.csv','2025-11-21 11:54:39',1,NULL),
(91,'Import_Eintrittsdatum_Personen.csv','2025-11-21 11:54:41',1,NULL),
(92,'Import_Eintrittsdatum_Personen.csv','2025-11-21 11:54:44',1,NULL),
(93,'Import_Eintrittsdatum_Personen.csv','2025-11-21 11:54:46',1,NULL),
(94,'Import_Eintrittsdatum_Personen.csv','2025-11-21 11:54:49',1,NULL),
(95,'Import_Eintrittsdatum_Personen.csv','2025-11-21 11:54:52',1,NULL),
(96,'Import_Eintrittsdatum_Personen.csv','2025-11-21 11:54:54',1,NULL),
(97,'Import_Eintrittsdatum_Personen.csv','2025-11-21 11:54:57',1,NULL),
(98,'Import_Eintrittsdatum_Personen.csv','2025-11-21 11:55:01',1,NULL),
(99,'Import_Eintrittsdatum_Personen.csv','2025-11-21 11:55:03',1,NULL),
(100,'Import_Eintrittsdatum_Personen.csv','2025-11-21 11:55:07',1,NULL),
(101,'Import_Eintrittsdatum_Personen.csv','2025-11-21 11:55:10',1,NULL),
(102,'Import_Eintrittsdatum_Personen.csv','2025-11-21 11:55:13',1,NULL),
(103,'Import_Eintrittsdatum_Personen.csv','2025-11-21 11:55:16',1,NULL),
(104,'Import_Eintrittsdatum_Personen.csv','2025-11-21 11:55:19',1,NULL),
(105,'Import_Eintrittsdatum_Personen.csv','2025-11-21 11:55:22',1,NULL),
(106,'Import_Eintrittsdatum_Personen.csv','2025-11-21 11:55:25',1,NULL),
(107,'Import_Eintrittsdatum_Personen.csv','2025-11-21 11:55:28',1,NULL),
(108,'Import_Eintrittsdatum_Personen.csv','2025-11-21 11:55:31',1,NULL),
(109,'Import_Eintrittsdatum_Personen.csv','2025-11-21 11:55:34',1,NULL),
(110,'Import_Eintrittsdatum_Personen.csv','2025-11-21 11:55:38',1,NULL),
(111,'Import_Eintrittsdatum_Personen.csv','2025-11-21 11:55:41',1,NULL),
(112,'Import_Eintrittsdatum_Personen.csv','2025-11-21 11:55:44',1,NULL),
(113,'Import_Eintrittsdatum_Personen.csv','2025-11-21 11:55:47',1,NULL),
(114,'Import_Eintrittsdatum_Personen.csv','2025-11-21 11:55:50',1,NULL),
(115,'Import_Eintrittsdatum_Personen.csv','2025-11-21 11:55:54',1,NULL),
(116,'Import_Eintrittsdatum_Personen.csv','2025-11-21 11:55:58',1,NULL),
(117,'Import_Eintrittsdatum_Personen.csv','2025-11-21 11:56:02',1,NULL),
(118,'Import_Eintrittsdatum_Personen.csv','2025-11-21 11:56:06',1,NULL),
(119,'Import_Eintrittsdatum_Personen.csv','2025-11-21 11:56:10',1,NULL),
(120,'Import_Eintrittsdatum_Personen.csv','2025-11-21 11:56:13',1,NULL),
(121,'Import_Eintrittsdatum_Personen.csv','2025-11-21 11:56:17',1,NULL),
(122,'Import_Eintrittsdatum_Personen.csv','2025-11-21 11:56:20',1,NULL),
(123,'Import_Eintrittsdatum_Personen.csv','2025-11-21 11:56:25',1,NULL),
(124,'Import_Eintrittsdatum_Personen.csv','2025-11-21 11:56:28',1,NULL),
(125,'Import_Eintrittsdatum_Personen.csv','2025-11-21 11:56:32',1,NULL),
(126,'Import_Eintrittsdatum_Personen.csv','2025-11-21 11:56:37',1,NULL),
(127,'Import_Eintrittsdatum_Personen.csv','2025-11-21 11:56:41',1,NULL),
(128,'Import_Eintrittsdatum_Personen.csv','2025-11-21 11:56:46',1,NULL),
(129,'Import_Eintrittsdatum_Personen.csv','2025-11-21 11:56:51',1,NULL),
(130,'Import_Eintrittsdatum_Personen.csv','2025-11-21 11:56:56',1,NULL),
(131,'Import_Eintrittsdatum_Personen.csv','2025-11-21 11:57:01',1,NULL),
(132,'Import_Eintrittsdatum_Personen.csv','2025-11-21 11:57:06',1,NULL),
(133,'Import_Eintrittsdatum_Personen.csv','2025-11-21 11:57:11',1,NULL),
(134,'Import_Eintrittsdatum_Personen.csv','2025-11-21 11:57:16',1,NULL),
(135,'Import_Eintrittsdatum_Personen.csv','2025-11-21 11:57:21',1,NULL),
(136,'Import_Eintrittsdatum_Personen.csv','2025-11-21 11:57:26',1,NULL),
(137,'Import_Eintrittsdatum_Personen.csv','2025-11-21 11:57:31',1,NULL),
(138,'Import_Eintrittsdatum_Personen.csv','2025-11-21 11:57:37',1,NULL),
(139,'1 object(s) created by the template module','2026-01-29 09:41:42',4,NULL),
(140,'1 object(s) created by the template module','2026-02-03 09:08:22',4,NULL),
(141,'1 object(s) created by the template module','2026-02-03 10:06:09',4,NULL),
(142,'1 object(s) created by the template module','2026-02-05 08:34:07',4,NULL),
(143,'1 object(s) created by the template module','2026-02-12 09:36:51',4,NULL),
(144,'1 object(s) created by the template module','2026-02-12 09:47:25',4,NULL),
(145,'1 object(s) created by the template module','2026-02-24 10:23:43',4,NULL),
(146,'1 object(s) created by the template module','2026-02-25 08:35:01',4,NULL),
(147,'1 object(s) created by the template module','2026-02-27 11:36:07',4,NULL),
(148,'1 object(s) created by the template module','2026-03-05 13:57:57',4,NULL),
(149,'1 object(s) created by the template module','2026-03-19 09:59:29',4,NULL),
(150,'1 object(s) created by the template module','2026-03-19 10:05:30',4,NULL),
(151,'1 object(s) created by the template module','2026-03-19 13:21:36',4,NULL),
(152,'1 object(s) created by the template module','2026-03-19 13:25:53',4,NULL),
(153,'1 object(s) created by the template module','2026-03-24 13:50:04',4,NULL),
(154,'1 object(s) created by the template module','2026-03-25 09:43:22',4,NULL),
(155,'1 object(s) created by the template module','2026-03-25 12:41:08',4,NULL),
(156,'1 object(s) created by the template module','2026-03-26 10:21:43',4,NULL),
(157,'1 object(s) created by the template module','2026-03-30 13:46:28',4,NULL),
(158,'1 object(s) created by the template module','2026-03-31 08:21:02',4,NULL),
(159,'idoit_personengruppen_import_utf8-bom_test.csv','2026-04-08 12:14:52',1,NULL),
(160,'idoit_personengruppen_import_utf8-bom_test.csv','2026-04-08 12:17:46',1,NULL),
(161,'idoit_personengruppen_import_utf8-bom_test.csv','2026-04-08 12:18:23',1,NULL),
(162,'idoit_personengruppen_import_utf8-bom_test.csv','2026-04-08 12:21:43',1,NULL),
(163,'idoit_personengruppen_import_utf8-bom.csv','2026-04-08 12:26:05',1,NULL),
(164,'idoit_personengruppen_import_utf8-bom.csv','2026-04-08 12:26:07',1,NULL),
(165,'idoit_personengruppen_import_utf8-bom.csv','2026-04-08 12:26:08',1,NULL),
(166,'idoit_personengruppen_import_utf8-bom.csv','2026-04-08 12:26:10',1,NULL),
(167,'idoit_personengruppen_import_utf8-bom.csv','2026-04-08 12:26:11',1,NULL),
(168,'idoit_personengruppen_import_utf8-bom_zusaetzlich.csv','2026-04-10 09:48:57',1,NULL),
(169,'idoit_personengruppen_import_utf8-bom_zusaetzlich.csv','2026-04-10 09:48:59',1,NULL),
(170,'idoit_personengruppen_import_utf8-bom_zusaetzlich.csv','2026-04-10 09:49:00',1,NULL),
(171,'idoit_personengruppen_import_utf8-bom_zusaetzlich.csv','2026-04-10 09:49:02',1,NULL),
(172,'idoit_personengruppen_import_utf8-bom_zusaetzlich.csv','2026-04-10 09:49:04',1,NULL),
(173,'idoit_personengruppen_import_utf8-bom_zusaetzlich.csv','2026-04-10 09:49:07',1,NULL);
COMMIT;

--
-- Table structure for table `isys_import_type`
--

CREATE TABLE `isys_import_type` (
  `isys_import_type__id` int(10) unsigned NOT NULL AUTO_INCREMENT,
  `isys_import_type__title` varchar(255) DEFAULT NULL,
  `isys_import_type__const` varchar(255) DEFAULT NULL,
  `isys_import_type__description` longtext DEFAULT NULL,
  `isys_import_type__property` int(10) unsigned DEFAULT NULL,
  `isys_import_type__sort` int(10) unsigned DEFAULT NULL,
  `isys_import_type__status` tinyint(3) unsigned NOT NULL DEFAULT 1,
  PRIMARY KEY (`isys_import_type__id`),
  KEY `isys_import_type__title` (`isys_import_type__title`)
) ENGINE=InnoDB AUTO_INCREMENT=6 DEFAULT CHARSET=utf8mb3 COLLATE=utf8mb3_unicode_ci;

--
-- Dumping data for table `isys_import_type`
--

INSERT INTO `isys_import_type` VALUES
(1,'csv','C__IMPORT_TYPE__CSV',NULL,NULL,1,2),
(2,'jdisc','C__IMPORT_TYPE__JDISC',NULL,NULL,2,2),
(3,'xml','C__IMPORT_TYPE__XML',NULL,NULL,3,2),
(4,'LC__MODULE__TEMPLATES','C__IMPORT_TYPE__TEMPLATE',NULL,NULL,4,2),
(5,'LC__MASS_CHANGE','C__IMPORT_TYPE__MASS_CHANGES',NULL,NULL,5,2);
COMMIT;

--
-- Table structure for table `isys_installation_type`
--

CREATE TABLE `isys_installation_type` (
  `isys_installation_type__id` int(10) unsigned NOT NULL AUTO_INCREMENT,
  `isys_installation_type__title` varchar(255) DEFAULT NULL,
  `isys_installation_type__description` longtext DEFAULT NULL,
  `isys_installation_type__const` varchar(255) DEFAULT NULL,
  `isys_installation_type__sort` int(10) DEFAULT NULL,
  `isys_installation_type__status` tinyint(3) unsigned NOT NULL DEFAULT 2,
  `isys_installation_type__property` int(10) DEFAULT NULL,
  PRIMARY KEY (`isys_installation_type__id`),
  KEY `isys_installation_type__title` (`isys_installation_type__title`)
) ENGINE=InnoDB AUTO_INCREMENT=3 DEFAULT CHARSET=utf8mb3 COLLATE=utf8mb3_unicode_ci;

--
-- Dumping data for table `isys_installation_type`
--

INSERT INTO `isys_installation_type` VALUES
(1,'LC__CMDB__CATS__APPLICATION_INSTALLATION_TYPE__MANUAL',NULL,NULL,10,2,NULL),
(2,'LC__CMDB__CATS__APPLICATION_INSTALLATION_TYPE__AUTOMATIC',NULL,NULL,20,2,NULL);
COMMIT;

--
-- Table structure for table `isys_interface`
--

CREATE TABLE `isys_interface` (
  `isys_interface__id` int(10) unsigned NOT NULL AUTO_INCREMENT,
  `isys_interface__title` varchar(255) DEFAULT NULL,
  `isys_interface__description` longtext DEFAULT NULL,
  `isys_interface__const` varchar(255) DEFAULT NULL,
  `isys_interface__sort` int(10) unsigned DEFAULT 5,
  `isys_interface__status` tinyint(3) unsigned NOT NULL DEFAULT 2,
  `isys_interface__property` int(10) unsigned DEFAULT 0,
  PRIMARY KEY (`isys_interface__id`),
  KEY `isys_interface__title` (`isys_interface__title`)
) ENGINE=InnoDB AUTO_INCREMENT=7 DEFAULT CHARSET=utf8mb3 COLLATE=utf8mb3_unicode_ci COMMENT='interface';

--
-- Dumping data for table `isys_interface`
--

INSERT INTO `isys_interface` VALUES
(1,'GBIC',NULL,'C__INTERFACE__GBIC',1,2,0),
(2,'SFP',NULL,'C__INTERFACE__SFP',2,2,0),
(3,'SFP+',NULL,'C__INTERFACE__SFP_PLUS',3,2,0),
(4,'XFP',NULL,'C__INTERFACE__XFP',4,2,0),
(5,'XENPAK',NULL,'C__INTERFACE__XENPAK',5,2,0),
(6,'X2',NULL,'C__INTERFACE__X2',6,2,0);
COMMIT;

--
-- Table structure for table `isys_interval`
--

CREATE TABLE `isys_interval` (
  `isys_interval__id` int(10) unsigned NOT NULL AUTO_INCREMENT,
  `isys_interval__title` varchar(255) CHARACTER SET utf8mb3 COLLATE utf8mb3_general_ci DEFAULT NULL,
  `isys_interval__description` longtext DEFAULT NULL,
  `isys_interval__const` varchar(255) CHARACTER SET utf8mb3 COLLATE utf8mb3_general_ci DEFAULT NULL,
  `isys_interval__sort` int(10) DEFAULT NULL,
  `isys_interval__status` tinyint(3) unsigned NOT NULL DEFAULT 2,
  `isys_interval__property` int(10) DEFAULT NULL,
  PRIMARY KEY (`isys_interval__id`),
  KEY `isys_interval__title` (`isys_interval__title`)
) ENGINE=InnoDB AUTO_INCREMENT=5 DEFAULT CHARSET=utf8mb3 COLLATE=utf8mb3_unicode_ci;

--
-- Dumping data for table `isys_interval`
--

INSERT INTO `isys_interval` VALUES
(1,'LC__UNIVERSAL__PER_DAY',NULL,'C__INTERVAL__PER_DAY',10,2,NULL),
(2,'LC__UNIVERSAL__PER_WEEK',NULL,'C__INTERVAL__PER_WEEK',20,2,NULL),
(3,'LC__UNIVERSAL__PER_MONTH',NULL,'C__INTERVAL__PER_MONTH',30,2,NULL),
(4,'LC__UNIVERSAL__PER_YEAR',NULL,'C__INTERVAL__PER_YEAR',40,2,NULL);
COMMIT;

--
-- Table structure for table `isys_ip_assignment`
--

CREATE TABLE `isys_ip_assignment` (
  `isys_ip_assignment__id` int(10) unsigned NOT NULL AUTO_INCREMENT,
  `isys_ip_assignment__title` varchar(255) DEFAULT NULL,
  `isys_ip_assignment__description` longtext DEFAULT NULL,
  `isys_ip_assignment__const` varchar(255) DEFAULT NULL,
  `isys_ip_assignment__sort` int(10) unsigned DEFAULT NULL,
  `isys_ip_assignment__status` tinyint(3) unsigned NOT NULL DEFAULT 1,
  `isys_ip_assignment__property` int(10) unsigned DEFAULT NULL,
  PRIMARY KEY (`isys_ip_assignment__id`),
  KEY `isys_ip_assignment__title` (`isys_ip_assignment__title`)
) ENGINE=InnoDB AUTO_INCREMENT=1001 DEFAULT CHARSET=utf8mb3 COLLATE=utf8mb3_unicode_ci;

--
-- Dumping data for table `isys_ip_assignment`
--

INSERT INTO `isys_ip_assignment` VALUES
(1,'LC__CATP__IP__ASSIGN__DHCP','DHCP','C__CATP__IP__ASSIGN__DHCP',10,2,NULL),
(2,'LC__CATP__IP__ASSIGN__STATIC','static','C__CATP__IP__ASSIGN__STATIC',20,2,NULL),
(3,'LC__CATP__IP__ASSIGN__UNNUMBERED','unnumbered','C__CATP__IP__ASSIGN__UNNUMBERED',30,2,NULL),
(1000,'LC__CATP__IP__ASSIGN__DHCP_RESERVED','DHCP reserved','C__CATP__IP__ASSIGN__DHCP_RESERVED',15,2,NULL);
COMMIT;

--
-- Table structure for table `isys_ipv6_assignment`
--

CREATE TABLE `isys_ipv6_assignment` (
  `isys_ipv6_assignment__id` int(10) unsigned NOT NULL AUTO_INCREMENT,
  `isys_ipv6_assignment__title` varchar(255) DEFAULT NULL,
  `isys_ipv6_assignment__description` longtext DEFAULT NULL,
  `isys_ipv6_assignment__const` varchar(255) DEFAULT NULL,
  `isys_ipv6_assignment__sort` int(10) unsigned NOT NULL DEFAULT 5,
  `isys_ipv6_assignment__status` tinyint(3) unsigned NOT NULL DEFAULT 2,
  PRIMARY KEY (`isys_ipv6_assignment__id`)
) ENGINE=InnoDB AUTO_INCREMENT=7 DEFAULT CHARSET=utf8mb3 COLLATE=utf8mb3_unicode_ci COMMENT='IPv6 assignments';

--
-- Dumping data for table `isys_ipv6_assignment`
--

INSERT INTO `isys_ipv6_assignment` VALUES
(1,'LC__CMDB__CATG__IP__DHCPV6','Stateful Address Configuration via DHCPv6','C__CMDB__CATG__IP__DHCPV6',5,2),
(2,'LC__CMDB__CATG__IP__SLAAC_AND_DHCPV6','SLAAC and DHCPv6','C__CMDB__CATG__IP__SLAAC_AND_DHCPV6',5,2),
(3,'LC__CMDB__CATG__IP__SLAAC','Stateless Address Autoconfiguration (SLAAC)','C__CMDB__CATG__IP__SLAAC',5,2),
(4,'LC__CMDB__CATG__IP__SLAAC_AND_DHCPV6_RESERVED','SLAAC and DHCPv6 (reserved)','C__CMDB__CATG__IP__SLAAC_AND_DHCPV6_RESERVED',5,2),
(5,'LC__CMDB__CATG__IP__DHCPV6_RESERVED','Stateful Address Configuration via DHCPv6 (reserved)','C__CMDB__CATG__IP__DHCPV6_RESERVED',5,2),
(6,'LC__CMDB__CATG__IP__STATIC','static/manual','C__CMDB__CATG__IP__STATIC',5,2);
COMMIT;

--
-- Table structure for table `isys_ipv6_scope`
--

CREATE TABLE `isys_ipv6_scope` (
  `isys_ipv6_scope__id` int(10) unsigned NOT NULL AUTO_INCREMENT,
  `isys_ipv6_scope__title` varchar(255) DEFAULT NULL,
  `isys_ipv6_scope__description` longtext DEFAULT NULL,
  `isys_ipv6_scope__const` varchar(255) DEFAULT NULL,
  `isys_ipv6_scope__sort` int(10) unsigned NOT NULL DEFAULT 5,
  `isys_ipv6_scope__status` tinyint(3) unsigned NOT NULL DEFAULT 2,
  PRIMARY KEY (`isys_ipv6_scope__id`)
) ENGINE=InnoDB AUTO_INCREMENT=4 DEFAULT CHARSET=utf8mb3 COLLATE=utf8mb3_unicode_ci COMMENT='IPv6 scopes';

--
-- Dumping data for table `isys_ipv6_scope`
--

INSERT INTO `isys_ipv6_scope` VALUES
(1,'LC__CMDB__CATG__IP__GLOBAL_UNICAST','Global Unicast','C__CMDB__CATG__IP__GLOBAL_UNICAST',5,2),
(2,'LC__CMDB__CATG__IP__UNIQUE_LOCAL_UNICAST','Unique Local Unicast','C__CMDB__CATG__IP__UNIQUE_LOCAL_UNICAST',5,2),
(3,'LC__CMDB__CATG__IP__LINK_LOCAL_UNICAST','Link Local Unicast','C__CMDB__CATG__IP__LINK_LOCAL_UNICAST',5,2);
COMMIT;

--
-- Table structure for table `isys_its_type`
--

CREATE TABLE `isys_its_type` (
  `isys_its_type__id` int(10) unsigned NOT NULL AUTO_INCREMENT,
  `isys_its_type__title` varchar(255) DEFAULT NULL,
  `isys_its_type__description` longtext DEFAULT NULL,
  `isys_its_type__const` varchar(255) DEFAULT NULL,
  `isys_its_type__sort` int(10) unsigned DEFAULT NULL,
  `isys_its_type__status` tinyint(3) unsigned NOT NULL DEFAULT 1,
  PRIMARY KEY (`isys_its_type__id`),
  KEY `isys_its_type__title` (`isys_its_type__title`)
) ENGINE=InnoDB DEFAULT CHARSET=utf8mb3 COLLATE=utf8mb3_unicode_ci;

--
-- Dumping data for table `isys_its_type`
--

COMMIT;

--
-- Table structure for table `isys_itservice_filter_config`
--

CREATE TABLE `isys_itservice_filter_config` (
  `isys_itservice_filter_config__id` int(10) unsigned NOT NULL AUTO_INCREMENT,
  `isys_itservice_filter_config__title` varchar(255) NOT NULL,
  `isys_itservice_filter_config__data` text DEFAULT NULL,
  PRIMARY KEY (`isys_itservice_filter_config__id`)
) ENGINE=InnoDB AUTO_INCREMENT=6 DEFAULT CHARSET=utf8mb3 COLLATE=utf8mb3_unicode_ci;

--
-- Dumping data for table `isys_itservice_filter_config`
--

INSERT INTO `isys_itservice_filter_config` VALUES
(1,'Level 1','{\"priority\":null,\"level\":\"1\"}'),
(2,'Level 2','{\"priority\":null,\"level\":\"2\"}'),
(3,'Level 3','{\"priority\":null,\"level\":\"3\"}'),
(4,'Level 4','{\"priority\":null,\"level\":\"4\"}'),
(5,'Level 5','{\"priority\":null,\"level\":\"5\"}');
COMMIT;

--
-- Table structure for table `isys_jdisc_ca_type`
--

CREATE TABLE `isys_jdisc_ca_type` (
  `isys_jdisc_ca_type__id` int(10) unsigned NOT NULL AUTO_INCREMENT,
  `isys_jdisc_ca_type__title` varchar(255) NOT NULL,
  `isys_jdisc_ca_type__const` varchar(255) NOT NULL,
  `isys_jdisc_ca_type__sort` int(10) unsigned DEFAULT NULL,
  `isys_jdisc_ca_type__status` tinyint(3) unsigned NOT NULL DEFAULT 2,
  `isys_jdisc_ca_type__property` int(10) unsigned DEFAULT NULL,
  `isys_jdisc_ca_type__description` longtext DEFAULT NULL,
  PRIMARY KEY (`isys_jdisc_ca_type__id`)
) ENGINE=InnoDB AUTO_INCREMENT=9 DEFAULT CHARSET=utf8mb3 COLLATE=utf8mb3_unicode_ci;

--
-- Dumping data for table `isys_jdisc_ca_type`
--

INSERT INTO `isys_jdisc_ca_type` VALUES
(1,'LC__CATG__JDISC__CUSTOM_ATTRIBUTES_TYPE__TEXT','C__JDISC__CA_TYPE__TEXT',1,2,NULL,'Text'),
(2,'LC__CATG__JDISC__CUSTOM_ATTRIBUTES_TYPE__MULTITEXT','C__JDISC__CA_TYPE__MULTITEXT',2,2,NULL,'Multiline text'),
(3,'LC__CATG__JDISC__CUSTOM_ATTRIBUTES_TYPE__INTEGER','C__JDISC__CA_TYPE__INTEGER',3,2,NULL,'Integer'),
(4,'LC__CATG__JDISC__CUSTOM_ATTRIBUTES_TYPE__DATE','C__JDISC__CA_TYPE__DATE',4,2,NULL,'Date'),
(5,'LC__CATG__JDISC__CUSTOM_ATTRIBUTES_TYPE__TIME','C__JDISC__CA_TYPE__TIME',5,2,NULL,'Time'),
(6,'LC__CATG__JDISC__CUSTOM_ATTRIBUTES_TYPE__ENUMERATION','C__JDISC__CA_TYPE__ENUMERATION',6,2,NULL,'Enumeration'),
(7,'LC__CATG__JDISC__CUSTOM_ATTRIBUTES_TYPE__CURRENCY','C__JDISC__CA_TYPE__CURRENCY',7,2,NULL,'Currency'),
(8,'LC__CATG__JDISC__CUSTOM_ATTRIBUTES_TYPE__DOCUMENT','C__JDISC__CA_TYPE__DOCUMENT',8,2,NULL,'Document');
COMMIT;

--
-- Table structure for table `isys_jdisc_db`
--

CREATE TABLE `isys_jdisc_db` (
  `isys_jdisc_db__id` int(10) unsigned NOT NULL AUTO_INCREMENT,
  `isys_jdisc_db__title` varchar(255) DEFAULT NULL,
  `isys_jdisc_db__host` varchar(255) NOT NULL,
  `isys_jdisc_db__port` int(10) unsigned NOT NULL,
  `isys_jdisc_db__database` varchar(255) NOT NULL,
  `isys_jdisc_db__username` varchar(255) NOT NULL,
  `isys_jdisc_db__password` varchar(255) NOT NULL,
  `isys_jdisc_db__version_check` tinyint(1) DEFAULT NULL,
  `isys_jdisc_db__default_server` tinyint(1) unsigned DEFAULT 0,
  `isys_jdisc_db__discovery_username` varchar(255) DEFAULT NULL,
  `isys_jdisc_db__discovery_password` varchar(255) DEFAULT NULL,
  `isys_jdisc_db__discovery_port` int(10) DEFAULT NULL,
  `isys_jdisc_db__discovery_protocol` varchar(255) DEFAULT NULL,
  `isys_jdisc_db__discovery_timeout` int(10) unsigned DEFAULT 60,
  `isys_jdisc_db__discovery_import_retries` tinyint(1) unsigned DEFAULT 1,
  PRIMARY KEY (`isys_jdisc_db__id`)
) ENGINE=InnoDB DEFAULT CHARSET=utf8mb3 COLLATE=utf8mb3_unicode_ci;

--
-- Dumping data for table `isys_jdisc_db`
--

COMMIT;

--
-- Table structure for table `isys_jdisc_device_type`
--

CREATE TABLE `isys_jdisc_device_type` (
  `isys_jdisc_device_type__id` int(10) unsigned NOT NULL AUTO_INCREMENT,
  `isys_jdisc_device_type__title` varchar(255) NOT NULL,
  `isys_jdisc_device_type__description` longtext DEFAULT NULL,
  `isys_jdisc_device_type__const` varchar(255) NOT NULL,
  `isys_jdisc_device_type__sort` int(10) unsigned DEFAULT NULL,
  `isys_jdisc_device_type__status` tinyint(3) unsigned NOT NULL DEFAULT 2,
  `isys_jdisc_device_type__property` varchar(255) NOT NULL,
  PRIMARY KEY (`isys_jdisc_device_type__id`),
  KEY `isys_jdisc_device_type__title` (`isys_jdisc_device_type__title`),
  KEY `isys_jdisc_device_type__const` (`isys_jdisc_device_type__const`),
  KEY `isys_jdisc_device_type__status` (`isys_jdisc_device_type__status`)
) ENGINE=InnoDB AUTO_INCREMENT=133 DEFAULT CHARSET=utf8mb3 COLLATE=utf8mb3_unicode_ci;

--
-- Dumping data for table `isys_jdisc_device_type`
--

INSERT INTO `isys_jdisc_device_type` VALUES
(1,'Access Point','6','',NULL,2,''),
(2,'Access Point Controller','24','',NULL,2,''),
(3,'Analyser','8','',NULL,2,''),
(4,'Appliance','500','',NULL,2,''),
(5,'Automation Controller','1400','',NULL,2,''),
(6,'Backup Device','159','',NULL,2,''),
(7,'Barcode Scanner','108','',NULL,2,''),
(8,'Blade Enclosure','251','',NULL,2,''),
(9,'Bridge','11','',NULL,2,''),
(10,'Card Printer','110','',NULL,2,''),
(11,'Card Reader','1200','',NULL,2,''),
(12,'Client Computer','51','',NULL,2,''),
(13,'Cluster Service','1000','',NULL,2,''),
(14,'Communication Controller','1451','',NULL,2,''),
(15,'Computer','50','',NULL,2,''),
(16,'Concentrator','10','',NULL,2,''),
(17,'Console Server','15','',NULL,2,''),
(18,'Console Switch','14','',NULL,2,''),
(19,'Data Terminal Controller','60','',NULL,2,''),
(20,'Desktop','55','',NULL,2,''),
(21,'Device Connector','26','',NULL,2,''),
(22,'Digital Sender','107','',NULL,2,''),
(23,'Disk Array','156','',NULL,2,''),
(24,'Disk Array (Blade)','161','',NULL,2,''),
(25,'Disk Array Controller','169','',NULL,2,''),
(26,'Environment Monitor','1450','',NULL,2,''),
(27,'Fax','103','',NULL,2,''),
(28,'Fibre Channel Analyser','155','',NULL,2,''),
(29,'Fibre Channel Bridge','154','',NULL,2,''),
(30,'Fibre Channel Converter','164','',NULL,2,''),
(31,'Fibre Channel Gateway','163','',NULL,2,''),
(32,'Fibre Channel Hub','152','',NULL,2,''),
(33,'Fibre Channel Router','158','',NULL,2,''),
(34,'Fibre Channel Switch','153','',NULL,2,''),
(35,'Fibre Channel Switch (Blade)','165','',NULL,2,''),
(36,'Field Bus Controller','1350','',NULL,2,''),
(37,'Firewall','5','',NULL,2,''),
(38,'Gateway','9','',NULL,2,''),
(39,'HP Integrity VM','76','',NULL,2,''),
(40,'Hub','1','',NULL,2,''),
(41,'HyperV Instance','77','',NULL,2,''),
(42,'Imaging and Printing Device','100','',NULL,2,''),
(43,'Industrial Control System','1300','',NULL,2,''),
(44,'InfiniBand Switch','19','',NULL,2,''),
(45,'InfiniBand Switch (Blade)','20','',NULL,2,''),
(46,'IO Module','800','',NULL,2,''),
(47,'IO Module (Blade)','801','',NULL,2,''),
(48,'IP Phone','201','',NULL,2,''),
(49,'IP Telephony Device','200','',NULL,2,''),
(50,'IP Telephony Gateway','202','',NULL,2,''),
(51,'ISDN Gateway','203','',NULL,2,''),
(52,'KVM Instance','79','',NULL,2,''),
(53,'Laptop','56','',NULL,2,''),
(54,'Load Balancer','25','',NULL,2,''),
(55,'LPAR','75','',NULL,2,''),
(56,'Management Device','250','',NULL,2,''),
(57,'Media Server','61','',NULL,2,''),
(58,'Microsoft Virtual Instance','72','',NULL,2,''),
(59,'Mini Tower','58','',NULL,2,''),
(60,'Modem','7','',NULL,2,''),
(61,'Monitor','700','',NULL,2,''),
(62,'Multifunctional Device','105','',NULL,2,''),
(63,'Multifunctional Terminal','1452','',NULL,2,''),
(64,'NAS','168','',NULL,2,''),
(65,'Optical Switch','21','',NULL,2,''),
(66,'Parallels Instance','83','',NULL,2,''),
(67,'Patch Field','22','',NULL,2,''),
(68,'PDA/Thin Client','57','',NULL,2,''),
(69,'PDU','352','',NULL,2,''),
(70,'PinPad','1201','',NULL,2,''),
(71,'Pizza Box','86','',NULL,2,''),
(72,'Port Server','13','',NULL,2,''),
(73,'Power Device','350','',NULL,2,''),
(74,'Power Supply','353','',NULL,2,''),
(75,'Power Supply (Blade)','354','',NULL,2,''),
(76,'Print Server','104','',NULL,2,''),
(77,'Print Server Appliance','503','',NULL,2,''),
(78,'Printer','101','',NULL,2,''),
(79,'Projector','106','',NULL,2,''),
(80,'Rack','400','',NULL,2,''),
(81,'Receipt Printer','109','',NULL,2,''),
(82,'Repeater','12','',NULL,2,''),
(83,'Router','2','',NULL,2,''),
(84,'Routing Switch','4','',NULL,2,''),
(85,'Scanner','102','',NULL,2,''),
(86,'Security Appliance','501','',NULL,2,''),
(87,'Serial Attached SCSI Switch','166','',NULL,2,''),
(88,'Serial Attached SCSI Switch (Blade)','167','',NULL,2,''),
(89,'Server','52','',NULL,2,''),
(90,'Server (Blade)','54','',NULL,2,''),
(91,'Server (Mini Tower)','70','',NULL,2,''),
(92,'Server (Rack)','53','',NULL,2,''),
(93,'Server (Tower)','71','',NULL,2,''),
(94,'ServerNet Switch','17','',NULL,2,''),
(95,'ServerNet Switch (Blade)','18','',NULL,2,''),
(96,'ServiceGuard Package','1002','',NULL,2,''),
(97,'Solaris LDOM','85','',NULL,2,''),
(98,'Solaris Zone','74','',NULL,2,''),
(99,'Storage Device','150','',NULL,2,''),
(100,'Storage Device (Blade)','160','',NULL,2,''),
(101,'Switch','3','',NULL,2,''),
(102,'Switch (Blade)','16','',NULL,2,''),
(103,'Tape Drive','157','',NULL,2,''),
(104,'Tape Drive (Blade)','162','',NULL,2,''),
(105,'Tape Library','151','',NULL,2,''),
(106,'Terminal','66','',NULL,2,''),
(107,'Terminal Server','62','',NULL,2,''),
(108,'Thin Client','73','',NULL,2,''),
(109,'Tower','59','',NULL,2,''),
(110,'Unassigned Device','300','',NULL,2,''),
(111,'Unidentified Device','301','',NULL,2,''),
(112,'Unknown SNMP Device','302','',NULL,2,''),
(113,'UPS','351','',NULL,2,''),
(114,'Veritas Cluster Service','1001','',NULL,2,''),
(115,'Video Communication Device','600','',NULL,2,''),
(116,'Video Conferencing Device','602','',NULL,2,''),
(117,'Video Telephone','601','',NULL,2,''),
(118,'Virtual Computer','68','',NULL,2,''),
(119,'Virtual Iron Instance','82','',NULL,2,''),
(120,'VirtualBox Instance','81','',NULL,2,''),
(121,'VMware Instance','69','',NULL,2,''),
(122,'VMware Management Appliance','80','',NULL,2,''),
(123,'VPN Appliance','505','',NULL,2,''),
(124,'VPN Router','23','',NULL,2,''),
(125,'WAN Appliance','502','',NULL,2,''),
(126,'Web-caching Appliance','504','',NULL,2,''),
(127,'Wireless DSL Router','27','',NULL,2,''),
(128,'WLAN Controller','252','',NULL,2,''),
(129,'Workstation','63','',NULL,2,''),
(130,'Workstation (Blade)','84','',NULL,2,''),
(131,'X-Terminal','67','',NULL,2,''),
(132,'Xen Instance','78','',NULL,2,'');
COMMIT;

--
-- Table structure for table `isys_jdisc_mapping`
--

CREATE TABLE `isys_jdisc_mapping` (
  `isys_jdisc_mapping__id` int(10) unsigned NOT NULL AUTO_INCREMENT,
  `isys_jdisc_mapping__reference_id` int(10) unsigned NOT NULL,
  `isys_jdisc_mapping__jdisc_device_type` int(10) unsigned NOT NULL,
  `isys_jdisc_mapping__jdisc_serial_number` varchar(128) DEFAULT NULL,
  `isys_jdisc_mapping__jdisc_mac` text DEFAULT NULL,
  `isys_jdisc_mapping__type` varchar(128) NOT NULL,
  PRIMARY KEY (`isys_jdisc_mapping__id`),
  UNIQUE KEY `isys_jdisc_mapping__type_device_serial_mac` (`isys_jdisc_mapping__type`,`isys_jdisc_mapping__jdisc_device_type`,`isys_jdisc_mapping__jdisc_serial_number`,`isys_jdisc_mapping__jdisc_mac`(512))
) ENGINE=InnoDB DEFAULT CHARSET=utf8mb3 COLLATE=utf8mb3_unicode_ci;

--
-- Dumping data for table `isys_jdisc_mapping`
--

COMMIT;

--
-- Table structure for table `isys_jdisc_object_type_assignment`
--

CREATE TABLE `isys_jdisc_object_type_assignment` (
  `isys_jdisc_object_type_assignment__id` int(10) unsigned NOT NULL AUTO_INCREMENT,
  `isys_jdisc_object_type_assignment__isys_jdisc_profile__id` int(10) unsigned NOT NULL,
  `isys_jdisc_object_type_assignment__jdisc_type` int(10) unsigned DEFAULT NULL,
  `isys_jdisc_object_type_assignment__jdisc_type_customized` varchar(255) DEFAULT NULL,
  `isys_jdisc_object_type_assignment__jdisc_os` int(10) unsigned DEFAULT NULL,
  `isys_jdisc_object_type_assignment__jdisc_os_customized` varchar(255) DEFAULT NULL,
  `isys_jdisc_object_type_assignment__isys_obj_type__id` int(10) unsigned DEFAULT NULL,
  `isys_jdisc_object_type_assignment__port_filter` text DEFAULT NULL,
  `isys_jdisc_object_type_assignment__port_filter_type` text DEFAULT NULL,
  `isys_jdisc_object_type_assignment__object_location__id` int(10) unsigned DEFAULT NULL,
  `isys_jdisc_object_type_assignment__title_transform` int(11) DEFAULT NULL,
  `isys_jdisc_object_type_assignment__fqdn_addition` varchar(255) DEFAULT NULL,
  `isys_jdisc_object_type_assignment__isys_obj_match__id` int(10) unsigned DEFAULT NULL,
  PRIMARY KEY (`isys_jdisc_object_type_assignment__id`),
  KEY `isys_jdisc_object_type_assignment__object_location__id` (`isys_jdisc_object_type_assignment__object_location__id`),
  KEY `isys_jdisc_object_type_assignment__isys_obj_match__id` (`isys_jdisc_object_type_assignment__isys_obj_match__id`),
  CONSTRAINT `isys_jdisc_object_type_assignment__isys_obj_match__id` FOREIGN KEY (`isys_jdisc_object_type_assignment__isys_obj_match__id`) REFERENCES `isys_obj_match` (`isys_obj_match__id`) ON DELETE SET NULL,
  CONSTRAINT `isys_jdisc_object_type_assignment__object_location__id` FOREIGN KEY (`isys_jdisc_object_type_assignment__object_location__id`) REFERENCES `isys_obj` (`isys_obj__id`) ON DELETE CASCADE ON UPDATE CASCADE
) ENGINE=InnoDB AUTO_INCREMENT=216 DEFAULT CHARSET=utf8mb3 COLLATE=utf8mb3_unicode_ci;

--
-- Dumping data for table `isys_jdisc_object_type_assignment`
--

INSERT INTO `isys_jdisc_object_type_assignment` VALUES
(1,1,6,'',NULL,'',27,NULL,NULL,NULL,NULL,NULL,1),
(2,1,8,'',NULL,'',NULL,NULL,NULL,NULL,NULL,NULL,1),
(3,1,500,'',NULL,'',23,NULL,NULL,NULL,NULL,NULL,1),
(4,1,159,'',NULL,'',23,NULL,NULL,NULL,NULL,NULL,1),
(5,1,251,'',NULL,'',4,NULL,NULL,NULL,NULL,NULL,1),
(6,1,11,'',NULL,'',NULL,NULL,NULL,NULL,NULL,NULL,1),
(7,1,51,'',NULL,'',10,NULL,NULL,NULL,NULL,NULL,1),
(8,1,1000,'',NULL,'',56,NULL,NULL,NULL,NULL,NULL,1),
(9,1,50,'',NULL,'',NULL,NULL,NULL,NULL,NULL,NULL,1),
(10,1,50,'',NULL,'*Windows XP*',10,NULL,NULL,NULL,NULL,NULL,1),
(11,1,50,'',NULL,'*Windows 7*',10,NULL,NULL,NULL,NULL,NULL,1),
(12,1,50,'',NULL,'*Windows Server*',5,NULL,NULL,NULL,NULL,NULL,1),
(13,1,50,'',NULL,'*IOS*',7,NULL,NULL,NULL,NULL,NULL,1),
(14,1,50,'',NULL,'*VMware*',58,NULL,NULL,NULL,NULL,NULL,1),
(15,1,50,'',NULL,'*Linux*',5,NULL,NULL,NULL,NULL,NULL,1),
(16,1,50,'',NULL,'*Debian*',5,NULL,NULL,NULL,NULL,NULL,1),
(17,1,50,'',NULL,'*Ubuntu*',5,NULL,NULL,NULL,NULL,NULL,1),
(18,1,50,'',NULL,'*Redhat*',5,NULL,NULL,NULL,NULL,NULL,1),
(19,1,50,'',NULL,'*SuSE*',5,NULL,NULL,NULL,NULL,NULL,1),
(20,1,10,'',NULL,'',NULL,NULL,NULL,NULL,NULL,NULL,1),
(21,1,15,'',NULL,'',5,NULL,NULL,NULL,NULL,NULL,1),
(22,1,14,'',NULL,'',6,NULL,NULL,NULL,NULL,NULL,1),
(23,1,60,'',NULL,'',NULL,NULL,NULL,NULL,NULL,NULL,1),
(24,1,55,'',NULL,'',10,NULL,NULL,NULL,NULL,NULL,1),
(25,1,107,'',NULL,'',NULL,NULL,NULL,NULL,NULL,NULL,1),
(26,1,156,'',NULL,'',NULL,NULL,NULL,NULL,NULL,NULL,1),
(27,1,161,'',NULL,'',NULL,NULL,NULL,NULL,NULL,NULL,1),
(28,1,103,'',NULL,'',NULL,NULL,NULL,NULL,NULL,NULL,1),
(29,1,155,'',NULL,'',NULL,NULL,NULL,NULL,NULL,NULL,1),
(30,1,154,'',NULL,'',NULL,NULL,NULL,NULL,NULL,NULL,1),
(31,1,164,'',NULL,'',NULL,NULL,NULL,NULL,NULL,NULL,1),
(32,1,163,'',NULL,'',NULL,NULL,NULL,NULL,NULL,NULL,1),
(33,1,152,'',NULL,'',NULL,NULL,NULL,NULL,NULL,NULL,1),
(34,1,153,'',NULL,'',8,NULL,NULL,NULL,NULL,NULL,1),
(35,1,165,'',NULL,'',8,NULL,NULL,NULL,NULL,NULL,1),
(36,1,5,'',NULL,'',7,NULL,NULL,NULL,NULL,NULL,1),
(37,1,9,'',NULL,'',7,NULL,NULL,NULL,NULL,NULL,1),
(38,1,76,'',NULL,'',59,NULL,NULL,NULL,NULL,NULL,1),
(39,1,1,'',NULL,'',NULL,NULL,NULL,NULL,NULL,NULL,1),
(40,1,77,'',NULL,'',59,NULL,NULL,NULL,NULL,NULL,1),
(41,1,100,'',NULL,'',11,NULL,NULL,NULL,NULL,NULL,1),
(42,1,19,'',NULL,'',6,NULL,NULL,NULL,NULL,NULL,1),
(43,1,20,'',NULL,'',6,NULL,NULL,NULL,NULL,NULL,1),
(44,1,800,'',NULL,'',NULL,NULL,NULL,NULL,NULL,NULL,1),
(45,1,801,'',NULL,'',NULL,NULL,NULL,NULL,NULL,NULL,1),
(46,1,201,'',NULL,'',38,NULL,NULL,NULL,NULL,NULL,1),
(47,1,200,'',NULL,'',38,NULL,NULL,NULL,NULL,NULL,1),
(48,1,202,'',NULL,'',24,NULL,NULL,NULL,NULL,NULL,1),
(49,1,79,'',NULL,'',59,NULL,NULL,NULL,NULL,NULL,1),
(50,1,56,'',NULL,'',10,NULL,NULL,NULL,NULL,NULL,1),
(51,1,75,'',NULL,'',NULL,NULL,NULL,NULL,NULL,NULL,1),
(52,1,250,'',NULL,'',88,NULL,NULL,NULL,NULL,NULL,1),
(53,1,61,'',NULL,'',5,NULL,NULL,NULL,NULL,NULL,1),
(54,1,72,'',NULL,'',59,NULL,NULL,NULL,NULL,NULL,1),
(55,1,58,'',NULL,'',10,NULL,NULL,NULL,NULL,NULL,1),
(56,1,7,'',NULL,'',NULL,NULL,NULL,NULL,NULL,NULL,1),
(57,1,700,'',NULL,'',22,NULL,NULL,NULL,NULL,NULL,1),
(58,1,105,'',NULL,'',NULL,NULL,NULL,NULL,NULL,NULL,1),
(59,1,168,'',NULL,'',9,NULL,NULL,NULL,NULL,NULL,1),
(60,1,NULL,'',NULL,'',NULL,NULL,NULL,NULL,NULL,NULL,1),
(61,1,83,'',NULL,'',59,NULL,NULL,NULL,NULL,NULL,1),
(62,1,57,'',NULL,'',10,NULL,NULL,NULL,NULL,NULL,1),
(63,1,352,'',NULL,'',49,NULL,NULL,NULL,NULL,NULL,1),
(64,1,86,'',NULL,'',5,NULL,NULL,NULL,NULL,NULL,1),
(65,1,13,'',NULL,'',5,NULL,NULL,NULL,NULL,NULL,1),
(66,1,350,'',NULL,'',50,NULL,NULL,NULL,NULL,NULL,1),
(67,1,353,'',NULL,'',50,NULL,NULL,NULL,NULL,NULL,1),
(68,1,354,'',NULL,'',50,NULL,NULL,NULL,NULL,NULL,1),
(69,1,104,'',NULL,'',5,NULL,NULL,NULL,NULL,NULL,1),
(70,1,503,'',NULL,'',23,NULL,NULL,NULL,NULL,NULL,1),
(71,1,101,'',NULL,'',11,NULL,NULL,NULL,NULL,NULL,1),
(72,1,106,'',NULL,'',22,NULL,NULL,NULL,NULL,NULL,1),
(73,1,400,'',NULL,'',4,NULL,NULL,NULL,NULL,NULL,1),
(74,1,12,'',NULL,'',44,NULL,NULL,NULL,NULL,NULL,1),
(75,1,2,'',NULL,'',7,NULL,NULL,NULL,NULL,NULL,1),
(76,1,4,'',NULL,'',6,NULL,NULL,NULL,NULL,NULL,1),
(77,1,102,'',NULL,'',NULL,NULL,NULL,NULL,NULL,NULL,1),
(78,1,501,'',NULL,'',23,NULL,NULL,NULL,NULL,NULL,1),
(79,1,166,'',NULL,'',6,NULL,NULL,NULL,NULL,NULL,1),
(80,1,167,'',NULL,'',6,NULL,NULL,NULL,NULL,NULL,1),
(81,1,52,'',NULL,'',5,NULL,NULL,NULL,NULL,NULL,1),
(82,1,54,'',NULL,'',5,NULL,NULL,NULL,NULL,NULL,1),
(83,1,70,'',NULL,'',5,NULL,NULL,NULL,NULL,NULL,1),
(84,1,53,'',NULL,'',5,NULL,NULL,NULL,NULL,NULL,1),
(85,1,71,'',NULL,'',5,NULL,NULL,NULL,NULL,NULL,1),
(86,1,17,'',NULL,'',6,NULL,NULL,NULL,NULL,NULL,1),
(87,1,18,'',NULL,'',6,NULL,NULL,NULL,NULL,NULL,1),
(88,1,1002,'',NULL,'',NULL,NULL,NULL,NULL,NULL,NULL,1),
(89,1,85,'',NULL,'',NULL,NULL,NULL,NULL,NULL,NULL,1),
(90,1,74,'',NULL,'',NULL,NULL,NULL,NULL,NULL,NULL,1),
(91,1,150,'',NULL,'',9,NULL,NULL,NULL,NULL,NULL,1),
(92,1,160,'',NULL,'',9,NULL,NULL,NULL,NULL,NULL,1),
(93,1,3,'',NULL,'',6,NULL,NULL,NULL,NULL,NULL,1),
(94,1,16,'',NULL,'',6,NULL,NULL,NULL,NULL,NULL,1),
(95,1,157,'',NULL,'',9,NULL,NULL,NULL,NULL,NULL,1),
(96,1,162,'',NULL,'',9,NULL,NULL,NULL,NULL,NULL,1),
(97,1,151,'',NULL,'',9,NULL,NULL,NULL,NULL,NULL,1),
(98,1,66,'',NULL,'',10,NULL,NULL,NULL,NULL,NULL,1),
(99,1,62,'',NULL,'',5,NULL,NULL,NULL,NULL,NULL,1),
(100,1,73,'',NULL,'',10,NULL,NULL,NULL,NULL,NULL,1),
(101,1,59,'',NULL,'',10,NULL,NULL,NULL,NULL,NULL,1),
(102,1,300,'',NULL,'',NULL,NULL,NULL,NULL,NULL,NULL,1),
(103,1,301,'',NULL,'',NULL,NULL,NULL,NULL,NULL,NULL,1),
(104,1,302,'',NULL,'',NULL,NULL,NULL,NULL,NULL,NULL,1),
(105,1,351,'',NULL,'',50,NULL,NULL,NULL,NULL,NULL,1),
(106,1,1001,'',NULL,'',56,NULL,NULL,NULL,NULL,NULL,1),
(107,1,600,'',NULL,'',38,NULL,NULL,NULL,NULL,NULL,1),
(108,1,602,'',NULL,'',38,NULL,NULL,NULL,NULL,NULL,1),
(109,1,601,'',NULL,'',38,NULL,NULL,NULL,NULL,NULL,1),
(110,1,68,'',NULL,'',57,NULL,NULL,NULL,NULL,NULL,1),
(111,1,82,'',NULL,'',59,NULL,NULL,NULL,NULL,NULL,1),
(112,1,81,'',NULL,'',57,NULL,NULL,NULL,NULL,NULL,1),
(113,1,69,'',NULL,'',59,NULL,NULL,NULL,NULL,NULL,1),
(114,1,80,'',NULL,'',23,NULL,NULL,NULL,NULL,NULL,1),
(115,1,505,'',NULL,'',23,NULL,NULL,NULL,NULL,NULL,1),
(116,1,502,'',NULL,'',23,NULL,NULL,NULL,NULL,NULL,1),
(117,1,504,'',NULL,'',23,NULL,NULL,NULL,NULL,NULL,1),
(118,1,63,'',NULL,'',10,NULL,NULL,NULL,NULL,NULL,1),
(119,1,84,'',NULL,'',10,NULL,NULL,NULL,NULL,NULL,1),
(120,1,67,'',NULL,'',10,NULL,NULL,NULL,NULL,NULL,1),
(121,1,78,'',NULL,'',59,NULL,NULL,NULL,NULL,NULL,1),
(122,2,153,'',NULL,'',8,'[\"\"]','[\"0\"]',NULL,NULL,NULL,1),
(123,2,165,'',NULL,'',8,'[\"\"]','[\"0\"]',NULL,NULL,NULL,1),
(124,2,22,'',NULL,'',43,'[\"\"]','[\"0\"]',NULL,NULL,NULL,1),
(125,2,2,'',NULL,'',7,'[\"\"]','[\"0\"]',NULL,NULL,NULL,1),
(126,2,50,'',NULL,'*IOS*',7,'[\"\"]','[\"0\"]',NULL,NULL,NULL,1),
(127,2,14,'',NULL,'',6,'[\"\"]','[\"0\"]',NULL,NULL,NULL,1),
(128,2,5,'',NULL,'',7,'[\"\"]','[\"0\"]',NULL,NULL,NULL,1),
(129,2,9,'',NULL,'',7,'[\"\"]','[\"0\"]',NULL,NULL,NULL,1),
(130,2,19,'',NULL,'',6,'[\"\"]','[\"0\"]',NULL,NULL,NULL,1),
(131,2,20,'',NULL,'',6,'[\"\"]','[\"0\"]',NULL,NULL,NULL,1),
(132,2,4,'',NULL,'',73,'[\"\"]','[\"0\"]',NULL,NULL,NULL,1),
(133,2,166,'',NULL,'',6,'[\"\"]','[\"0\"]',NULL,NULL,NULL,1),
(134,2,167,'',NULL,'',6,'[\"\"]','[\"0\"]',NULL,NULL,NULL,1),
(135,2,17,'',NULL,'',6,'[\"\"]','[\"0\"]',NULL,NULL,NULL,1),
(136,2,18,'',NULL,'',6,'[\"\"]','[\"0\"]',NULL,NULL,NULL,1),
(137,2,3,'',NULL,'',6,'[\"\"]','[\"0\"]',NULL,NULL,NULL,1),
(138,2,16,'',NULL,'',6,'[\"\"]','[\"0\"]',NULL,NULL,NULL,1),
(139,3,51,'',NULL,'',10,'[\"\"]','[\"0\"]',NULL,NULL,NULL,1),
(140,3,50,'',NULL,'*Windows XP*',10,'[\"\"]','[\"0\"]',NULL,NULL,NULL,1),
(141,3,50,'',NULL,'*Windows 7*',10,'[\"\"]','[\"0\"]',NULL,NULL,NULL,1),
(142,3,50,'',NULL,'*Windows Server*',5,'[\"\"]','[\"0\"]',NULL,NULL,NULL,1),
(143,3,50,'',NULL,'*Linux*',5,'[\"\"]','[\"0\"]',NULL,NULL,NULL,1),
(144,3,50,'',NULL,'*Debian*',5,'[\"\"]','[\"0\"]',NULL,NULL,NULL,1),
(145,3,50,'',NULL,'*Ubuntu*',5,'[\"\"]','[\"0\"]',NULL,NULL,NULL,1),
(146,3,50,'',NULL,'*Redhat*',5,'[\"\"]','[\"0\"]',NULL,NULL,NULL,1),
(147,3,50,'',NULL,'*SuSE*',5,'[\"\"]','[\"0\"]',NULL,NULL,NULL,1),
(148,3,15,'',NULL,'',5,'[\"\"]','[\"0\"]',NULL,NULL,NULL,1),
(149,3,55,'',NULL,'',10,'[\"\"]','[\"0\"]',NULL,NULL,NULL,1),
(150,3,61,'',NULL,'',5,'[\"\"]','[\"0\"]',NULL,NULL,NULL,1),
(151,3,58,'',NULL,'',10,'[\"\"]','[\"0\"]',NULL,NULL,NULL,1),
(152,3,57,'',NULL,'',10,'[\"\"]','[\"0\"]',NULL,NULL,NULL,1),
(153,3,86,'',NULL,'',5,'[\"\"]','[\"0\"]',NULL,NULL,NULL,1),
(154,3,13,'',NULL,'',5,'[\"\"]','[\"0\"]',NULL,NULL,NULL,1),
(155,3,104,'',NULL,'',5,'[\"\"]','[\"0\"]',NULL,NULL,NULL,1),
(156,3,52,'',NULL,'',5,'[\"\"]','[\"0\"]',NULL,NULL,NULL,1),
(157,3,54,'',NULL,'',75,'[\"\"]','[\"0\"]',NULL,NULL,NULL,1),
(158,3,70,'',NULL,'',5,'[\"\"]','[\"0\"]',NULL,NULL,NULL,1),
(159,3,53,'',NULL,'',74,'[\"\"]','[\"0\"]',NULL,NULL,NULL,1),
(160,3,71,'',NULL,'',5,'[\"\"]','[\"0\"]',NULL,NULL,NULL,1),
(161,3,66,'',NULL,'',10,'[\"\"]','[\"0\"]',NULL,NULL,NULL,1),
(162,3,62,'',NULL,'',5,'[\"\"]','[\"0\"]',NULL,NULL,NULL,1),
(163,3,73,'',NULL,'',10,'[\"\"]','[\"0\"]',NULL,NULL,NULL,1),
(164,3,59,'',NULL,'',10,'[\"\"]','[\"0\"]',NULL,NULL,NULL,1),
(165,3,63,'',NULL,'',10,'[\"\"]','[\"0\"]',NULL,NULL,NULL,1),
(166,3,84,'',NULL,'',10,'[\"\"]','[\"0\"]',NULL,NULL,NULL,1),
(167,3,67,'',NULL,'',10,'[\"\"]','[\"0\"]',NULL,NULL,NULL,1),
(168,4,6,'',NULL,'',27,'[\"\"]','[\"0\"]',NULL,NULL,NULL,1),
(169,4,500,'',NULL,'',23,'[\"\"]','[\"0\"]',NULL,NULL,NULL,1),
(170,4,159,'',NULL,'',23,'[\"\"]','[\"0\"]',NULL,NULL,NULL,1),
(171,4,251,'',NULL,'',74,'[\"\"]','[\"0\"]',NULL,NULL,NULL,1),
(172,4,1000,'',NULL,'',56,'[\"\"]','[\"0\"]',NULL,NULL,NULL,1),
(173,4,50,'',NULL,'*VMware*',58,'[\"\"]','[\"0\"]',NULL,NULL,NULL,1),
(174,4,76,'',NULL,'',59,'[\"\"]','[\"0\"]',NULL,NULL,NULL,1),
(175,4,77,'',NULL,'',59,'[\"\"]','[\"0\"]',NULL,NULL,NULL,1),
(176,4,100,'',NULL,'',11,'[\"\"]','[\"0\"]',NULL,NULL,NULL,1),
(177,4,201,'',NULL,'',38,'[\"\"]','[\"0\"]',NULL,NULL,NULL,1),
(178,4,200,'',NULL,'',38,'[\"\"]','[\"0\"]',NULL,NULL,NULL,1),
(179,4,202,'',NULL,'',24,'[\"\"]','[\"0\"]',NULL,NULL,NULL,1),
(180,4,79,'',NULL,'',59,'[\"\"]','[\"0\"]',NULL,NULL,NULL,1),
(181,4,72,'',NULL,'',59,'[\"\"]','[\"0\"]',NULL,NULL,NULL,1),
(182,4,700,'',NULL,'',22,'[\"\"]','[\"0\"]',NULL,NULL,NULL,1),
(183,4,168,'',NULL,'',9,'[\"\"]','[\"0\"]',NULL,NULL,NULL,1),
(184,4,83,'',NULL,'',59,'[\"\"]','[\"0\"]',NULL,NULL,NULL,1),
(185,4,352,'',NULL,'',49,'[\"\"]','[\"0\"]',NULL,NULL,NULL,1),
(186,4,350,'',NULL,'',50,'[\"\"]','[\"0\"]',NULL,NULL,NULL,1),
(187,4,353,'',NULL,'',50,'[\"\"]','[\"0\"]',NULL,NULL,NULL,1),
(188,4,354,'',NULL,'',50,'[\"\"]','[\"0\"]',NULL,NULL,NULL,1),
(189,4,503,'',NULL,'',23,'[\"\"]','[\"0\"]',NULL,NULL,NULL,1),
(190,4,101,'',NULL,'',11,'[\"\"]','[\"0\"]',NULL,NULL,NULL,1),
(191,4,106,'',NULL,'',22,'[\"\"]','[\"0\"]',NULL,NULL,NULL,1),
(192,4,400,'',NULL,'',4,'[\"\"]','[\"0\"]',NULL,NULL,NULL,1),
(193,4,12,'',NULL,'',44,'[\"\"]','[\"0\"]',NULL,NULL,NULL,1),
(194,4,501,'',NULL,'',23,'[\"\"]','[\"0\"]',NULL,NULL,NULL,1),
(195,4,150,'',NULL,'',9,'[\"\"]','[\"0\"]',NULL,NULL,NULL,1),
(196,4,160,'',NULL,'',9,'[\"\"]','[\"0\"]',NULL,NULL,NULL,1),
(197,4,157,'',NULL,'',9,'[\"\"]','[\"0\"]',NULL,NULL,NULL,1),
(198,4,162,'',NULL,'',9,'[\"\"]','[\"0\"]',NULL,NULL,NULL,1),
(199,4,151,'',NULL,'',9,'[\"\"]','[\"0\"]',NULL,NULL,NULL,1),
(200,4,351,'',NULL,'',50,'[\"\"]','[\"0\"]',NULL,NULL,NULL,1),
(201,4,1001,'',NULL,'',56,'[\"\"]','[\"0\"]',NULL,NULL,NULL,1),
(202,4,600,'',NULL,'',38,'[\"\"]','[\"0\"]',NULL,NULL,NULL,1),
(203,4,602,'',NULL,'',38,'[\"\"]','[\"0\"]',NULL,NULL,NULL,1),
(204,4,601,'',NULL,'',38,'[\"\"]','[\"0\"]',NULL,NULL,NULL,1),
(205,4,68,'',NULL,'',57,'[\"\"]','[\"0\"]',NULL,NULL,NULL,1),
(206,4,82,'',NULL,'',59,'[\"\"]','[\"0\"]',NULL,NULL,NULL,1),
(207,4,81,'',NULL,'',57,'[\"\"]','[\"0\"]',NULL,NULL,NULL,1),
(208,4,69,'',NULL,'',59,'[\"\"]','[\"0\"]',NULL,NULL,NULL,1),
(209,4,80,'',NULL,'',23,'[\"\"]','[\"0\"]',NULL,NULL,NULL,1),
(210,4,505,'',NULL,'',23,'[\"\"]','[\"0\"]',NULL,NULL,NULL,1),
(211,4,502,'',NULL,'',23,'[\"\"]','[\"0\"]',NULL,NULL,NULL,1),
(212,4,504,'',NULL,'',23,'[\"\"]','[\"0\"]',NULL,NULL,NULL,1),
(213,4,78,'',NULL,'',59,'[\"\"]','[\"0\"]',NULL,NULL,NULL,1),
(214,4,74,'',NULL,'',59,'[\"\"]','[\"0\"]',NULL,NULL,NULL,1),
(215,3,250,NULL,NULL,NULL,88,NULL,NULL,NULL,NULL,NULL,1);
COMMIT;

--
-- Table structure for table `isys_jdisc_profile`
--

CREATE TABLE `isys_jdisc_profile` (
  `isys_jdisc_profile__id` int(10) unsigned NOT NULL AUTO_INCREMENT,
  `isys_jdisc_profile__title` varchar(255) NOT NULL,
  `isys_jdisc_profile__description` longtext DEFAULT NULL,
  `isys_jdisc_profile__categories` varchar(255) NOT NULL,
  `isys_jdisc_profile__import_all_software` tinyint(1) unsigned DEFAULT NULL,
  `isys_jdisc_profile__import_software_licences` tinyint(1) unsigned DEFAULT NULL,
  `isys_jdisc_profile__import_software_services` tinyint(1) DEFAULT 0,
  `isys_jdisc_profile__import_all_networks` tinyint(1) unsigned DEFAULT NULL,
  `isys_jdisc_profile__import_all_clusters` tinyint(1) unsigned DEFAULT NULL,
  `isys_jdisc_profile__import_all_blade_connections` tinyint(1) unsigned DEFAULT NULL,
  `isys_jdisc_profile__jdisc_server` int(10) unsigned DEFAULT NULL,
  `isys_jdisc_profile__import_custom_attributes` tinyint(1) unsigned DEFAULT NULL,
  `isys_jdisc_profile__import_all_vlans` tinyint(1) unsigned DEFAULT NULL,
  `isys_jdisc_profile__import_type_interfaces` tinyint(1) unsigned DEFAULT 2,
  `isys_jdisc_profile__cmdb_status` int(10) unsigned DEFAULT NULL,
  `isys_jdisc_profile__use_default_templates` tinyint(1) unsigned DEFAULT NULL,
  `isys_jdisc_profile__software_filter` text DEFAULT NULL,
  `isys_jdisc_profile__software_filter_type` tinyint(1) DEFAULT 0,
  `isys_jdisc_profile__software_obj_title` tinyint(1) unsigned DEFAULT 0,
  `isys_jdisc_profile__isys_obj_type__id__chassis_module` int(10) unsigned DEFAULT NULL,
  `isys_jdisc_profile__update_objtype` tinyint(1) DEFAULT 1,
  `isys_jdisc_profile__update_obj_title` tinyint(1) unsigned DEFAULT 0,
  `isys_jdisc_profile__chassis_module_update_objtype` tinyint(1) unsigned DEFAULT 0,
  `isys_jdisc_profile__use_simple_database_mod` tinyint(1) unsigned DEFAULT 0,
  `isys_jdisc_profile__network_adresses` varchar(255) DEFAULT NULL,
  `isys_jdisc_profile__import_type_dhcp_addresses` int(10) DEFAULT NULL,
  `isys_jdisc_profile__software_filter_type_regexp` int(10) DEFAULT NULL,
  `isys_jdisc_profile__import_cloud_subscriptions` tinyint(1) DEFAULT 0,
  `isys_jdisc_profile__import_connection_endpoint` tinyint(1) unsigned DEFAULT 0,
  `isys_jdisc_profile__import_create_cloud_users` tinyint(1) unsigned DEFAULT 0,
  `isys_jdisc_profile__adopt_location` tinyint(1) unsigned DEFAULT NULL,
  `isys_jdisc_profile__last_scanned_device` datetime DEFAULT NULL,
  `isys_jdisc_profile__resolve_fqdn` tinyint(1) unsigned DEFAULT NULL,
  `isys_jdisc_profile__network_import_rules` tinyint(1) unsigned DEFAULT 0,
  `isys_jdisc_profile__network_import_filter` text DEFAULT NULL,
  `isys_jdisc_profile__software_location_mode` tinyint(1) unsigned DEFAULT NULL,
  `isys_jdisc_profile__software_location_id` int(10) unsigned DEFAULT NULL,
  `isys_jdisc_profile__network_location_mode` tinyint(1) unsigned DEFAULT NULL,
  `isys_jdisc_profile__network_location_id` int(10) unsigned DEFAULT NULL,
  `isys_jdisc_profile__mac_filter_type` tinyint(1) unsigned DEFAULT 0,
  `isys_jdisc_profile__mac_filter` text DEFAULT NULL,
  `isys_jdisc_profile__cmdb_status_created` int(10) unsigned DEFAULT NULL,
  PRIMARY KEY (`isys_jdisc_profile__id`),
  KEY `isys_jdisc_profile__jdisc_server` (`isys_jdisc_profile__jdisc_server`),
  KEY `isys_jdisc_profile__cmdb_status` (`isys_jdisc_profile__cmdb_status`),
  KEY `isys_jdisc_profile__isys_obj_type__id__chassis_module` (`isys_jdisc_profile__isys_obj_type__id__chassis_module`),
  KEY `isys_jdisc_profile__software_location_id` (`isys_jdisc_profile__software_location_id`),
  KEY `isys_jdisc_profile__network_location_id` (`isys_jdisc_profile__network_location_id`),
  KEY `isys_jdisc_profile__cmdb_status_created` (`isys_jdisc_profile__cmdb_status_created`),
  CONSTRAINT `isys_jdisc_profile__cmdb_status` FOREIGN KEY (`isys_jdisc_profile__cmdb_status`) REFERENCES `isys_cmdb_status` (`isys_cmdb_status__id`) ON DELETE SET NULL ON UPDATE CASCADE,
  CONSTRAINT `isys_jdisc_profile__cmdb_status_created` FOREIGN KEY (`isys_jdisc_profile__cmdb_status_created`) REFERENCES `isys_cmdb_status` (`isys_cmdb_status__id`) ON DELETE SET NULL ON UPDATE CASCADE,
  CONSTRAINT `isys_jdisc_profile__isys_obj_type__id__chassis_module` FOREIGN KEY (`isys_jdisc_profile__isys_obj_type__id__chassis_module`) REFERENCES `isys_obj_type` (`isys_obj_type__id`) ON DELETE SET NULL ON UPDATE CASCADE,
  CONSTRAINT `isys_jdisc_profile__network_location_id` FOREIGN KEY (`isys_jdisc_profile__network_location_id`) REFERENCES `isys_obj` (`isys_obj__id`) ON DELETE SET NULL ON UPDATE NO ACTION,
  CONSTRAINT `isys_jdisc_profile__software_location_id` FOREIGN KEY (`isys_jdisc_profile__software_location_id`) REFERENCES `isys_obj` (`isys_obj__id`) ON DELETE SET NULL ON UPDATE NO ACTION,
  CONSTRAINT `isys_jdisc_profile_ibfk_1` FOREIGN KEY (`isys_jdisc_profile__jdisc_server`) REFERENCES `isys_jdisc_db` (`isys_jdisc_db__id`) ON DELETE SET NULL ON UPDATE NO ACTION
) ENGINE=InnoDB AUTO_INCREMENT=5 DEFAULT CHARSET=utf8mb3 COLLATE=utf8mb3_unicode_ci;

--
-- Dumping data for table `isys_jdisc_profile`
--

INSERT INTO `isys_jdisc_profile` VALUES
(1,'Complete import',NULL,'a:13:{i:0;i:4;i:1;i:35;i:2;i:47;i:3;i:42;i:4;i:8;i:5;i:2;i:6;i:39;i:7;i:12;i:8;i:5;i:9;i:36;i:10;s:3:\"161\";i:11;s:3:\"154\";i:12;s:2:\"71\";}',1,NULL,0,1,1,1,NULL,NULL,1,2,6,NULL,NULL,0,0,NULL,1,NULL,0,0,NULL,NULL,NULL,0,0,0,NULL,NULL,NULL,0,NULL,NULL,NULL,NULL,NULL,0,NULL,NULL),
(2,'Network','','a:4:{i:0;i:47;i:1;i:40;i:2;i:2;i:3;i:39;}',0,NULL,0,1,1,1,NULL,1,1,2,6,NULL,NULL,0,0,NULL,1,NULL,0,0,NULL,NULL,NULL,0,0,0,NULL,NULL,NULL,0,NULL,NULL,NULL,NULL,NULL,0,NULL,NULL),
(3,'Server and Clients','','a:15:{i:0;i:4;i:1;i:65;i:2;i:35;i:3;i:47;i:4;i:40;i:5;i:42;i:6;i:8;i:7;i:2;i:8;i:39;i:9;i:12;i:10;i:5;i:11;i:36;i:12;s:3:\"161\";i:13;s:3:\"154\";i:14;s:2:\"71\";}',1,NULL,0,1,1,1,NULL,1,1,2,6,NULL,NULL,0,0,NULL,1,NULL,0,0,NULL,NULL,NULL,0,0,0,NULL,NULL,NULL,0,NULL,NULL,NULL,NULL,NULL,0,NULL,NULL),
(4,'Others','','a:12:{i:0;i:4;i:1;i:65;i:2;i:35;i:3;i:47;i:4;i:40;i:5;i:42;i:6;i:8;i:7;i:2;i:8;i:39;i:9;i:12;i:10;i:5;i:11;i:36;}',1,NULL,0,1,1,1,NULL,1,1,2,6,NULL,NULL,0,0,NULL,1,NULL,0,0,NULL,NULL,NULL,0,0,0,NULL,NULL,NULL,0,NULL,NULL,NULL,NULL,NULL,0,NULL,NULL);
COMMIT;

--
-- Table structure for table `isys_jdisc_status_list`
--

CREATE TABLE `isys_jdisc_status_list` (
  `isys_jdisc_status_list__id` int(10) unsigned NOT NULL AUTO_INCREMENT,
  `isys_jdisc_status_list__title` varchar(255) DEFAULT NULL,
  `isys_jdisc_status_list__status` tinyint(3) unsigned NOT NULL DEFAULT 2,
  `isys_jdisc_status_list__const` varchar(255) CHARACTER SET utf8mb3 COLLATE utf8mb3_unicode_ci DEFAULT NULL,
  `isys_jdisc_status_list__description` longtext CHARACTER SET utf8mb3 COLLATE utf8mb3_unicode_ci DEFAULT NULL,
  `isys_jdisc_status_list__sort` int(10) unsigned DEFAULT NULL,
  `isys_jdisc_status_list__property` varchar(255) CHARACTER SET utf8mb3 COLLATE utf8mb3_unicode_ci DEFAULT NULL,
  PRIMARY KEY (`isys_jdisc_status_list__id`)
) ENGINE=InnoDB DEFAULT CHARSET=utf8mb3 COLLATE=utf8mb3_general_ci;

--
-- Dumping data for table `isys_jdisc_status_list`
--

COMMIT;

--
-- Table structure for table `isys_layer2_iphelper_type`
--

CREATE TABLE `isys_layer2_iphelper_type` (
  `isys_layer2_iphelper_type__id` int(11) NOT NULL AUTO_INCREMENT,
  `isys_layer2_iphelper_type__title` varchar(255) DEFAULT NULL,
  `isys_layer2_iphelper_type__description` longtext DEFAULT NULL,
  `isys_layer2_iphelper_type__sort` int(11) DEFAULT NULL,
  `isys_layer2_iphelper_type__const` varchar(255) DEFAULT NULL,
  `isys_layer2_iphelper_type__property` int(11) DEFAULT 0,
  `isys_layer2_iphelper_type__status` tinyint(3) unsigned NOT NULL DEFAULT 1,
  PRIMARY KEY (`isys_layer2_iphelper_type__id`),
  KEY `isys_layer2_iphelper_type__title` (`isys_layer2_iphelper_type__title`)
) ENGINE=InnoDB AUTO_INCREMENT=2 DEFAULT CHARSET=utf8mb3 COLLATE=utf8mb3_unicode_ci;

--
-- Dumping data for table `isys_layer2_iphelper_type`
--

INSERT INTO `isys_layer2_iphelper_type` VALUES
(1,'ip-helper-address',NULL,NULL,NULL,NULL,2);
COMMIT;

--
-- Table structure for table `isys_layer2_net_subtype`
--

CREATE TABLE `isys_layer2_net_subtype` (
  `isys_layer2_net_subtype__id` int(11) NOT NULL AUTO_INCREMENT,
  `isys_layer2_net_subtype__title` varchar(255) DEFAULT NULL,
  `isys_layer2_net_subtype__description` longtext DEFAULT NULL,
  `isys_layer2_net_subtype__sort` int(11) DEFAULT NULL,
  `isys_layer2_net_subtype__const` varchar(255) DEFAULT NULL,
  `isys_layer2_net_subtype__property` int(11) DEFAULT 0,
  `isys_layer2_net_subtype__status` tinyint(3) unsigned NOT NULL DEFAULT 1,
  PRIMARY KEY (`isys_layer2_net_subtype__id`),
  KEY `isys_layer2_net_subtype__title` (`isys_layer2_net_subtype__title`)
) ENGINE=InnoDB AUTO_INCREMENT=3 DEFAULT CHARSET=utf8mb3 COLLATE=utf8mb3_unicode_ci;

--
-- Dumping data for table `isys_layer2_net_subtype`
--

INSERT INTO `isys_layer2_net_subtype` VALUES
(1,'LC__LAYER2_NET__SUBTYPE__STATIC_VLAN',NULL,NULL,'C__CATS__LAYER2_NET__SUBTYPE__STATIC_VLAN',0,2),
(2,'LC__LAYER2_NET__SUBTYPE__DYNAMIC_VLAN',NULL,NULL,'C__CATS__LAYER2_NET__SUBTYPE__DYNAMIC_VLAN',0,2);
COMMIT;

--
-- Table structure for table `isys_layer2_net_type`
--

CREATE TABLE `isys_layer2_net_type` (
  `isys_layer2_net_type__id` int(11) NOT NULL AUTO_INCREMENT,
  `isys_layer2_net_type__title` varchar(255) DEFAULT NULL,
  `isys_layer2_net_type__description` longtext DEFAULT NULL,
  `isys_layer2_net_type__sort` int(11) DEFAULT NULL,
  `isys_layer2_net_type__const` varchar(255) DEFAULT NULL,
  `isys_layer2_net_type__property` int(11) DEFAULT 0,
  `isys_layer2_net_type__status` tinyint(3) unsigned NOT NULL DEFAULT 1,
  PRIMARY KEY (`isys_layer2_net_type__id`),
  KEY `isys_layer2_net_type__title` (`isys_layer2_net_type__title`)
) ENGINE=InnoDB AUTO_INCREMENT=2 DEFAULT CHARSET=utf8mb3 COLLATE=utf8mb3_unicode_ci;

--
-- Dumping data for table `isys_layer2_net_type`
--

INSERT INTO `isys_layer2_net_type` VALUES
(1,'LC__LAYER2_NET__TYPE_VLAN',NULL,NULL,'C__LAYER2_NET__TYPE_VLAN',0,2);
COMMIT;

--
-- Table structure for table `isys_ldap`
--

CREATE TABLE `isys_ldap` (
  `isys_ldap__id` int(10) NOT NULL AUTO_INCREMENT,
  `isys_ldap__isys_ldap_directory__id` int(10) DEFAULT NULL,
  `isys_ldap__title` varchar(255) NOT NULL,
  `isys_ldap__active` int(10) NOT NULL,
  `isys_ldap__hostname` varchar(255) NOT NULL,
  `isys_ldap__port` int(10) NOT NULL,
  `isys_ldap__dn` varchar(255) NOT NULL,
  `isys_ldap__password` varchar(255) NOT NULL,
  `isys_ldap__user_search` varchar(255) NOT NULL,
  `isys_ldap__group_search` varchar(255) NOT NULL,
  `isys_ldap__filter` text NOT NULL,
  `isys_ldap__timelimit` int(10) NOT NULL,
  `isys_ldap__tls` int(10) NOT NULL,
  `isys_ldap__version` int(10) NOT NULL,
  `isys_ldap__recursive` int(10) NOT NULL,
  `isys_ldap__sort` int(10) NOT NULL,
  `isys_ldap__status` tinyint(3) unsigned NOT NULL DEFAULT 1,
  `isys_ldap__filter_array` text DEFAULT NULL,
  `isys_ldap__use_admin_only` int(1) unsigned DEFAULT 0,
  `isys_ldap__enable_paging` tinyint(1) unsigned DEFAULT 0,
  `isys_ldap__page_limit` int(10) unsigned DEFAULT 500,
  `isys_ldap__unique_attribute` varchar(191) DEFAULT NULL,
  `isys_ldap__filter_modified` tinyint(1) unsigned DEFAULT 0,
  `isys_ldap__tls_certificate` int(10) unsigned DEFAULT NULL,
  `isys_ldap__tls_certificate_check_strategy` varchar(16) NOT NULL DEFAULT 'demand',
  PRIMARY KEY (`isys_ldap__id`),
  KEY `isys_ldap__isys_ldap_directory__id` (`isys_ldap__isys_ldap_directory__id`),
  KEY `isys_ldap__tls_certificate` (`isys_ldap__tls_certificate`),
  CONSTRAINT `isys_ldap__tls_certificate` FOREIGN KEY (`isys_ldap__tls_certificate`) REFERENCES `isys_obj` (`isys_obj__id`) ON DELETE SET NULL ON UPDATE CASCADE,
  CONSTRAINT `isys_ldap_ibfk_1` FOREIGN KEY (`isys_ldap__isys_ldap_directory__id`) REFERENCES `isys_ldap_directory` (`isys_ldap_directory__id`) ON DELETE SET NULL ON UPDATE NO ACTION
) ENGINE=InnoDB AUTO_INCREMENT=3 DEFAULT CHARSET=utf8mb3 COLLATE=utf8mb3_unicode_ci;

--
-- Dumping data for table `isys_ldap`
--

INSERT INTO `isys_ldap` VALUES
(1,1,'',1,'fw.bludenz.at',636,'svc.idoit@regiobludenz.local','ST+UxdtoSLP80slmk9Zd2nwkJHzKmHySlMkQzqpmh9IQAnXytqzrMRGK9w4hNEN9RRsXmQ==','dc=regiobludenz,dc=local','','(&(objectClass=user)(CN=*)(sAMAccountname=*)(!(objectClass=computer))(sn=*)(givenName=*))',60,2,3,1,0,0,'a:5:{s:10:\"attributes\";a:6:{i:0;s:11:\"objectClass\";i:1;s:2:\"CN\";i:2;s:14:\"sAMAccountname\";i:3;s:11:\"objectClass\";i:4;s:2:\"sn\";i:5;s:9:\"givenName\";}s:6:\"values\";a:6:{i:0;s:4:\"user\";i:1;s:1:\"*\";i:2;s:1:\"*\";i:3;s:8:\"computer\";i:4;s:1:\"*\";i:5;s:1:\"*\";}s:10:\"field_type\";a:6:{i:0;s:1:\"1\";i:1;s:1:\"1\";i:2;s:1:\"1\";i:3;s:1:\"1\";i:4;s:1:\"1\";i:5;s:1:\"1\";}s:15:\"field_link_type\";a:6:{i:0;s:1:\"&\";i:1;s:1:\"&\";i:2;s:1:\"&\";i:3;s:1:\"&\";i:4;s:1:\"&\";i:5;s:1:\"&\";}s:14:\"field_operator\";a:6:{i:0;s:1:\"=\";i:1;s:1:\"=\";i:2;s:1:\"=\";i:3;s:2:\"!=\";i:4;s:1:\"=\";i:5;s:1:\"=\";}}',0,1,500,'',0,NULL,'demand'),
(2,1,'',0,'10.10.110.2',389,'svc.idoit@regiobludenz.local','g5BhBHYx1NyXiw6Pi10QSHwkJHx+Y8VhrFV05jzkQqtWWIvl','dc=regiobludenz,dc=local','','(objectClass=user)',60,0,3,1,0,0,'a:5:{s:10:\"attributes\";a:1:{i:0;s:11:\"objectClass\";}s:6:\"values\";a:1:{i:0;s:4:\"user\";}s:10:\"field_type\";a:1:{i:0;s:1:\"3\";}s:15:\"field_link_type\";a:1:{i:0;s:1:\"&\";}s:14:\"field_operator\";a:1:{i:0;s:1:\"=\";}}',0,0,500,'',0,NULL,'demand');
COMMIT;

--
-- Table structure for table `isys_ldap_directory`
--

CREATE TABLE `isys_ldap_directory` (
  `isys_ldap_directory__id` int(10) NOT NULL AUTO_INCREMENT,
  `isys_ldap_directory__title` varchar(255) NOT NULL,
  `isys_ldap_directory__mapping` text NOT NULL,
  `isys_ldap_directory__const` varchar(255) NOT NULL,
  `isys_ldap_directory__sort` int(10) NOT NULL,
  `isys_ldap_directory__status` tinyint(3) unsigned NOT NULL DEFAULT 1,
  `isys_ldap_directory__property` int(10) NOT NULL,
  PRIMARY KEY (`isys_ldap_directory__id`),
  KEY `isys_ldap_directory__title` (`isys_ldap_directory__title`)
) ENGINE=InnoDB AUTO_INCREMENT=4 DEFAULT CHARSET=utf8mb3 COLLATE=utf8mb3_unicode_ci;

--
-- Dumping data for table `isys_ldap_directory`
--

INSERT INTO `isys_ldap_directory` VALUES
(1,'Active Directory','a:6:{i:0;s:8:\"memberof\";i:1;s:11:\"objectClass\";i:2;s:9:\"givenName\";i:3;s:2:\"sn\";i:4;s:4:\"mail\";i:5;s:14:\"sAMAccountName\";}','C__LDAP__AD',1,2,0),
(2,'Novell Directory Services','a:6:{i:0;s:15:\"groupMembership\";i:1;s:11:\"objectClass\";i:2;s:9:\"givenName\";i:3;s:2:\"sn\";i:4;s:4:\"mail\";i:5;s:2:\"cn\";}','C__LDAP__NDS',2,2,0),
(3,'Open LDAP','a:6:{i:0;s:9:\"memberUid\";i:1;s:11:\"objectClass\";i:2;s:9:\"givenname\";i:3;s:2:\"sn\";i:4;s:4:\"mail\";i:5;s:3:\"uid\";}','C__LDAP__OPENLDAP',2,2,0);
COMMIT;

--
-- Table structure for table `isys_ldev_multipath`
--

CREATE TABLE `isys_ldev_multipath` (
  `isys_ldev_multipath__id` int(10) unsigned NOT NULL AUTO_INCREMENT,
  `isys_ldev_multipath__title` varchar(255) NOT NULL,
  `isys_ldev_multipath__description` longtext CHARACTER SET utf8mb3 COLLATE utf8mb3_unicode_ci DEFAULT NULL,
  `isys_ldev_multipath__const` varchar(255) DEFAULT NULL,
  `isys_ldev_multipath__sort` int(10) unsigned DEFAULT NULL,
  `isys_ldev_multipath__status` tinyint(3) unsigned NOT NULL DEFAULT 2,
  `isys_ldev_multipath__property` int(10) unsigned DEFAULT 0,
  PRIMARY KEY (`isys_ldev_multipath__id`),
  KEY `isys_ldev_multipath__title` (`isys_ldev_multipath__title`)
) ENGINE=InnoDB AUTO_INCREMENT=5 DEFAULT CHARSET=utf8mb3 COLLATE=utf8mb3_general_ci;

--
-- Dumping data for table `isys_ldev_multipath`
--

INSERT INTO `isys_ldev_multipath` VALUES
(1,'LC__LDEV_MULTIPATH__ROUND_ROBIN',NULL,NULL,NULL,2,0),
(2,'LC__LDEV_MULTIPATH__FAIL_OVER',NULL,NULL,NULL,2,0),
(3,'LC__LDEV_MULTIPATH__FAIL_BACK',NULL,NULL,NULL,2,0),
(4,'LC__LDEV_MULTIPATH__WEIGHTED_PATH',NULL,NULL,NULL,2,0);
COMMIT;

--
-- Table structure for table `isys_ldevclient_fc_port_path`
--

CREATE TABLE `isys_ldevclient_fc_port_path` (
  `isys_ldevclient_fc_port_path__id` int(10) unsigned NOT NULL AUTO_INCREMENT,
  `isys_ldevclient_fc_port_path__isys_catg_ldevclient_list__id` int(10) unsigned NOT NULL,
  `isys_ldevclient_fc_port_path__isys_catg_fc_port_list__id` int(10) unsigned NOT NULL,
  PRIMARY KEY (`isys_ldevclient_fc_port_path__id`),
  KEY `isys_ldevclient_fc_port_path__isys_catg_ldevclient_list__id` (`isys_ldevclient_fc_port_path__isys_catg_ldevclient_list__id`),
  KEY `isys_ldevclient_fc_port_path__isys_catg_fc_port_list__id` (`isys_ldevclient_fc_port_path__isys_catg_fc_port_list__id`),
  CONSTRAINT `isys_ldevclient_fc_port_path_ibfk_1` FOREIGN KEY (`isys_ldevclient_fc_port_path__isys_catg_ldevclient_list__id`) REFERENCES `isys_catg_ldevclient_list` (`isys_catg_ldevclient_list__id`) ON DELETE CASCADE ON UPDATE CASCADE,
  CONSTRAINT `isys_ldevclient_fc_port_path_ibfk_2` FOREIGN KEY (`isys_ldevclient_fc_port_path__isys_catg_fc_port_list__id`) REFERENCES `isys_catg_fc_port_list` (`isys_catg_fc_port_list__id`) ON DELETE CASCADE ON UPDATE CASCADE
) ENGINE=InnoDB DEFAULT CHARSET=utf8mb3 COLLATE=utf8mb3_unicode_ci;

--
-- Dumping data for table `isys_ldevclient_fc_port_path`
--

COMMIT;

--
-- Table structure for table `isys_lock`
--

CREATE TABLE `isys_lock` (
  `isys_lock__id` int(10) unsigned NOT NULL AUTO_INCREMENT,
  `isys_lock__isys_user_session__id` int(10) unsigned NOT NULL,
  `isys_lock__isys_obj__id` int(10) unsigned DEFAULT NULL,
  `isys_lock__datetime` datetime NOT NULL,
  `isys_lock__table_label` varchar(255) DEFAULT NULL,
  `isys_lock__table_name` varchar(255) DEFAULT NULL,
  `isys_lock__table_field` varchar(255) DEFAULT NULL,
  `isys_lock__field_value` int(10) unsigned DEFAULT NULL,
  PRIMARY KEY (`isys_lock__id`),
  KEY `isys_lock__isys_user_session__id` (`isys_lock__isys_user_session__id`),
  KEY `isys_lock__isys_obj__id` (`isys_lock__isys_obj__id`),
  CONSTRAINT `isys_lock__isys_user_session__id` FOREIGN KEY (`isys_lock__isys_user_session__id`) REFERENCES `isys_user_session` (`isys_user_session__id`) ON DELETE CASCADE ON UPDATE CASCADE
) ENGINE=InnoDB AUTO_INCREMENT=10032 DEFAULT CHARSET=utf8mb3 COLLATE=utf8mb3_unicode_ci;

--
-- Dumping data for table `isys_lock`
--

COMMIT;

--
-- Table structure for table `isys_logbook`
--

CREATE TABLE `isys_logbook` (
  `isys_logbook__id` int(10) unsigned NOT NULL AUTO_INCREMENT,
  `isys_logbook__isys_obj__id` int(10) unsigned DEFAULT NULL,
  `isys_logbook__isys_logbook_event__id` int(10) unsigned DEFAULT NULL,
  `isys_logbook__isys_logbook_level__id` int(10) unsigned DEFAULT NULL,
  `isys_logbook__isys_logbook_source__id` int(10) unsigned DEFAULT NULL,
  `isys_logbook__title` varchar(255) DEFAULT NULL,
  `isys_logbook__description` longtext DEFAULT NULL,
  `isys_logbook__comment` text NOT NULL,
  `isys_logbook__changes` longtext NOT NULL,
  `isys_logbook__date` datetime DEFAULT NULL,
  `isys_logbook__status` tinyint(3) unsigned NOT NULL DEFAULT 1,
  `isys_logbook__property` int(10) unsigned DEFAULT 0,
  `isys_logbook__user_name_static` varchar(255) DEFAULT NULL,
  `isys_logbook__event_static` varchar(255) NOT NULL,
  `isys_logbook__obj_name_static` varchar(255) DEFAULT NULL,
  `isys_logbook__category_static` varchar(255) DEFAULT NULL,
  `isys_logbook__entry_identifier_static` varchar(255) DEFAULT NULL,
  `isys_logbook__obj_type_static` varchar(255) DEFAULT NULL,
  `isys_logbook__isys_logbook_reason__id` int(10) unsigned DEFAULT NULL,
  `isys_logbook__changecount` int(10) unsigned DEFAULT 0,
  PRIMARY KEY (`isys_logbook__id`),
  KEY `isys_logbook_FKIndex2` (`isys_logbook__isys_logbook_source__id`),
  KEY `isys_logbook_FKIndex3` (`isys_logbook__isys_logbook_level__id`),
  KEY `isys_logbook_FKIndex4` (`isys_logbook__isys_logbook_event__id`),
  KEY `isys_logbook__isys_obj__id` (`isys_logbook__isys_obj__id`),
  KEY `isys_logbook_ibfk_5` (`isys_logbook__isys_logbook_reason__id`),
  CONSTRAINT `isys_logbook_ibfk_2` FOREIGN KEY (`isys_logbook__isys_logbook_source__id`) REFERENCES `isys_logbook_source` (`isys_logbook_source__id`) ON DELETE NO ACTION ON UPDATE NO ACTION,
  CONSTRAINT `isys_logbook_ibfk_3` FOREIGN KEY (`isys_logbook__isys_logbook_level__id`) REFERENCES `isys_logbook_level` (`isys_logbook_level__id`) ON DELETE NO ACTION ON UPDATE NO ACTION,
  CONSTRAINT `isys_logbook_ibfk_4` FOREIGN KEY (`isys_logbook__isys_logbook_event__id`) REFERENCES `isys_logbook_event` (`isys_logbook_event__id`) ON DELETE NO ACTION ON UPDATE NO ACTION,
  CONSTRAINT `isys_logbook_ibfk_5` FOREIGN KEY (`isys_logbook__isys_logbook_reason__id`) REFERENCES `isys_logbook_reason` (`isys_logbook_reason__id`) ON DELETE SET NULL ON UPDATE SET NULL
) ENGINE=InnoDB AUTO_INCREMENT=74110 DEFAULT CHARSET=utf8mb3 COLLATE=utf8mb3_unicode_ci;

--
-- Dumping data for table `isys_logbook`
--

INSERT INTO `isys_logbook` VALUES
(61569,9603,NULL,2,1,NULL,'object status changed from ldap-sync','','','2026-01-13 19:30:04',2,NULL,'Automation Automation','C__LOGBOOK_EVENT__OBJECT_RECYCLED','11- admin','','','LC__CONTACT__TREE__PERSON',NULL,0),
(61570,9603,NULL,2,1,NULL,'object status changed from ldap-sync','','','2026-01-13 19:30:04',2,NULL,'Automation Automation','C__LOGBOOK_EVENT__OBJECT_RECYCLED','63- admin','','','LC__CONTACT__TREE__PERSON',NULL,0),
(61571,9603,NULL,2,1,NULL,'object status changed from ldap-sync','','','2026-01-13 19:30:04',2,NULL,'Automation Automation','C__LOGBOOK_EVENT__OBJECT_RECYCLED','15- admin','','','LC__CONTACT__TREE__PERSON',NULL,0),
(61572,9603,NULL,2,1,NULL,'object status changed from ldap-sync','','','2026-01-13 19:30:04',2,NULL,'Automation Automation','C__LOGBOOK_EVENT__OBJECT_RECYCLED','alpenregion- admin','','','LC__CONTACT__TREE__PERSON',NULL,0),
(61573,9603,NULL,2,1,NULL,'object status changed from ldap-sync','','','2026-01-13 19:30:04',2,NULL,'Automation Automation','C__LOGBOOK_EVENT__OBJECT_RECYCLED','_mxsservice Exchange Service Account','','','LC__CONTACT__TREE__PERSON',NULL,0),
(61574,9603,NULL,2,1,NULL,'object status changed from ldap-sync','','','2026-01-13 19:30:04',2,NULL,'Automation Automation','C__LOGBOOK_EVENT__OBJECT_RECYCLED','Isabell Rudolph','','','LC__CONTACT__TREE__PERSON',NULL,0),
(61575,9603,NULL,2,1,NULL,'object status changed from ldap-sync','','','2026-01-13 19:30:04',2,NULL,'Automation Automation','C__LOGBOOK_EVENT__OBJECT_RECYCLED','Sabine Erath','','','LC__CONTACT__TREE__PERSON',NULL,0),
(61576,9603,NULL,2,1,NULL,'object status changed from ldap-sync','','','2026-01-13 19:30:04',2,NULL,'Automation Automation','C__LOGBOOK_EVENT__OBJECT_RECYCLED','VTS Gateway','','','LC__CONTACT__TREE__PERSON',NULL,0),
(61577,9603,NULL,2,1,NULL,'object status changed from ldap-sync','','','2026-01-13 19:30:04',2,NULL,'Automation Automation','C__LOGBOOK_EVENT__OBJECT_RECYCLED','NAV Antivirus','','','LC__CONTACT__TREE__PERSON',NULL,0),
(61578,9603,NULL,2,1,NULL,'object status changed from ldap-sync','','','2026-01-13 19:30:04',2,NULL,'Automation Automation','C__LOGBOOK_EVENT__OBJECT_RECYCLED','88- admin','','','LC__CONTACT__TREE__PERSON',NULL,0),
(61579,9603,NULL,2,1,NULL,'object status changed from ldap-sync','','','2026-01-13 19:30:04',2,NULL,'Automation Automation','C__LOGBOOK_EVENT__OBJECT_RECYCLED','83- admin','','','LC__CONTACT__TREE__PERSON',NULL,0),
(61580,9603,NULL,2,1,NULL,'object status changed from ldap-sync','','','2026-01-13 19:30:04',2,NULL,'Automation Automation','C__LOGBOOK_EVENT__OBJECT_RECYCLED','10- admin','','','LC__CONTACT__TREE__PERSON',NULL,0),
(61581,9603,NULL,2,1,NULL,'object status changed from ldap-sync','','','2026-01-13 19:30:04',2,NULL,'Automation Automation','C__LOGBOOK_EVENT__OBJECT_RECYCLED','87- admin','','','LC__CONTACT__TREE__PERSON',NULL,0),
(61582,9603,NULL,2,1,NULL,'object status changed from ldap-sync','','','2026-01-13 19:30:04',2,NULL,'Automation Automation','C__LOGBOOK_EVENT__OBJECT_RECYCLED','SQL New','','','LC__CONTACT__TREE__PERSON',NULL,0),
(61583,9603,NULL,2,1,NULL,'object status changed from ldap-sync','','','2026-01-13 19:30:04',2,NULL,'Automation Automation','C__LOGBOOK_EVENT__OBJECT_RECYCLED','Michael Fenkart','','','LC__CONTACT__TREE__PERSON',NULL,0),
(61584,9603,NULL,2,1,NULL,'object status changed from ldap-sync','','','2026-01-13 19:30:04',2,NULL,'Automation Automation','C__LOGBOOK_EVENT__OBJECT_RECYCLED','IT- Praktikant','','','LC__CONTACT__TREE__PERSON',NULL,0),
(61585,9603,NULL,2,1,NULL,'object status changed from ldap-sync','','','2026-01-13 19:30:04',2,NULL,'Automation Automation','C__LOGBOOK_EVENT__OBJECT_RECYCLED','Dietmar Frainer','','','LC__CONTACT__TREE__PERSON',NULL,0),
(61586,9603,NULL,2,1,NULL,'Entry with contact Dietmar Frainer changed from ldap-sync','','','2026-01-13 19:30:04',2,NULL,'Automation Automation','C__LOGBOOK_EVENT__CATEGORY_RECYCLED','Amt der Stadt Bludenz','LC__CMDB__CATG__CONTACT','','LC__CMDB__OBJTYPE__ORGANIZATION',NULL,0),
(61587,9603,NULL,2,1,NULL,'Entry with contact Dietmar Frainer changed from ldap-sync','','','2026-01-13 19:30:04',2,NULL,'Automation Automation','C__LOGBOOK_EVENT__CATEGORY_RECYCLED','DS-Bereitstellung - IKT Stadt Bludenz','LC__CMDB__CATG__CONTACT','','LC__OBJTYPE__IT_SERVICE',NULL,0),
(61588,9603,NULL,2,1,NULL,'Entry with contact Dietmar Frainer changed from ldap-sync','','','2026-01-13 19:30:04',2,NULL,'Automation Automation','C__LOGBOOK_EVENT__CATEGORY_RECYCLED','DS-Bereitstellung - IKT Stadt Bludenz','LC__CMDB__CATG__CONTACT','','LC__OBJTYPE__IT_SERVICE',NULL,0),
(61589,9603,NULL,2,1,NULL,'Entry with contact Dietmar Frainer changed from ldap-sync','','','2026-01-13 19:30:04',2,NULL,'Automation Automation','C__LOGBOOK_EVENT__CATEGORY_RECYCLED','DS-Bereitstellung - IKT DLZ Blumenegg','LC__CMDB__CATG__CONTACT','','LC__OBJTYPE__IT_SERVICE',NULL,0),
(61590,9603,NULL,2,1,NULL,'Entry with contact Dietmar Frainer changed from ldap-sync','','','2026-01-13 19:30:04',2,NULL,'Automation Automation','C__LOGBOOK_EVENT__CATEGORY_RECYCLED','DS-Bereitstellung - IKT Gemeinde Brand','LC__CMDB__CATG__CONTACT','','LC__OBJTYPE__IT_SERVICE',NULL,0),
(61591,9603,NULL,2,1,NULL,'Entry with contact Dietmar Frainer changed from ldap-sync','','','2026-01-13 19:30:04',2,NULL,'Automation Automation','C__LOGBOOK_EVENT__CATEGORY_RECYCLED','DS-Bereitstellung - IKT Gemeinde Bürs','LC__CMDB__CATG__CONTACT','','LC__OBJTYPE__IT_SERVICE',NULL,0),
(61592,9603,NULL,2,1,NULL,'Entry with contact Dietmar Frainer changed from ldap-sync','','','2026-01-13 19:30:04',2,NULL,'Automation Automation','C__LOGBOOK_EVENT__CATEGORY_RECYCLED','DS-Bereitstellung - IKT Gemeinde Dalaas','LC__CMDB__CATG__CONTACT','','LC__OBJTYPE__IT_SERVICE',NULL,0),
(61593,9603,NULL,2,1,NULL,'Entry with contact Dietmar Frainer changed from ldap-sync','','','2026-01-13 19:30:04',2,NULL,'Automation Automation','C__LOGBOOK_EVENT__CATEGORY_RECYCLED','DS-Bereitstellung - IKT Gemeinde Raggal','LC__CMDB__CATG__CONTACT','','LC__OBJTYPE__IT_SERVICE',NULL,0),
(61594,9603,NULL,2,1,NULL,'Entry with contact Dietmar Frainer changed from ldap-sync','','','2026-01-13 19:30:04',2,NULL,'Automation Automation','C__LOGBOOK_EVENT__CATEGORY_RECYCLED','DS-Bereitstellung - IKT Marktgemeinde Frastanz','LC__CMDB__CATG__CONTACT','','LC__OBJTYPE__IT_SERVICE',NULL,0),
(61595,9603,NULL,2,1,NULL,'Entry with contact Dietmar Frainer changed from ldap-sync','','','2026-01-13 19:30:04',2,NULL,'Automation Automation','C__LOGBOOK_EVENT__CATEGORY_RECYCLED','DS-Bereitstellung - IKT Marktgemeinde Nenzing','LC__CMDB__CATG__CONTACT','','LC__OBJTYPE__IT_SERVICE',NULL,0),
(61596,9603,NULL,2,1,NULL,'Entry with contact Dietmar Frainer changed from ldap-sync','','','2026-01-13 19:30:04',2,NULL,'Automation Automation','C__LOGBOOK_EVENT__CATEGORY_RECYCLED','DS-Bereitstellung - IKT Val Blu Resort Ges.mbH','LC__CMDB__CATG__CONTACT','','LC__OBJTYPE__IT_SERVICE',NULL,0),
(61597,9603,NULL,2,1,NULL,'Entry with contact Dietmar Frainer changed from ldap-sync','','','2026-01-13 19:30:04',2,NULL,'Automation Automation','C__LOGBOOK_EVENT__CATEGORY_RECYCLED','DS-Betrieb von TK-Anlagen Stadt Bludenz','LC__CMDB__CATG__CONTACT','','LC__OBJTYPE__IT_SERVICE',NULL,0),
(61598,9603,NULL,2,1,NULL,'Entry with contact Dietmar Frainer changed from ldap-sync','','','2026-01-13 19:30:04',2,NULL,'Automation Automation','C__LOGBOOK_EVENT__CATEGORY_RECYCLED','DS-Datenschutz Stadt Bludenz','LC__CMDB__CATG__CONTACT','','LC__OBJTYPE__IT_SERVICE',NULL,0),
(61599,9603,NULL,2,1,NULL,'Entry with contact Dietmar Frainer changed from ldap-sync','','','2026-01-13 19:30:04',2,NULL,'Automation Automation','C__LOGBOOK_EVENT__CATEGORY_RECYCLED','DS-Datenschutz Stadt Bludenz','LC__CMDB__CATG__CONTACT','','LC__OBJTYPE__IT_SERVICE',NULL,0),
(61600,9603,NULL,2,1,NULL,'Entry with contact Dietmar Frainer changed from ldap-sync','','','2026-01-13 19:30:04',2,NULL,'Automation Automation','C__LOGBOOK_EVENT__CATEGORY_RECYCLED','DS-IT_Kompetenzzentrum Stadt Bludenz','LC__CMDB__CATG__CONTACT','','LC__OBJTYPE__IT_SERVICE',NULL,0),
(61601,9603,NULL,2,1,NULL,'Entry with contact Dietmar Frainer changed from ldap-sync','','','2026-01-13 19:30:04',2,NULL,'Automation Automation','C__LOGBOOK_EVENT__CATEGORY_RECYCLED','DS-IT-Betreuung Stadt Bludenz','LC__CMDB__CATG__CONTACT','','LC__OBJTYPE__IT_SERVICE',NULL,0),
(61602,9603,NULL,2,1,NULL,'Entry with contact Dietmar Frainer changed from ldap-sync','','','2026-01-13 19:30:04',2,NULL,'Automation Automation','C__LOGBOOK_EVENT__CATEGORY_RECYCLED','DS-Zeiterfassung_HR360_Time Stadt Bludenz','LC__CMDB__CATG__CONTACT','','LC__OBJTYPE__IT_SERVICE',NULL,0),
(61603,9603,NULL,2,1,NULL,'Entry with contact Dietmar Frainer changed from ldap-sync','','','2026-01-13 19:30:04',2,NULL,'Automation Automation','C__LOGBOOK_EVENT__CATEGORY_RECYCLED','DS-Zutrittskontrollsysteme Stadt Bludenz','LC__CMDB__CATG__CONTACT','','LC__OBJTYPE__IT_SERVICE',NULL,0),
(61604,9603,NULL,2,1,NULL,'Entry with contact Dietmar Frainer changed from ldap-sync','','','2026-01-13 19:30:04',2,NULL,'Automation Automation','C__LOGBOOK_EVENT__CATEGORY_RECYCLED','Abwasserverband Region Bludenz','LC__CMDB__CATG__CONTACT','','LC__CMDB__OBJTYPE__ORGANIZATION',NULL,0),
(61605,9603,NULL,2,1,NULL,'Entry with contact Dietmar Frainer changed from ldap-sync','','','2026-01-13 19:30:04',2,NULL,'Automation Automation','C__LOGBOOK_EVENT__CATEGORY_RECYCLED','Alpenregion Tourismus Ges.mbH','LC__CMDB__CATG__CONTACT','','LC__CMDB__OBJTYPE__ORGANIZATION',NULL,0),
(61606,9603,NULL,2,1,NULL,'object status changed from ldap-sync','','','2026-01-13 19:30:04',2,NULL,'Automation Automation','C__LOGBOOK_EVENT__OBJECT_RECYCLED','10 wloruenser','','','LC__CONTACT__TREE__PERSON',NULL,0),
(61607,9603,NULL,2,1,NULL,'object status changed from ldap-sync','','','2026-01-13 19:30:04',2,NULL,'Automation Automation','C__LOGBOOK_EVENT__OBJECT_RECYCLED','61-fw- atwart','','','LC__CONTACT__TREE__PERSON',NULL,0),
(61608,9603,NULL,2,1,NULL,'object status changed from ldap-sync','','','2026-01-13 19:30:04',2,NULL,'Automation Automation','C__LOGBOOK_EVENT__OBJECT_RECYCLED','61-fw- geraetewart','','','LC__CONTACT__TREE__PERSON',NULL,0),
(61609,9603,NULL,2,1,NULL,'object status changed from ldap-sync','','','2026-01-13 19:30:04',2,NULL,'Automation Automation','C__LOGBOOK_EVENT__OBJECT_RECYCLED','61-fw- kantine','','','LC__CONTACT__TREE__PERSON',NULL,0),
(61610,9603,NULL,2,1,NULL,'object status changed from ldap-sync','','','2026-01-13 19:30:04',2,NULL,'Automation Automation','C__LOGBOOK_EVENT__OBJECT_RECYCLED','61-fw- presse','','','LC__CONTACT__TREE__PERSON',NULL,0),
(61611,9603,NULL,2,1,NULL,'object status changed from ldap-sync','','','2026-01-13 19:30:04',2,NULL,'Automation Automation','C__LOGBOOK_EVENT__OBJECT_RECYCLED','A1 MobileOffice','','','LC__CONTACT__TREE__PERSON',NULL,0),
(61612,9603,NULL,2,1,NULL,'object status changed from ldap-sync','','','2026-01-13 19:30:04',2,NULL,'Automation Automation','C__LOGBOOK_EVENT__OBJECT_RECYCLED','Thomas Drexel','','','LC__CONTACT__TREE__PERSON',NULL,0),
(61613,9603,NULL,2,1,NULL,'object status changed from ldap-sync','','','2026-01-13 19:30:04',2,NULL,'Automation Automation','C__LOGBOOK_EVENT__OBJECT_RECYCLED','62 vipas','','','LC__CONTACT__TREE__PERSON',NULL,0),
(61614,9603,NULL,2,1,NULL,'object status changed from ldap-sync','','','2026-01-13 19:30:04',2,NULL,'Automation Automation','C__LOGBOOK_EVENT__OBJECT_RECYCLED','ARB- Marketing / Herljevic Anna','','','LC__CONTACT__TREE__PERSON',NULL,0),
(61615,9603,NULL,2,1,NULL,'object status changed from ldap-sync','','','2026-01-13 19:30:05',2,NULL,'Automation Automation','C__LOGBOOK_EVENT__OBJECT_RECYCLED','Kerstin Biedermann-Smith','','','LC__CONTACT__TREE__PERSON',NULL,0),
(61616,9603,NULL,2,1,NULL,'object status changed from ldap-sync','','','2026-01-13 19:30:05',2,NULL,'Automation Automation','C__LOGBOOK_EVENT__OBJECT_RECYCLED','tb user','','','LC__CONTACT__TREE__PERSON',NULL,0),
(61617,9603,NULL,2,1,NULL,'object status changed from ldap-sync','','','2026-01-13 19:30:05',2,NULL,'Automation Automation','C__LOGBOOK_EVENT__OBJECT_RECYCLED','Andrea Fritz','','','LC__CONTACT__TREE__PERSON',NULL,0),
(61618,9603,NULL,2,1,NULL,'object status changed from ldap-sync','','','2026-01-13 19:30:05',2,NULL,'Automation Automation','C__LOGBOOK_EVENT__OBJECT_RECYCLED','Melanie Fleisch','','','LC__CONTACT__TREE__PERSON',NULL,0),
(61619,9603,NULL,2,1,NULL,'object status changed from ldap-sync','','','2026-01-13 19:30:05',2,NULL,'Automation Automation','C__LOGBOOK_EVENT__OBJECT_RECYCLED','TB- Praktikant2','','','LC__CONTACT__TREE__PERSON',NULL,0),
(61620,9603,NULL,2,1,NULL,'object status changed from ldap-sync','','','2026-01-13 19:30:05',2,NULL,'Automation Automation','C__LOGBOOK_EVENT__OBJECT_RECYCLED','Praktikant Alpenregion','','','LC__CONTACT__TREE__PERSON',NULL,0),
(61621,9603,NULL,2,1,NULL,'object status changed from ldap-sync','','','2026-01-13 19:30:05',2,NULL,'Automation Automation','C__LOGBOOK_EVENT__OBJECT_RECYCLED','10 alpenregion','','','LC__CONTACT__TREE__PERSON',NULL,0),
(61622,9603,NULL,2,1,NULL,'object status changed from ldap-sync','','','2026-01-13 19:30:05',2,NULL,'Automation Automation','C__LOGBOOK_EVENT__OBJECT_RECYCLED','Dieter Visintainer','','','LC__CONTACT__TREE__PERSON',NULL,0),
(61623,9603,NULL,2,1,NULL,'object status changed from ldap-sync','','','2026-01-13 19:30:05',2,NULL,'Automation Automation','C__LOGBOOK_EVENT__OBJECT_RECYCLED','Erich Vonach','','','LC__CONTACT__TREE__PERSON',NULL,0),
(61624,9603,NULL,2,1,NULL,'object status changed from ldap-sync','','','2026-01-13 19:30:05',2,NULL,'Automation Automation','C__LOGBOOK_EVENT__OBJECT_RECYCLED','Raggal Dirketion','','','LC__CONTACT__TREE__PERSON',NULL,0),
(61625,9603,NULL,2,1,NULL,'object status changed from ldap-sync','','','2026-01-13 19:30:05',2,NULL,'Automation Automation','C__LOGBOOK_EVENT__OBJECT_RECYCLED','Lehrer VS-Raggal','','','LC__CONTACT__TREE__PERSON',NULL,0),
(61626,9603,NULL,2,1,NULL,'object status changed from ldap-sync','','','2026-01-13 19:30:05',2,NULL,'Automation Automation','C__LOGBOOK_EVENT__OBJECT_RECYCLED','10- dhammerer','','','LC__CONTACT__TREE__PERSON',NULL,0),
(61627,9603,NULL,2,1,NULL,'object status changed from ldap-sync','','','2026-01-13 19:30:05',2,NULL,'Automation Automation','C__LOGBOOK_EVENT__OBJECT_RECYCLED','of-admin Jäger Markus','','','LC__CONTACT__TREE__PERSON',NULL,0),
(61628,9603,NULL,2,1,NULL,'object status changed from ldap-sync','','','2026-01-13 19:30:05',2,NULL,'Automation Automation','C__LOGBOOK_EVENT__OBJECT_RECYCLED','15- OF-Chronist','','','LC__CONTACT__TREE__PERSON',NULL,0),
(61629,9603,NULL,2,1,NULL,'object status changed from ldap-sync','','','2026-01-13 19:30:05',2,NULL,'Automation Automation','C__LOGBOOK_EVENT__OBJECT_RECYCLED','10-wolfgang Bickel','','','LC__CONTACT__TREE__PERSON',NULL,0),
(61630,9603,NULL,2,1,NULL,'object status changed from ldap-sync','','','2026-01-13 19:30:05',2,NULL,'Automation Automation','C__LOGBOOK_EVENT__OBJECT_RECYCLED','Benno Wenninger','','','LC__CONTACT__TREE__PERSON',NULL,0),
(61631,9603,NULL,2,1,NULL,'object status changed from ldap-sync','','','2026-01-13 19:30:05',2,NULL,'Automation Automation','C__LOGBOOK_EVENT__OBJECT_RECYCLED','Oliver Mössinger','','','LC__CONTACT__TREE__PERSON',NULL,0),
(61632,9603,NULL,2,1,NULL,'object status changed from ldap-sync','','','2026-01-13 19:30:05',2,NULL,'Automation Automation','C__LOGBOOK_EVENT__OBJECT_RECYCLED','Ulrike Sedlmayr','','','LC__CONTACT__TREE__PERSON',NULL,0),
(61633,9603,NULL,2,1,NULL,'object status changed from ldap-sync','','','2026-01-13 19:30:05',2,NULL,'Automation Automation','C__LOGBOOK_EVENT__OBJECT_RECYCLED','10- tvinzenz','','','LC__CONTACT__TREE__PERSON',NULL,0),
(61634,9603,NULL,2,1,NULL,'object status changed from ldap-sync','','','2026-01-13 19:30:05',2,NULL,'Automation Automation','C__LOGBOOK_EVENT__OBJECT_RECYCLED','Kurt Montibeller','','','LC__CONTACT__TREE__PERSON',NULL,0),
(61635,9603,NULL,2,1,NULL,'object status changed from ldap-sync','','','2026-01-13 19:30:05',2,NULL,'Automation Automation','C__LOGBOOK_EVENT__OBJECT_RECYCLED','Reinhold Morre','','','LC__CONTACT__TREE__PERSON',NULL,0),
(61636,9603,NULL,2,1,NULL,'object status changed from ldap-sync','','','2026-01-13 19:30:05',2,NULL,'Automation Automation','C__LOGBOOK_EVENT__OBJECT_RECYCLED','Peter Osti','','','LC__CONTACT__TREE__PERSON',NULL,0),
(61637,9603,NULL,2,1,NULL,'object status changed from ldap-sync','','','2026-01-13 19:30:05',2,NULL,'Automation Automation','C__LOGBOOK_EVENT__OBJECT_RECYCLED','Birgit Wallner','','','LC__CONTACT__TREE__PERSON',NULL,0),
(61638,9603,NULL,2,1,NULL,'object status changed from ldap-sync','','','2026-01-13 19:30:05',2,NULL,'Automation Automation','C__LOGBOOK_EVENT__OBJECT_RECYCLED','Markus Feuerstein','','','LC__CONTACT__TREE__PERSON',NULL,0),
(61639,9603,NULL,2,1,NULL,'object status changed from ldap-sync','','','2026-01-13 19:30:05',2,NULL,'Automation Automation','C__LOGBOOK_EVENT__OBJECT_RECYCLED','Werner Asam','','','LC__CONTACT__TREE__PERSON',NULL,0),
(61640,9603,NULL,2,1,NULL,'object status changed from ldap-sync','','','2026-01-13 19:30:05',2,NULL,'Automation Automation','C__LOGBOOK_EVENT__OBJECT_RECYCLED','Hermann Manahl','','','LC__CONTACT__TREE__PERSON',NULL,0),
(61641,9603,NULL,2,1,NULL,'object status changed from ldap-sync','','','2026-01-13 19:30:05',2,NULL,'Automation Automation','C__LOGBOOK_EVENT__OBJECT_RECYCLED','62 Sitzungsraum','','','LC__CONTACT__TREE__PERSON',NULL,0),
(61642,9603,NULL,2,1,NULL,'object status changed from ldap-sync','','','2026-01-13 19:30:05',2,NULL,'Automation Automation','C__LOGBOOK_EVENT__OBJECT_RECYCLED','Rainer Klotz','','','LC__CONTACT__TREE__PERSON',NULL,0),
(61643,9603,NULL,2,1,NULL,'object status changed from ldap-sync','','','2026-01-13 19:30:05',2,NULL,'Automation Automation','C__LOGBOOK_EVENT__OBJECT_RECYCLED','Erwin Kositz','','','LC__CONTACT__TREE__PERSON',NULL,0),
(61644,9603,NULL,2,1,NULL,'object status changed from ldap-sync','','','2026-01-13 19:30:05',2,NULL,'Automation Automation','C__LOGBOOK_EVENT__OBJECT_RECYCLED','Alexander Berchtold','','','LC__CONTACT__TREE__PERSON',NULL,0),
(61645,9603,NULL,2,1,NULL,'object status changed from ldap-sync','','','2026-01-13 19:30:05',2,NULL,'Automation Automation','C__LOGBOOK_EVENT__OBJECT_RECYCLED','Vera Jussel','','','LC__CONTACT__TREE__PERSON',NULL,0),
(61646,9603,NULL,2,1,NULL,'object status changed from ldap-sync','','','2026-01-13 19:30:05',2,NULL,'Automation Automation','C__LOGBOOK_EVENT__OBJECT_RECYCLED','Silvia Hartmann','','','LC__CONTACT__TREE__PERSON',NULL,0),
(61647,9603,NULL,2,1,NULL,'object status changed from ldap-sync','','','2026-01-13 19:30:05',2,NULL,'Automation Automation','C__LOGBOOK_EVENT__OBJECT_RECYCLED','Werner Dünser','','','LC__CONTACT__TREE__PERSON',NULL,0),
(61648,9603,NULL,2,1,NULL,'object status changed from ldap-sync','','','2026-01-13 19:30:05',2,NULL,'Automation Automation','C__LOGBOOK_EVENT__OBJECT_RECYCLED','Gabriele Mandak','','','LC__CONTACT__TREE__PERSON',NULL,0),
(61649,9603,NULL,2,1,NULL,'object status changed from ldap-sync','','','2026-01-13 19:30:05',2,NULL,'Automation Automation','C__LOGBOOK_EVENT__OBJECT_RECYCLED','Ferial Praktikant','','','LC__CONTACT__TREE__PERSON',NULL,0),
(61650,9603,NULL,2,1,NULL,'object status changed from ldap-sync','','','2026-01-13 19:30:05',2,NULL,'Automation Automation','C__LOGBOOK_EVENT__OBJECT_RECYCLED','Davennasaal Stallehr','','','LC__CONTACT__TREE__PERSON',NULL,0),
(61651,9603,NULL,2,1,NULL,'object status changed from ldap-sync','','','2026-01-13 19:30:05',2,NULL,'Automation Automation','C__LOGBOOK_EVENT__OBJECT_RECYCLED','service nueziders','','','LC__CONTACT__TREE__PERSON',NULL,0),
(61652,9603,NULL,2,1,NULL,'object status changed from ldap-sync','','','2026-01-13 19:30:05',2,NULL,'Automation Automation','C__LOGBOOK_EVENT__OBJECT_RECYCLED','Ulrike Stocker','','','LC__CONTACT__TREE__PERSON',NULL,0),
(61653,9603,NULL,2,1,NULL,'object status changed from ldap-sync','','','2026-01-13 19:30:05',2,NULL,'Automation Automation','C__LOGBOOK_EVENT__OBJECT_RECYCLED','Lehrer Mittelschule-Ost','','','LC__CONTACT__TREE__PERSON',NULL,0),
(61654,9603,NULL,2,1,NULL,'object status changed from ldap-sync','','','2026-01-13 19:30:05',2,NULL,'Automation Automation','C__LOGBOOK_EVENT__OBJECT_RECYCLED','Buergerforum Bludenz','','','LC__CONTACT__TREE__PERSON',NULL,0),
(61655,9603,NULL,2,1,NULL,'object status changed from ldap-sync','','','2026-01-13 19:30:05',2,NULL,'Automation Automation','C__LOGBOOK_EVENT__OBJECT_RECYCLED','Sonnenbergsaal Nüziders','','','LC__CONTACT__TREE__PERSON',NULL,0),
(61656,9603,NULL,2,1,NULL,'object status changed from ldap-sync','','','2026-01-13 19:30:05',2,NULL,'Automation Automation','C__LOGBOOK_EVENT__OBJECT_RECYCLED','TS user','','','LC__CONTACT__TREE__PERSON',NULL,0),
(61657,9603,NULL,2,1,NULL,'object status changed from ldap-sync','','','2026-01-13 19:30:05',2,NULL,'Automation Automation','C__LOGBOOK_EVENT__OBJECT_RECYCLED','Feuerbeschau Nenzing','','','LC__CONTACT__TREE__PERSON',NULL,0),
(61658,9603,NULL,2,1,NULL,'object status changed from ldap-sync','','','2026-01-13 19:30:05',2,NULL,'Automation Automation','C__LOGBOOK_EVENT__OBJECT_RECYCLED','auer 2','','','LC__CONTACT__TREE__PERSON',NULL,0),
(61659,9603,NULL,2,1,NULL,'object status changed from ldap-sync','','','2026-01-13 19:30:05',2,NULL,'Automation Automation','C__LOGBOOK_EVENT__OBJECT_RECYCLED','Peter Neier','','','LC__CONTACT__TREE__PERSON',NULL,0),
(61660,9603,NULL,2,1,NULL,'object status changed from ldap-sync','','','2026-01-13 19:30:05',2,NULL,'Automation Automation','C__LOGBOOK_EVENT__OBJECT_RECYCLED','Anja Bickel','','','LC__CONTACT__TREE__PERSON',NULL,0),
(61661,9603,NULL,2,1,NULL,'object status changed from ldap-sync','','','2026-01-13 19:30:05',2,NULL,'Automation Automation','C__LOGBOOK_EVENT__OBJECT_RECYCLED','Werner Vergut','','','LC__CONTACT__TREE__PERSON',NULL,0),
(61662,9603,NULL,2,1,NULL,'object status changed from ldap-sync','','','2026-01-13 19:30:05',2,NULL,'Automation Automation','C__LOGBOOK_EVENT__OBJECT_RECYCLED','Christian Kuster','','','LC__CONTACT__TREE__PERSON',NULL,0),
(61663,9603,NULL,2,1,NULL,'object status changed from ldap-sync','','','2026-01-13 19:30:05',2,NULL,'Automation Automation','C__LOGBOOK_EVENT__OBJECT_RECYCLED','Birgit Konzet','','','LC__CONTACT__TREE__PERSON',NULL,0),
(61664,9603,NULL,2,1,NULL,'object status changed from ldap-sync','','','2026-01-13 19:30:05',2,NULL,'Automation Automation','C__LOGBOOK_EVENT__OBJECT_RECYCLED','Karin Kremmel','','','LC__CONTACT__TREE__PERSON',NULL,0),
(61665,9603,NULL,2,1,NULL,'object status changed from ldap-sync','','','2026-01-13 19:30:05',2,NULL,'Automation Automation','C__LOGBOOK_EVENT__OBJECT_RECYCLED','GEZ Ludesch','','','LC__CONTACT__TREE__PERSON',NULL,0),
(61666,9603,NULL,2,1,NULL,'object status changed from ldap-sync','','','2026-01-13 19:30:05',2,NULL,'Automation Automation','C__LOGBOOK_EVENT__OBJECT_RECYCLED','Jugend-Integration Praktikant/-in','','','LC__CONTACT__TREE__PERSON',NULL,0),
(61667,9603,NULL,2,1,NULL,'object status changed from ldap-sync','','','2026-01-13 19:30:05',2,NULL,'Automation Automation','C__LOGBOOK_EVENT__OBJECT_RECYCLED','fw- atemschutz','','','LC__CONTACT__TREE__PERSON',NULL,0),
(61668,9603,NULL,2,1,NULL,'object status changed from ldap-sync','','','2026-01-13 19:30:05',2,NULL,'Automation Automation','C__LOGBOOK_EVENT__OBJECT_RECYCLED','fw- chronist','','','LC__CONTACT__TREE__PERSON',NULL,0),
(61669,9603,NULL,2,1,NULL,'object status changed from ldap-sync','','','2026-01-13 19:30:05',2,NULL,'Automation Automation','C__LOGBOOK_EVENT__OBJECT_RECYCLED','fw- kommandant-stv','','','LC__CONTACT__TREE__PERSON',NULL,0),
(61670,9603,NULL,2,1,NULL,'object status changed from ldap-sync','','','2026-01-13 19:30:05',2,NULL,'Automation Automation','C__LOGBOOK_EVENT__OBJECT_RECYCLED','fw- webmaster','','','LC__CONTACT__TREE__PERSON',NULL,0),
(61671,9603,NULL,2,1,NULL,'object status changed from ldap-sync','','','2026-01-13 19:30:05',2,NULL,'Automation Automation','C__LOGBOOK_EVENT__OBJECT_RECYCLED','emarketer- Elmer Werner','','','LC__CONTACT__TREE__PERSON',NULL,0),
(61672,9603,NULL,2,1,NULL,'object status changed from ldap-sync','','','2026-01-13 19:30:05',2,NULL,'Automation Automation','C__LOGBOOK_EVENT__OBJECT_RECYCLED','Doris Reinberger','','','LC__CONTACT__TREE__PERSON',NULL,0),
(61673,9603,NULL,2,1,NULL,'object status changed from ldap-sync','','','2026-01-13 19:30:05',2,NULL,'Automation Automation','C__LOGBOOK_EVENT__OBJECT_RECYCLED','Hubert Burtscher','','','LC__CONTACT__TREE__PERSON',NULL,0),
(61674,9603,NULL,2,1,NULL,'object status changed from ldap-sync','','','2026-01-13 19:30:05',2,NULL,'Automation Automation','C__LOGBOOK_EVENT__OBJECT_RECYCLED','Bettina Falch','','','LC__CONTACT__TREE__PERSON',NULL,0),
(61675,9603,NULL,2,1,NULL,'object status changed from ldap-sync','','','2026-01-13 19:30:05',2,NULL,'Automation Automation','C__LOGBOOK_EVENT__OBJECT_RECYCLED','hp plotter','','','LC__CONTACT__TREE__PERSON',NULL,0),
(61676,9603,NULL,2,1,NULL,'object status changed from ldap-sync','','','2026-01-13 19:30:05',2,NULL,'Automation Automation','C__LOGBOOK_EVENT__OBJECT_RECYCLED','Michael Tinkhauser','','','LC__CONTACT__TREE__PERSON',NULL,0),
(61677,9603,NULL,2,1,NULL,'object status changed from ldap-sync','','','2026-01-13 19:30:05',2,NULL,'Automation Automation','C__LOGBOOK_EVENT__OBJECT_RECYCLED','Alexandra Johler','','','LC__CONTACT__TREE__PERSON',NULL,0),
(61678,9603,NULL,2,1,NULL,'object status changed from ldap-sync','','','2026-01-13 19:30:05',2,NULL,'Automation Automation','C__LOGBOOK_EVENT__OBJECT_RECYCLED','62- KIM','','','LC__CONTACT__TREE__PERSON',NULL,0),
(61679,9603,NULL,2,1,NULL,'object status changed from ldap-sync','','','2026-01-13 19:30:05',2,NULL,'Automation Automation','C__LOGBOOK_EVENT__OBJECT_RECYCLED','Alois Kofler','','','LC__CONTACT__TREE__PERSON',NULL,0),
(61680,9603,NULL,2,1,NULL,'object status changed from ldap-sync','','','2026-01-13 19:30:06',2,NULL,'Automation Automation','C__LOGBOOK_EVENT__OBJECT_RECYCLED','Monika Fritz','','','LC__CONTACT__TREE__PERSON',NULL,0),
(61681,9603,NULL,2,1,NULL,'object status changed from ldap-sync','','','2026-01-13 19:30:06',2,NULL,'Automation Automation','C__LOGBOOK_EVENT__OBJECT_RECYCLED','Evelyn Grebenz','','','LC__CONTACT__TREE__PERSON',NULL,0),
(61682,9603,NULL,2,1,NULL,'object status changed from ldap-sync','','','2026-01-13 19:30:06',2,NULL,'Automation Automation','C__LOGBOOK_EVENT__OBJECT_RECYCLED','Kulturverein Remise','','','LC__CONTACT__TREE__PERSON',NULL,0),
(61683,9603,NULL,2,1,NULL,'object status changed from ldap-sync','','','2026-01-13 19:30:06',2,NULL,'Automation Automation','C__LOGBOOK_EVENT__OBJECT_RECYCLED','Ingrid Nessler','','','LC__CONTACT__TREE__PERSON',NULL,0),
(61684,9603,NULL,2,1,NULL,'object status changed from ldap-sync','','','2026-01-13 19:30:06',2,NULL,'Automation Automation','C__LOGBOOK_EVENT__OBJECT_RECYCLED','stadtsaal- Team','','','LC__CONTACT__TREE__PERSON',NULL,0),
(61685,9603,NULL,2,1,NULL,'object status changed from ldap-sync','','','2026-01-13 19:30:06',2,NULL,'Automation Automation','C__LOGBOOK_EVENT__OBJECT_RECYCLED','Klaus Allgäuer','','','LC__CONTACT__TREE__PERSON',NULL,0),
(61686,9603,NULL,2,1,NULL,'object status changed from ldap-sync','','','2026-01-13 19:30:06',2,NULL,'Automation Automation','C__LOGBOOK_EVENT__OBJECT_RECYCLED','Josef Katzenmayer','','','LC__CONTACT__TREE__PERSON',NULL,0),
(61687,9603,NULL,2,1,NULL,'object status changed from ldap-sync','','','2026-01-13 19:30:06',2,NULL,'Automation Automation','C__LOGBOOK_EVENT__OBJECT_RECYCLED','mitarbeiter remise','','','LC__CONTACT__TREE__PERSON',NULL,0),
(61688,9603,NULL,2,1,NULL,'object status changed from ldap-sync','','','2026-01-13 19:30:06',2,NULL,'Automation Automation','C__LOGBOOK_EVENT__OBJECT_RECYCLED','Carmen Reiter','','','LC__CONTACT__TREE__PERSON',NULL,0),
(61689,9603,NULL,2,1,NULL,'object status changed from ldap-sync','','','2026-01-13 19:30:06',2,NULL,'Automation Automation','C__LOGBOOK_EVENT__OBJECT_RECYCLED','Kindergarten St. Peter','','','LC__CONTACT__TREE__PERSON',NULL,0),
(61690,9603,NULL,2,1,NULL,'object status changed from ldap-sync','','','2026-01-13 19:30:06',2,NULL,'Automation Automation','C__LOGBOOK_EVENT__OBJECT_RECYCLED','Personal Feldkirch','','','LC__CONTACT__TREE__PERSON',NULL,0),
(61691,9603,NULL,2,1,NULL,'object status changed from ldap-sync','','','2026-01-13 19:30:06',2,NULL,'Automation Automation','C__LOGBOOK_EVENT__OBJECT_RECYCLED','Herlinde Vonbank','','','LC__CONTACT__TREE__PERSON',NULL,0),
(61692,9603,NULL,2,1,NULL,'object status changed from ldap-sync','','','2026-01-13 19:30:06',2,NULL,'Automation Automation','C__LOGBOOK_EVENT__OBJECT_RECYCLED','Dietmar Plangg','','','LC__CONTACT__TREE__PERSON',NULL,0),
(61693,9603,NULL,2,1,NULL,'object status changed from ldap-sync','','','2026-01-13 19:30:06',2,NULL,'Automation Automation','C__LOGBOOK_EVENT__OBJECT_RECYCLED','15- pflege2','','','LC__CONTACT__TREE__PERSON',NULL,0),
(61694,9603,NULL,2,1,NULL,'object status changed from ldap-sync','','','2026-01-13 19:30:06',2,NULL,'Automation Automation','C__LOGBOOK_EVENT__OBJECT_RECYCLED','Wolfgang Corn','','','LC__CONTACT__TREE__PERSON',NULL,0),
(61695,9603,NULL,2,1,NULL,'object status changed from ldap-sync','','','2026-01-13 19:30:06',2,NULL,'Automation Automation','C__LOGBOOK_EVENT__OBJECT_RECYCLED','Manuela Müller','','','LC__CONTACT__TREE__PERSON',NULL,0),
(61696,9603,NULL,2,1,NULL,'object status changed from ldap-sync','','','2026-01-13 19:30:06',2,NULL,'Automation Automation','C__LOGBOOK_EVENT__OBJECT_RECYCLED','15- pflege1','','','LC__CONTACT__TREE__PERSON',NULL,0),
(61697,9603,NULL,2,1,NULL,'object status changed from ldap-sync','','','2026-01-13 19:30:06',2,NULL,'Automation Automation','C__LOGBOOK_EVENT__OBJECT_RECYCLED','63- Bauhof','','','LC__CONTACT__TREE__PERSON',NULL,0),
(61698,9603,NULL,2,1,NULL,'object status changed from ldap-sync','','','2026-01-13 19:30:06',2,NULL,'Automation Automation','C__LOGBOOK_EVENT__OBJECT_RECYCLED','arbeitsplatz 102','','','LC__CONTACT__TREE__PERSON',NULL,0),
(61699,9603,NULL,2,1,NULL,'object status changed from ldap-sync','','','2026-01-13 19:30:06',2,NULL,'Automation Automation','C__LOGBOOK_EVENT__OBJECT_RECYCLED','Erika Kronabitter','','','LC__CONTACT__TREE__PERSON',NULL,0),
(61700,9603,NULL,2,1,NULL,'object status changed from ldap-sync','','','2026-01-13 19:30:06',2,NULL,'Automation Automation','C__LOGBOOK_EVENT__OBJECT_RECYCLED','Helmut Bischof','','','LC__CONTACT__TREE__PERSON',NULL,0),
(61701,9603,NULL,2,1,NULL,'object status changed from ldap-sync','','','2026-01-13 19:30:06',2,NULL,'Automation Automation','C__LOGBOOK_EVENT__OBJECT_RECYCLED','Manuela Schallert (inaktiv)','','','LC__CONTACT__TREE__PERSON',NULL,0),
(61702,9603,NULL,2,1,NULL,'object status changed from ldap-sync','','','2026-01-13 19:30:06',2,NULL,'Automation Automation','C__LOGBOOK_EVENT__OBJECT_RECYCLED','meldeamt 1','','','LC__CONTACT__TREE__PERSON',NULL,0),
(61703,9603,NULL,2,1,NULL,'object status changed from ldap-sync','','','2026-01-13 19:30:06',2,NULL,'Automation Automation','C__LOGBOOK_EVENT__OBJECT_RECYCLED','meldeamt 2','','','LC__CONTACT__TREE__PERSON',NULL,0),
(61704,9603,NULL,2,1,NULL,'object status changed from ldap-sync','','','2026-01-13 19:30:06',2,NULL,'Automation Automation','C__LOGBOOK_EVENT__OBJECT_RECYCLED','diskret raum','','','LC__CONTACT__TREE__PERSON',NULL,0),
(61705,9603,NULL,2,1,NULL,'object status changed from ldap-sync','','','2026-01-13 19:30:06',2,NULL,'Automation Automation','C__LOGBOOK_EVENT__OBJECT_RECYCLED','Johann Fleisch','','','LC__CONTACT__TREE__PERSON',NULL,0),
(61706,9603,NULL,2,1,NULL,'object status changed from ldap-sync','','','2026-01-13 19:30:06',2,NULL,'Automation Automation','C__LOGBOOK_EVENT__OBJECT_RECYCLED','Ewald Frei','','','LC__CONTACT__TREE__PERSON',NULL,0),
(61707,9603,NULL,2,1,NULL,'object status changed from ldap-sync','','','2026-01-13 19:30:06',2,NULL,'Automation Automation','C__LOGBOOK_EVENT__OBJECT_RECYCLED','Maria Frei','','','LC__CONTACT__TREE__PERSON',NULL,0),
(61708,9603,NULL,2,1,NULL,'object status changed from ldap-sync','','','2026-01-13 19:30:06',2,NULL,'Automation Automation','C__LOGBOOK_EVENT__OBJECT_RECYCLED','Edwin Wulz','','','LC__CONTACT__TREE__PERSON',NULL,0),
(61709,9603,NULL,2,1,NULL,'object status changed from ldap-sync','','','2026-01-13 19:30:06',2,NULL,'Automation Automation','C__LOGBOOK_EVENT__OBJECT_RECYCLED','Marianne Bickel','','','LC__CONTACT__TREE__PERSON',NULL,0),
(61710,9603,NULL,2,1,NULL,'object status changed from ldap-sync','','','2026-01-13 19:30:06',2,NULL,'Automation Automation','C__LOGBOOK_EVENT__OBJECT_RECYCLED','61-fw- fuwart','','','LC__CONTACT__TREE__PERSON',NULL,0),
(61711,9603,NULL,2,1,NULL,'object status changed from ldap-sync','','','2026-01-13 19:30:06',2,NULL,'Automation Automation','C__LOGBOOK_EVENT__OBJECT_RECYCLED','61- kdt','','','LC__CONTACT__TREE__PERSON',NULL,0),
(61712,9603,NULL,2,1,NULL,'object status changed from ldap-sync','','','2026-01-13 19:30:06',2,NULL,'Automation Automation','C__LOGBOOK_EVENT__OBJECT_RECYCLED','61-fw- KdtStv','','','LC__CONTACT__TREE__PERSON',NULL,0),
(61713,9603,NULL,2,1,NULL,'object status changed from ldap-sync','','','2026-01-13 19:30:06',2,NULL,'Automation Automation','C__LOGBOOK_EVENT__OBJECT_RECYCLED','vs-nenzing- direktion','','','LC__CONTACT__TREE__PERSON',NULL,0),
(61714,9603,NULL,2,1,NULL,'object status changed from ldap-sync','','','2026-01-13 19:30:06',2,NULL,'Automation Automation','C__LOGBOOK_EVENT__OBJECT_RECYCLED','Florian Kasseroler','','','LC__CONTACT__TREE__PERSON',NULL,0),
(61715,9603,NULL,2,1,NULL,'object status changed from ldap-sync','','','2026-01-13 19:30:06',2,NULL,'Automation Automation','C__LOGBOOK_EVENT__OBJECT_RECYCLED','61- GIS','','','LC__CONTACT__TREE__PERSON',NULL,0),
(61716,9603,NULL,2,1,NULL,'object status changed from ldap-sync','','','2026-01-13 19:30:06',2,NULL,'Automation Automation','C__LOGBOOK_EVENT__OBJECT_RECYCLED','Herbert Roesler','','','LC__CONTACT__TREE__PERSON',NULL,0),
(61717,9603,NULL,2,1,NULL,'object status changed from ldap-sync','','','2026-01-13 19:30:06',2,NULL,'Automation Automation','C__LOGBOOK_EVENT__OBJECT_RECYCLED','61- schulwart','','','LC__CONTACT__TREE__PERSON',NULL,0),
(61718,9603,NULL,2,1,NULL,'object status changed from ldap-sync','','','2026-01-13 19:30:06',2,NULL,'Automation Automation','C__LOGBOOK_EVENT__OBJECT_RECYCLED','Angelika Diem','','','LC__CONTACT__TREE__PERSON',NULL,0),
(61719,9603,NULL,2,1,NULL,'object status changed from ldap-sync','','','2026-01-13 19:30:06',2,NULL,'Automation Automation','C__LOGBOOK_EVENT__OBJECT_RECYCLED','54- archiv','','','LC__CONTACT__TREE__PERSON',NULL,0),
(61720,9603,NULL,2,1,NULL,'object status changed from ldap-sync','','','2026-01-13 19:30:06',2,NULL,'Automation Automation','C__LOGBOOK_EVENT__OBJECT_RECYCLED','54- ferial','','','LC__CONTACT__TREE__PERSON',NULL,0),
(61721,9603,NULL,2,1,NULL,'object status changed from ldap-sync','','','2026-01-13 19:30:06',2,NULL,'Automation Automation','C__LOGBOOK_EVENT__OBJECT_RECYCLED','admin- poly','','','LC__CONTACT__TREE__PERSON',NULL,0),
(61722,9603,NULL,2,1,NULL,'object status changed from ldap-sync','','','2026-01-13 19:30:06',2,NULL,'Automation Automation','C__LOGBOOK_EVENT__OBJECT_RECYCLED','Karin Schuricht','','','LC__CONTACT__TREE__PERSON',NULL,0),
(61723,9603,NULL,2,1,NULL,'object status changed from ldap-sync','','','2026-01-13 19:30:06',2,NULL,'Automation Automation','C__LOGBOOK_EVENT__OBJECT_RECYCLED','Thüringen Sitzungsraum','','','LC__CONTACT__TREE__PERSON',NULL,0),
(61724,9603,NULL,2,1,NULL,'object status changed from ldap-sync','','','2026-01-13 19:30:06',2,NULL,'Automation Automation','C__LOGBOOK_EVENT__OBJECT_RECYCLED','admin- ost','','','LC__CONTACT__TREE__PERSON',NULL,0),
(61725,9603,NULL,2,1,NULL,'object status changed from ldap-sync','','','2026-01-13 19:30:06',2,NULL,'Automation Automation','C__LOGBOOK_EVENT__OBJECT_RECYCLED','54- kpv','','','LC__CONTACT__TREE__PERSON',NULL,0),
(61726,9603,NULL,2,1,NULL,'object status changed from ldap-sync','','','2026-01-13 19:30:06',2,NULL,'Automation Automation','C__LOGBOOK_EVENT__OBJECT_RECYCLED','Natascha Fritz','','','LC__CONTACT__TREE__PERSON',NULL,0),
(61727,9603,NULL,2,1,NULL,'object status changed from ldap-sync','','','2026-01-13 19:30:06',2,NULL,'Automation Automation','C__LOGBOOK_EVENT__OBJECT_RECYCLED','61-fw- archiv','','','LC__CONTACT__TREE__PERSON',NULL,0),
(61728,9603,NULL,2,1,NULL,'object status changed from ldap-sync','','','2026-01-13 19:30:06',2,NULL,'Automation Automation','C__LOGBOOK_EVENT__OBJECT_RECYCLED','Marie Huber','','','LC__CONTACT__TREE__PERSON',NULL,0),
(61729,9603,NULL,2,1,NULL,'object status changed from ldap-sync','','','2026-01-13 19:30:06',2,NULL,'Automation Automation','C__LOGBOOK_EVENT__OBJECT_RECYCLED','Gabi Khoo','','','LC__CONTACT__TREE__PERSON',NULL,0),
(61730,9603,NULL,2,1,NULL,'object status changed from ldap-sync','','','2026-01-13 19:30:06',2,NULL,'Automation Automation','C__LOGBOOK_EVENT__OBJECT_RECYCLED','Elena Rauch','','','LC__CONTACT__TREE__PERSON',NULL,0),
(61731,9603,NULL,2,1,NULL,'object status changed from ldap-sync','','','2026-01-13 19:30:06',2,NULL,'Automation Automation','C__LOGBOOK_EVENT__OBJECT_RECYCLED','Stefanie Spiß','','','LC__CONTACT__TREE__PERSON',NULL,0),
(61732,9603,NULL,2,1,NULL,'object status changed from ldap-sync','','','2026-01-13 19:30:06',2,NULL,'Automation Automation','C__LOGBOOK_EVENT__OBJECT_RECYCLED','Anna Burtscher','','','LC__CONTACT__TREE__PERSON',NULL,0),
(61733,9603,NULL,2,1,NULL,'object status changed from ldap-sync','','','2026-01-13 19:30:06',2,NULL,'Automation Automation','C__LOGBOOK_EVENT__OBJECT_RECYCLED','Harald Amann','','','LC__CONTACT__TREE__PERSON',NULL,0),
(61734,9603,NULL,2,1,NULL,'object status changed from ldap-sync','','','2026-01-13 19:30:06',2,NULL,'Automation Automation','C__LOGBOOK_EVENT__OBJECT_RECYCLED','15-of- kommandant','','','LC__CONTACT__TREE__PERSON',NULL,0),
(61735,9603,NULL,2,1,NULL,'object status changed from ldap-sync','','','2026-01-13 19:30:06',2,NULL,'Automation Automation','C__LOGBOOK_EVENT__OBJECT_RECYCLED','Max Eckert','','','LC__CONTACT__TREE__PERSON',NULL,0),
(61736,9603,NULL,2,1,NULL,'object status changed from ldap-sync','','','2026-01-13 19:30:06',2,NULL,'Automation Automation','C__LOGBOOK_EVENT__OBJECT_RECYCLED','Kordula Hepperger','','','LC__CONTACT__TREE__PERSON',NULL,0),
(61737,9603,NULL,2,1,NULL,'object status changed from ldap-sync','','','2026-01-13 19:30:06',2,NULL,'Automation Automation','C__LOGBOOK_EVENT__OBJECT_RECYCLED','Josef Pfefferkorn','','','LC__CONTACT__TREE__PERSON',NULL,0),
(61738,9603,NULL,2,1,NULL,'object status changed from ldap-sync','','','2026-01-13 19:30:06',2,NULL,'Automation Automation','C__LOGBOOK_EVENT__OBJECT_RECYCLED','Gebhard Bitsche','','','LC__CONTACT__TREE__PERSON',NULL,0),
(61739,9603,NULL,2,1,NULL,'object status changed from ldap-sync','','','2026-01-13 19:30:06',2,NULL,'Automation Automation','C__LOGBOOK_EVENT__OBJECT_RECYCLED','Kindergarten bludesch','','','LC__CONTACT__TREE__PERSON',NULL,0),
(61740,9603,NULL,2,1,NULL,'object status changed from ldap-sync','','','2026-01-13 19:30:06',2,NULL,'Automation Automation','C__LOGBOOK_EVENT__OBJECT_RECYCLED','auer-5402 auer-5402','','','LC__CONTACT__TREE__PERSON',NULL,0),
(61741,9603,NULL,2,1,NULL,'object status changed from ldap-sync','','','2026-01-13 19:30:06',2,NULL,'Automation Automation','C__LOGBOOK_EVENT__OBJECT_RECYCLED','Manfred Walser','','','LC__CONTACT__TREE__PERSON',NULL,0),
(61742,9603,NULL,2,1,NULL,'object status changed from ldap-sync','','','2026-01-13 19:30:06',2,NULL,'Automation Automation','C__LOGBOOK_EVENT__OBJECT_RECYCLED','61- Lehrling','','','LC__CONTACT__TREE__PERSON',NULL,0),
(61743,9603,NULL,2,1,NULL,'object status changed from ldap-sync','','','2026-01-13 19:30:06',2,NULL,'Automation Automation','C__LOGBOOK_EVENT__OBJECT_RECYCLED','Peter Benauer','','','LC__CONTACT__TREE__PERSON',NULL,0),
(61744,9603,NULL,2,1,NULL,'object status changed from ldap-sync','','','2026-01-13 19:30:06',2,NULL,'Automation Automation','C__LOGBOOK_EVENT__OBJECT_RECYCLED','Irene Eisenbraun','','','LC__CONTACT__TREE__PERSON',NULL,0),
(61745,9603,NULL,2,1,NULL,'object status changed from ldap-sync','','','2026-01-13 19:30:06',2,NULL,'Automation Automation','C__LOGBOOK_EVENT__OBJECT_RECYCLED','DLZ- brueckenwaage','','','LC__CONTACT__TREE__PERSON',NULL,0),
(61746,9603,NULL,2,1,NULL,'object status changed from ldap-sync','','','2026-01-13 19:30:06',2,NULL,'Automation Automation','C__LOGBOOK_EVENT__OBJECT_RECYCLED','Doris Schanung','','','LC__CONTACT__TREE__PERSON',NULL,0),
(61747,9603,NULL,2,1,NULL,'object status changed from ldap-sync','','','2026-01-13 19:30:07',2,NULL,'Automation Automation','C__LOGBOOK_EVENT__OBJECT_RECYCLED','DLZ- video','','','LC__CONTACT__TREE__PERSON',NULL,0),
(61748,9603,NULL,2,1,NULL,'object status changed from ldap-sync','','','2026-01-13 19:30:07',2,NULL,'Automation Automation','C__LOGBOOK_EVENT__OBJECT_RECYCLED','Kult Pur Nüziders','','','LC__CONTACT__TREE__PERSON',NULL,0),
(61749,9603,NULL,2,1,NULL,'object status changed from ldap-sync','','','2026-01-13 19:30:07',2,NULL,'Automation Automation','C__LOGBOOK_EVENT__OBJECT_RECYCLED','Mail Loop','','','LC__CONTACT__TREE__PERSON',NULL,0),
(61750,9603,NULL,2,1,NULL,'object status changed from ldap-sync','','','2026-01-13 19:30:07',2,NULL,'Automation Automation','C__LOGBOOK_EVENT__OBJECT_RECYCLED','vs-nenzing- lehrer','','','LC__CONTACT__TREE__PERSON',NULL,0),
(61751,9603,NULL,2,1,NULL,'object status changed from ldap-sync','','','2026-01-13 19:30:07',2,NULL,'Automation Automation','C__LOGBOOK_EVENT__OBJECT_RECYCLED','16- termine','','','LC__CONTACT__TREE__PERSON',NULL,0),
(61752,9603,NULL,2,1,NULL,'object status changed from ldap-sync','','','2026-01-13 19:30:07',2,NULL,'Automation Automation','C__LOGBOOK_EVENT__OBJECT_RECYCLED','tb- nueziders','','','LC__CONTACT__TREE__PERSON',NULL,0),
(61753,9603,NULL,2,1,NULL,'object status changed from ldap-sync','','','2026-01-13 19:30:07',2,NULL,'Automation Automation','C__LOGBOOK_EVENT__OBJECT_RECYCLED','Michael Beck','','','LC__CONTACT__TREE__PERSON',NULL,0),
(61754,9603,NULL,2,1,NULL,'object status changed from ldap-sync','','','2026-01-13 19:30:07',2,NULL,'Automation Automation','C__LOGBOOK_EVENT__OBJECT_RECYCLED','15- canon','','','LC__CONTACT__TREE__PERSON',NULL,0),
(61755,9603,NULL,2,1,NULL,'object status changed from ldap-sync','','','2026-01-13 19:30:07',2,NULL,'Automation Automation','C__LOGBOOK_EVENT__OBJECT_RECYCLED','FW- Buerserberg','','','LC__CONTACT__TREE__PERSON',NULL,0),
(61756,9603,NULL,2,1,NULL,'object status changed from ldap-sync','','','2026-01-13 19:30:07',2,NULL,'Automation Automation','C__LOGBOOK_EVENT__OBJECT_RECYCLED','Alois Gassner','','','LC__CONTACT__TREE__PERSON',NULL,0),
(61757,9603,NULL,2,1,NULL,'object status changed from ldap-sync','','','2026-01-13 19:30:07',2,NULL,'Automation Automation','C__LOGBOOK_EVENT__OBJECT_RECYCLED','Barbara Dietrich','','','LC__CONTACT__TREE__PERSON',NULL,0),
(61758,9603,NULL,2,1,NULL,'object status changed from ldap-sync','','','2026-01-13 19:30:07',2,NULL,'Automation Automation','C__LOGBOOK_EVENT__OBJECT_RECYCLED','Martin Grass','','','LC__CONTACT__TREE__PERSON',NULL,0),
(61759,9603,NULL,2,1,NULL,'object status changed from ldap-sync','','','2026-01-13 19:30:07',2,NULL,'Automation Automation','C__LOGBOOK_EVENT__OBJECT_RECYCLED','Marcel Metzler','','','LC__CONTACT__TREE__PERSON',NULL,0),
(61760,9603,NULL,2,1,NULL,'object status changed from ldap-sync','','','2026-01-13 19:30:07',2,NULL,'Automation Automation','C__LOGBOOK_EVENT__OBJECT_RECYCLED','Simon Hagen','','','LC__CONTACT__TREE__PERSON',NULL,0),
(61761,9603,NULL,2,1,NULL,'object status changed from ldap-sync','','','2026-01-13 19:30:07',2,NULL,'Automation Automation','C__LOGBOOK_EVENT__OBJECT_RECYCLED','VS-Nenzing- Sekretariat','','','LC__CONTACT__TREE__PERSON',NULL,0),
(61762,9603,NULL,2,1,NULL,'object status changed from ldap-sync','','','2026-01-13 19:30:07',2,NULL,'Automation Automation','C__LOGBOOK_EVENT__OBJECT_RECYCLED','54- tagesbetreuung','','','LC__CONTACT__TREE__PERSON',NULL,0),
(61763,9603,NULL,2,1,NULL,'object status changed from ldap-sync','','','2026-01-13 19:30:07',2,NULL,'Automation Automation','C__LOGBOOK_EVENT__OBJECT_RECYCLED','Wolfgang Gabl','','','LC__CONTACT__TREE__PERSON',NULL,0),
(61764,9603,NULL,2,1,NULL,'object status changed from ldap-sync','','','2026-01-13 19:30:07',2,NULL,'Automation Automation','C__LOGBOOK_EVENT__OBJECT_RECYCLED','Sozial- abteilung','','','LC__CONTACT__TREE__PERSON',NULL,0),
(61765,9603,NULL,2,1,NULL,'object status changed from ldap-sync','','','2026-01-13 19:30:07',2,NULL,'Automation Automation','C__LOGBOOK_EVENT__OBJECT_RECYCLED','Klaudija Sisljagic','','','LC__CONTACT__TREE__PERSON',NULL,0),
(61766,9603,NULL,2,1,NULL,'object status changed from ldap-sync','','','2026-01-13 19:30:07',2,NULL,'Automation Automation','C__LOGBOOK_EVENT__OBJECT_RECYCLED','kim- em','','','LC__CONTACT__TREE__PERSON',NULL,0),
(61767,9603,NULL,2,1,NULL,'object status changed from ldap-sync','','','2026-01-13 19:30:07',2,NULL,'Automation Automation','C__LOGBOOK_EVENT__OBJECT_RECYCLED','15-OF- WZ','','','LC__CONTACT__TREE__PERSON',NULL,0),
(61768,9603,NULL,2,1,NULL,'object status changed from ldap-sync','','','2026-01-13 19:30:07',2,NULL,'Automation Automation','C__LOGBOOK_EVENT__OBJECT_RECYCLED','15- OF-Atemschutz','','','LC__CONTACT__TREE__PERSON',NULL,0),
(61769,9603,NULL,2,1,NULL,'object status changed from ldap-sync','','','2026-01-13 19:30:07',2,NULL,'Automation Automation','C__LOGBOOK_EVENT__OBJECT_RECYCLED','15- OF-Bekleidung','','','LC__CONTACT__TREE__PERSON',NULL,0),
(61770,9603,NULL,2,1,NULL,'object status changed from ldap-sync','','','2026-01-13 19:30:07',2,NULL,'Automation Automation','C__LOGBOOK_EVENT__OBJECT_RECYCLED','15- OF-Funk','','','LC__CONTACT__TREE__PERSON',NULL,0),
(61771,9603,NULL,2,1,NULL,'object status changed from ldap-sync','','','2026-01-13 19:30:07',2,NULL,'Automation Automation','C__LOGBOOK_EVENT__OBJECT_RECYCLED','15- OF-Fahrzeuge','','','LC__CONTACT__TREE__PERSON',NULL,0),
(61772,9603,NULL,2,1,NULL,'object status changed from ldap-sync','','','2026-01-13 19:30:07',2,NULL,'Automation Automation','C__LOGBOOK_EVENT__OBJECT_RECYCLED','15-of- Kommandant-Stellvertreter','','','LC__CONTACT__TREE__PERSON',NULL,0),
(61773,9603,NULL,2,1,NULL,'object status changed from ldap-sync','','','2026-01-13 19:30:07',2,NULL,'Automation Automation','C__LOGBOOK_EVENT__OBJECT_RECYCLED','15-of- web','','','LC__CONTACT__TREE__PERSON',NULL,0),
(61774,9603,NULL,2,1,NULL,'object status changed from ldap-sync','','','2026-01-13 19:30:07',2,NULL,'Automation Automation','C__LOGBOOK_EVENT__OBJECT_RECYCLED','Krankenpflege- Mohi-StV','','','LC__CONTACT__TREE__PERSON',NULL,0),
(61775,9603,NULL,2,1,NULL,'object status changed from ldap-sync','','','2026-01-13 19:30:07',2,NULL,'Automation Automation','C__LOGBOOK_EVENT__OBJECT_RECYCLED','Adolf Bitschnau','','','LC__CONTACT__TREE__PERSON',NULL,0),
(61776,9603,NULL,2,1,NULL,'object status changed from ldap-sync','','','2026-01-13 19:30:07',2,NULL,'Automation Automation','C__LOGBOOK_EVENT__OBJECT_RECYCLED','Loreen Erhard','','','LC__CONTACT__TREE__PERSON',NULL,0),
(61777,9603,NULL,2,1,NULL,'object status changed from ldap-sync','','','2026-01-13 19:30:07',2,NULL,'Automation Automation','C__LOGBOOK_EVENT__OBJECT_RECYCLED','Daniela Gottwald','','','LC__CONTACT__TREE__PERSON',NULL,0),
(61778,9603,NULL,2,1,NULL,'object status changed from ldap-sync','','','2026-01-13 19:30:07',2,NULL,'Automation Automation','C__LOGBOOK_EVENT__OBJECT_RECYCLED','Hans Mayr','','','LC__CONTACT__TREE__PERSON',NULL,0),
(61779,9603,NULL,2,1,NULL,'object status changed from ldap-sync','','','2026-01-13 19:30:07',2,NULL,'Automation Automation','C__LOGBOOK_EVENT__OBJECT_RECYCLED','Sarah Kessler','','','LC__CONTACT__TREE__PERSON',NULL,0),
(61780,9603,NULL,2,1,NULL,'object status changed from ldap-sync','','','2026-01-13 19:30:07',2,NULL,'Automation Automation','C__LOGBOOK_EVENT__OBJECT_RECYCLED','Horst Fischer','','','LC__CONTACT__TREE__PERSON',NULL,0),
(61781,9603,NULL,2,1,NULL,'object status changed from ldap-sync','','','2026-01-13 19:30:07',2,NULL,'Automation Automation','C__LOGBOOK_EVENT__OBJECT_RECYCLED','Sandra Tschernitz','','','LC__CONTACT__TREE__PERSON',NULL,0),
(61782,9603,NULL,2,1,NULL,'object status changed from ldap-sync','','','2026-01-13 19:30:07',2,NULL,'Automation Automation','C__LOGBOOK_EVENT__OBJECT_RECYCLED','Klaus Pfefferkorn','','','LC__CONTACT__TREE__PERSON',NULL,0),
(61783,9603,NULL,2,1,NULL,'object status changed from ldap-sync','','','2026-01-13 19:30:07',2,NULL,'Automation Automation','C__LOGBOOK_EVENT__OBJECT_RECYCLED','Landes Rechnungshof','','','LC__CONTACT__TREE__PERSON',NULL,0),
(61784,9603,NULL,2,1,NULL,'object status changed from ldap-sync','','','2026-01-13 19:30:07',2,NULL,'Automation Automation','C__LOGBOOK_EVENT__OBJECT_RECYCLED','kg- amsunnabuehel','','','LC__CONTACT__TREE__PERSON',NULL,0),
(61785,9603,NULL,2,1,NULL,'object status changed from ldap-sync','','','2026-01-13 19:30:07',2,NULL,'Automation Automation','C__LOGBOOK_EVENT__OBJECT_RECYCLED','87- praktikant','','','LC__CONTACT__TREE__PERSON',NULL,0),
(61786,9603,NULL,2,1,NULL,'object status changed from ldap-sync','','','2026-01-13 19:30:07',2,NULL,'Automation Automation','C__LOGBOOK_EVENT__OBJECT_RECYCLED','Bücherei- VS-Obdorf','','','LC__CONTACT__TREE__PERSON',NULL,0),
(61787,9603,NULL,2,1,NULL,'object status changed from ldap-sync','','','2026-01-13 19:30:07',2,NULL,'Automation Automation','C__LOGBOOK_EVENT__OBJECT_RECYCLED','Alexander Thaler (Mag.)','','','LC__CONTACT__TREE__PERSON',NULL,0),
(61788,9603,NULL,2,1,NULL,'object status changed from ldap-sync','','','2026-01-13 19:30:07',2,NULL,'Automation Automation','C__LOGBOOK_EVENT__OBJECT_RECYCLED','62- em','','','LC__CONTACT__TREE__PERSON',NULL,0),
(61789,9603,NULL,2,1,NULL,'object status changed from ldap-sync','','','2026-01-13 19:30:07',2,NULL,'Automation Automation','C__LOGBOOK_EVENT__OBJECT_RECYCLED','VS- Buerserberg','','','LC__CONTACT__TREE__PERSON',NULL,0),
(61790,9603,NULL,2,1,NULL,'object status changed from ldap-sync','','','2026-01-13 19:30:07',2,NULL,'Automation Automation','C__LOGBOOK_EVENT__OBJECT_RECYCLED','Martina Hertnagel (Mag.)','','','LC__CONTACT__TREE__PERSON',NULL,0),
(61791,9603,NULL,2,1,NULL,'object status changed from ldap-sync','','','2026-01-13 19:30:07',2,NULL,'Automation Automation','C__LOGBOOK_EVENT__OBJECT_RECYCLED','Hülya Ilik','','','LC__CONTACT__TREE__PERSON',NULL,0),
(61792,9603,NULL,2,1,NULL,'object status changed from ldap-sync','','','2026-01-13 19:30:07',2,NULL,'Automation Automation','C__LOGBOOK_EVENT__OBJECT_RECYCLED','Erich Loeschnig','','','LC__CONTACT__TREE__PERSON',NULL,0),
(61793,9603,NULL,2,1,NULL,'object status changed from ldap-sync','','','2026-01-13 19:30:07',2,NULL,'Automation Automation','C__LOGBOOK_EVENT__OBJECT_RECYCLED','Celine Salcher','','','LC__CONTACT__TREE__PERSON',NULL,0),
(61794,9603,NULL,2,1,NULL,'object status changed from ldap-sync','','','2026-01-13 19:30:07',2,NULL,'Automation Automation','C__LOGBOOK_EVENT__OBJECT_RECYCLED','Dominik Vinzenz','','','LC__CONTACT__TREE__PERSON',NULL,0),
(61795,9603,NULL,2,1,NULL,'object status changed from ldap-sync','','','2026-01-13 19:30:07',2,NULL,'Automation Automation','C__LOGBOOK_EVENT__OBJECT_RECYCLED','Lea Pultar','','','LC__CONTACT__TREE__PERSON',NULL,0),
(61796,9603,NULL,2,1,NULL,'object status changed from ldap-sync','','','2026-01-13 19:30:07',2,NULL,'Automation Automation','C__LOGBOOK_EVENT__OBJECT_RECYCLED','54-mohi- leitung','','','LC__CONTACT__TREE__PERSON',NULL,0),
(61797,9603,NULL,2,1,NULL,'object status changed from ldap-sync','','','2026-01-13 19:30:07',2,NULL,'Automation Automation','C__LOGBOOK_EVENT__OBJECT_RECYCLED','Bauhof Sonntag','','','LC__CONTACT__TREE__PERSON',NULL,0),
(61798,9603,NULL,2,1,NULL,'object status changed from ldap-sync','','','2026-01-13 19:30:07',2,NULL,'Automation Automation','C__LOGBOOK_EVENT__OBJECT_RECYCLED','younion- Lechner','','','LC__CONTACT__TREE__PERSON',NULL,0),
(61799,9603,NULL,2,1,NULL,'object status changed from ldap-sync','','','2026-01-13 19:30:07',2,NULL,'Automation Automation','C__LOGBOOK_EVENT__OBJECT_RECYCLED','Mathias Wegscheider','','','LC__CONTACT__TREE__PERSON',NULL,0),
(61800,9603,NULL,2,1,NULL,'object status changed from ldap-sync','','','2026-01-13 19:30:07',2,NULL,'Automation Automation','C__LOGBOOK_EVENT__OBJECT_RECYCLED','inaktiv - Thomas Grass (Ing.)','','','LC__CONTACT__TREE__PERSON',NULL,0),
(61801,9603,NULL,2,1,NULL,'object status changed from ldap-sync','','','2026-01-13 19:30:07',2,NULL,'Automation Automation','C__LOGBOOK_EVENT__OBJECT_RECYCLED','Claudio Wachter','','','LC__CONTACT__TREE__PERSON',NULL,0),
(61802,9603,NULL,2,1,NULL,'object status changed from ldap-sync','','','2026-01-13 19:30:07',2,NULL,'Automation Automation','C__LOGBOOK_EVENT__OBJECT_RECYCLED','Jasmine Türk','','','LC__CONTACT__TREE__PERSON',NULL,0),
(61803,9603,NULL,2,1,NULL,'object status changed from ldap-sync','','','2026-01-13 19:30:07',2,NULL,'Automation Automation','C__LOGBOOK_EVENT__OBJECT_RECYCLED','63-Alexandra martin','','','LC__CONTACT__TREE__PERSON',NULL,0),
(61804,9603,NULL,2,1,NULL,'object status changed from ldap-sync','','','2026-01-13 19:30:07',2,NULL,'Automation Automation','C__LOGBOOK_EVENT__OBJECT_RECYCLED','kw- schruns','','','LC__CONTACT__TREE__PERSON',NULL,0),
(61805,9603,NULL,2,1,NULL,'object status changed from ldap-sync','','','2026-01-13 19:30:07',2,NULL,'Automation Automation','C__LOGBOOK_EVENT__OBJECT_RECYCLED','kw- gantschier','','','LC__CONTACT__TREE__PERSON',NULL,0),
(61806,9603,NULL,2,1,NULL,'object status changed from ldap-sync','','','2026-01-13 19:30:07',2,NULL,'Automation Automation','C__LOGBOOK_EVENT__OBJECT_RECYCLED','kw- st-gallenkirch','','','LC__CONTACT__TREE__PERSON',NULL,0),
(61807,9603,NULL,2,1,NULL,'object status changed from ldap-sync','','','2026-01-13 19:30:07',2,NULL,'Automation Automation','C__LOGBOOK_EVENT__OBJECT_RECYCLED','kw- gaschurn','','','LC__CONTACT__TREE__PERSON',NULL,0),
(61808,9603,NULL,2,1,NULL,'object status changed from ldap-sync','','','2026-01-13 19:30:07',2,NULL,'Automation Automation','C__LOGBOOK_EVENT__OBJECT_RECYCLED','Kinderwerkstättli- Waldspielgruppe','','','LC__CONTACT__TREE__PERSON',NULL,0),
(61809,9603,NULL,2,1,NULL,'object status changed from ldap-sync','','','2026-01-13 19:30:07',2,NULL,'Automation Automation','C__LOGBOOK_EVENT__OBJECT_RECYCLED','KW- Leitung','','','LC__CONTACT__TREE__PERSON',NULL,0),
(61810,9603,NULL,2,1,NULL,'object status changed from ldap-sync','','','2026-01-13 19:30:07',2,NULL,'Automation Automation','C__LOGBOOK_EVENT__OBJECT_RECYCLED','Ralf Engelmann','','','LC__CONTACT__TREE__PERSON',NULL,0),
(61811,9603,NULL,2,1,NULL,'object status changed from ldap-sync','','','2026-01-13 19:30:07',2,NULL,'Automation Automation','C__LOGBOOK_EVENT__OBJECT_RECYCLED','tb- praktikant1','','','LC__CONTACT__TREE__PERSON',NULL,0),
(61812,9603,NULL,2,1,NULL,'object status changed from ldap-sync','','','2026-01-13 19:30:07',2,NULL,'Automation Automation','C__LOGBOOK_EVENT__OBJECT_RECYCLED','ARB- inaktiv Support','','','LC__CONTACT__TREE__PERSON',NULL,0),
(61813,9603,NULL,2,1,NULL,'object status changed from ldap-sync','','','2026-01-13 19:30:07',2,NULL,'Automation Automation','C__LOGBOOK_EVENT__OBJECT_RECYCLED','Schülerbetreuung Bings','','','LC__CONTACT__TREE__PERSON',NULL,0),
(61814,9603,NULL,2,1,NULL,'object status changed from ldap-sync','','','2026-01-13 19:30:07',2,NULL,'Automation Automation','C__LOGBOOK_EVENT__OBJECT_RECYCLED','Direktion VS-Halden / Amann Rochus','','','LC__CONTACT__TREE__PERSON',NULL,0),
(61815,9603,NULL,2,1,NULL,'object status changed from ldap-sync','','','2026-01-13 19:30:07',2,NULL,'Automation Automation','C__LOGBOOK_EVENT__OBJECT_RECYCLED','12- schuelerbetreuung','','','LC__CONTACT__TREE__PERSON',NULL,0),
(61816,9603,NULL,2,1,NULL,'object status changed from ldap-sync','','','2026-01-13 19:30:07',2,NULL,'Automation Automation','C__LOGBOOK_EVENT__OBJECT_RECYCLED','EKIZ- Leitung','','','LC__CONTACT__TREE__PERSON',NULL,0),
(61817,9603,NULL,2,1,NULL,'object status changed from ldap-sync','','','2026-01-13 19:30:07',2,NULL,'Automation Automation','C__LOGBOOK_EVENT__OBJECT_RECYCLED','Oswald Simma','','','LC__CONTACT__TREE__PERSON',NULL,0),
(61818,9603,NULL,2,1,NULL,'object status changed from ldap-sync','','','2026-01-13 19:30:07',2,NULL,'Automation Automation','C__LOGBOOK_EVENT__OBJECT_RECYCLED','Andrea Muther','','','LC__CONTACT__TREE__PERSON',NULL,0),
(61819,9603,NULL,2,1,NULL,'object status changed from ldap-sync','','','2026-01-13 19:30:07',2,NULL,'Automation Automation','C__LOGBOOK_EVENT__OBJECT_RECYCLED','Kultur Praktikant','','','LC__CONTACT__TREE__PERSON',NULL,0),
(61820,9603,NULL,2,1,NULL,'object status changed from ldap-sync','','','2026-01-13 19:30:07',2,NULL,'Automation Automation','C__LOGBOOK_EVENT__OBJECT_RECYCLED','Lorenz Bischof','','','LC__CONTACT__TREE__PERSON',NULL,0),
(61821,9603,NULL,2,1,NULL,'object status changed from ldap-sync','','','2026-01-13 19:30:08',2,NULL,'Automation Automation','C__LOGBOOK_EVENT__OBJECT_RECYCLED','Kathrin Summer','','','LC__CONTACT__TREE__PERSON',NULL,0),
(61822,9603,NULL,2,1,NULL,'object status changed from ldap-sync','','','2026-01-13 19:30:08',2,NULL,'Automation Automation','C__LOGBOOK_EVENT__OBJECT_RECYCLED','KPV Blumenegg Leitung','','','LC__CONTACT__TREE__PERSON',NULL,0),
(61823,9603,NULL,2,1,NULL,'object status changed from ldap-sync','','','2026-01-13 19:30:08',2,NULL,'Automation Automation','C__LOGBOOK_EVENT__OBJECT_RECYCLED','Andrea Bilgeri','','','LC__CONTACT__TREE__PERSON',NULL,0),
(61824,9603,NULL,2,1,NULL,'object status changed from ldap-sync','','','2026-01-13 19:30:08',2,NULL,'Automation Automation','C__LOGBOOK_EVENT__OBJECT_RECYCLED','Nikola Bartenbach','','','LC__CONTACT__TREE__PERSON',NULL,0),
(61825,9603,NULL,2,1,NULL,'object status changed from ldap-sync','','','2026-01-13 19:30:08',2,NULL,'Automation Automation','C__LOGBOOK_EVENT__OBJECT_RECYCLED','Karin Achleitner','','','LC__CONTACT__TREE__PERSON',NULL,0),
(61826,9603,NULL,2,1,NULL,'object status changed from ldap-sync','','','2026-01-13 19:30:08',2,NULL,'Automation Automation','C__LOGBOOK_EVENT__OBJECT_RECYCLED','10-archiv- praktikant','','','LC__CONTACT__TREE__PERSON',NULL,0),
(61827,9603,NULL,2,1,NULL,'object status changed from ldap-sync','','','2026-01-13 19:30:08',2,NULL,'Automation Automation','C__LOGBOOK_EVENT__OBJECT_RECYCLED','10- wahlen','','','LC__CONTACT__TREE__PERSON',NULL,0),
(61828,9603,NULL,2,1,NULL,'object status changed from ldap-sync','','','2026-01-13 19:30:08',2,NULL,'Automation Automation','C__LOGBOOK_EVENT__OBJECT_RECYCLED','Vanessa Palfi','','','LC__CONTACT__TREE__PERSON',NULL,0),
(61829,9603,NULL,2,1,NULL,'object status changed from ldap-sync','','','2026-01-13 19:30:08',2,NULL,'Automation Automation','C__LOGBOOK_EVENT__OBJECT_RECYCLED','Klaudia Büchel','','','LC__CONTACT__TREE__PERSON',NULL,0),
(61830,9603,NULL,2,1,NULL,'object status changed from ldap-sync','','','2026-01-13 19:30:08',2,NULL,'Automation Automation','C__LOGBOOK_EVENT__OBJECT_RECYCLED','Othmar Bickel','','','LC__CONTACT__TREE__PERSON',NULL,0),
(61831,9603,NULL,2,1,NULL,'object status changed from ldap-sync','','','2026-01-13 19:30:08',2,NULL,'Automation Automation','C__LOGBOOK_EVENT__OBJECT_RECYCLED','EKIZ- Gortipohl','','','LC__CONTACT__TREE__PERSON',NULL,0),
(61832,9603,NULL,2,1,NULL,'object status changed from ldap-sync','','','2026-01-13 19:30:08',2,NULL,'Automation Automation','C__LOGBOOK_EVENT__OBJECT_RECYCLED','Bludenz Kultur','','','LC__CONTACT__TREE__PERSON',NULL,0),
(61833,9603,NULL,2,1,NULL,'object status changed from ldap-sync','','','2026-01-13 19:30:08',2,NULL,'Automation Automation','C__LOGBOOK_EVENT__OBJECT_RECYCLED','Buchhaltung- Archiv','','','LC__CONTACT__TREE__PERSON',NULL,0),
(61834,9603,NULL,2,1,NULL,'object status changed from ldap-sync','','','2026-01-13 19:30:08',2,NULL,'Automation Automation','C__LOGBOOK_EVENT__OBJECT_RECYCLED','Judith Peindl','','','LC__CONTACT__TREE__PERSON',NULL,0),
(61835,9603,NULL,2,1,NULL,'object status changed from ldap-sync','','','2026-01-13 19:30:08',2,NULL,'Automation Automation','C__LOGBOOK_EVENT__OBJECT_RECYCLED','qualitätsmanagement Haus-Nenzing','','','LC__CONTACT__TREE__PERSON',NULL,0),
(61836,9603,NULL,2,1,NULL,'object status changed from ldap-sync','','','2026-01-13 19:30:08',2,NULL,'Automation Automation','C__LOGBOOK_EVENT__OBJECT_RECYCLED','Paul Müller','','','LC__CONTACT__TREE__PERSON',NULL,0),
(61837,9603,NULL,2,1,NULL,'object status changed from ldap-sync','','','2026-01-13 19:30:08',2,NULL,'Automation Automation','C__LOGBOOK_EVENT__OBJECT_RECYCLED','Manuel Scherer','','','LC__CONTACT__TREE__PERSON',NULL,0),
(61838,9603,NULL,2,1,NULL,'object status changed from ldap-sync','','','2026-01-13 19:30:08',2,NULL,'Automation Automation','C__LOGBOOK_EVENT__OBJECT_RECYCLED','Anita Wehinger','','','LC__CONTACT__TREE__PERSON',NULL,0),
(61839,9603,NULL,2,1,NULL,'object status changed from ldap-sync','','','2026-01-13 19:30:08',2,NULL,'Automation Automation','C__LOGBOOK_EVENT__OBJECT_RECYCLED','Michaela Küng','','','LC__CONTACT__TREE__PERSON',NULL,0),
(61840,9603,NULL,2,1,NULL,'object status changed from ldap-sync','','','2026-01-13 19:30:08',2,NULL,'Automation Automation','C__LOGBOOK_EVENT__OBJECT_RECYCLED','Wolfram Stroppa','','','LC__CONTACT__TREE__PERSON',NULL,0),
(61841,9603,NULL,2,1,NULL,'object status changed from ldap-sync','','','2026-01-13 19:30:08',2,NULL,'Automation Automation','C__LOGBOOK_EVENT__OBJECT_RECYCLED','Rebecca Broneske','','','LC__CONTACT__TREE__PERSON',NULL,0),
(61842,9603,NULL,2,1,NULL,'object status changed from ldap-sync','','','2026-01-13 19:30:08',2,NULL,'Automation Automation','C__LOGBOOK_EVENT__OBJECT_RECYCLED','Bettina Prax - inaktiv','','','LC__CONTACT__TREE__PERSON',NULL,0),
(61843,9603,NULL,2,1,NULL,'object status changed from ldap-sync','','','2026-01-13 19:30:08',2,NULL,'Automation Automation','C__LOGBOOK_EVENT__OBJECT_RECYCLED','Kinderbetreuung Gruppe 1','','','LC__CONTACT__TREE__PERSON',NULL,0),
(61844,9603,NULL,2,1,NULL,'object status changed from ldap-sync','','','2026-01-13 19:30:08',2,NULL,'Automation Automation','C__LOGBOOK_EVENT__OBJECT_RECYCLED','Kinderbetreuung Gruppe 2','','','LC__CONTACT__TREE__PERSON',NULL,0),
(61845,9603,NULL,2,1,NULL,'object status changed from ldap-sync','','','2026-01-13 19:30:08',2,NULL,'Automation Automation','C__LOGBOOK_EVENT__OBJECT_RECYCLED','Hubert Gantner','','','LC__CONTACT__TREE__PERSON',NULL,0),
(61846,9603,NULL,2,1,NULL,'object status changed from ldap-sync','','','2026-01-13 19:30:08',2,NULL,'Automation Automation','C__LOGBOOK_EVENT__OBJECT_RECYCLED','Claudia Wachter','','','LC__CONTACT__TREE__PERSON',NULL,0),
(61847,9603,NULL,2,1,NULL,'object status changed from ldap-sync','','','2026-01-13 19:30:08',2,NULL,'Automation Automation','C__LOGBOOK_EVENT__OBJECT_RECYCLED','Stefanie Peiker','','','LC__CONTACT__TREE__PERSON',NULL,0),
(61848,9603,NULL,2,1,NULL,'object status changed from ldap-sync','','','2026-01-13 19:30:08',2,NULL,'Automation Automation','C__LOGBOOK_EVENT__OBJECT_RECYCLED','10 PraktikantBS','','','LC__CONTACT__TREE__PERSON',NULL,0),
(61849,9603,NULL,2,1,NULL,'object status changed from ldap-sync','','','2026-01-13 19:30:08',2,NULL,'Automation Automation','C__LOGBOOK_EVENT__OBJECT_RECYCLED','Matthias Mayr','','','LC__CONTACT__TREE__PERSON',NULL,0),
(61850,9603,NULL,2,1,NULL,'object status changed from ldap-sync','','','2026-01-13 19:30:08',2,NULL,'Automation Automation','C__LOGBOOK_EVENT__OBJECT_RECYCLED','Bludenz Aktuell','','','LC__CONTACT__TREE__PERSON',NULL,0),
(61851,9603,NULL,2,1,NULL,'object status changed from ldap-sync','','','2026-01-13 19:30:08',2,NULL,'Automation Automation','C__LOGBOOK_EVENT__OBJECT_RECYCLED','ZI Test User','','','LC__CONTACT__TREE__PERSON',NULL,0),
(61852,9603,NULL,2,1,NULL,'object status changed from ldap-sync','','','2026-01-13 19:30:08',2,NULL,'Automation Automation','C__LOGBOOK_EVENT__OBJECT_RECYCLED','10- Praktikant Buchhaltung','','','LC__CONTACT__TREE__PERSON',NULL,0),
(61853,9603,NULL,2,1,NULL,'object status changed from ldap-sync','','','2026-01-13 19:30:08',2,NULL,'Automation Automation','C__LOGBOOK_EVENT__OBJECT_RECYCLED','Astrid Frank','','','LC__CONTACT__TREE__PERSON',NULL,0),
(61854,9603,NULL,2,1,NULL,'object status changed from ldap-sync','','','2026-01-13 19:30:08',2,NULL,'Automation Automation','C__LOGBOOK_EVENT__OBJECT_RECYCLED','Martina Erhart','','','LC__CONTACT__TREE__PERSON',NULL,0),
(61855,9603,NULL,2,1,NULL,'object status changed from ldap-sync','','','2026-01-13 19:30:08',2,NULL,'Automation Automation','C__LOGBOOK_EVENT__OBJECT_RECYCLED','Daniela Dörn','','','LC__CONTACT__TREE__PERSON',NULL,0),
(61856,9603,NULL,2,1,NULL,'object status changed from ldap-sync','','','2026-01-13 19:30:08',2,NULL,'Automation Automation','C__LOGBOOK_EVENT__OBJECT_RECYCLED','AgP Sozialsprengel Blumenegg','','','LC__CONTACT__TREE__PERSON',NULL,0),
(61857,9603,NULL,2,1,NULL,'object status changed from ldap-sync','','','2026-01-13 19:30:08',2,NULL,'Automation Automation','C__LOGBOOK_EVENT__OBJECT_RECYCLED','Danja Sutterlüty','','','LC__CONTACT__TREE__PERSON',NULL,0),
(61858,9603,NULL,2,1,NULL,'object status changed from ldap-sync','','','2026-01-13 19:30:08',2,NULL,'Automation Automation','C__LOGBOOK_EVENT__OBJECT_RECYCLED','Bianca Bachmann','','','LC__CONTACT__TREE__PERSON',NULL,0),
(61859,9603,NULL,2,1,NULL,'object status changed from ldap-sync','','','2026-01-13 19:30:08',2,NULL,'Automation Automation','C__LOGBOOK_EVENT__OBJECT_RECYCLED','Daniel Dietrich','','','LC__CONTACT__TREE__PERSON',NULL,0),
(61860,9603,NULL,2,1,NULL,'object status changed from ldap-sync','','','2026-01-13 19:30:08',2,NULL,'Automation Automation','C__LOGBOOK_EVENT__OBJECT_RECYCLED','ARB- Online - Dajana Baumgartner','','','LC__CONTACT__TREE__PERSON',NULL,0),
(61861,9603,NULL,2,1,NULL,'object status changed from ldap-sync','','','2026-01-13 19:30:08',2,NULL,'Automation Automation','C__LOGBOOK_EVENT__OBJECT_RECYCLED','Sandra van Apeldoorn','','','LC__CONTACT__TREE__PERSON',NULL,0),
(61862,9603,NULL,2,1,NULL,'object status changed from ldap-sync','','','2026-01-13 19:30:09',2,NULL,'Automation Automation','C__LOGBOOK_EVENT__OBJECT_RECYCLED','TB-Brand Leitung','','','LC__CONTACT__TREE__PERSON',NULL,0),
(61863,9603,NULL,2,1,NULL,'object status changed from ldap-sync','','','2026-01-13 19:30:09',2,NULL,'Automation Automation','C__LOGBOOK_EVENT__OBJECT_RECYCLED','Nina Tagwerker','','','LC__CONTACT__TREE__PERSON',NULL,0),
(61864,9603,NULL,2,1,NULL,'object status changed from ldap-sync','','','2026-01-13 19:30:09',2,NULL,'Automation Automation','C__LOGBOOK_EVENT__OBJECT_RECYCLED','Clarissa Schatzmann','','','LC__CONTACT__TREE__PERSON',NULL,0),
(61865,9603,NULL,2,1,NULL,'object status changed from ldap-sync','','','2026-01-13 19:30:09',2,NULL,'Automation Automation','C__LOGBOOK_EVENT__OBJECT_RECYCLED','Lena Maier','','','LC__CONTACT__TREE__PERSON',NULL,0),
(61866,9603,NULL,2,1,NULL,'object status changed from ldap-sync','','','2026-01-13 19:30:09',2,NULL,'Automation Automation','C__LOGBOOK_EVENT__OBJECT_RECYCLED','Adem Cetinkaya','','','LC__CONTACT__TREE__PERSON',NULL,0),
(61867,9603,NULL,2,1,NULL,'object status changed from ldap-sync','','','2026-01-13 19:30:09',2,NULL,'Automation Automation','C__LOGBOOK_EVENT__OBJECT_RECYCLED','Ulrike Gabriel','','','LC__CONTACT__TREE__PERSON',NULL,0),
(61868,9603,NULL,2,1,NULL,'object status changed from ldap-sync','','','2026-01-13 19:30:09',2,NULL,'Automation Automation','C__LOGBOOK_EVENT__OBJECT_RECYCLED','Susanne Macierzynski','','','LC__CONTACT__TREE__PERSON',NULL,0),
(61869,9603,NULL,2,1,NULL,'object status changed from ldap-sync','','','2026-01-13 19:30:09',2,NULL,'Automation Automation','C__LOGBOOK_EVENT__OBJECT_RECYCLED','Katharina Feuerstein','','','LC__CONTACT__TREE__PERSON',NULL,0),
(61870,9603,NULL,2,1,NULL,'object status changed from ldap-sync','','','2026-01-13 19:30:09',2,NULL,'Automation Automation','C__LOGBOOK_EVENT__OBJECT_RECYCLED','Dagmar Dünser','','','LC__CONTACT__TREE__PERSON',NULL,0),
(61871,9603,NULL,2,1,NULL,'object status changed from ldap-sync','','','2026-01-13 19:30:09',2,NULL,'Automation Automation','C__LOGBOOK_EVENT__OBJECT_RECYCLED','Marc Amann','','','LC__CONTACT__TREE__PERSON',NULL,0),
(61872,9603,NULL,2,1,NULL,'object status changed from ldap-sync','','','2026-01-13 19:30:09',2,NULL,'Automation Automation','C__LOGBOOK_EVENT__OBJECT_RECYCLED','Nicole Maier','','','LC__CONTACT__TREE__PERSON',NULL,0),
(61873,9603,NULL,2,1,NULL,'object status changed from ldap-sync','','','2026-01-13 19:30:09',2,NULL,'Automation Automation','C__LOGBOOK_EVENT__OBJECT_RECYCLED','valblu bistro','','','LC__CONTACT__TREE__PERSON',NULL,0),
(61874,9603,NULL,2,1,NULL,'object status changed from ldap-sync','','','2026-01-13 19:30:09',2,NULL,'Automation Automation','C__LOGBOOK_EVENT__OBJECT_RECYCLED','Marcel Artner','','','LC__CONTACT__TREE__PERSON',NULL,0),
(61875,9603,NULL,2,1,NULL,'object status changed from ldap-sync','','','2026-01-13 19:30:09',2,NULL,'Automation Automation','C__LOGBOOK_EVENT__OBJECT_RECYCLED','David Ulrich','','','LC__CONTACT__TREE__PERSON',NULL,0),
(61876,9603,NULL,2,1,NULL,'object status changed from ldap-sync','','','2026-01-13 19:30:09',2,NULL,'Automation Automation','C__LOGBOOK_EVENT__OBJECT_RECYCLED','Öznur Ercan','','','LC__CONTACT__TREE__PERSON',NULL,0),
(61877,9603,NULL,2,1,NULL,'object status changed from ldap-sync','','','2026-01-13 19:30:09',2,NULL,'Automation Automation','C__LOGBOOK_EVENT__OBJECT_RECYCLED','Elmas Rüzgar','','','LC__CONTACT__TREE__PERSON',NULL,0),
(61878,9603,NULL,2,1,NULL,'object status changed from ldap-sync','','','2026-01-13 19:30:09',2,NULL,'Automation Automation','C__LOGBOOK_EVENT__OBJECT_RECYCLED','Marina Gonzalez','','','LC__CONTACT__TREE__PERSON',NULL,0),
(61879,9603,NULL,2,1,NULL,'object status changed from ldap-sync','','','2026-01-13 19:30:09',2,NULL,'Automation Automation','C__LOGBOOK_EVENT__OBJECT_RECYCLED','Bettina Lerchner','','','LC__CONTACT__TREE__PERSON',NULL,0),
(61880,9603,NULL,2,1,NULL,'object status changed from ldap-sync','','','2026-01-13 19:30:09',2,NULL,'Automation Automation','C__LOGBOOK_EVENT__OBJECT_RECYCLED','Rene Dünser','','','LC__CONTACT__TREE__PERSON',NULL,0),
(61881,9603,NULL,2,1,NULL,'object status changed from ldap-sync','','','2026-01-13 19:30:10',2,NULL,'Automation Automation','C__LOGBOOK_EVENT__OBJECT_RECYCLED','Ivonne Gsenger','','','LC__CONTACT__TREE__PERSON',NULL,0),
(61882,9603,NULL,1,1,NULL,'modified from LDAP-Sync','','a:7:{s:48:\"isys_cmdb_dao_category_s_person_master::function\";a:2:{s:4:\"from\";s:0:\"\";s:2:\"to\";s:15:\"Sachbearbeitung\";}s:59:\"isys_cmdb_dao_category_s_person_master::service_designation\";a:2:{s:4:\"from\";s:0:\"\";s:2:\"to\";s:15:\"Sachbearbeitung\";}s:44:\"isys_cmdb_dao_category_s_person_master::mail\";a:2:{s:4:\"from\";s:0:\"\";s:2:\"to\";s:28:\"Candan.Bundesheim@bludenz.at\";}s:50:\"isys_cmdb_dao_category_s_person_master::department\";a:2:{s:4:\"from\";s:0:\"\";s:2:\"to\";s:18:\"Bauhof Klarenbrunn\";}s:52:\"isys_cmdb_dao_category_s_person_master::organization\";a:2:{s:4:\"from\";s:0:\"\";s:2:\"to\";s:21:\"Amt der Stadt Bludenz\";}s:48:\"isys_cmdb_dao_category_s_person_master::custom_7\";a:2:{s:4:\"from\";s:0:\"\";s:2:\"to\";s:21:\"Amt der Stadt Bludenz\";}s:48:\"isys_cmdb_dao_category_s_person_master::custom_8\";a:2:{s:4:\"from\";s:0:\"\";s:2:\"to\";s:18:\"Bauhof Klarenbrunn\";}}','2026-01-13 19:31:00',2,NULL,'Automation Automation','C__LOGBOOK_EVENT__CATEGORY_CHANGED','Candan Bundesheim','LC__CONTACT__TREE__PERSON','','LC__CONTACT__TREE__PERSON',NULL,0),
(61883,9603,NULL,1,1,NULL,'modified from LDAP-Sync','','a:1:{s:44:\"isys_cmdb_dao_category_s_person_master::mail\";a:2:{s:4:\"from\";s:26:\"Anna.Stadlinger@bludenz.at\";s:2:\"to\";s:32:\"anna.stadlinger@kibe-jagdberg.at\";}}','2026-01-13 19:35:02',2,NULL,'Automation Automation','C__LOGBOOK_EVENT__CATEGORY_CHANGED','Anna Stadlinger','LC__CONTACT__TREE__PERSON','','LC__CONTACT__TREE__PERSON',NULL,0),
(61884,9603,NULL,2,1,NULL,'Restored by ldap-sync, due to setting \"deletedUsersBehaviour\" set to \"disable_login\"','','','2026-01-13 19:36:05',2,NULL,'Automation Automation','C__LOGBOOK_EVENT__OBJECT_RECYCLED','Michael Zwisler','Allgemein','','LC__CONTACT__TREE__PERSON',NULL,0),
(61885,9603,NULL,2,1,NULL,'Restored by ldap-sync, due to setting \"deletedUsersBehaviour\" set to \"disable_login\"','','','2026-01-13 19:36:06',2,NULL,'Automation Automation','C__LOGBOOK_EVENT__OBJECT_RECYCLED','adxt1_huber02 ','Allgemein','','LC__CONTACT__TREE__PERSON',NULL,0),
(61886,9603,NULL,2,1,NULL,'Restored by ldap-sync, due to setting \"deletedUsersBehaviour\" set to \"disable_login\"','','','2026-01-13 19:36:06',2,NULL,'Automation Automation','C__LOGBOOK_EVENT__OBJECT_RECYCLED',' ','Allgemein','','LC__CONTACT__TREE__PERSON',NULL,0),
(61887,9603,NULL,2,1,NULL,'Restored by ldap-sync, due to setting \"deletedUsersBehaviour\" set to \"disable_login\"','','','2026-01-13 19:36:06',2,NULL,'Automation Automation','C__LOGBOOK_EVENT__OBJECT_RECYCLED','admt1_zwisler01 ','Allgemein','','LC__CONTACT__TREE__PERSON',NULL,0),
(61888,9603,NULL,2,1,NULL,'Restored by ldap-sync, due to setting \"deletedUsersBehaviour\" set to \"disable_login\"','','','2026-01-13 19:36:06',2,NULL,'Automation Automation','C__LOGBOOK_EVENT__OBJECT_RECYCLED','zammad','Allgemein','','LC__CONTACT__TREE__PERSON',NULL,0),
(61889,9603,NULL,2,1,NULL,'Restored by ldap-sync, due to setting \"deletedUsersBehaviour\" set to \"disable_login\"','','','2026-01-13 19:36:06',2,NULL,'Automation Automation','C__LOGBOOK_EVENT__OBJECT_RECYCLED','Assistenz Bürserberg','Allgemein','','LC__CONTACT__TREE__PERSON',NULL,0),
(61890,9603,NULL,2,1,NULL,'Restored by ldap-sync, due to setting \"deletedUsersBehaviour\" set to \"disable_login\"','','','2026-01-13 19:36:06',2,NULL,'Automation Automation','C__LOGBOOK_EVENT__OBJECT_RECYCLED','Tobias Greifeneder','Allgemein','','LC__CONTACT__TREE__PERSON',NULL,0),
(61891,9603,NULL,2,1,NULL,'Restored by ldap-sync, due to setting \"deletedUsersBehaviour\" set to \"disable_login\"','','','2026-01-13 19:36:06',2,NULL,'Automation Automation','C__LOGBOOK_EVENT__OBJECT_RECYCLED','Manuela Havrilla','Allgemein','','LC__CONTACT__TREE__PERSON',NULL,0),
(61892,9603,NULL,2,1,NULL,'Restored by ldap-sync, due to setting \"deletedUsersBehaviour\" set to \"disable_login\"','','','2026-01-13 19:36:06',2,NULL,'Automation Automation','C__LOGBOOK_EVENT__OBJECT_RECYCLED','Sandra Kuntner','Allgemein','','LC__CONTACT__TREE__PERSON',NULL,0),
(61893,9603,NULL,2,1,NULL,'Restored by ldap-sync, due to setting \"deletedUsersBehaviour\" set to \"disable_login\"','','','2026-01-13 19:36:06',2,NULL,'Automation Automation','C__LOGBOOK_EVENT__OBJECT_RECYCLED','Güllü Neuschmied','Allgemein','','LC__CONTACT__TREE__PERSON',NULL,0),
(61894,9603,NULL,2,1,NULL,'object status changed from ldap-sync','','','2026-01-13 19:50:22',2,NULL,'Automation Automation','C__LOGBOOK_EVENT__OBJECT_RECYCLED','11- admin','','','LC__CONTACT__TREE__PERSON',NULL,0),
(61895,9603,NULL,2,1,NULL,'object status changed from ldap-sync','','','2026-01-13 19:50:22',2,NULL,'Automation Automation','C__LOGBOOK_EVENT__OBJECT_RECYCLED','63- admin','','','LC__CONTACT__TREE__PERSON',NULL,0),
(61896,9603,NULL,2,1,NULL,'object status changed from ldap-sync','','','2026-01-13 19:50:22',2,NULL,'Automation Automation','C__LOGBOOK_EVENT__OBJECT_RECYCLED','15- admin','','','LC__CONTACT__TREE__PERSON',NULL,0),
(61897,9603,NULL,2,1,NULL,'object status changed from ldap-sync','','','2026-01-13 19:50:22',2,NULL,'Automation Automation','C__LOGBOOK_EVENT__OBJECT_RECYCLED','alpenregion- admin','','','LC__CONTACT__TREE__PERSON',NULL,0),
(61898,9603,NULL,2,1,NULL,'object status changed from ldap-sync','','','2026-01-13 19:50:22',2,NULL,'Automation Automation','C__LOGBOOK_EVENT__OBJECT_RECYCLED','_mxsservice Exchange Service Account','','','LC__CONTACT__TREE__PERSON',NULL,0),
(61899,9603,NULL,2,1,NULL,'object status changed from ldap-sync','','','2026-01-13 19:50:22',2,NULL,'Automation Automation','C__LOGBOOK_EVENT__OBJECT_RECYCLED','Isabell Rudolph','','','LC__CONTACT__TREE__PERSON',NULL,0),
(61900,9603,NULL,2,1,NULL,'object status changed from ldap-sync','','','2026-01-13 19:50:22',2,NULL,'Automation Automation','C__LOGBOOK_EVENT__OBJECT_RECYCLED','Sabine Erath','','','LC__CONTACT__TREE__PERSON',NULL,0),
(61901,9603,NULL,2,1,NULL,'object status changed from ldap-sync','','','2026-01-13 19:50:22',2,NULL,'Automation Automation','C__LOGBOOK_EVENT__OBJECT_RECYCLED','VTS Gateway','','','LC__CONTACT__TREE__PERSON',NULL,0),
(61902,9603,NULL,2,1,NULL,'object status changed from ldap-sync','','','2026-01-13 19:50:22',2,NULL,'Automation Automation','C__LOGBOOK_EVENT__OBJECT_RECYCLED','NAV Antivirus','','','LC__CONTACT__TREE__PERSON',NULL,0),
(61903,9603,NULL,2,1,NULL,'object status changed from ldap-sync','','','2026-01-13 19:50:22',2,NULL,'Automation Automation','C__LOGBOOK_EVENT__OBJECT_RECYCLED','88- admin','','','LC__CONTACT__TREE__PERSON',NULL,0),
(61904,9603,NULL,2,1,NULL,'object status changed from ldap-sync','','','2026-01-13 19:50:22',2,NULL,'Automation Automation','C__LOGBOOK_EVENT__OBJECT_RECYCLED','83- admin','','','LC__CONTACT__TREE__PERSON',NULL,0),
(61905,9603,NULL,2,1,NULL,'object status changed from ldap-sync','','','2026-01-13 19:50:22',2,NULL,'Automation Automation','C__LOGBOOK_EVENT__OBJECT_RECYCLED','10- admin','','','LC__CONTACT__TREE__PERSON',NULL,0),
(61906,9603,NULL,2,1,NULL,'object status changed from ldap-sync','','','2026-01-13 19:50:22',2,NULL,'Automation Automation','C__LOGBOOK_EVENT__OBJECT_RECYCLED','87- admin','','','LC__CONTACT__TREE__PERSON',NULL,0),
(61907,9603,NULL,2,1,NULL,'object status changed from ldap-sync','','','2026-01-13 19:50:22',2,NULL,'Automation Automation','C__LOGBOOK_EVENT__OBJECT_RECYCLED','SQL New','','','LC__CONTACT__TREE__PERSON',NULL,0),
(61908,9603,NULL,2,1,NULL,'object status changed from ldap-sync','','','2026-01-13 19:50:22',2,NULL,'Automation Automation','C__LOGBOOK_EVENT__OBJECT_RECYCLED','Michael Fenkart','','','LC__CONTACT__TREE__PERSON',NULL,0),
(61909,9603,NULL,2,1,NULL,'object status changed from ldap-sync','','','2026-01-13 19:50:22',2,NULL,'Automation Automation','C__LOGBOOK_EVENT__OBJECT_RECYCLED','IT- Praktikant','','','LC__CONTACT__TREE__PERSON',NULL,0),
(61910,9603,NULL,2,1,NULL,'object status changed from ldap-sync','','','2026-01-13 19:50:22',2,NULL,'Automation Automation','C__LOGBOOK_EVENT__OBJECT_RECYCLED','Dietmar Frainer','','','LC__CONTACT__TREE__PERSON',NULL,0),
(61911,9603,NULL,2,1,NULL,'Entry with contact Dietmar Frainer changed from ldap-sync','','','2026-01-13 19:50:22',2,NULL,'Automation Automation','C__LOGBOOK_EVENT__CATEGORY_ARCHIVED','Amt der Stadt Bludenz','LC__CMDB__CATG__CONTACT','','LC__CMDB__OBJTYPE__ORGANIZATION',NULL,0),
(61912,9603,NULL,2,1,NULL,'Entry with contact Dietmar Frainer changed from ldap-sync','','','2026-01-13 19:50:22',2,NULL,'Automation Automation','C__LOGBOOK_EVENT__CATEGORY_ARCHIVED','DS-Bereitstellung - IKT Stadt Bludenz','LC__CMDB__CATG__CONTACT','','LC__OBJTYPE__IT_SERVICE',NULL,0),
(61913,9603,NULL,2,1,NULL,'Entry with contact Dietmar Frainer changed from ldap-sync','','','2026-01-13 19:50:22',2,NULL,'Automation Automation','C__LOGBOOK_EVENT__CATEGORY_ARCHIVED','DS-Bereitstellung - IKT Stadt Bludenz','LC__CMDB__CATG__CONTACT','','LC__OBJTYPE__IT_SERVICE',NULL,0),
(61914,9603,NULL,2,1,NULL,'Entry with contact Dietmar Frainer changed from ldap-sync','','','2026-01-13 19:50:22',2,NULL,'Automation Automation','C__LOGBOOK_EVENT__CATEGORY_ARCHIVED','DS-Bereitstellung - IKT DLZ Blumenegg','LC__CMDB__CATG__CONTACT','','LC__OBJTYPE__IT_SERVICE',NULL,0),
(61915,9603,NULL,2,1,NULL,'Entry with contact Dietmar Frainer changed from ldap-sync','','','2026-01-13 19:50:22',2,NULL,'Automation Automation','C__LOGBOOK_EVENT__CATEGORY_ARCHIVED','DS-Bereitstellung - IKT Gemeinde Brand','LC__CMDB__CATG__CONTACT','','LC__OBJTYPE__IT_SERVICE',NULL,0),
(61916,9603,NULL,2,1,NULL,'Entry with contact Dietmar Frainer changed from ldap-sync','','','2026-01-13 19:50:22',2,NULL,'Automation Automation','C__LOGBOOK_EVENT__CATEGORY_ARCHIVED','DS-Bereitstellung - IKT Gemeinde Bürs','LC__CMDB__CATG__CONTACT','','LC__OBJTYPE__IT_SERVICE',NULL,0),
(61917,9603,NULL,2,1,NULL,'Entry with contact Dietmar Frainer changed from ldap-sync','','','2026-01-13 19:50:22',2,NULL,'Automation Automation','C__LOGBOOK_EVENT__CATEGORY_ARCHIVED','DS-Bereitstellung - IKT Gemeinde Dalaas','LC__CMDB__CATG__CONTACT','','LC__OBJTYPE__IT_SERVICE',NULL,0),
(61918,9603,NULL,2,1,NULL,'Entry with contact Dietmar Frainer changed from ldap-sync','','','2026-01-13 19:50:22',2,NULL,'Automation Automation','C__LOGBOOK_EVENT__CATEGORY_ARCHIVED','DS-Bereitstellung - IKT Gemeinde Raggal','LC__CMDB__CATG__CONTACT','','LC__OBJTYPE__IT_SERVICE',NULL,0),
(61919,9603,NULL,2,1,NULL,'Entry with contact Dietmar Frainer changed from ldap-sync','','','2026-01-13 19:50:22',2,NULL,'Automation Automation','C__LOGBOOK_EVENT__CATEGORY_ARCHIVED','DS-Bereitstellung - IKT Marktgemeinde Frastanz','LC__CMDB__CATG__CONTACT','','LC__OBJTYPE__IT_SERVICE',NULL,0),
(61920,9603,NULL,2,1,NULL,'Entry with contact Dietmar Frainer changed from ldap-sync','','','2026-01-13 19:50:22',2,NULL,'Automation Automation','C__LOGBOOK_EVENT__CATEGORY_ARCHIVED','DS-Bereitstellung - IKT Marktgemeinde Nenzing','LC__CMDB__CATG__CONTACT','','LC__OBJTYPE__IT_SERVICE',NULL,0),
(61921,9603,NULL,2,1,NULL,'Entry with contact Dietmar Frainer changed from ldap-sync','','','2026-01-13 19:50:22',2,NULL,'Automation Automation','C__LOGBOOK_EVENT__CATEGORY_ARCHIVED','DS-Bereitstellung - IKT Val Blu Resort Ges.mbH','LC__CMDB__CATG__CONTACT','','LC__OBJTYPE__IT_SERVICE',NULL,0),
(61922,9603,NULL,2,1,NULL,'Entry with contact Dietmar Frainer changed from ldap-sync','','','2026-01-13 19:50:22',2,NULL,'Automation Automation','C__LOGBOOK_EVENT__CATEGORY_ARCHIVED','DS-Betrieb von TK-Anlagen Stadt Bludenz','LC__CMDB__CATG__CONTACT','','LC__OBJTYPE__IT_SERVICE',NULL,0),
(61923,9603,NULL,2,1,NULL,'Entry with contact Dietmar Frainer changed from ldap-sync','','','2026-01-13 19:50:22',2,NULL,'Automation Automation','C__LOGBOOK_EVENT__CATEGORY_ARCHIVED','DS-Datenschutz Stadt Bludenz','LC__CMDB__CATG__CONTACT','','LC__OBJTYPE__IT_SERVICE',NULL,0),
(61924,9603,NULL,2,1,NULL,'Entry with contact Dietmar Frainer changed from ldap-sync','','','2026-01-13 19:50:23',2,NULL,'Automation Automation','C__LOGBOOK_EVENT__CATEGORY_ARCHIVED','DS-Datenschutz Stadt Bludenz','LC__CMDB__CATG__CONTACT','','LC__OBJTYPE__IT_SERVICE',NULL,0),
(61925,9603,NULL,2,1,NULL,'Entry with contact Dietmar Frainer changed from ldap-sync','','','2026-01-13 19:50:23',2,NULL,'Automation Automation','C__LOGBOOK_EVENT__CATEGORY_ARCHIVED','DS-IT_Kompetenzzentrum Stadt Bludenz','LC__CMDB__CATG__CONTACT','','LC__OBJTYPE__IT_SERVICE',NULL,0),
(61926,9603,NULL,2,1,NULL,'Entry with contact Dietmar Frainer changed from ldap-sync','','','2026-01-13 19:50:23',2,NULL,'Automation Automation','C__LOGBOOK_EVENT__CATEGORY_ARCHIVED','DS-IT-Betreuung Stadt Bludenz','LC__CMDB__CATG__CONTACT','','LC__OBJTYPE__IT_SERVICE',NULL,0),
(61927,9603,NULL,2,1,NULL,'Entry with contact Dietmar Frainer changed from ldap-sync','','','2026-01-13 19:50:23',2,NULL,'Automation Automation','C__LOGBOOK_EVENT__CATEGORY_ARCHIVED','DS-Zeiterfassung_HR360_Time Stadt Bludenz','LC__CMDB__CATG__CONTACT','','LC__OBJTYPE__IT_SERVICE',NULL,0),
(61928,9603,NULL,2,1,NULL,'Entry with contact Dietmar Frainer changed from ldap-sync','','','2026-01-13 19:50:23',2,NULL,'Automation Automation','C__LOGBOOK_EVENT__CATEGORY_ARCHIVED','DS-Zutrittskontrollsysteme Stadt Bludenz','LC__CMDB__CATG__CONTACT','','LC__OBJTYPE__IT_SERVICE',NULL,0),
(61929,9603,NULL,2,1,NULL,'Entry with contact Dietmar Frainer changed from ldap-sync','','','2026-01-13 19:50:23',2,NULL,'Automation Automation','C__LOGBOOK_EVENT__CATEGORY_ARCHIVED','Abwasserverband Region Bludenz','LC__CMDB__CATG__CONTACT','','LC__CMDB__OBJTYPE__ORGANIZATION',NULL,0),
(61930,9603,NULL,2,1,NULL,'Entry with contact Dietmar Frainer changed from ldap-sync','','','2026-01-13 19:50:23',2,NULL,'Automation Automation','C__LOGBOOK_EVENT__CATEGORY_ARCHIVED','Alpenregion Tourismus Ges.mbH','LC__CMDB__CATG__CONTACT','','LC__CMDB__OBJTYPE__ORGANIZATION',NULL,0),
(61931,9603,NULL,2,1,NULL,'object status changed from ldap-sync','','','2026-01-13 19:50:23',2,NULL,'Automation Automation','C__LOGBOOK_EVENT__OBJECT_RECYCLED','10 wloruenser','','','LC__CONTACT__TREE__PERSON',NULL,0),
(61932,9603,NULL,2,1,NULL,'object status changed from ldap-sync','','','2026-01-13 19:50:23',2,NULL,'Automation Automation','C__LOGBOOK_EVENT__OBJECT_RECYCLED','61-fw- atwart','','','LC__CONTACT__TREE__PERSON',NULL,0),
(61933,9603,NULL,2,1,NULL,'object status changed from ldap-sync','','','2026-01-13 19:50:23',2,NULL,'Automation Automation','C__LOGBOOK_EVENT__OBJECT_RECYCLED','61-fw- geraetewart','','','LC__CONTACT__TREE__PERSON',NULL,0),
(61934,9603,NULL,2,1,NULL,'object status changed from ldap-sync','','','2026-01-13 19:50:23',2,NULL,'Automation Automation','C__LOGBOOK_EVENT__OBJECT_RECYCLED','61-fw- kantine','','','LC__CONTACT__TREE__PERSON',NULL,0),
(61935,9603,NULL,2,1,NULL,'object status changed from ldap-sync','','','2026-01-13 19:50:23',2,NULL,'Automation Automation','C__LOGBOOK_EVENT__OBJECT_RECYCLED','61-fw- presse','','','LC__CONTACT__TREE__PERSON',NULL,0),
(61936,9603,NULL,2,1,NULL,'object status changed from ldap-sync','','','2026-01-13 19:50:23',2,NULL,'Automation Automation','C__LOGBOOK_EVENT__OBJECT_RECYCLED','A1 MobileOffice','','','LC__CONTACT__TREE__PERSON',NULL,0),
(61937,9603,NULL,2,1,NULL,'object status changed from ldap-sync','','','2026-01-13 19:50:23',2,NULL,'Automation Automation','C__LOGBOOK_EVENT__OBJECT_RECYCLED','Thomas Drexel','','','LC__CONTACT__TREE__PERSON',NULL,0),
(61938,9603,NULL,2,1,NULL,'object status changed from ldap-sync','','','2026-01-13 19:50:23',2,NULL,'Automation Automation','C__LOGBOOK_EVENT__OBJECT_RECYCLED','62 vipas','','','LC__CONTACT__TREE__PERSON',NULL,0),
(61939,9603,NULL,2,1,NULL,'object status changed from ldap-sync','','','2026-01-13 19:50:23',2,NULL,'Automation Automation','C__LOGBOOK_EVENT__OBJECT_RECYCLED','ARB- Marketing / Herljevic Anna','','','LC__CONTACT__TREE__PERSON',NULL,0),
(61940,9603,NULL,2,1,NULL,'object status changed from ldap-sync','','','2026-01-13 19:50:23',2,NULL,'Automation Automation','C__LOGBOOK_EVENT__OBJECT_RECYCLED','Kerstin Biedermann-Smith','','','LC__CONTACT__TREE__PERSON',NULL,0),
(61941,9603,NULL,2,1,NULL,'object status changed from ldap-sync','','','2026-01-13 19:50:23',2,NULL,'Automation Automation','C__LOGBOOK_EVENT__OBJECT_RECYCLED','tb user','','','LC__CONTACT__TREE__PERSON',NULL,0),
(61942,9603,NULL,2,1,NULL,'object status changed from ldap-sync','','','2026-01-13 19:50:23',2,NULL,'Automation Automation','C__LOGBOOK_EVENT__OBJECT_RECYCLED','Andrea Fritz','','','LC__CONTACT__TREE__PERSON',NULL,0),
(61943,9603,NULL,2,1,NULL,'object status changed from ldap-sync','','','2026-01-13 19:50:23',2,NULL,'Automation Automation','C__LOGBOOK_EVENT__OBJECT_RECYCLED','Melanie Fleisch','','','LC__CONTACT__TREE__PERSON',NULL,0),
(61944,9603,NULL,2,1,NULL,'object status changed from ldap-sync','','','2026-01-13 19:50:23',2,NULL,'Automation Automation','C__LOGBOOK_EVENT__OBJECT_RECYCLED','TB- Praktikant2','','','LC__CONTACT__TREE__PERSON',NULL,0),
(61945,9603,NULL,2,1,NULL,'object status changed from ldap-sync','','','2026-01-13 19:50:23',2,NULL,'Automation Automation','C__LOGBOOK_EVENT__OBJECT_RECYCLED','Praktikant Alpenregion','','','LC__CONTACT__TREE__PERSON',NULL,0),
(61946,9603,NULL,2,1,NULL,'object status changed from ldap-sync','','','2026-01-13 19:50:23',2,NULL,'Automation Automation','C__LOGBOOK_EVENT__OBJECT_RECYCLED','10 alpenregion','','','LC__CONTACT__TREE__PERSON',NULL,0),
(61947,9603,NULL,2,1,NULL,'object status changed from ldap-sync','','','2026-01-13 19:50:23',2,NULL,'Automation Automation','C__LOGBOOK_EVENT__OBJECT_RECYCLED','Dieter Visintainer','','','LC__CONTACT__TREE__PERSON',NULL,0),
(61948,9603,NULL,2,1,NULL,'object status changed from ldap-sync','','','2026-01-13 19:50:23',2,NULL,'Automation Automation','C__LOGBOOK_EVENT__OBJECT_RECYCLED','Erich Vonach','','','LC__CONTACT__TREE__PERSON',NULL,0),
(61949,9603,NULL,2,1,NULL,'object status changed from ldap-sync','','','2026-01-13 19:50:23',2,NULL,'Automation Automation','C__LOGBOOK_EVENT__OBJECT_RECYCLED','Raggal Dirketion','','','LC__CONTACT__TREE__PERSON',NULL,0),
(61950,9603,NULL,2,1,NULL,'object status changed from ldap-sync','','','2026-01-13 19:50:23',2,NULL,'Automation Automation','C__LOGBOOK_EVENT__OBJECT_RECYCLED','Lehrer VS-Raggal','','','LC__CONTACT__TREE__PERSON',NULL,0),
(61951,9603,NULL,2,1,NULL,'object status changed from ldap-sync','','','2026-01-13 19:50:23',2,NULL,'Automation Automation','C__LOGBOOK_EVENT__OBJECT_RECYCLED','10- dhammerer','','','LC__CONTACT__TREE__PERSON',NULL,0),
(61952,9603,NULL,2,1,NULL,'object status changed from ldap-sync','','','2026-01-13 19:50:23',2,NULL,'Automation Automation','C__LOGBOOK_EVENT__OBJECT_RECYCLED','of-admin Jäger Markus','','','LC__CONTACT__TREE__PERSON',NULL,0),
(61953,9603,NULL,2,1,NULL,'object status changed from ldap-sync','','','2026-01-13 19:50:23',2,NULL,'Automation Automation','C__LOGBOOK_EVENT__OBJECT_RECYCLED','15- OF-Chronist','','','LC__CONTACT__TREE__PERSON',NULL,0),
(61954,9603,NULL,2,1,NULL,'object status changed from ldap-sync','','','2026-01-13 19:50:23',2,NULL,'Automation Automation','C__LOGBOOK_EVENT__OBJECT_RECYCLED','10-wolfgang Bickel','','','LC__CONTACT__TREE__PERSON',NULL,0),
(61955,9603,NULL,2,1,NULL,'object status changed from ldap-sync','','','2026-01-13 19:50:23',2,NULL,'Automation Automation','C__LOGBOOK_EVENT__OBJECT_RECYCLED','Benno Wenninger','','','LC__CONTACT__TREE__PERSON',NULL,0),
(61956,9603,NULL,2,1,NULL,'object status changed from ldap-sync','','','2026-01-13 19:50:23',2,NULL,'Automation Automation','C__LOGBOOK_EVENT__OBJECT_RECYCLED','Oliver Mössinger','','','LC__CONTACT__TREE__PERSON',NULL,0),
(61957,9603,NULL,2,1,NULL,'object status changed from ldap-sync','','','2026-01-13 19:50:23',2,NULL,'Automation Automation','C__LOGBOOK_EVENT__OBJECT_RECYCLED','Ulrike Sedlmayr','','','LC__CONTACT__TREE__PERSON',NULL,0),
(61958,9603,NULL,2,1,NULL,'object status changed from ldap-sync','','','2026-01-13 19:50:23',2,NULL,'Automation Automation','C__LOGBOOK_EVENT__OBJECT_RECYCLED','10- tvinzenz','','','LC__CONTACT__TREE__PERSON',NULL,0),
(61959,9603,NULL,2,1,NULL,'object status changed from ldap-sync','','','2026-01-13 19:50:23',2,NULL,'Automation Automation','C__LOGBOOK_EVENT__OBJECT_RECYCLED','Kurt Montibeller','','','LC__CONTACT__TREE__PERSON',NULL,0),
(61960,9603,NULL,2,1,NULL,'object status changed from ldap-sync','','','2026-01-13 19:50:23',2,NULL,'Automation Automation','C__LOGBOOK_EVENT__OBJECT_RECYCLED','Reinhold Morre','','','LC__CONTACT__TREE__PERSON',NULL,0),
(61961,9603,NULL,2,1,NULL,'object status changed from ldap-sync','','','2026-01-13 19:50:23',2,NULL,'Automation Automation','C__LOGBOOK_EVENT__OBJECT_RECYCLED','Peter Osti','','','LC__CONTACT__TREE__PERSON',NULL,0),
(61962,9603,NULL,2,1,NULL,'object status changed from ldap-sync','','','2026-01-13 19:50:23',2,NULL,'Automation Automation','C__LOGBOOK_EVENT__OBJECT_RECYCLED','Birgit Wallner','','','LC__CONTACT__TREE__PERSON',NULL,0),
(61963,9603,NULL,2,1,NULL,'object status changed from ldap-sync','','','2026-01-13 19:50:23',2,NULL,'Automation Automation','C__LOGBOOK_EVENT__OBJECT_RECYCLED','Markus Feuerstein','','','LC__CONTACT__TREE__PERSON',NULL,0),
(61964,9603,NULL,2,1,NULL,'object status changed from ldap-sync','','','2026-01-13 19:50:23',2,NULL,'Automation Automation','C__LOGBOOK_EVENT__OBJECT_RECYCLED','Werner Asam','','','LC__CONTACT__TREE__PERSON',NULL,0),
(61965,9603,NULL,2,1,NULL,'object status changed from ldap-sync','','','2026-01-13 19:50:23',2,NULL,'Automation Automation','C__LOGBOOK_EVENT__OBJECT_RECYCLED','Hermann Manahl','','','LC__CONTACT__TREE__PERSON',NULL,0),
(61966,9603,NULL,2,1,NULL,'object status changed from ldap-sync','','','2026-01-13 19:50:23',2,NULL,'Automation Automation','C__LOGBOOK_EVENT__OBJECT_RECYCLED','62 Sitzungsraum','','','LC__CONTACT__TREE__PERSON',NULL,0),
(61967,9603,NULL,2,1,NULL,'object status changed from ldap-sync','','','2026-01-13 19:50:23',2,NULL,'Automation Automation','C__LOGBOOK_EVENT__OBJECT_RECYCLED','Rainer Klotz','','','LC__CONTACT__TREE__PERSON',NULL,0),
(61968,9603,NULL,2,1,NULL,'object status changed from ldap-sync','','','2026-01-13 19:50:23',2,NULL,'Automation Automation','C__LOGBOOK_EVENT__OBJECT_RECYCLED','Erwin Kositz','','','LC__CONTACT__TREE__PERSON',NULL,0),
(61969,9603,NULL,2,1,NULL,'object status changed from ldap-sync','','','2026-01-13 19:50:23',2,NULL,'Automation Automation','C__LOGBOOK_EVENT__OBJECT_RECYCLED','Alexander Berchtold','','','LC__CONTACT__TREE__PERSON',NULL,0),
(61970,9603,NULL,2,1,NULL,'object status changed from ldap-sync','','','2026-01-13 19:50:24',2,NULL,'Automation Automation','C__LOGBOOK_EVENT__OBJECT_RECYCLED','Vera Jussel','','','LC__CONTACT__TREE__PERSON',NULL,0),
(61971,9603,NULL,2,1,NULL,'object status changed from ldap-sync','','','2026-01-13 19:50:24',2,NULL,'Automation Automation','C__LOGBOOK_EVENT__OBJECT_RECYCLED','Silvia Hartmann','','','LC__CONTACT__TREE__PERSON',NULL,0),
(61972,9603,NULL,2,1,NULL,'object status changed from ldap-sync','','','2026-01-13 19:50:24',2,NULL,'Automation Automation','C__LOGBOOK_EVENT__OBJECT_RECYCLED','Werner Dünser','','','LC__CONTACT__TREE__PERSON',NULL,0),
(61973,9603,NULL,2,1,NULL,'object status changed from ldap-sync','','','2026-01-13 19:50:24',2,NULL,'Automation Automation','C__LOGBOOK_EVENT__OBJECT_RECYCLED','Gabriele Mandak','','','LC__CONTACT__TREE__PERSON',NULL,0),
(61974,9603,NULL,2,1,NULL,'object status changed from ldap-sync','','','2026-01-13 19:50:24',2,NULL,'Automation Automation','C__LOGBOOK_EVENT__OBJECT_RECYCLED','Ferial Praktikant','','','LC__CONTACT__TREE__PERSON',NULL,0),
(61975,9603,NULL,2,1,NULL,'object status changed from ldap-sync','','','2026-01-13 19:50:24',2,NULL,'Automation Automation','C__LOGBOOK_EVENT__OBJECT_RECYCLED','Davennasaal Stallehr','','','LC__CONTACT__TREE__PERSON',NULL,0),
(61976,9603,NULL,2,1,NULL,'object status changed from ldap-sync','','','2026-01-13 19:50:24',2,NULL,'Automation Automation','C__LOGBOOK_EVENT__OBJECT_RECYCLED','service nueziders','','','LC__CONTACT__TREE__PERSON',NULL,0),
(61977,9603,NULL,2,1,NULL,'object status changed from ldap-sync','','','2026-01-13 19:50:24',2,NULL,'Automation Automation','C__LOGBOOK_EVENT__OBJECT_RECYCLED','Ulrike Stocker','','','LC__CONTACT__TREE__PERSON',NULL,0),
(61978,9603,NULL,2,1,NULL,'object status changed from ldap-sync','','','2026-01-13 19:50:24',2,NULL,'Automation Automation','C__LOGBOOK_EVENT__OBJECT_RECYCLED','Lehrer Mittelschule-Ost','','','LC__CONTACT__TREE__PERSON',NULL,0),
(61979,9603,NULL,2,1,NULL,'object status changed from ldap-sync','','','2026-01-13 19:50:24',2,NULL,'Automation Automation','C__LOGBOOK_EVENT__OBJECT_RECYCLED','Buergerforum Bludenz','','','LC__CONTACT__TREE__PERSON',NULL,0),
(61980,9603,NULL,2,1,NULL,'object status changed from ldap-sync','','','2026-01-13 19:50:24',2,NULL,'Automation Automation','C__LOGBOOK_EVENT__OBJECT_RECYCLED','Sonnenbergsaal Nüziders','','','LC__CONTACT__TREE__PERSON',NULL,0),
(61981,9603,NULL,2,1,NULL,'object status changed from ldap-sync','','','2026-01-13 19:50:24',2,NULL,'Automation Automation','C__LOGBOOK_EVENT__OBJECT_RECYCLED','TS user','','','LC__CONTACT__TREE__PERSON',NULL,0),
(61982,9603,NULL,2,1,NULL,'object status changed from ldap-sync','','','2026-01-13 19:50:24',2,NULL,'Automation Automation','C__LOGBOOK_EVENT__OBJECT_RECYCLED','Feuerbeschau Nenzing','','','LC__CONTACT__TREE__PERSON',NULL,0),
(61983,9603,NULL,2,1,NULL,'object status changed from ldap-sync','','','2026-01-13 19:50:24',2,NULL,'Automation Automation','C__LOGBOOK_EVENT__OBJECT_RECYCLED','auer 2','','','LC__CONTACT__TREE__PERSON',NULL,0),
(61984,9603,NULL,2,1,NULL,'object status changed from ldap-sync','','','2026-01-13 19:50:24',2,NULL,'Automation Automation','C__LOGBOOK_EVENT__OBJECT_RECYCLED','Peter Neier','','','LC__CONTACT__TREE__PERSON',NULL,0),
(61985,9603,NULL,2,1,NULL,'object status changed from ldap-sync','','','2026-01-13 19:50:24',2,NULL,'Automation Automation','C__LOGBOOK_EVENT__OBJECT_RECYCLED','Anja Bickel','','','LC__CONTACT__TREE__PERSON',NULL,0),
(61986,9603,NULL,2,1,NULL,'object status changed from ldap-sync','','','2026-01-13 19:50:24',2,NULL,'Automation Automation','C__LOGBOOK_EVENT__OBJECT_RECYCLED','Werner Vergut','','','LC__CONTACT__TREE__PERSON',NULL,0),
(61987,9603,NULL,2,1,NULL,'object status changed from ldap-sync','','','2026-01-13 19:50:24',2,NULL,'Automation Automation','C__LOGBOOK_EVENT__OBJECT_RECYCLED','Christian Kuster','','','LC__CONTACT__TREE__PERSON',NULL,0),
(61988,9603,NULL,2,1,NULL,'object status changed from ldap-sync','','','2026-01-13 19:50:24',2,NULL,'Automation Automation','C__LOGBOOK_EVENT__OBJECT_RECYCLED','Birgit Konzet','','','LC__CONTACT__TREE__PERSON',NULL,0),
(61989,9603,NULL,2,1,NULL,'object status changed from ldap-sync','','','2026-01-13 19:50:24',2,NULL,'Automation Automation','C__LOGBOOK_EVENT__OBJECT_RECYCLED','Karin Kremmel','','','LC__CONTACT__TREE__PERSON',NULL,0),
(61990,9603,NULL,2,1,NULL,'object status changed from ldap-sync','','','2026-01-13 19:50:24',2,NULL,'Automation Automation','C__LOGBOOK_EVENT__OBJECT_RECYCLED','GEZ Ludesch','','','LC__CONTACT__TREE__PERSON',NULL,0),
(61991,9603,NULL,2,1,NULL,'object status changed from ldap-sync','','','2026-01-13 19:50:24',2,NULL,'Automation Automation','C__LOGBOOK_EVENT__OBJECT_RECYCLED','Jugend-Integration Praktikant/-in','','','LC__CONTACT__TREE__PERSON',NULL,0),
(61992,9603,NULL,2,1,NULL,'object status changed from ldap-sync','','','2026-01-13 19:50:24',2,NULL,'Automation Automation','C__LOGBOOK_EVENT__OBJECT_RECYCLED','fw- atemschutz','','','LC__CONTACT__TREE__PERSON',NULL,0),
(61993,9603,NULL,2,1,NULL,'object status changed from ldap-sync','','','2026-01-13 19:50:24',2,NULL,'Automation Automation','C__LOGBOOK_EVENT__OBJECT_RECYCLED','fw- chronist','','','LC__CONTACT__TREE__PERSON',NULL,0),
(61994,9603,NULL,2,1,NULL,'object status changed from ldap-sync','','','2026-01-13 19:50:24',2,NULL,'Automation Automation','C__LOGBOOK_EVENT__OBJECT_RECYCLED','fw- kommandant-stv','','','LC__CONTACT__TREE__PERSON',NULL,0),
(61995,9603,NULL,2,1,NULL,'object status changed from ldap-sync','','','2026-01-13 19:50:24',2,NULL,'Automation Automation','C__LOGBOOK_EVENT__OBJECT_RECYCLED','fw- webmaster','','','LC__CONTACT__TREE__PERSON',NULL,0),
(61996,9603,NULL,2,1,NULL,'object status changed from ldap-sync','','','2026-01-13 19:50:24',2,NULL,'Automation Automation','C__LOGBOOK_EVENT__OBJECT_RECYCLED','emarketer- Elmer Werner','','','LC__CONTACT__TREE__PERSON',NULL,0),
(61997,9603,NULL,2,1,NULL,'object status changed from ldap-sync','','','2026-01-13 19:50:24',2,NULL,'Automation Automation','C__LOGBOOK_EVENT__OBJECT_RECYCLED','Doris Reinberger','','','LC__CONTACT__TREE__PERSON',NULL,0),
(61998,9603,NULL,2,1,NULL,'object status changed from ldap-sync','','','2026-01-13 19:50:24',2,NULL,'Automation Automation','C__LOGBOOK_EVENT__OBJECT_RECYCLED','Hubert Burtscher','','','LC__CONTACT__TREE__PERSON',NULL,0),
(61999,9603,NULL,2,1,NULL,'object status changed from ldap-sync','','','2026-01-13 19:50:24',2,NULL,'Automation Automation','C__LOGBOOK_EVENT__OBJECT_RECYCLED','Bettina Falch','','','LC__CONTACT__TREE__PERSON',NULL,0),
(62000,9603,NULL,2,1,NULL,'object status changed from ldap-sync','','','2026-01-13 19:50:24',2,NULL,'Automation Automation','C__LOGBOOK_EVENT__OBJECT_RECYCLED','hp plotter','','','LC__CONTACT__TREE__PERSON',NULL,0),
(62001,9603,NULL,2,1,NULL,'object status changed from ldap-sync','','','2026-01-13 19:50:24',2,NULL,'Automation Automation','C__LOGBOOK_EVENT__OBJECT_RECYCLED','Michael Tinkhauser','','','LC__CONTACT__TREE__PERSON',NULL,0),
(62002,9603,NULL,2,1,NULL,'object status changed from ldap-sync','','','2026-01-13 19:50:24',2,NULL,'Automation Automation','C__LOGBOOK_EVENT__OBJECT_RECYCLED','Alexandra Johler','','','LC__CONTACT__TREE__PERSON',NULL,0),
(62003,9603,NULL,2,1,NULL,'object status changed from ldap-sync','','','2026-01-13 19:50:24',2,NULL,'Automation Automation','C__LOGBOOK_EVENT__OBJECT_RECYCLED','62- KIM','','','LC__CONTACT__TREE__PERSON',NULL,0),
(62004,9603,NULL,2,1,NULL,'object status changed from ldap-sync','','','2026-01-13 19:50:24',2,NULL,'Automation Automation','C__LOGBOOK_EVENT__OBJECT_RECYCLED','Alois Kofler','','','LC__CONTACT__TREE__PERSON',NULL,0),
(62005,9603,NULL,2,1,NULL,'object status changed from ldap-sync','','','2026-01-13 19:50:24',2,NULL,'Automation Automation','C__LOGBOOK_EVENT__OBJECT_RECYCLED','Monika Fritz','','','LC__CONTACT__TREE__PERSON',NULL,0),
(62006,9603,NULL,2,1,NULL,'object status changed from ldap-sync','','','2026-01-13 19:50:24',2,NULL,'Automation Automation','C__LOGBOOK_EVENT__OBJECT_RECYCLED','Evelyn Grebenz','','','LC__CONTACT__TREE__PERSON',NULL,0),
(62007,9603,NULL,2,1,NULL,'object status changed from ldap-sync','','','2026-01-13 19:50:24',2,NULL,'Automation Automation','C__LOGBOOK_EVENT__OBJECT_RECYCLED','Kulturverein Remise','','','LC__CONTACT__TREE__PERSON',NULL,0),
(62008,9603,NULL,2,1,NULL,'object status changed from ldap-sync','','','2026-01-13 19:50:24',2,NULL,'Automation Automation','C__LOGBOOK_EVENT__OBJECT_RECYCLED','Ingrid Nessler','','','LC__CONTACT__TREE__PERSON',NULL,0),
(62009,9603,NULL,2,1,NULL,'object status changed from ldap-sync','','','2026-01-13 19:50:24',2,NULL,'Automation Automation','C__LOGBOOK_EVENT__OBJECT_RECYCLED','stadtsaal- Team','','','LC__CONTACT__TREE__PERSON',NULL,0),
(62010,9603,NULL,2,1,NULL,'object status changed from ldap-sync','','','2026-01-13 19:50:24',2,NULL,'Automation Automation','C__LOGBOOK_EVENT__OBJECT_RECYCLED','Klaus Allgäuer','','','LC__CONTACT__TREE__PERSON',NULL,0),
(62011,9603,NULL,2,1,NULL,'object status changed from ldap-sync','','','2026-01-13 19:50:24',2,NULL,'Automation Automation','C__LOGBOOK_EVENT__OBJECT_RECYCLED','Josef Katzenmayer','','','LC__CONTACT__TREE__PERSON',NULL,0),
(62012,9603,NULL,2,1,NULL,'object status changed from ldap-sync','','','2026-01-13 19:50:24',2,NULL,'Automation Automation','C__LOGBOOK_EVENT__OBJECT_RECYCLED','mitarbeiter remise','','','LC__CONTACT__TREE__PERSON',NULL,0),
(62013,9603,NULL,2,1,NULL,'object status changed from ldap-sync','','','2026-01-13 19:50:24',2,NULL,'Automation Automation','C__LOGBOOK_EVENT__OBJECT_RECYCLED','Carmen Reiter','','','LC__CONTACT__TREE__PERSON',NULL,0),
(62014,9603,NULL,2,1,NULL,'object status changed from ldap-sync','','','2026-01-13 19:50:24',2,NULL,'Automation Automation','C__LOGBOOK_EVENT__OBJECT_RECYCLED','Kindergarten St. Peter','','','LC__CONTACT__TREE__PERSON',NULL,0),
(62015,9603,NULL,2,1,NULL,'object status changed from ldap-sync','','','2026-01-13 19:50:24',2,NULL,'Automation Automation','C__LOGBOOK_EVENT__OBJECT_RECYCLED','Personal Feldkirch','','','LC__CONTACT__TREE__PERSON',NULL,0),
(62016,9603,NULL,2,1,NULL,'object status changed from ldap-sync','','','2026-01-13 19:50:24',2,NULL,'Automation Automation','C__LOGBOOK_EVENT__OBJECT_RECYCLED','Herlinde Vonbank','','','LC__CONTACT__TREE__PERSON',NULL,0),
(62017,9603,NULL,2,1,NULL,'object status changed from ldap-sync','','','2026-01-13 19:50:24',2,NULL,'Automation Automation','C__LOGBOOK_EVENT__OBJECT_RECYCLED','Dietmar Plangg','','','LC__CONTACT__TREE__PERSON',NULL,0),
(62018,9603,NULL,2,1,NULL,'object status changed from ldap-sync','','','2026-01-13 19:50:24',2,NULL,'Automation Automation','C__LOGBOOK_EVENT__OBJECT_RECYCLED','15- pflege2','','','LC__CONTACT__TREE__PERSON',NULL,0),
(62019,9603,NULL,2,1,NULL,'object status changed from ldap-sync','','','2026-01-13 19:50:24',2,NULL,'Automation Automation','C__LOGBOOK_EVENT__OBJECT_RECYCLED','Wolfgang Corn','','','LC__CONTACT__TREE__PERSON',NULL,0),
(62020,9603,NULL,2,1,NULL,'object status changed from ldap-sync','','','2026-01-13 19:50:24',2,NULL,'Automation Automation','C__LOGBOOK_EVENT__OBJECT_RECYCLED','Manuela Müller','','','LC__CONTACT__TREE__PERSON',NULL,0),
(62021,9603,NULL,2,1,NULL,'object status changed from ldap-sync','','','2026-01-13 19:50:24',2,NULL,'Automation Automation','C__LOGBOOK_EVENT__OBJECT_RECYCLED','15- pflege1','','','LC__CONTACT__TREE__PERSON',NULL,0),
(62022,9603,NULL,2,1,NULL,'object status changed from ldap-sync','','','2026-01-13 19:50:24',2,NULL,'Automation Automation','C__LOGBOOK_EVENT__OBJECT_RECYCLED','63- Bauhof','','','LC__CONTACT__TREE__PERSON',NULL,0),
(62023,9603,NULL,2,1,NULL,'object status changed from ldap-sync','','','2026-01-13 19:50:24',2,NULL,'Automation Automation','C__LOGBOOK_EVENT__OBJECT_RECYCLED','arbeitsplatz 102','','','LC__CONTACT__TREE__PERSON',NULL,0),
(62024,9603,NULL,2,1,NULL,'object status changed from ldap-sync','','','2026-01-13 19:50:25',2,NULL,'Automation Automation','C__LOGBOOK_EVENT__OBJECT_RECYCLED','Erika Kronabitter','','','LC__CONTACT__TREE__PERSON',NULL,0),
(62025,9603,NULL,2,1,NULL,'object status changed from ldap-sync','','','2026-01-13 19:50:25',2,NULL,'Automation Automation','C__LOGBOOK_EVENT__OBJECT_RECYCLED','Helmut Bischof','','','LC__CONTACT__TREE__PERSON',NULL,0),
(62026,9603,NULL,2,1,NULL,'object status changed from ldap-sync','','','2026-01-13 19:50:25',2,NULL,'Automation Automation','C__LOGBOOK_EVENT__OBJECT_RECYCLED','Manuela Schallert (inaktiv)','','','LC__CONTACT__TREE__PERSON',NULL,0),
(62027,9603,NULL,2,1,NULL,'object status changed from ldap-sync','','','2026-01-13 19:50:25',2,NULL,'Automation Automation','C__LOGBOOK_EVENT__OBJECT_RECYCLED','meldeamt 1','','','LC__CONTACT__TREE__PERSON',NULL,0),
(62028,9603,NULL,2,1,NULL,'object status changed from ldap-sync','','','2026-01-13 19:50:25',2,NULL,'Automation Automation','C__LOGBOOK_EVENT__OBJECT_RECYCLED','meldeamt 2','','','LC__CONTACT__TREE__PERSON',NULL,0),
(62029,9603,NULL,2,1,NULL,'object status changed from ldap-sync','','','2026-01-13 19:50:25',2,NULL,'Automation Automation','C__LOGBOOK_EVENT__OBJECT_RECYCLED','diskret raum','','','LC__CONTACT__TREE__PERSON',NULL,0),
(62030,9603,NULL,2,1,NULL,'object status changed from ldap-sync','','','2026-01-13 19:50:25',2,NULL,'Automation Automation','C__LOGBOOK_EVENT__OBJECT_RECYCLED','Johann Fleisch','','','LC__CONTACT__TREE__PERSON',NULL,0),
(62031,9603,NULL,2,1,NULL,'object status changed from ldap-sync','','','2026-01-13 19:50:25',2,NULL,'Automation Automation','C__LOGBOOK_EVENT__OBJECT_RECYCLED','Ewald Frei','','','LC__CONTACT__TREE__PERSON',NULL,0),
(62032,9603,NULL,2,1,NULL,'object status changed from ldap-sync','','','2026-01-13 19:50:25',2,NULL,'Automation Automation','C__LOGBOOK_EVENT__OBJECT_RECYCLED','Maria Frei','','','LC__CONTACT__TREE__PERSON',NULL,0),
(62033,9603,NULL,2,1,NULL,'object status changed from ldap-sync','','','2026-01-13 19:50:25',2,NULL,'Automation Automation','C__LOGBOOK_EVENT__OBJECT_RECYCLED','Edwin Wulz','','','LC__CONTACT__TREE__PERSON',NULL,0),
(62034,9603,NULL,2,1,NULL,'object status changed from ldap-sync','','','2026-01-13 19:50:25',2,NULL,'Automation Automation','C__LOGBOOK_EVENT__OBJECT_RECYCLED','Marianne Bickel','','','LC__CONTACT__TREE__PERSON',NULL,0),
(62035,9603,NULL,2,1,NULL,'object status changed from ldap-sync','','','2026-01-13 19:50:25',2,NULL,'Automation Automation','C__LOGBOOK_EVENT__OBJECT_RECYCLED','61-fw- fuwart','','','LC__CONTACT__TREE__PERSON',NULL,0),
(62036,9603,NULL,2,1,NULL,'object status changed from ldap-sync','','','2026-01-13 19:50:25',2,NULL,'Automation Automation','C__LOGBOOK_EVENT__OBJECT_RECYCLED','61- kdt','','','LC__CONTACT__TREE__PERSON',NULL,0),
(62037,9603,NULL,2,1,NULL,'object status changed from ldap-sync','','','2026-01-13 19:50:25',2,NULL,'Automation Automation','C__LOGBOOK_EVENT__OBJECT_RECYCLED','61-fw- KdtStv','','','LC__CONTACT__TREE__PERSON',NULL,0),
(62038,9603,NULL,2,1,NULL,'object status changed from ldap-sync','','','2026-01-13 19:50:25',2,NULL,'Automation Automation','C__LOGBOOK_EVENT__OBJECT_RECYCLED','vs-nenzing- direktion','','','LC__CONTACT__TREE__PERSON',NULL,0),
(62039,9603,NULL,2,1,NULL,'object status changed from ldap-sync','','','2026-01-13 19:50:25',2,NULL,'Automation Automation','C__LOGBOOK_EVENT__OBJECT_RECYCLED','Florian Kasseroler','','','LC__CONTACT__TREE__PERSON',NULL,0),
(62040,9603,NULL,2,1,NULL,'object status changed from ldap-sync','','','2026-01-13 19:50:25',2,NULL,'Automation Automation','C__LOGBOOK_EVENT__OBJECT_RECYCLED','61- GIS','','','LC__CONTACT__TREE__PERSON',NULL,0),
(62041,9603,NULL,2,1,NULL,'object status changed from ldap-sync','','','2026-01-13 19:50:25',2,NULL,'Automation Automation','C__LOGBOOK_EVENT__OBJECT_RECYCLED','Herbert Roesler','','','LC__CONTACT__TREE__PERSON',NULL,0),
(62042,9603,NULL,2,1,NULL,'object status changed from ldap-sync','','','2026-01-13 19:50:25',2,NULL,'Automation Automation','C__LOGBOOK_EVENT__OBJECT_RECYCLED','61- schulwart','','','LC__CONTACT__TREE__PERSON',NULL,0),
(62043,9603,NULL,2,1,NULL,'object status changed from ldap-sync','','','2026-01-13 19:50:25',2,NULL,'Automation Automation','C__LOGBOOK_EVENT__OBJECT_RECYCLED','Angelika Diem','','','LC__CONTACT__TREE__PERSON',NULL,0),
(62044,9603,NULL,2,1,NULL,'object status changed from ldap-sync','','','2026-01-13 19:50:25',2,NULL,'Automation Automation','C__LOGBOOK_EVENT__OBJECT_RECYCLED','54- archiv','','','LC__CONTACT__TREE__PERSON',NULL,0),
(62045,9603,NULL,2,1,NULL,'object status changed from ldap-sync','','','2026-01-13 19:50:25',2,NULL,'Automation Automation','C__LOGBOOK_EVENT__OBJECT_RECYCLED','54- ferial','','','LC__CONTACT__TREE__PERSON',NULL,0),
(62046,9603,NULL,2,1,NULL,'object status changed from ldap-sync','','','2026-01-13 19:50:25',2,NULL,'Automation Automation','C__LOGBOOK_EVENT__OBJECT_RECYCLED','admin- poly','','','LC__CONTACT__TREE__PERSON',NULL,0),
(62047,9603,NULL,2,1,NULL,'object status changed from ldap-sync','','','2026-01-13 19:50:25',2,NULL,'Automation Automation','C__LOGBOOK_EVENT__OBJECT_RECYCLED','Karin Schuricht','','','LC__CONTACT__TREE__PERSON',NULL,0),
(62048,9603,NULL,2,1,NULL,'object status changed from ldap-sync','','','2026-01-13 19:50:25',2,NULL,'Automation Automation','C__LOGBOOK_EVENT__OBJECT_RECYCLED','Thüringen Sitzungsraum','','','LC__CONTACT__TREE__PERSON',NULL,0),
(62049,9603,NULL,2,1,NULL,'object status changed from ldap-sync','','','2026-01-13 19:50:25',2,NULL,'Automation Automation','C__LOGBOOK_EVENT__OBJECT_RECYCLED','admin- ost','','','LC__CONTACT__TREE__PERSON',NULL,0),
(62050,9603,NULL,2,1,NULL,'object status changed from ldap-sync','','','2026-01-13 19:50:25',2,NULL,'Automation Automation','C__LOGBOOK_EVENT__OBJECT_RECYCLED','54- kpv','','','LC__CONTACT__TREE__PERSON',NULL,0),
(62051,9603,NULL,2,1,NULL,'object status changed from ldap-sync','','','2026-01-13 19:50:25',2,NULL,'Automation Automation','C__LOGBOOK_EVENT__OBJECT_RECYCLED','Natascha Fritz','','','LC__CONTACT__TREE__PERSON',NULL,0),
(62052,9603,NULL,2,1,NULL,'object status changed from ldap-sync','','','2026-01-13 19:50:25',2,NULL,'Automation Automation','C__LOGBOOK_EVENT__OBJECT_RECYCLED','61-fw- archiv','','','LC__CONTACT__TREE__PERSON',NULL,0),
(62053,9603,NULL,2,1,NULL,'object status changed from ldap-sync','','','2026-01-13 19:50:25',2,NULL,'Automation Automation','C__LOGBOOK_EVENT__OBJECT_RECYCLED','Marie Huber','','','LC__CONTACT__TREE__PERSON',NULL,0),
(62054,9603,NULL,2,1,NULL,'object status changed from ldap-sync','','','2026-01-13 19:50:25',2,NULL,'Automation Automation','C__LOGBOOK_EVENT__OBJECT_RECYCLED','Gabi Khoo','','','LC__CONTACT__TREE__PERSON',NULL,0),
(62055,9603,NULL,2,1,NULL,'object status changed from ldap-sync','','','2026-01-13 19:50:25',2,NULL,'Automation Automation','C__LOGBOOK_EVENT__OBJECT_RECYCLED','Elena Rauch','','','LC__CONTACT__TREE__PERSON',NULL,0),
(62056,9603,NULL,2,1,NULL,'object status changed from ldap-sync','','','2026-01-13 19:50:25',2,NULL,'Automation Automation','C__LOGBOOK_EVENT__OBJECT_RECYCLED','Stefanie Spiß','','','LC__CONTACT__TREE__PERSON',NULL,0),
(62057,9603,NULL,2,1,NULL,'object status changed from ldap-sync','','','2026-01-13 19:50:25',2,NULL,'Automation Automation','C__LOGBOOK_EVENT__OBJECT_RECYCLED','Anna Burtscher','','','LC__CONTACT__TREE__PERSON',NULL,0),
(62058,9603,NULL,2,1,NULL,'object status changed from ldap-sync','','','2026-01-13 19:50:25',2,NULL,'Automation Automation','C__LOGBOOK_EVENT__OBJECT_RECYCLED','Harald Amann','','','LC__CONTACT__TREE__PERSON',NULL,0),
(62059,9603,NULL,2,1,NULL,'object status changed from ldap-sync','','','2026-01-13 19:50:25',2,NULL,'Automation Automation','C__LOGBOOK_EVENT__OBJECT_RECYCLED','15-of- kommandant','','','LC__CONTACT__TREE__PERSON',NULL,0),
(62060,9603,NULL,2,1,NULL,'object status changed from ldap-sync','','','2026-01-13 19:50:25',2,NULL,'Automation Automation','C__LOGBOOK_EVENT__OBJECT_RECYCLED','Max Eckert','','','LC__CONTACT__TREE__PERSON',NULL,0),
(62061,9603,NULL,2,1,NULL,'object status changed from ldap-sync','','','2026-01-13 19:50:25',2,NULL,'Automation Automation','C__LOGBOOK_EVENT__OBJECT_RECYCLED','Kordula Hepperger','','','LC__CONTACT__TREE__PERSON',NULL,0),
(62062,9603,NULL,2,1,NULL,'object status changed from ldap-sync','','','2026-01-13 19:50:25',2,NULL,'Automation Automation','C__LOGBOOK_EVENT__OBJECT_RECYCLED','Josef Pfefferkorn','','','LC__CONTACT__TREE__PERSON',NULL,0),
(62063,9603,NULL,2,1,NULL,'object status changed from ldap-sync','','','2026-01-13 19:50:25',2,NULL,'Automation Automation','C__LOGBOOK_EVENT__OBJECT_RECYCLED','Gebhard Bitsche','','','LC__CONTACT__TREE__PERSON',NULL,0),
(62064,9603,NULL,2,1,NULL,'object status changed from ldap-sync','','','2026-01-13 19:50:25',2,NULL,'Automation Automation','C__LOGBOOK_EVENT__OBJECT_RECYCLED','Kindergarten bludesch','','','LC__CONTACT__TREE__PERSON',NULL,0),
(62065,9603,NULL,2,1,NULL,'object status changed from ldap-sync','','','2026-01-13 19:50:25',2,NULL,'Automation Automation','C__LOGBOOK_EVENT__OBJECT_RECYCLED','auer-5402 auer-5402','','','LC__CONTACT__TREE__PERSON',NULL,0),
(62066,9603,NULL,2,1,NULL,'object status changed from ldap-sync','','','2026-01-13 19:50:25',2,NULL,'Automation Automation','C__LOGBOOK_EVENT__OBJECT_RECYCLED','Manfred Walser','','','LC__CONTACT__TREE__PERSON',NULL,0),
(62067,9603,NULL,2,1,NULL,'object status changed from ldap-sync','','','2026-01-13 19:50:25',2,NULL,'Automation Automation','C__LOGBOOK_EVENT__OBJECT_RECYCLED','61- Lehrling','','','LC__CONTACT__TREE__PERSON',NULL,0),
(62068,9603,NULL,2,1,NULL,'object status changed from ldap-sync','','','2026-01-13 19:50:25',2,NULL,'Automation Automation','C__LOGBOOK_EVENT__OBJECT_RECYCLED','Peter Benauer','','','LC__CONTACT__TREE__PERSON',NULL,0),
(62069,9603,NULL,2,1,NULL,'object status changed from ldap-sync','','','2026-01-13 19:50:25',2,NULL,'Automation Automation','C__LOGBOOK_EVENT__OBJECT_RECYCLED','Irene Eisenbraun','','','LC__CONTACT__TREE__PERSON',NULL,0),
(62070,9603,NULL,2,1,NULL,'object status changed from ldap-sync','','','2026-01-13 19:50:25',2,NULL,'Automation Automation','C__LOGBOOK_EVENT__OBJECT_RECYCLED','DLZ- brueckenwaage','','','LC__CONTACT__TREE__PERSON',NULL,0),
(62071,9603,NULL,2,1,NULL,'object status changed from ldap-sync','','','2026-01-13 19:50:25',2,NULL,'Automation Automation','C__LOGBOOK_EVENT__OBJECT_RECYCLED','Doris Schanung','','','LC__CONTACT__TREE__PERSON',NULL,0),
(62072,9603,NULL,2,1,NULL,'object status changed from ldap-sync','','','2026-01-13 19:50:25',2,NULL,'Automation Automation','C__LOGBOOK_EVENT__OBJECT_RECYCLED','DLZ- video','','','LC__CONTACT__TREE__PERSON',NULL,0),
(62073,9603,NULL,2,1,NULL,'object status changed from ldap-sync','','','2026-01-13 19:50:25',2,NULL,'Automation Automation','C__LOGBOOK_EVENT__OBJECT_RECYCLED','Kult Pur Nüziders','','','LC__CONTACT__TREE__PERSON',NULL,0),
(62074,9603,NULL,2,1,NULL,'object status changed from ldap-sync','','','2026-01-13 19:50:25',2,NULL,'Automation Automation','C__LOGBOOK_EVENT__OBJECT_RECYCLED','Mail Loop','','','LC__CONTACT__TREE__PERSON',NULL,0),
(62075,9603,NULL,2,1,NULL,'object status changed from ldap-sync','','','2026-01-13 19:50:25',2,NULL,'Automation Automation','C__LOGBOOK_EVENT__OBJECT_RECYCLED','vs-nenzing- lehrer','','','LC__CONTACT__TREE__PERSON',NULL,0),
(62076,9603,NULL,2,1,NULL,'object status changed from ldap-sync','','','2026-01-13 19:50:25',2,NULL,'Automation Automation','C__LOGBOOK_EVENT__OBJECT_RECYCLED','16- termine','','','LC__CONTACT__TREE__PERSON',NULL,0),
(62077,9603,NULL,2,1,NULL,'object status changed from ldap-sync','','','2026-01-13 19:50:25',2,NULL,'Automation Automation','C__LOGBOOK_EVENT__OBJECT_RECYCLED','tb- nueziders','','','LC__CONTACT__TREE__PERSON',NULL,0),
(62078,9603,NULL,2,1,NULL,'object status changed from ldap-sync','','','2026-01-13 19:50:26',2,NULL,'Automation Automation','C__LOGBOOK_EVENT__OBJECT_RECYCLED','Michael Beck','','','LC__CONTACT__TREE__PERSON',NULL,0),
(62079,9603,NULL,2,1,NULL,'object status changed from ldap-sync','','','2026-01-13 19:50:26',2,NULL,'Automation Automation','C__LOGBOOK_EVENT__OBJECT_RECYCLED','15- canon','','','LC__CONTACT__TREE__PERSON',NULL,0),
(62080,9603,NULL,2,1,NULL,'object status changed from ldap-sync','','','2026-01-13 19:50:26',2,NULL,'Automation Automation','C__LOGBOOK_EVENT__OBJECT_RECYCLED','FW- Buerserberg','','','LC__CONTACT__TREE__PERSON',NULL,0),
(62081,9603,NULL,2,1,NULL,'object status changed from ldap-sync','','','2026-01-13 19:50:26',2,NULL,'Automation Automation','C__LOGBOOK_EVENT__OBJECT_RECYCLED','Alois Gassner','','','LC__CONTACT__TREE__PERSON',NULL,0),
(62082,9603,NULL,2,1,NULL,'object status changed from ldap-sync','','','2026-01-13 19:50:26',2,NULL,'Automation Automation','C__LOGBOOK_EVENT__OBJECT_RECYCLED','Barbara Dietrich','','','LC__CONTACT__TREE__PERSON',NULL,0),
(62083,9603,NULL,2,1,NULL,'object status changed from ldap-sync','','','2026-01-13 19:50:26',2,NULL,'Automation Automation','C__LOGBOOK_EVENT__OBJECT_RECYCLED','Martin Grass','','','LC__CONTACT__TREE__PERSON',NULL,0),
(62084,9603,NULL,2,1,NULL,'object status changed from ldap-sync','','','2026-01-13 19:50:26',2,NULL,'Automation Automation','C__LOGBOOK_EVENT__OBJECT_RECYCLED','Marcel Metzler','','','LC__CONTACT__TREE__PERSON',NULL,0),
(62085,9603,NULL,2,1,NULL,'object status changed from ldap-sync','','','2026-01-13 19:50:26',2,NULL,'Automation Automation','C__LOGBOOK_EVENT__OBJECT_RECYCLED','Simon Hagen','','','LC__CONTACT__TREE__PERSON',NULL,0),
(62086,9603,NULL,2,1,NULL,'object status changed from ldap-sync','','','2026-01-13 19:50:26',2,NULL,'Automation Automation','C__LOGBOOK_EVENT__OBJECT_RECYCLED','VS-Nenzing- Sekretariat','','','LC__CONTACT__TREE__PERSON',NULL,0),
(62087,9603,NULL,2,1,NULL,'object status changed from ldap-sync','','','2026-01-13 19:50:26',2,NULL,'Automation Automation','C__LOGBOOK_EVENT__OBJECT_RECYCLED','54- tagesbetreuung','','','LC__CONTACT__TREE__PERSON',NULL,0),
(62088,9603,NULL,2,1,NULL,'object status changed from ldap-sync','','','2026-01-13 19:50:26',2,NULL,'Automation Automation','C__LOGBOOK_EVENT__OBJECT_RECYCLED','Wolfgang Gabl','','','LC__CONTACT__TREE__PERSON',NULL,0),
(62089,9603,NULL,2,1,NULL,'object status changed from ldap-sync','','','2026-01-13 19:50:26',2,NULL,'Automation Automation','C__LOGBOOK_EVENT__OBJECT_RECYCLED','Sozial- abteilung','','','LC__CONTACT__TREE__PERSON',NULL,0),
(62090,9603,NULL,2,1,NULL,'object status changed from ldap-sync','','','2026-01-13 19:50:26',2,NULL,'Automation Automation','C__LOGBOOK_EVENT__OBJECT_RECYCLED','Klaudija Sisljagic','','','LC__CONTACT__TREE__PERSON',NULL,0),
(62091,9603,NULL,2,1,NULL,'object status changed from ldap-sync','','','2026-01-13 19:50:26',2,NULL,'Automation Automation','C__LOGBOOK_EVENT__OBJECT_RECYCLED','kim- em','','','LC__CONTACT__TREE__PERSON',NULL,0),
(62092,9603,NULL,2,1,NULL,'object status changed from ldap-sync','','','2026-01-13 19:50:26',2,NULL,'Automation Automation','C__LOGBOOK_EVENT__OBJECT_RECYCLED','15-OF- WZ','','','LC__CONTACT__TREE__PERSON',NULL,0),
(62093,9603,NULL,2,1,NULL,'object status changed from ldap-sync','','','2026-01-13 19:50:26',2,NULL,'Automation Automation','C__LOGBOOK_EVENT__OBJECT_RECYCLED','15- OF-Atemschutz','','','LC__CONTACT__TREE__PERSON',NULL,0),
(62094,9603,NULL,2,1,NULL,'object status changed from ldap-sync','','','2026-01-13 19:50:26',2,NULL,'Automation Automation','C__LOGBOOK_EVENT__OBJECT_RECYCLED','15- OF-Bekleidung','','','LC__CONTACT__TREE__PERSON',NULL,0),
(62095,9603,NULL,2,1,NULL,'object status changed from ldap-sync','','','2026-01-13 19:50:26',2,NULL,'Automation Automation','C__LOGBOOK_EVENT__OBJECT_RECYCLED','15- OF-Funk','','','LC__CONTACT__TREE__PERSON',NULL,0),
(62096,9603,NULL,2,1,NULL,'object status changed from ldap-sync','','','2026-01-13 19:50:26',2,NULL,'Automation Automation','C__LOGBOOK_EVENT__OBJECT_RECYCLED','15- OF-Fahrzeuge','','','LC__CONTACT__TREE__PERSON',NULL,0),
(62097,9603,NULL,2,1,NULL,'object status changed from ldap-sync','','','2026-01-13 19:50:26',2,NULL,'Automation Automation','C__LOGBOOK_EVENT__OBJECT_RECYCLED','15-of- Kommandant-Stellvertreter','','','LC__CONTACT__TREE__PERSON',NULL,0),
(62098,9603,NULL,2,1,NULL,'object status changed from ldap-sync','','','2026-01-13 19:50:26',2,NULL,'Automation Automation','C__LOGBOOK_EVENT__OBJECT_RECYCLED','15-of- web','','','LC__CONTACT__TREE__PERSON',NULL,0),
(62099,9603,NULL,2,1,NULL,'object status changed from ldap-sync','','','2026-01-13 19:50:26',2,NULL,'Automation Automation','C__LOGBOOK_EVENT__OBJECT_RECYCLED','Krankenpflege- Mohi-StV','','','LC__CONTACT__TREE__PERSON',NULL,0),
(62100,9603,NULL,2,1,NULL,'object status changed from ldap-sync','','','2026-01-13 19:50:26',2,NULL,'Automation Automation','C__LOGBOOK_EVENT__OBJECT_RECYCLED','Adolf Bitschnau','','','LC__CONTACT__TREE__PERSON',NULL,0),
(62101,9603,NULL,2,1,NULL,'object status changed from ldap-sync','','','2026-01-13 19:50:26',2,NULL,'Automation Automation','C__LOGBOOK_EVENT__OBJECT_RECYCLED','Loreen Erhard','','','LC__CONTACT__TREE__PERSON',NULL,0),
(62102,9603,NULL,2,1,NULL,'object status changed from ldap-sync','','','2026-01-13 19:50:26',2,NULL,'Automation Automation','C__LOGBOOK_EVENT__OBJECT_RECYCLED','Daniela Gottwald','','','LC__CONTACT__TREE__PERSON',NULL,0),
(62103,9603,NULL,2,1,NULL,'object status changed from ldap-sync','','','2026-01-13 19:50:26',2,NULL,'Automation Automation','C__LOGBOOK_EVENT__OBJECT_RECYCLED','Hans Mayr','','','LC__CONTACT__TREE__PERSON',NULL,0),
(62104,9603,NULL,2,1,NULL,'object status changed from ldap-sync','','','2026-01-13 19:50:26',2,NULL,'Automation Automation','C__LOGBOOK_EVENT__OBJECT_RECYCLED','Sarah Kessler','','','LC__CONTACT__TREE__PERSON',NULL,0),
(62105,9603,NULL,2,1,NULL,'object status changed from ldap-sync','','','2026-01-13 19:50:26',2,NULL,'Automation Automation','C__LOGBOOK_EVENT__OBJECT_RECYCLED','Horst Fischer','','','LC__CONTACT__TREE__PERSON',NULL,0),
(62106,9603,NULL,2,1,NULL,'object status changed from ldap-sync','','','2026-01-13 19:50:26',2,NULL,'Automation Automation','C__LOGBOOK_EVENT__OBJECT_RECYCLED','Sandra Tschernitz','','','LC__CONTACT__TREE__PERSON',NULL,0),
(62107,9603,NULL,2,1,NULL,'object status changed from ldap-sync','','','2026-01-13 19:50:26',2,NULL,'Automation Automation','C__LOGBOOK_EVENT__OBJECT_RECYCLED','Klaus Pfefferkorn','','','LC__CONTACT__TREE__PERSON',NULL,0),
(62108,9603,NULL,2,1,NULL,'object status changed from ldap-sync','','','2026-01-13 19:50:26',2,NULL,'Automation Automation','C__LOGBOOK_EVENT__OBJECT_RECYCLED','Landes Rechnungshof','','','LC__CONTACT__TREE__PERSON',NULL,0),
(62109,9603,NULL,2,1,NULL,'object status changed from ldap-sync','','','2026-01-13 19:50:26',2,NULL,'Automation Automation','C__LOGBOOK_EVENT__OBJECT_RECYCLED','kg- amsunnabuehel','','','LC__CONTACT__TREE__PERSON',NULL,0),
(62110,9603,NULL,2,1,NULL,'object status changed from ldap-sync','','','2026-01-13 19:50:26',2,NULL,'Automation Automation','C__LOGBOOK_EVENT__OBJECT_RECYCLED','87- praktikant','','','LC__CONTACT__TREE__PERSON',NULL,0),
(62111,9603,NULL,2,1,NULL,'object status changed from ldap-sync','','','2026-01-13 19:50:26',2,NULL,'Automation Automation','C__LOGBOOK_EVENT__OBJECT_RECYCLED','Bücherei- VS-Obdorf','','','LC__CONTACT__TREE__PERSON',NULL,0),
(62112,9603,NULL,2,1,NULL,'object status changed from ldap-sync','','','2026-01-13 19:50:26',2,NULL,'Automation Automation','C__LOGBOOK_EVENT__OBJECT_RECYCLED','Alexander Thaler (Mag.)','','','LC__CONTACT__TREE__PERSON',NULL,0),
(62113,9603,NULL,2,1,NULL,'object status changed from ldap-sync','','','2026-01-13 19:50:26',2,NULL,'Automation Automation','C__LOGBOOK_EVENT__OBJECT_RECYCLED','62- em','','','LC__CONTACT__TREE__PERSON',NULL,0),
(62114,9603,NULL,2,1,NULL,'object status changed from ldap-sync','','','2026-01-13 19:50:26',2,NULL,'Automation Automation','C__LOGBOOK_EVENT__OBJECT_RECYCLED','VS- Buerserberg','','','LC__CONTACT__TREE__PERSON',NULL,0),
(62115,9603,NULL,2,1,NULL,'object status changed from ldap-sync','','','2026-01-13 19:50:26',2,NULL,'Automation Automation','C__LOGBOOK_EVENT__OBJECT_RECYCLED','Martina Hertnagel (Mag.)','','','LC__CONTACT__TREE__PERSON',NULL,0),
(62116,9603,NULL,2,1,NULL,'object status changed from ldap-sync','','','2026-01-13 19:50:26',2,NULL,'Automation Automation','C__LOGBOOK_EVENT__OBJECT_RECYCLED','Hülya Ilik','','','LC__CONTACT__TREE__PERSON',NULL,0),
(62117,9603,NULL,2,1,NULL,'object status changed from ldap-sync','','','2026-01-13 19:50:26',2,NULL,'Automation Automation','C__LOGBOOK_EVENT__OBJECT_RECYCLED','Erich Loeschnig','','','LC__CONTACT__TREE__PERSON',NULL,0),
(62118,9603,NULL,2,1,NULL,'object status changed from ldap-sync','','','2026-01-13 19:50:26',2,NULL,'Automation Automation','C__LOGBOOK_EVENT__OBJECT_RECYCLED','Celine Salcher','','','LC__CONTACT__TREE__PERSON',NULL,0),
(62119,9603,NULL,2,1,NULL,'object status changed from ldap-sync','','','2026-01-13 19:50:26',2,NULL,'Automation Automation','C__LOGBOOK_EVENT__OBJECT_RECYCLED','Dominik Vinzenz','','','LC__CONTACT__TREE__PERSON',NULL,0),
(62120,9603,NULL,2,1,NULL,'object status changed from ldap-sync','','','2026-01-13 19:50:26',2,NULL,'Automation Automation','C__LOGBOOK_EVENT__OBJECT_RECYCLED','Lea Pultar','','','LC__CONTACT__TREE__PERSON',NULL,0),
(62121,9603,NULL,2,1,NULL,'object status changed from ldap-sync','','','2026-01-13 19:50:26',2,NULL,'Automation Automation','C__LOGBOOK_EVENT__OBJECT_RECYCLED','54-mohi- leitung','','','LC__CONTACT__TREE__PERSON',NULL,0),
(62122,9603,NULL,2,1,NULL,'object status changed from ldap-sync','','','2026-01-13 19:50:26',2,NULL,'Automation Automation','C__LOGBOOK_EVENT__OBJECT_RECYCLED','Bauhof Sonntag','','','LC__CONTACT__TREE__PERSON',NULL,0),
(62123,9603,NULL,2,1,NULL,'object status changed from ldap-sync','','','2026-01-13 19:50:26',2,NULL,'Automation Automation','C__LOGBOOK_EVENT__OBJECT_RECYCLED','younion- Lechner','','','LC__CONTACT__TREE__PERSON',NULL,0),
(62124,9603,NULL,2,1,NULL,'object status changed from ldap-sync','','','2026-01-13 19:50:26',2,NULL,'Automation Automation','C__LOGBOOK_EVENT__OBJECT_RECYCLED','Mathias Wegscheider','','','LC__CONTACT__TREE__PERSON',NULL,0),
(62125,9603,NULL,2,1,NULL,'object status changed from ldap-sync','','','2026-01-13 19:50:26',2,NULL,'Automation Automation','C__LOGBOOK_EVENT__OBJECT_RECYCLED','inaktiv - Thomas Grass (Ing.)','','','LC__CONTACT__TREE__PERSON',NULL,0),
(62126,9603,NULL,2,1,NULL,'object status changed from ldap-sync','','','2026-01-13 19:50:26',2,NULL,'Automation Automation','C__LOGBOOK_EVENT__OBJECT_RECYCLED','Claudio Wachter','','','LC__CONTACT__TREE__PERSON',NULL,0),
(62127,9603,NULL,2,1,NULL,'object status changed from ldap-sync','','','2026-01-13 19:50:26',2,NULL,'Automation Automation','C__LOGBOOK_EVENT__OBJECT_RECYCLED','Jasmine Türk','','','LC__CONTACT__TREE__PERSON',NULL,0),
(62128,9603,NULL,2,1,NULL,'object status changed from ldap-sync','','','2026-01-13 19:50:26',2,NULL,'Automation Automation','C__LOGBOOK_EVENT__OBJECT_RECYCLED','63-Alexandra martin','','','LC__CONTACT__TREE__PERSON',NULL,0),
(62129,9603,NULL,2,1,NULL,'object status changed from ldap-sync','','','2026-01-13 19:50:26',2,NULL,'Automation Automation','C__LOGBOOK_EVENT__OBJECT_RECYCLED','kw- schruns','','','LC__CONTACT__TREE__PERSON',NULL,0),
(62130,9603,NULL,2,1,NULL,'object status changed from ldap-sync','','','2026-01-13 19:50:26',2,NULL,'Automation Automation','C__LOGBOOK_EVENT__OBJECT_RECYCLED','kw- gantschier','','','LC__CONTACT__TREE__PERSON',NULL,0),
(62131,9603,NULL,2,1,NULL,'object status changed from ldap-sync','','','2026-01-13 19:50:26',2,NULL,'Automation Automation','C__LOGBOOK_EVENT__OBJECT_RECYCLED','kw- st-gallenkirch','','','LC__CONTACT__TREE__PERSON',NULL,0),
(62132,9603,NULL,2,1,NULL,'object status changed from ldap-sync','','','2026-01-13 19:50:26',2,NULL,'Automation Automation','C__LOGBOOK_EVENT__OBJECT_RECYCLED','kw- gaschurn','','','LC__CONTACT__TREE__PERSON',NULL,0),
(62133,9603,NULL,2,1,NULL,'object status changed from ldap-sync','','','2026-01-13 19:50:26',2,NULL,'Automation Automation','C__LOGBOOK_EVENT__OBJECT_RECYCLED','Kinderwerkstättli- Waldspielgruppe','','','LC__CONTACT__TREE__PERSON',NULL,0),
(62134,9603,NULL,2,1,NULL,'object status changed from ldap-sync','','','2026-01-13 19:50:26',2,NULL,'Automation Automation','C__LOGBOOK_EVENT__OBJECT_RECYCLED','KW- Leitung','','','LC__CONTACT__TREE__PERSON',NULL,0),
(62135,9603,NULL,2,1,NULL,'object status changed from ldap-sync','','','2026-01-13 19:50:26',2,NULL,'Automation Automation','C__LOGBOOK_EVENT__OBJECT_RECYCLED','Ralf Engelmann','','','LC__CONTACT__TREE__PERSON',NULL,0),
(62136,9603,NULL,2,1,NULL,'object status changed from ldap-sync','','','2026-01-13 19:50:26',2,NULL,'Automation Automation','C__LOGBOOK_EVENT__OBJECT_RECYCLED','tb- praktikant1','','','LC__CONTACT__TREE__PERSON',NULL,0),
(62137,9603,NULL,2,1,NULL,'object status changed from ldap-sync','','','2026-01-13 19:50:26',2,NULL,'Automation Automation','C__LOGBOOK_EVENT__OBJECT_RECYCLED','ARB- inaktiv Support','','','LC__CONTACT__TREE__PERSON',NULL,0),
(62138,9603,NULL,2,1,NULL,'object status changed from ldap-sync','','','2026-01-13 19:50:26',2,NULL,'Automation Automation','C__LOGBOOK_EVENT__OBJECT_RECYCLED','Schülerbetreuung Bings','','','LC__CONTACT__TREE__PERSON',NULL,0),
(62139,9603,NULL,2,1,NULL,'object status changed from ldap-sync','','','2026-01-13 19:50:26',2,NULL,'Automation Automation','C__LOGBOOK_EVENT__OBJECT_RECYCLED','Direktion VS-Halden / Amann Rochus','','','LC__CONTACT__TREE__PERSON',NULL,0),
(62140,9603,NULL,2,1,NULL,'object status changed from ldap-sync','','','2026-01-13 19:50:27',2,NULL,'Automation Automation','C__LOGBOOK_EVENT__OBJECT_RECYCLED','12- schuelerbetreuung','','','LC__CONTACT__TREE__PERSON',NULL,0),
(62141,9603,NULL,2,1,NULL,'object status changed from ldap-sync','','','2026-01-13 19:50:27',2,NULL,'Automation Automation','C__LOGBOOK_EVENT__OBJECT_RECYCLED','EKIZ- Leitung','','','LC__CONTACT__TREE__PERSON',NULL,0),
(62142,9603,NULL,2,1,NULL,'object status changed from ldap-sync','','','2026-01-13 19:50:27',2,NULL,'Automation Automation','C__LOGBOOK_EVENT__OBJECT_RECYCLED','Oswald Simma','','','LC__CONTACT__TREE__PERSON',NULL,0),
(62143,9603,NULL,2,1,NULL,'object status changed from ldap-sync','','','2026-01-13 19:50:27',2,NULL,'Automation Automation','C__LOGBOOK_EVENT__OBJECT_RECYCLED','Andrea Muther','','','LC__CONTACT__TREE__PERSON',NULL,0),
(62144,9603,NULL,2,1,NULL,'object status changed from ldap-sync','','','2026-01-13 19:50:27',2,NULL,'Automation Automation','C__LOGBOOK_EVENT__OBJECT_RECYCLED','Kultur Praktikant','','','LC__CONTACT__TREE__PERSON',NULL,0),
(62145,9603,NULL,2,1,NULL,'object status changed from ldap-sync','','','2026-01-13 19:50:27',2,NULL,'Automation Automation','C__LOGBOOK_EVENT__OBJECT_RECYCLED','Lorenz Bischof','','','LC__CONTACT__TREE__PERSON',NULL,0),
(62146,9603,NULL,2,1,NULL,'object status changed from ldap-sync','','','2026-01-13 19:50:27',2,NULL,'Automation Automation','C__LOGBOOK_EVENT__OBJECT_RECYCLED','Kathrin Summer','','','LC__CONTACT__TREE__PERSON',NULL,0),
(62147,9603,NULL,2,1,NULL,'object status changed from ldap-sync','','','2026-01-13 19:50:27',2,NULL,'Automation Automation','C__LOGBOOK_EVENT__OBJECT_RECYCLED','KPV Blumenegg Leitung','','','LC__CONTACT__TREE__PERSON',NULL,0),
(62148,9603,NULL,2,1,NULL,'object status changed from ldap-sync','','','2026-01-13 19:50:27',2,NULL,'Automation Automation','C__LOGBOOK_EVENT__OBJECT_RECYCLED','Andrea Bilgeri','','','LC__CONTACT__TREE__PERSON',NULL,0),
(62149,9603,NULL,2,1,NULL,'object status changed from ldap-sync','','','2026-01-13 19:50:27',2,NULL,'Automation Automation','C__LOGBOOK_EVENT__OBJECT_RECYCLED','Nikola Bartenbach','','','LC__CONTACT__TREE__PERSON',NULL,0),
(62150,9603,NULL,2,1,NULL,'object status changed from ldap-sync','','','2026-01-13 19:50:27',2,NULL,'Automation Automation','C__LOGBOOK_EVENT__OBJECT_RECYCLED','Karin Achleitner','','','LC__CONTACT__TREE__PERSON',NULL,0),
(62151,9603,NULL,2,1,NULL,'object status changed from ldap-sync','','','2026-01-13 19:50:27',2,NULL,'Automation Automation','C__LOGBOOK_EVENT__OBJECT_RECYCLED','10-archiv- praktikant','','','LC__CONTACT__TREE__PERSON',NULL,0),
(62152,9603,NULL,2,1,NULL,'object status changed from ldap-sync','','','2026-01-13 19:50:27',2,NULL,'Automation Automation','C__LOGBOOK_EVENT__OBJECT_RECYCLED','10- wahlen','','','LC__CONTACT__TREE__PERSON',NULL,0),
(62153,9603,NULL,2,1,NULL,'object status changed from ldap-sync','','','2026-01-13 19:50:27',2,NULL,'Automation Automation','C__LOGBOOK_EVENT__OBJECT_RECYCLED','Vanessa Palfi','','','LC__CONTACT__TREE__PERSON',NULL,0),
(62154,9603,NULL,2,1,NULL,'object status changed from ldap-sync','','','2026-01-13 19:50:27',2,NULL,'Automation Automation','C__LOGBOOK_EVENT__OBJECT_RECYCLED','Agrargemeinschaft z.H. Mathias Wirbel','','','LC__CONTACT__TREE__PERSON',NULL,0),
(62155,9603,NULL,2,1,NULL,'object status changed from ldap-sync','','','2026-01-13 19:50:27',2,NULL,'Automation Automation','C__LOGBOOK_EVENT__OBJECT_RECYCLED','Klaudia Büchel','','','LC__CONTACT__TREE__PERSON',NULL,0),
(62156,9603,NULL,2,1,NULL,'object status changed from ldap-sync','','','2026-01-13 19:50:27',2,NULL,'Automation Automation','C__LOGBOOK_EVENT__OBJECT_RECYCLED','Othmar Bickel','','','LC__CONTACT__TREE__PERSON',NULL,0),
(62157,9603,NULL,2,1,NULL,'object status changed from ldap-sync','','','2026-01-13 19:50:27',2,NULL,'Automation Automation','C__LOGBOOK_EVENT__OBJECT_RECYCLED','EKIZ- Gortipohl','','','LC__CONTACT__TREE__PERSON',NULL,0),
(62158,9603,NULL,2,1,NULL,'object status changed from ldap-sync','','','2026-01-13 19:50:27',2,NULL,'Automation Automation','C__LOGBOOK_EVENT__OBJECT_RECYCLED','Bludenz Kultur','','','LC__CONTACT__TREE__PERSON',NULL,0),
(62159,9603,NULL,2,1,NULL,'object status changed from ldap-sync','','','2026-01-13 19:50:27',2,NULL,'Automation Automation','C__LOGBOOK_EVENT__OBJECT_RECYCLED','Buchhaltung- Archiv','','','LC__CONTACT__TREE__PERSON',NULL,0),
(62160,9603,NULL,2,1,NULL,'object status changed from ldap-sync','','','2026-01-13 19:50:27',2,NULL,'Automation Automation','C__LOGBOOK_EVENT__OBJECT_RECYCLED','Judith Peindl','','','LC__CONTACT__TREE__PERSON',NULL,0),
(62161,9603,NULL,2,1,NULL,'object status changed from ldap-sync','','','2026-01-13 19:50:27',2,NULL,'Automation Automation','C__LOGBOOK_EVENT__OBJECT_RECYCLED','qualitätsmanagement Haus-Nenzing','','','LC__CONTACT__TREE__PERSON',NULL,0),
(62162,9603,NULL,2,1,NULL,'object status changed from ldap-sync','','','2026-01-13 19:50:27',2,NULL,'Automation Automation','C__LOGBOOK_EVENT__OBJECT_RECYCLED','Paul Müller','','','LC__CONTACT__TREE__PERSON',NULL,0),
(62163,9603,NULL,2,1,NULL,'object status changed from ldap-sync','','','2026-01-13 19:50:27',2,NULL,'Automation Automation','C__LOGBOOK_EVENT__OBJECT_RECYCLED','Manuel Scherer','','','LC__CONTACT__TREE__PERSON',NULL,0),
(62164,9603,NULL,2,1,NULL,'object status changed from ldap-sync','','','2026-01-13 19:50:27',2,NULL,'Automation Automation','C__LOGBOOK_EVENT__OBJECT_RECYCLED','Anita Wehinger','','','LC__CONTACT__TREE__PERSON',NULL,0),
(62165,9603,NULL,2,1,NULL,'object status changed from ldap-sync','','','2026-01-13 19:50:27',2,NULL,'Automation Automation','C__LOGBOOK_EVENT__OBJECT_RECYCLED','Michaela Küng','','','LC__CONTACT__TREE__PERSON',NULL,0),
(62166,9603,NULL,2,1,NULL,'object status changed from ldap-sync','','','2026-01-13 19:50:27',2,NULL,'Automation Automation','C__LOGBOOK_EVENT__OBJECT_RECYCLED','Wolfram Stroppa','','','LC__CONTACT__TREE__PERSON',NULL,0),
(62167,9603,NULL,2,1,NULL,'object status changed from ldap-sync','','','2026-01-13 19:50:27',2,NULL,'Automation Automation','C__LOGBOOK_EVENT__OBJECT_RECYCLED','Rebecca Broneske','','','LC__CONTACT__TREE__PERSON',NULL,0),
(62168,9603,NULL,2,1,NULL,'object status changed from ldap-sync','','','2026-01-13 19:50:27',2,NULL,'Automation Automation','C__LOGBOOK_EVENT__OBJECT_RECYCLED','Bettina Prax - inaktiv','','','LC__CONTACT__TREE__PERSON',NULL,0),
(62169,9603,NULL,2,1,NULL,'object status changed from ldap-sync','','','2026-01-13 19:50:27',2,NULL,'Automation Automation','C__LOGBOOK_EVENT__OBJECT_RECYCLED','Kinderbetreuung Gruppe 1','','','LC__CONTACT__TREE__PERSON',NULL,0),
(62170,9603,NULL,2,1,NULL,'object status changed from ldap-sync','','','2026-01-13 19:50:27',2,NULL,'Automation Automation','C__LOGBOOK_EVENT__OBJECT_RECYCLED','Kinderbetreuung Gruppe 2','','','LC__CONTACT__TREE__PERSON',NULL,0),
(62171,9603,NULL,2,1,NULL,'object status changed from ldap-sync','','','2026-01-13 19:50:27',2,NULL,'Automation Automation','C__LOGBOOK_EVENT__OBJECT_RECYCLED','Hubert Gantner','','','LC__CONTACT__TREE__PERSON',NULL,0),
(62172,9603,NULL,2,1,NULL,'object status changed from ldap-sync','','','2026-01-13 19:50:27',2,NULL,'Automation Automation','C__LOGBOOK_EVENT__OBJECT_RECYCLED','Claudia Wachter','','','LC__CONTACT__TREE__PERSON',NULL,0),
(62173,9603,NULL,2,1,NULL,'object status changed from ldap-sync','','','2026-01-13 19:50:27',2,NULL,'Automation Automation','C__LOGBOOK_EVENT__OBJECT_RECYCLED','Stefanie Peiker','','','LC__CONTACT__TREE__PERSON',NULL,0),
(62174,9603,NULL,2,1,NULL,'object status changed from ldap-sync','','','2026-01-13 19:50:27',2,NULL,'Automation Automation','C__LOGBOOK_EVENT__OBJECT_RECYCLED','10 PraktikantBS','','','LC__CONTACT__TREE__PERSON',NULL,0),
(62175,9603,NULL,2,1,NULL,'object status changed from ldap-sync','','','2026-01-13 19:50:27',2,NULL,'Automation Automation','C__LOGBOOK_EVENT__OBJECT_RECYCLED','Matthias Mayr','','','LC__CONTACT__TREE__PERSON',NULL,0),
(62176,9603,NULL,2,1,NULL,'object status changed from ldap-sync','','','2026-01-13 19:50:27',2,NULL,'Automation Automation','C__LOGBOOK_EVENT__OBJECT_RECYCLED','Bludenz Aktuell','','','LC__CONTACT__TREE__PERSON',NULL,0),
(62177,9603,NULL,2,1,NULL,'object status changed from ldap-sync','','','2026-01-13 19:50:27',2,NULL,'Automation Automation','C__LOGBOOK_EVENT__OBJECT_RECYCLED','ZI Test User','','','LC__CONTACT__TREE__PERSON',NULL,0),
(62178,9603,NULL,2,1,NULL,'object status changed from ldap-sync','','','2026-01-13 19:50:27',2,NULL,'Automation Automation','C__LOGBOOK_EVENT__OBJECT_RECYCLED','10- Praktikant Buchhaltung','','','LC__CONTACT__TREE__PERSON',NULL,0),
(62179,9603,NULL,2,1,NULL,'object status changed from ldap-sync','','','2026-01-13 19:50:27',2,NULL,'Automation Automation','C__LOGBOOK_EVENT__OBJECT_RECYCLED','Astrid Frank','','','LC__CONTACT__TREE__PERSON',NULL,0),
(62180,9603,NULL,2,1,NULL,'object status changed from ldap-sync','','','2026-01-13 19:50:27',2,NULL,'Automation Automation','C__LOGBOOK_EVENT__OBJECT_RECYCLED','Martina Erhart','','','LC__CONTACT__TREE__PERSON',NULL,0),
(62181,9603,NULL,2,1,NULL,'object status changed from ldap-sync','','','2026-01-13 19:50:27',2,NULL,'Automation Automation','C__LOGBOOK_EVENT__OBJECT_RECYCLED','Daniela Dörn','','','LC__CONTACT__TREE__PERSON',NULL,0),
(62182,9603,NULL,2,1,NULL,'object status changed from ldap-sync','','','2026-01-13 19:50:27',2,NULL,'Automation Automation','C__LOGBOOK_EVENT__OBJECT_RECYCLED','AgP Sozialsprengel Blumenegg','','','LC__CONTACT__TREE__PERSON',NULL,0),
(62183,9603,NULL,2,1,NULL,'object status changed from ldap-sync','','','2026-01-13 19:50:27',2,NULL,'Automation Automation','C__LOGBOOK_EVENT__OBJECT_RECYCLED','Danja Sutterlüty','','','LC__CONTACT__TREE__PERSON',NULL,0),
(62184,9603,NULL,2,1,NULL,'object status changed from ldap-sync','','','2026-01-13 19:50:27',2,NULL,'Automation Automation','C__LOGBOOK_EVENT__OBJECT_RECYCLED','Bianca Bachmann','','','LC__CONTACT__TREE__PERSON',NULL,0),
(62185,9603,NULL,2,1,NULL,'object status changed from ldap-sync','','','2026-01-13 19:50:27',2,NULL,'Automation Automation','C__LOGBOOK_EVENT__OBJECT_RECYCLED','Daniel Dietrich','','','LC__CONTACT__TREE__PERSON',NULL,0),
(62186,9603,NULL,2,1,NULL,'object status changed from ldap-sync','','','2026-01-13 19:50:27',2,NULL,'Automation Automation','C__LOGBOOK_EVENT__OBJECT_RECYCLED','ARB- Online - Dajana Baumgartner','','','LC__CONTACT__TREE__PERSON',NULL,0),
(62187,9603,NULL,2,1,NULL,'object status changed from ldap-sync','','','2026-01-13 19:50:28',2,NULL,'Automation Automation','C__LOGBOOK_EVENT__OBJECT_RECYCLED','Sandra van Apeldoorn','','','LC__CONTACT__TREE__PERSON',NULL,0),
(62188,9603,NULL,2,1,NULL,'object status changed from ldap-sync','','','2026-01-13 19:50:28',2,NULL,'Automation Automation','C__LOGBOOK_EVENT__OBJECT_RECYCLED','TB-Brand Leitung','','','LC__CONTACT__TREE__PERSON',NULL,0),
(62189,9603,NULL,2,1,NULL,'object status changed from ldap-sync','','','2026-01-13 19:50:28',2,NULL,'Automation Automation','C__LOGBOOK_EVENT__OBJECT_RECYCLED','Nina Tagwerker','','','LC__CONTACT__TREE__PERSON',NULL,0),
(62190,9603,NULL,2,1,NULL,'object status changed from ldap-sync','','','2026-01-13 19:50:28',2,NULL,'Automation Automation','C__LOGBOOK_EVENT__OBJECT_RECYCLED','Clarissa Schatzmann','','','LC__CONTACT__TREE__PERSON',NULL,0),
(62191,9603,NULL,2,1,NULL,'object status changed from ldap-sync','','','2026-01-13 19:50:28',2,NULL,'Automation Automation','C__LOGBOOK_EVENT__OBJECT_RECYCLED','Lena Maier','','','LC__CONTACT__TREE__PERSON',NULL,0),
(62192,9603,NULL,2,1,NULL,'object status changed from ldap-sync','','','2026-01-13 19:50:28',2,NULL,'Automation Automation','C__LOGBOOK_EVENT__OBJECT_RECYCLED','Adem Cetinkaya','','','LC__CONTACT__TREE__PERSON',NULL,0),
(62193,9603,NULL,2,1,NULL,'object status changed from ldap-sync','','','2026-01-13 19:50:28',2,NULL,'Automation Automation','C__LOGBOOK_EVENT__OBJECT_RECYCLED','Ulrike Gabriel','','','LC__CONTACT__TREE__PERSON',NULL,0),
(62194,9603,NULL,2,1,NULL,'object status changed from ldap-sync','','','2026-01-13 19:50:28',2,NULL,'Automation Automation','C__LOGBOOK_EVENT__OBJECT_RECYCLED','Susanne Macierzynski','','','LC__CONTACT__TREE__PERSON',NULL,0),
(62195,9603,NULL,2,1,NULL,'object status changed from ldap-sync','','','2026-01-13 19:50:28',2,NULL,'Automation Automation','C__LOGBOOK_EVENT__OBJECT_RECYCLED','Katharina Feuerstein','','','LC__CONTACT__TREE__PERSON',NULL,0),
(62196,9603,NULL,2,1,NULL,'object status changed from ldap-sync','','','2026-01-13 19:50:28',2,NULL,'Automation Automation','C__LOGBOOK_EVENT__OBJECT_RECYCLED','Dagmar Dünser','','','LC__CONTACT__TREE__PERSON',NULL,0),
(62197,9603,NULL,2,1,NULL,'object status changed from ldap-sync','','','2026-01-13 19:50:28',2,NULL,'Automation Automation','C__LOGBOOK_EVENT__OBJECT_RECYCLED','Marc Amann','','','LC__CONTACT__TREE__PERSON',NULL,0),
(62198,9603,NULL,2,1,NULL,'object status changed from ldap-sync','','','2026-01-13 19:50:28',2,NULL,'Automation Automation','C__LOGBOOK_EVENT__OBJECT_RECYCLED','Nicole Maier','','','LC__CONTACT__TREE__PERSON',NULL,0),
(62199,9603,NULL,2,1,NULL,'object status changed from ldap-sync','','','2026-01-13 19:50:28',2,NULL,'Automation Automation','C__LOGBOOK_EVENT__OBJECT_RECYCLED','valblu bistro','','','LC__CONTACT__TREE__PERSON',NULL,0),
(62200,9603,NULL,2,1,NULL,'object status changed from ldap-sync','','','2026-01-13 19:50:28',2,NULL,'Automation Automation','C__LOGBOOK_EVENT__OBJECT_RECYCLED','Marcel Artner','','','LC__CONTACT__TREE__PERSON',NULL,0),
(62201,9603,NULL,2,1,NULL,'object status changed from ldap-sync','','','2026-01-13 19:50:28',2,NULL,'Automation Automation','C__LOGBOOK_EVENT__OBJECT_RECYCLED','David Ulrich','','','LC__CONTACT__TREE__PERSON',NULL,0),
(62202,9603,NULL,2,1,NULL,'object status changed from ldap-sync','','','2026-01-13 19:50:28',2,NULL,'Automation Automation','C__LOGBOOK_EVENT__OBJECT_RECYCLED','Öznur Ercan','','','LC__CONTACT__TREE__PERSON',NULL,0),
(62203,9603,NULL,2,1,NULL,'object status changed from ldap-sync','','','2026-01-13 19:50:28',2,NULL,'Automation Automation','C__LOGBOOK_EVENT__OBJECT_RECYCLED','Elmas Rüzgar','','','LC__CONTACT__TREE__PERSON',NULL,0),
(62204,9603,NULL,2,1,NULL,'object status changed from ldap-sync','','','2026-01-13 19:50:28',2,NULL,'Automation Automation','C__LOGBOOK_EVENT__OBJECT_RECYCLED','Marina Gonzalez','','','LC__CONTACT__TREE__PERSON',NULL,0),
(62205,9603,NULL,2,1,NULL,'object status changed from ldap-sync','','','2026-01-13 19:50:29',2,NULL,'Automation Automation','C__LOGBOOK_EVENT__OBJECT_RECYCLED','Bettina Lerchner','','','LC__CONTACT__TREE__PERSON',NULL,0),
(62206,9603,NULL,2,1,NULL,'object status changed from ldap-sync','','','2026-01-13 19:50:29',2,NULL,'Automation Automation','C__LOGBOOK_EVENT__OBJECT_RECYCLED','Rene Dünser','','','LC__CONTACT__TREE__PERSON',NULL,0),
(62207,9603,NULL,2,1,NULL,'object status changed from ldap-sync','','','2026-01-13 19:50:29',2,NULL,'Automation Automation','C__LOGBOOK_EVENT__OBJECT_RECYCLED','Ivonne Gsenger','','','LC__CONTACT__TREE__PERSON',NULL,0),
(62208,9603,NULL,2,1,NULL,'Archived by ldap-sync, due to setting \"deletedUsersBehaviour\" set to \"archive\" (or empty)','','','2026-01-13 19:56:22',2,NULL,'Automation Automation','C__LOGBOOK_EVENT__OBJECT_ARCHIVED','Michael Zwisler','Allgemein','','LC__CONTACT__TREE__PERSON',NULL,0),
(62209,9603,NULL,2,1,NULL,'Archived by ldap-sync, due to setting \"deletedUsersBehaviour\" set to \"archive\" (or empty)','','','2026-01-13 19:56:22',2,NULL,'Automation Automation','C__LOGBOOK_EVENT__OBJECT_ARCHIVED','adxt1_huber02 ','Allgemein','','LC__CONTACT__TREE__PERSON',NULL,0),
(62210,9603,NULL,2,1,NULL,'Archived by ldap-sync, due to setting \"deletedUsersBehaviour\" set to \"archive\" (or empty)','','','2026-01-13 19:56:22',2,NULL,'Automation Automation','C__LOGBOOK_EVENT__OBJECT_ARCHIVED',' ','Allgemein','','LC__CONTACT__TREE__PERSON',NULL,0),
(62211,9603,NULL,2,1,NULL,'Archived by ldap-sync, due to setting \"deletedUsersBehaviour\" set to \"archive\" (or empty)','','','2026-01-13 19:56:22',2,NULL,'Automation Automation','C__LOGBOOK_EVENT__OBJECT_ARCHIVED','admt1_zwisler01 ','Allgemein','','LC__CONTACT__TREE__PERSON',NULL,0),
(62212,9603,NULL,2,1,NULL,'Archived by ldap-sync, due to setting \"deletedUsersBehaviour\" set to \"archive\" (or empty)','','','2026-01-13 19:56:22',2,NULL,'Automation Automation','C__LOGBOOK_EVENT__OBJECT_ARCHIVED','zammad','Allgemein','','LC__CONTACT__TREE__PERSON',NULL,0),
(62213,9603,NULL,2,1,NULL,'Archived by ldap-sync, due to setting \"deletedUsersBehaviour\" set to \"archive\" (or empty)','','','2026-01-13 19:56:22',2,NULL,'Automation Automation','C__LOGBOOK_EVENT__OBJECT_ARCHIVED','Assistenz Bürserberg','Allgemein','','LC__CONTACT__TREE__PERSON',NULL,0),
(62214,9603,NULL,2,1,NULL,'Archived by ldap-sync, due to setting \"deletedUsersBehaviour\" set to \"archive\" (or empty)','','','2026-01-13 19:56:22',2,NULL,'Automation Automation','C__LOGBOOK_EVENT__OBJECT_ARCHIVED','Tobias Greifeneder','Allgemein','','LC__CONTACT__TREE__PERSON',NULL,0),
(62215,9603,NULL,2,1,NULL,'Archived by ldap-sync, due to setting \"deletedUsersBehaviour\" set to \"archive\" (or empty)','','','2026-01-13 19:56:22',2,NULL,'Automation Automation','C__LOGBOOK_EVENT__OBJECT_ARCHIVED','Manuela Havrilla','Allgemein','','LC__CONTACT__TREE__PERSON',NULL,0),
(62216,9603,NULL,2,1,NULL,'Archived by ldap-sync, due to setting \"deletedUsersBehaviour\" set to \"archive\" (or empty)','','','2026-01-13 19:56:22',2,NULL,'Automation Automation','C__LOGBOOK_EVENT__OBJECT_ARCHIVED','Sandra Kuntner','Allgemein','','LC__CONTACT__TREE__PERSON',NULL,0),
(62217,9603,NULL,2,1,NULL,'Archived by ldap-sync, due to setting \"deletedUsersBehaviour\" set to \"archive\" (or empty)','','','2026-01-13 19:56:22',2,NULL,'Automation Automation','C__LOGBOOK_EVENT__OBJECT_ARCHIVED','Güllü Neuschmied','Allgemein','','LC__CONTACT__TREE__PERSON',NULL,0),
(62218,12376,NULL,1,1,NULL,'-object initialized-','','','2026-01-14 14:49:23',2,NULL,'Christine Vergud','C__LOGBOOK_EVENT__OBJECT_CREATED','','','','LC__CMDB__OBJTYPE__LICENCE',NULL,0),
(62219,12376,NULL,1,1,NULL,'UPDATE isys_catg_global_list\n            SET isys_catg_global_list__isys_purpose__id = 1,\n            isys_catg_global_list__isys_catg_global_category__id = NULL,\n            isys_catg_global_list__status = 2\n            WHERE isys_catg_global_list__id = 33344;','','a:2:{s:38:\"isys_cmdb_dao_category_g_global::title\";a:2:{s:4:\"from\";s:0:\"\";s:2:\"to\";s:7:\"Antolin\";}s:40:\"isys_cmdb_dao_category_g_global::purpose\";a:2:{s:4:\"from\";s:1:\"-\";s:2:\"to\";s:9:\"Produktiv\";}}','2026-01-14 14:49:34',2,NULL,'Christine Vergud','C__LOGBOOK_EVENT__CATEGORY_CHANGED','','LC__CMDB__CATG__GLOBAL','','LC__CMDB__OBJTYPE__LICENCE',NULL,0),
(62220,12376,NULL,1,1,NULL,'SELECT LAST_INSERT_ID() as id;','','a:5:{s:34:\"isys_cmdb_dao_category_s_lic::type\";a:2:{s:4:\"from\";s:13:\"Einzel-Lizenz\";s:2:\"to\";s:14:\"Volumen-Lizenz\";}s:36:\"isys_cmdb_dao_category_s_lic::amount\";a:2:{s:4:\"from\";s:1:\"0\";s:2:\"to\";s:1:\"6\";}s:35:\"isys_cmdb_dao_category_s_lic::start\";a:2:{s:4:\"from\";s:0:\"\";s:2:\"to\";s:10:\"13.01.2026\";}s:36:\"isys_cmdb_dao_category_s_lic::expire\";a:2:{s:4:\"from\";s:0:\"\";s:2:\"to\";s:10:\"12.01.2027\";}s:34:\"isys_cmdb_dao_category_s_lic::cost\";a:2:{s:4:\"from\";s:8:\"0,00 €\";s:2:\"to\";s:10:\"145,00 €\";}}','2026-01-14 14:53:31',2,NULL,'Christine Vergud','C__LOGBOOK_EVENT__CATEGORY_CHANGED','Antolin','LC__CMDB__CATS__LICENCE_LIST','','LC__CMDB__OBJTYPE__LICENCE',NULL,0),
(62221,12376,NULL,1,1,NULL,'-object initialized-','','','2026-01-14 14:53:58',2,NULL,'Christine Vergud','C__LOGBOOK_EVENT__OBJECT_CREATED','','','','LC__CMDB__OBJTYPE__APPLICATION',NULL,0),
(62222,12376,NULL,1,1,NULL,'UPDATE isys_catg_global_list\n            SET isys_catg_global_list__isys_purpose__id = 1,\n            isys_catg_global_list__isys_catg_global_category__id = NULL,\n            isys_catg_global_list__status = 2\n            WHERE isys_catg_global_list__id = 33345;','','a:2:{s:38:\"isys_cmdb_dao_category_g_global::title\";a:2:{s:4:\"from\";s:0:\"\";s:2:\"to\";s:7:\"Antolin\";}s:40:\"isys_cmdb_dao_category_g_global::purpose\";a:2:{s:4:\"from\";s:1:\"-\";s:2:\"to\";s:9:\"Produktiv\";}}','2026-01-14 14:54:06',2,NULL,'Christine Vergud','C__LOGBOOK_EVENT__CATEGORY_CHANGED','','LC__CMDB__CATG__GLOBAL','','LC__CMDB__OBJTYPE__APPLICATION',NULL,0),
(62223,12376,NULL,1,1,NULL,'SELECT LAST_INSERT_ID() as id;','','a:2:{s:57:\"isys_cmdb_dao_category_s_application_assigned_obj::object\";a:2:{s:4:\"from\";s:0:\"\";s:2:\"to\";s:14:\"Admin VS Mitte\";}s:62:\"isys_cmdb_dao_category_s_application_assigned_obj::installDate\";a:2:{s:4:\"from\";s:0:\"\";s:2:\"to\";s:16:\"14.01.2026 14:55\";}}','2026-01-14 14:55:05',2,NULL,'Christine Vergud','C__LOGBOOK_EVENT__CATEGORY_CHANGED','Antolin','LC__CATS__APPLICATION_ASSIGNMENT','','LC__CMDB__OBJTYPE__APPLICATION',NULL,0),
(62224,12376,NULL,1,1,NULL,'UPDATE isys_catg_application_list SET\n            isys_catg_application_list__isys_obj__id = 26125,\n            isys_catg_application_list__description = \'\',\n            isys_catg_application_list__status = 2,\n            isys_catg_application_list__isys_cats_app_variant_list__id = NULL,\n            isys_catg_application_list__isys_cats_lic_list__id = 27,\n            isys_catg_application_list__bequest_nagios_services = 1,\n            isys_catg_application_list__isys_catg_application_type__id = 1,\n            isys_catg_application_list__isys_catg_application_priority__id = NULL,\n            isys_catg_application_list__isys_catg_version_list__id = NULL,\n            isys_catg_application_list__install_date = NULL\n            WHERE isys_catg_application_list__id = 161','','a:3:{s:57:\"isys_cmdb_dao_category_s_application_assigned_obj::object\";a:2:{s:4:\"from\";s:0:\"\";s:2:\"to\";s:121:\"Admin VS Mitte, Direktion- VS-Bings, Direktion- VS-Außerbraz, St.Peter Direktion, Lehrer- VS-Obdorf, Direktion- VS-Mitte\";}s:67:\"isys_cmdb_dao_category_s_application_assigned_obj::assigned_license\";a:2:{s:4:\"from\";s:1:\"-\";s:2:\"to\";s:7:\"Antolin\";}s:62:\"isys_cmdb_dao_category_s_application_assigned_obj::installDate\";a:2:{s:4:\"from\";s:0:\"\";s:2:\"to\";s:16:\"14.01.2026 14:57\";}}','2026-01-14 14:57:28',2,NULL,'Christine Vergud','C__LOGBOOK_EVENT__CATEGORY_CHANGED','Antolin','LC__CATS__APPLICATION_ASSIGNMENT','','LC__CMDB__OBJTYPE__APPLICATION',NULL,0),
(62225,12376,NULL,1,1,NULL,'SELECT LAST_INSERT_ID() as id;','','a:3:{s:57:\"isys_cmdb_dao_category_s_application_assigned_obj::object\";a:2:{s:4:\"from\";s:0:\"\";s:2:\"to\";s:131:\"Direktion- VS-Mitte, Direktion- VS-Bings, Direktion- VS-Außerbraz, St.Peter Direktion, Lehrer- VS-Obdorf, Mittelschule Sekretariat\";}s:67:\"isys_cmdb_dao_category_s_application_assigned_obj::assigned_license\";a:2:{s:4:\"from\";s:1:\"-\";s:2:\"to\";s:7:\"Antolin\";}s:62:\"isys_cmdb_dao_category_s_application_assigned_obj::installDate\";a:2:{s:4:\"from\";s:0:\"\";s:2:\"to\";s:16:\"14.01.2026 15:01\";}}','2026-01-14 15:01:44',2,NULL,'Christine Vergud','C__LOGBOOK_EVENT__CATEGORY_CHANGED','Antolin','LC__CATS__APPLICATION_ASSIGNMENT','','LC__CMDB__OBJTYPE__APPLICATION',NULL,0),
(62226,12376,NULL,2,1,NULL,'UPDATE isys_catg_application_list\n                            SET isys_catg_application_list__status = 3\n                            WHERE isys_catg_application_list__id = 161;','','','2026-01-14 15:02:31',2,NULL,'Christine Vergud','C__LOGBOOK_EVENT__CATEGORY_ARCHIVED','Antolin','LC__CATS__APPLICATION_ASSIGNMENT','','LC__CMDB__OBJTYPE__APPLICATION',NULL,0),
(62227,12376,NULL,1,1,NULL,'UPDATE isys_cats_lic_list SET isys_cats_lic_list__isys_obj__id = 33349, isys_cats_lic_list__status = 2, isys_cats_lic_list__key = NULL, isys_cats_lic_list__serial = NULL, isys_cats_lic_list__type = 2, isys_cats_lic_list__amount = 5, isys_cats_lic_list__start = \'2026-01-13\', isys_cats_lic_list__expire = \'2027-01-12\', isys_cats_lic_list__cost = \'145\', isys_cats_lic_list__description = NULL WHERE isys_cats_lic_list__id = 27;','','a:1:{s:36:\"isys_cmdb_dao_category_s_lic::amount\";a:2:{s:4:\"from\";s:1:\"6\";s:2:\"to\";s:1:\"5\";}}','2026-01-14 15:03:22',2,NULL,'Christine Vergud','C__LOGBOOK_EVENT__CATEGORY_CHANGED','Antolin','LC__CMDB__CATS__LICENCE_LIST','','LC__CMDB__OBJTYPE__LICENCE',NULL,0),
(62228,12376,NULL,1,1,NULL,'UPDATE isys_cats_lic_list SET isys_cats_lic_list__isys_obj__id = 33349, isys_cats_lic_list__status = 2, isys_cats_lic_list__key = NULL, isys_cats_lic_list__serial = NULL, isys_cats_lic_list__type = 2, isys_cats_lic_list__amount = 6, isys_cats_lic_list__start = \'2026-01-13\', isys_cats_lic_list__expire = \'2027-01-12\', isys_cats_lic_list__cost = \'145\', isys_cats_lic_list__description = NULL WHERE isys_cats_lic_list__id = 27;','','a:1:{s:36:\"isys_cmdb_dao_category_s_lic::amount\";a:2:{s:4:\"from\";s:1:\"5\";s:2:\"to\";s:1:\"6\";}}','2026-01-14 15:04:32',2,NULL,'Christine Vergud','C__LOGBOOK_EVENT__CATEGORY_CHANGED','Antolin','LC__CMDB__CATS__LICENCE_LIST','','LC__CMDB__OBJTYPE__LICENCE',NULL,0),
(62229,9602,NULL,1,1,NULL,'SELECT * FROM isys_catg_application_list\n            LEFT JOIN isys_catg_application_type ON isys_catg_application_type__id = isys_catg_application_list__isys_catg_application_type__id\n            LEFT JOIN isys_catg_application_priority ON isys_catg_application_priority__id = isys_catg_application_list__isys_catg_application_priority__id\n			LEFT JOIN isys_connection ON isys_connection__id = isys_catg_application_list__isys_connection__id\n			LEFT JOIN isys_obj ON isys_connection__isys_obj__id = isys_obj__id\n			LEFT JOIN isys_obj_type ON isys_obj__isys_obj_type__id = isys_obj_type__id\n			LEFT JOIN isys_cats_application_list ON isys_cats_application_list__isys_obj__id = isys_obj__id\n			LEFT JOIN isys_application_manufacturer ON isys_cats_application_list__isys_application_manufacturer__id = isys_application_manufacturer__id\n			LEFT JOIN isys_cats_app_variant_list ON isys_cats_app_variant_list__id = isys_catg_application_list__isys_cats_app_variant_list__id\n			LEFT JOIN isys_catg_version_list ON isys_catg_version_list__id = isys_catg_application_list__isys_catg_version_list__id\n			WHERE TRUE  AND isys_catg_application_list__id = 168 ;','','a:2:{s:49:\"isys_cmdb_dao_category_g_application::application\";a:2:{s:4:\"from\";s:0:\"\";s:2:\"to\";s:7:\"Antolin\";}s:49:\"isys_cmdb_dao_category_g_application::installDate\";a:2:{s:4:\"from\";s:0:\"\";s:2:\"to\";s:16:\"14.01.2026 17:15\";}}','2026-01-14 17:15:18',2,NULL,'Stefan Müller','C__LOGBOOK_EVENT__CATEGORY_CHANGED','Antolin','LC__CMDB__CATG__APPLICATION','','LC__CMDB__OBJTYPE__LICENCE',NULL,0),
(62230,9603,NULL,2,1,NULL,'object status changed from ldap-sync','','','2026-01-14 19:30:03',2,NULL,'Automation Automation','C__LOGBOOK_EVENT__OBJECT_RECYCLED','11- admin','','','LC__CONTACT__TREE__PERSON',NULL,0),
(62231,9603,NULL,2,1,NULL,'object status changed from ldap-sync','','','2026-01-14 19:30:03',2,NULL,'Automation Automation','C__LOGBOOK_EVENT__OBJECT_RECYCLED','63- admin','','','LC__CONTACT__TREE__PERSON',NULL,0),
(62232,9603,NULL,2,1,NULL,'object status changed from ldap-sync','','','2026-01-14 19:30:03',2,NULL,'Automation Automation','C__LOGBOOK_EVENT__OBJECT_RECYCLED','15- admin','','','LC__CONTACT__TREE__PERSON',NULL,0),
(62233,9603,NULL,2,1,NULL,'object status changed from ldap-sync','','','2026-01-14 19:30:03',2,NULL,'Automation Automation','C__LOGBOOK_EVENT__OBJECT_RECYCLED','alpenregion- admin','','','LC__CONTACT__TREE__PERSON',NULL,0),
(62234,9603,NULL,2,1,NULL,'object status changed from ldap-sync','','','2026-01-14 19:30:03',2,NULL,'Automation Automation','C__LOGBOOK_EVENT__OBJECT_RECYCLED','_mxsservice Exchange Service Account','','','LC__CONTACT__TREE__PERSON',NULL,0),
(62235,9603,NULL,2,1,NULL,'object status changed from ldap-sync','','','2026-01-14 19:30:03',2,NULL,'Automation Automation','C__LOGBOOK_EVENT__OBJECT_RECYCLED','Isabell Rudolph','','','LC__CONTACT__TREE__PERSON',NULL,0),
(62236,9603,NULL,2,1,NULL,'object status changed from ldap-sync','','','2026-01-14 19:30:03',2,NULL,'Automation Automation','C__LOGBOOK_EVENT__OBJECT_RECYCLED','Sabine Erath','','','LC__CONTACT__TREE__PERSON',NULL,0),
(62237,9603,NULL,2,1,NULL,'object status changed from ldap-sync','','','2026-01-14 19:30:03',2,NULL,'Automation Automation','C__LOGBOOK_EVENT__OBJECT_RECYCLED','VTS Gateway','','','LC__CONTACT__TREE__PERSON',NULL,0),
(62238,9603,NULL,2,1,NULL,'object status changed from ldap-sync','','','2026-01-14 19:30:03',2,NULL,'Automation Automation','C__LOGBOOK_EVENT__OBJECT_RECYCLED','NAV Antivirus','','','LC__CONTACT__TREE__PERSON',NULL,0),
(62239,9603,NULL,2,1,NULL,'object status changed from ldap-sync','','','2026-01-14 19:30:03',2,NULL,'Automation Automation','C__LOGBOOK_EVENT__OBJECT_RECYCLED','88- admin','','','LC__CONTACT__TREE__PERSON',NULL,0),
(62240,9603,NULL,2,1,NULL,'object status changed from ldap-sync','','','2026-01-14 19:30:03',2,NULL,'Automation Automation','C__LOGBOOK_EVENT__OBJECT_RECYCLED','83- admin','','','LC__CONTACT__TREE__PERSON',NULL,0),
(62241,9603,NULL,2,1,NULL,'object status changed from ldap-sync','','','2026-01-14 19:30:03',2,NULL,'Automation Automation','C__LOGBOOK_EVENT__OBJECT_RECYCLED','10- admin','','','LC__CONTACT__TREE__PERSON',NULL,0),
(62242,9603,NULL,2,1,NULL,'object status changed from ldap-sync','','','2026-01-14 19:30:03',2,NULL,'Automation Automation','C__LOGBOOK_EVENT__OBJECT_RECYCLED','87- admin','','','LC__CONTACT__TREE__PERSON',NULL,0),
(62243,9603,NULL,2,1,NULL,'object status changed from ldap-sync','','','2026-01-14 19:30:03',2,NULL,'Automation Automation','C__LOGBOOK_EVENT__OBJECT_RECYCLED','SQL New','','','LC__CONTACT__TREE__PERSON',NULL,0),
(62244,9603,NULL,2,1,NULL,'object status changed from ldap-sync','','','2026-01-14 19:30:03',2,NULL,'Automation Automation','C__LOGBOOK_EVENT__OBJECT_RECYCLED','Michael Fenkart','','','LC__CONTACT__TREE__PERSON',NULL,0),
(62245,9603,NULL,2,1,NULL,'object status changed from ldap-sync','','','2026-01-14 19:30:03',2,NULL,'Automation Automation','C__LOGBOOK_EVENT__OBJECT_RECYCLED','IT- Praktikant','','','LC__CONTACT__TREE__PERSON',NULL,0),
(62246,9603,NULL,2,1,NULL,'object status changed from ldap-sync','','','2026-01-14 19:30:03',2,NULL,'Automation Automation','C__LOGBOOK_EVENT__OBJECT_RECYCLED','Dietmar Frainer','','','LC__CONTACT__TREE__PERSON',NULL,0),
(62247,9603,NULL,2,1,NULL,'Entry with contact Dietmar Frainer changed from ldap-sync','','','2026-01-14 19:30:03',2,NULL,'Automation Automation','C__LOGBOOK_EVENT__CATEGORY_RECYCLED','Amt der Stadt Bludenz','LC__CMDB__CATG__CONTACT','','LC__CMDB__OBJTYPE__ORGANIZATION',NULL,0),
(62248,9603,NULL,2,1,NULL,'Entry with contact Dietmar Frainer changed from ldap-sync','','','2026-01-14 19:30:03',2,NULL,'Automation Automation','C__LOGBOOK_EVENT__CATEGORY_RECYCLED','DS-Bereitstellung - IKT Stadt Bludenz','LC__CMDB__CATG__CONTACT','','LC__OBJTYPE__IT_SERVICE',NULL,0),
(62249,9603,NULL,2,1,NULL,'Entry with contact Dietmar Frainer changed from ldap-sync','','','2026-01-14 19:30:03',2,NULL,'Automation Automation','C__LOGBOOK_EVENT__CATEGORY_RECYCLED','DS-Bereitstellung - IKT Stadt Bludenz','LC__CMDB__CATG__CONTACT','','LC__OBJTYPE__IT_SERVICE',NULL,0),
(62250,9603,NULL,2,1,NULL,'Entry with contact Dietmar Frainer changed from ldap-sync','','','2026-01-14 19:30:03',2,NULL,'Automation Automation','C__LOGBOOK_EVENT__CATEGORY_RECYCLED','DS-Bereitstellung - IKT DLZ Blumenegg','LC__CMDB__CATG__CONTACT','','LC__OBJTYPE__IT_SERVICE',NULL,0),
(62251,9603,NULL,2,1,NULL,'Entry with contact Dietmar Frainer changed from ldap-sync','','','2026-01-14 19:30:03',2,NULL,'Automation Automation','C__LOGBOOK_EVENT__CATEGORY_RECYCLED','DS-Bereitstellung - IKT Gemeinde Brand','LC__CMDB__CATG__CONTACT','','LC__OBJTYPE__IT_SERVICE',NULL,0),
(62252,9603,NULL,2,1,NULL,'Entry with contact Dietmar Frainer changed from ldap-sync','','','2026-01-14 19:30:03',2,NULL,'Automation Automation','C__LOGBOOK_EVENT__CATEGORY_RECYCLED','DS-Bereitstellung - IKT Gemeinde Bürs','LC__CMDB__CATG__CONTACT','','LC__OBJTYPE__IT_SERVICE',NULL,0),
(62253,9603,NULL,2,1,NULL,'Entry with contact Dietmar Frainer changed from ldap-sync','','','2026-01-14 19:30:03',2,NULL,'Automation Automation','C__LOGBOOK_EVENT__CATEGORY_RECYCLED','DS-Bereitstellung - IKT Gemeinde Dalaas','LC__CMDB__CATG__CONTACT','','LC__OBJTYPE__IT_SERVICE',NULL,0),
(62254,9603,NULL,2,1,NULL,'Entry with contact Dietmar Frainer changed from ldap-sync','','','2026-01-14 19:30:03',2,NULL,'Automation Automation','C__LOGBOOK_EVENT__CATEGORY_RECYCLED','DS-Bereitstellung - IKT Gemeinde Raggal','LC__CMDB__CATG__CONTACT','','LC__OBJTYPE__IT_SERVICE',NULL,0),
(62255,9603,NULL,2,1,NULL,'Entry with contact Dietmar Frainer changed from ldap-sync','','','2026-01-14 19:30:03',2,NULL,'Automation Automation','C__LOGBOOK_EVENT__CATEGORY_RECYCLED','DS-Bereitstellung - IKT Marktgemeinde Frastanz','LC__CMDB__CATG__CONTACT','','LC__OBJTYPE__IT_SERVICE',NULL,0),
(62256,9603,NULL,2,1,NULL,'Entry with contact Dietmar Frainer changed from ldap-sync','','','2026-01-14 19:30:03',2,NULL,'Automation Automation','C__LOGBOOK_EVENT__CATEGORY_RECYCLED','DS-Bereitstellung - IKT Marktgemeinde Nenzing','LC__CMDB__CATG__CONTACT','','LC__OBJTYPE__IT_SERVICE',NULL,0),
(62257,9603,NULL,2,1,NULL,'Entry with contact Dietmar Frainer changed from ldap-sync','','','2026-01-14 19:30:03',2,NULL,'Automation Automation','C__LOGBOOK_EVENT__CATEGORY_RECYCLED','DS-Bereitstellung - IKT Val Blu Resort Ges.mbH','LC__CMDB__CATG__CONTACT','','LC__OBJTYPE__IT_SERVICE',NULL,0),
(62258,9603,NULL,2,1,NULL,'Entry with contact Dietmar Frainer changed from ldap-sync','','','2026-01-14 19:30:03',2,NULL,'Automation Automation','C__LOGBOOK_EVENT__CATEGORY_RECYCLED','DS-Betrieb von TK-Anlagen Stadt Bludenz','LC__CMDB__CATG__CONTACT','','LC__OBJTYPE__IT_SERVICE',NULL,0),
(62259,9603,NULL,2,1,NULL,'Entry with contact Dietmar Frainer changed from ldap-sync','','','2026-01-14 19:30:03',2,NULL,'Automation Automation','C__LOGBOOK_EVENT__CATEGORY_RECYCLED','DS-Datenschutz Stadt Bludenz','LC__CMDB__CATG__CONTACT','','LC__OBJTYPE__IT_SERVICE',NULL,0),
(62260,9603,NULL,2,1,NULL,'Entry with contact Dietmar Frainer changed from ldap-sync','','','2026-01-14 19:30:03',2,NULL,'Automation Automation','C__LOGBOOK_EVENT__CATEGORY_RECYCLED','DS-Datenschutz Stadt Bludenz','LC__CMDB__CATG__CONTACT','','LC__OBJTYPE__IT_SERVICE',NULL,0),
(62261,9603,NULL,2,1,NULL,'Entry with contact Dietmar Frainer changed from ldap-sync','','','2026-01-14 19:30:03',2,NULL,'Automation Automation','C__LOGBOOK_EVENT__CATEGORY_RECYCLED','DS-IT_Kompetenzzentrum Stadt Bludenz','LC__CMDB__CATG__CONTACT','','LC__OBJTYPE__IT_SERVICE',NULL,0),
(62262,9603,NULL,2,1,NULL,'Entry with contact Dietmar Frainer changed from ldap-sync','','','2026-01-14 19:30:03',2,NULL,'Automation Automation','C__LOGBOOK_EVENT__CATEGORY_RECYCLED','DS-IT-Betreuung Stadt Bludenz','LC__CMDB__CATG__CONTACT','','LC__OBJTYPE__IT_SERVICE',NULL,0),
(62263,9603,NULL,2,1,NULL,'Entry with contact Dietmar Frainer changed from ldap-sync','','','2026-01-14 19:30:03',2,NULL,'Automation Automation','C__LOGBOOK_EVENT__CATEGORY_RECYCLED','DS-Zeiterfassung_HR360_Time Stadt Bludenz','LC__CMDB__CATG__CONTACT','','LC__OBJTYPE__IT_SERVICE',NULL,0),
(62264,9603,NULL,2,1,NULL,'Entry with contact Dietmar Frainer changed from ldap-sync','','','2026-01-14 19:30:03',2,NULL,'Automation Automation','C__LOGBOOK_EVENT__CATEGORY_RECYCLED','DS-Zutrittskontrollsysteme Stadt Bludenz','LC__CMDB__CATG__CONTACT','','LC__OBJTYPE__IT_SERVICE',NULL,0),
(62265,9603,NULL,2,1,NULL,'Entry with contact Dietmar Frainer changed from ldap-sync','','','2026-01-14 19:30:03',2,NULL,'Automation Automation','C__LOGBOOK_EVENT__CATEGORY_RECYCLED','Abwasserverband Region Bludenz','LC__CMDB__CATG__CONTACT','','LC__CMDB__OBJTYPE__ORGANIZATION',NULL,0),
(62266,9603,NULL,2,1,NULL,'Entry with contact Dietmar Frainer changed from ldap-sync','','','2026-01-14 19:30:03',2,NULL,'Automation Automation','C__LOGBOOK_EVENT__CATEGORY_RECYCLED','Alpenregion Tourismus Ges.mbH','LC__CMDB__CATG__CONTACT','','LC__CMDB__OBJTYPE__ORGANIZATION',NULL,0),
(62267,9603,NULL,2,1,NULL,'object status changed from ldap-sync','','','2026-01-14 19:30:04',2,NULL,'Automation Automation','C__LOGBOOK_EVENT__OBJECT_RECYCLED','10 wloruenser','','','LC__CONTACT__TREE__PERSON',NULL,0),
(62268,9603,NULL,2,1,NULL,'object status changed from ldap-sync','','','2026-01-14 19:30:04',2,NULL,'Automation Automation','C__LOGBOOK_EVENT__OBJECT_RECYCLED','61-fw- atwart','','','LC__CONTACT__TREE__PERSON',NULL,0),
(62269,9603,NULL,2,1,NULL,'object status changed from ldap-sync','','','2026-01-14 19:30:04',2,NULL,'Automation Automation','C__LOGBOOK_EVENT__OBJECT_RECYCLED','61-fw- geraetewart','','','LC__CONTACT__TREE__PERSON',NULL,0),
(62270,9603,NULL,2,1,NULL,'object status changed from ldap-sync','','','2026-01-14 19:30:04',2,NULL,'Automation Automation','C__LOGBOOK_EVENT__OBJECT_RECYCLED','61-fw- kantine','','','LC__CONTACT__TREE__PERSON',NULL,0),
(62271,9603,NULL,2,1,NULL,'object status changed from ldap-sync','','','2026-01-14 19:30:04',2,NULL,'Automation Automation','C__LOGBOOK_EVENT__OBJECT_RECYCLED','61-fw- presse','','','LC__CONTACT__TREE__PERSON',NULL,0),
(62272,9603,NULL,2,1,NULL,'object status changed from ldap-sync','','','2026-01-14 19:30:04',2,NULL,'Automation Automation','C__LOGBOOK_EVENT__OBJECT_RECYCLED','A1 MobileOffice','','','LC__CONTACT__TREE__PERSON',NULL,0),
(62273,9603,NULL,2,1,NULL,'object status changed from ldap-sync','','','2026-01-14 19:30:04',2,NULL,'Automation Automation','C__LOGBOOK_EVENT__OBJECT_RECYCLED','Thomas Drexel','','','LC__CONTACT__TREE__PERSON',NULL,0),
(62274,9603,NULL,2,1,NULL,'object status changed from ldap-sync','','','2026-01-14 19:30:04',2,NULL,'Automation Automation','C__LOGBOOK_EVENT__OBJECT_RECYCLED','62 vipas','','','LC__CONTACT__TREE__PERSON',NULL,0),
(62275,9603,NULL,2,1,NULL,'object status changed from ldap-sync','','','2026-01-14 19:30:04',2,NULL,'Automation Automation','C__LOGBOOK_EVENT__OBJECT_RECYCLED','ARB- Marketing / Herljevic Anna','','','LC__CONTACT__TREE__PERSON',NULL,0),
(62276,9603,NULL,2,1,NULL,'object status changed from ldap-sync','','','2026-01-14 19:30:04',2,NULL,'Automation Automation','C__LOGBOOK_EVENT__OBJECT_RECYCLED','Kerstin Biedermann-Smith','','','LC__CONTACT__TREE__PERSON',NULL,0),
(62277,9603,NULL,2,1,NULL,'object status changed from ldap-sync','','','2026-01-14 19:30:04',2,NULL,'Automation Automation','C__LOGBOOK_EVENT__OBJECT_RECYCLED','tb user','','','LC__CONTACT__TREE__PERSON',NULL,0),
(62278,9603,NULL,2,1,NULL,'object status changed from ldap-sync','','','2026-01-14 19:30:04',2,NULL,'Automation Automation','C__LOGBOOK_EVENT__OBJECT_RECYCLED','Andrea Fritz','','','LC__CONTACT__TREE__PERSON',NULL,0),
(62279,9603,NULL,2,1,NULL,'object status changed from ldap-sync','','','2026-01-14 19:30:04',2,NULL,'Automation Automation','C__LOGBOOK_EVENT__OBJECT_RECYCLED','Melanie Fleisch','','','LC__CONTACT__TREE__PERSON',NULL,0),
(62280,9603,NULL,2,1,NULL,'object status changed from ldap-sync','','','2026-01-14 19:30:04',2,NULL,'Automation Automation','C__LOGBOOK_EVENT__OBJECT_RECYCLED','TB- Praktikant2','','','LC__CONTACT__TREE__PERSON',NULL,0),
(62281,9603,NULL,2,1,NULL,'object status changed from ldap-sync','','','2026-01-14 19:30:04',2,NULL,'Automation Automation','C__LOGBOOK_EVENT__OBJECT_RECYCLED','Praktikant Alpenregion','','','LC__CONTACT__TREE__PERSON',NULL,0),
(62282,9603,NULL,2,1,NULL,'object status changed from ldap-sync','','','2026-01-14 19:30:04',2,NULL,'Automation Automation','C__LOGBOOK_EVENT__OBJECT_RECYCLED','10 alpenregion','','','LC__CONTACT__TREE__PERSON',NULL,0),
(62283,9603,NULL,2,1,NULL,'object status changed from ldap-sync','','','2026-01-14 19:30:04',2,NULL,'Automation Automation','C__LOGBOOK_EVENT__OBJECT_RECYCLED','Dieter Visintainer','','','LC__CONTACT__TREE__PERSON',NULL,0),
(62284,9603,NULL,2,1,NULL,'object status changed from ldap-sync','','','2026-01-14 19:30:04',2,NULL,'Automation Automation','C__LOGBOOK_EVENT__OBJECT_RECYCLED','Erich Vonach','','','LC__CONTACT__TREE__PERSON',NULL,0),
(62285,9603,NULL,2,1,NULL,'object status changed from ldap-sync','','','2026-01-14 19:30:04',2,NULL,'Automation Automation','C__LOGBOOK_EVENT__OBJECT_RECYCLED','Raggal Dirketion','','','LC__CONTACT__TREE__PERSON',NULL,0),
(62286,9603,NULL,2,1,NULL,'object status changed from ldap-sync','','','2026-01-14 19:30:04',2,NULL,'Automation Automation','C__LOGBOOK_EVENT__OBJECT_RECYCLED','Lehrer VS-Raggal','','','LC__CONTACT__TREE__PERSON',NULL,0),
(62287,9603,NULL,2,1,NULL,'object status changed from ldap-sync','','','2026-01-14 19:30:04',2,NULL,'Automation Automation','C__LOGBOOK_EVENT__OBJECT_RECYCLED','10- dhammerer','','','LC__CONTACT__TREE__PERSON',NULL,0),
(62288,9603,NULL,2,1,NULL,'object status changed from ldap-sync','','','2026-01-14 19:30:04',2,NULL,'Automation Automation','C__LOGBOOK_EVENT__OBJECT_RECYCLED','of-admin Jäger Markus','','','LC__CONTACT__TREE__PERSON',NULL,0),
(62289,9603,NULL,2,1,NULL,'object status changed from ldap-sync','','','2026-01-14 19:30:04',2,NULL,'Automation Automation','C__LOGBOOK_EVENT__OBJECT_RECYCLED','15- OF-Chronist','','','LC__CONTACT__TREE__PERSON',NULL,0),
(62290,9603,NULL,2,1,NULL,'object status changed from ldap-sync','','','2026-01-14 19:30:04',2,NULL,'Automation Automation','C__LOGBOOK_EVENT__OBJECT_RECYCLED','10-wolfgang Bickel','','','LC__CONTACT__TREE__PERSON',NULL,0),
(62291,9603,NULL,2,1,NULL,'object status changed from ldap-sync','','','2026-01-14 19:30:04',2,NULL,'Automation Automation','C__LOGBOOK_EVENT__OBJECT_RECYCLED','Benno Wenninger','','','LC__CONTACT__TREE__PERSON',NULL,0),
(62292,9603,NULL,2,1,NULL,'object status changed from ldap-sync','','','2026-01-14 19:30:04',2,NULL,'Automation Automation','C__LOGBOOK_EVENT__OBJECT_RECYCLED','Oliver Mössinger','','','LC__CONTACT__TREE__PERSON',NULL,0),
(62293,9603,NULL,2,1,NULL,'object status changed from ldap-sync','','','2026-01-14 19:30:04',2,NULL,'Automation Automation','C__LOGBOOK_EVENT__OBJECT_RECYCLED','Ulrike Sedlmayr','','','LC__CONTACT__TREE__PERSON',NULL,0),
(62294,9603,NULL,2,1,NULL,'object status changed from ldap-sync','','','2026-01-14 19:30:04',2,NULL,'Automation Automation','C__LOGBOOK_EVENT__OBJECT_RECYCLED','10- tvinzenz','','','LC__CONTACT__TREE__PERSON',NULL,0),
(62295,9603,NULL,2,1,NULL,'object status changed from ldap-sync','','','2026-01-14 19:30:04',2,NULL,'Automation Automation','C__LOGBOOK_EVENT__OBJECT_RECYCLED','Kurt Montibeller','','','LC__CONTACT__TREE__PERSON',NULL,0),
(62296,9603,NULL,2,1,NULL,'object status changed from ldap-sync','','','2026-01-14 19:30:04',2,NULL,'Automation Automation','C__LOGBOOK_EVENT__OBJECT_RECYCLED','Reinhold Morre','','','LC__CONTACT__TREE__PERSON',NULL,0),
(62297,9603,NULL,2,1,NULL,'object status changed from ldap-sync','','','2026-01-14 19:30:04',2,NULL,'Automation Automation','C__LOGBOOK_EVENT__OBJECT_RECYCLED','Peter Osti','','','LC__CONTACT__TREE__PERSON',NULL,0),
(62298,9603,NULL,2,1,NULL,'object status changed from ldap-sync','','','2026-01-14 19:30:04',2,NULL,'Automation Automation','C__LOGBOOK_EVENT__OBJECT_RECYCLED','Birgit Wallner','','','LC__CONTACT__TREE__PERSON',NULL,0),
(62299,9603,NULL,2,1,NULL,'object status changed from ldap-sync','','','2026-01-14 19:30:04',2,NULL,'Automation Automation','C__LOGBOOK_EVENT__OBJECT_RECYCLED','Markus Feuerstein','','','LC__CONTACT__TREE__PERSON',NULL,0),
(62300,9603,NULL,2,1,NULL,'object status changed from ldap-sync','','','2026-01-14 19:30:04',2,NULL,'Automation Automation','C__LOGBOOK_EVENT__OBJECT_RECYCLED','Werner Asam','','','LC__CONTACT__TREE__PERSON',NULL,0),
(62301,9603,NULL,2,1,NULL,'object status changed from ldap-sync','','','2026-01-14 19:30:04',2,NULL,'Automation Automation','C__LOGBOOK_EVENT__OBJECT_RECYCLED','Hermann Manahl','','','LC__CONTACT__TREE__PERSON',NULL,0),
(62302,9603,NULL,2,1,NULL,'object status changed from ldap-sync','','','2026-01-14 19:30:04',2,NULL,'Automation Automation','C__LOGBOOK_EVENT__OBJECT_RECYCLED','62 Sitzungsraum','','','LC__CONTACT__TREE__PERSON',NULL,0),
(62303,9603,NULL,2,1,NULL,'object status changed from ldap-sync','','','2026-01-14 19:30:04',2,NULL,'Automation Automation','C__LOGBOOK_EVENT__OBJECT_RECYCLED','Rainer Klotz','','','LC__CONTACT__TREE__PERSON',NULL,0),
(62304,9603,NULL,2,1,NULL,'object status changed from ldap-sync','','','2026-01-14 19:30:04',2,NULL,'Automation Automation','C__LOGBOOK_EVENT__OBJECT_RECYCLED','Erwin Kositz','','','LC__CONTACT__TREE__PERSON',NULL,0),
(62305,9603,NULL,2,1,NULL,'object status changed from ldap-sync','','','2026-01-14 19:30:04',2,NULL,'Automation Automation','C__LOGBOOK_EVENT__OBJECT_RECYCLED','Alexander Berchtold','','','LC__CONTACT__TREE__PERSON',NULL,0),
(62306,9603,NULL,2,1,NULL,'object status changed from ldap-sync','','','2026-01-14 19:30:04',2,NULL,'Automation Automation','C__LOGBOOK_EVENT__OBJECT_RECYCLED','Vera Jussel','','','LC__CONTACT__TREE__PERSON',NULL,0),
(62307,9603,NULL,2,1,NULL,'object status changed from ldap-sync','','','2026-01-14 19:30:04',2,NULL,'Automation Automation','C__LOGBOOK_EVENT__OBJECT_RECYCLED','Silvia Hartmann','','','LC__CONTACT__TREE__PERSON',NULL,0),
(62308,9603,NULL,2,1,NULL,'object status changed from ldap-sync','','','2026-01-14 19:30:04',2,NULL,'Automation Automation','C__LOGBOOK_EVENT__OBJECT_RECYCLED','Werner Dünser','','','LC__CONTACT__TREE__PERSON',NULL,0),
(62309,9603,NULL,2,1,NULL,'object status changed from ldap-sync','','','2026-01-14 19:30:04',2,NULL,'Automation Automation','C__LOGBOOK_EVENT__OBJECT_RECYCLED','Gabriele Mandak','','','LC__CONTACT__TREE__PERSON',NULL,0),
(62310,9603,NULL,2,1,NULL,'object status changed from ldap-sync','','','2026-01-14 19:30:04',2,NULL,'Automation Automation','C__LOGBOOK_EVENT__OBJECT_RECYCLED','Ferial Praktikant','','','LC__CONTACT__TREE__PERSON',NULL,0),
(62311,9603,NULL,2,1,NULL,'object status changed from ldap-sync','','','2026-01-14 19:30:04',2,NULL,'Automation Automation','C__LOGBOOK_EVENT__OBJECT_RECYCLED','Davennasaal Stallehr','','','LC__CONTACT__TREE__PERSON',NULL,0),
(62312,9603,NULL,2,1,NULL,'object status changed from ldap-sync','','','2026-01-14 19:30:04',2,NULL,'Automation Automation','C__LOGBOOK_EVENT__OBJECT_RECYCLED','service nueziders','','','LC__CONTACT__TREE__PERSON',NULL,0),
(62313,9603,NULL,2,1,NULL,'object status changed from ldap-sync','','','2026-01-14 19:30:04',2,NULL,'Automation Automation','C__LOGBOOK_EVENT__OBJECT_RECYCLED','Ulrike Stocker','','','LC__CONTACT__TREE__PERSON',NULL,0),
(62314,9603,NULL,2,1,NULL,'object status changed from ldap-sync','','','2026-01-14 19:30:04',2,NULL,'Automation Automation','C__LOGBOOK_EVENT__OBJECT_RECYCLED','Lehrer Mittelschule-Ost','','','LC__CONTACT__TREE__PERSON',NULL,0),
(62315,9603,NULL,2,1,NULL,'object status changed from ldap-sync','','','2026-01-14 19:30:04',2,NULL,'Automation Automation','C__LOGBOOK_EVENT__OBJECT_RECYCLED','Buergerforum Bludenz','','','LC__CONTACT__TREE__PERSON',NULL,0),
(62316,9603,NULL,2,1,NULL,'object status changed from ldap-sync','','','2026-01-14 19:30:04',2,NULL,'Automation Automation','C__LOGBOOK_EVENT__OBJECT_RECYCLED','Sonnenbergsaal Nüziders','','','LC__CONTACT__TREE__PERSON',NULL,0),
(62317,9603,NULL,2,1,NULL,'object status changed from ldap-sync','','','2026-01-14 19:30:04',2,NULL,'Automation Automation','C__LOGBOOK_EVENT__OBJECT_RECYCLED','TS user','','','LC__CONTACT__TREE__PERSON',NULL,0),
(62318,9603,NULL,2,1,NULL,'object status changed from ldap-sync','','','2026-01-14 19:30:04',2,NULL,'Automation Automation','C__LOGBOOK_EVENT__OBJECT_RECYCLED','Feuerbeschau Nenzing','','','LC__CONTACT__TREE__PERSON',NULL,0),
(62319,9603,NULL,2,1,NULL,'object status changed from ldap-sync','','','2026-01-14 19:30:04',2,NULL,'Automation Automation','C__LOGBOOK_EVENT__OBJECT_RECYCLED','auer 2','','','LC__CONTACT__TREE__PERSON',NULL,0),
(62320,9603,NULL,2,1,NULL,'object status changed from ldap-sync','','','2026-01-14 19:30:04',2,NULL,'Automation Automation','C__LOGBOOK_EVENT__OBJECT_RECYCLED','Peter Neier','','','LC__CONTACT__TREE__PERSON',NULL,0),
(62321,9603,NULL,2,1,NULL,'object status changed from ldap-sync','','','2026-01-14 19:30:04',2,NULL,'Automation Automation','C__LOGBOOK_EVENT__OBJECT_RECYCLED','Anja Bickel','','','LC__CONTACT__TREE__PERSON',NULL,0),
(62322,9603,NULL,2,1,NULL,'object status changed from ldap-sync','','','2026-01-14 19:30:04',2,NULL,'Automation Automation','C__LOGBOOK_EVENT__OBJECT_RECYCLED','Werner Vergut','','','LC__CONTACT__TREE__PERSON',NULL,0),
(62323,9603,NULL,2,1,NULL,'object status changed from ldap-sync','','','2026-01-14 19:30:04',2,NULL,'Automation Automation','C__LOGBOOK_EVENT__OBJECT_RECYCLED','Christian Kuster','','','LC__CONTACT__TREE__PERSON',NULL,0),
(62324,9603,NULL,2,1,NULL,'object status changed from ldap-sync','','','2026-01-14 19:30:04',2,NULL,'Automation Automation','C__LOGBOOK_EVENT__OBJECT_RECYCLED','Birgit Konzet','','','LC__CONTACT__TREE__PERSON',NULL,0),
(62325,9603,NULL,2,1,NULL,'object status changed from ldap-sync','','','2026-01-14 19:30:04',2,NULL,'Automation Automation','C__LOGBOOK_EVENT__OBJECT_RECYCLED','Karin Kremmel','','','LC__CONTACT__TREE__PERSON',NULL,0),
(62326,9603,NULL,2,1,NULL,'object status changed from ldap-sync','','','2026-01-14 19:30:04',2,NULL,'Automation Automation','C__LOGBOOK_EVENT__OBJECT_RECYCLED','GEZ Ludesch','','','LC__CONTACT__TREE__PERSON',NULL,0),
(62327,9603,NULL,2,1,NULL,'object status changed from ldap-sync','','','2026-01-14 19:30:04',2,NULL,'Automation Automation','C__LOGBOOK_EVENT__OBJECT_RECYCLED','Jugend-Integration Praktikant/-in','','','LC__CONTACT__TREE__PERSON',NULL,0),
(62328,9603,NULL,2,1,NULL,'object status changed from ldap-sync','','','2026-01-14 19:30:04',2,NULL,'Automation Automation','C__LOGBOOK_EVENT__OBJECT_RECYCLED','fw- atemschutz','','','LC__CONTACT__TREE__PERSON',NULL,0),
(62329,9603,NULL,2,1,NULL,'object status changed from ldap-sync','','','2026-01-14 19:30:04',2,NULL,'Automation Automation','C__LOGBOOK_EVENT__OBJECT_RECYCLED','fw- chronist','','','LC__CONTACT__TREE__PERSON',NULL,0),
(62330,9603,NULL,2,1,NULL,'object status changed from ldap-sync','','','2026-01-14 19:30:04',2,NULL,'Automation Automation','C__LOGBOOK_EVENT__OBJECT_RECYCLED','fw- kommandant-stv','','','LC__CONTACT__TREE__PERSON',NULL,0),
(62331,9603,NULL,2,1,NULL,'object status changed from ldap-sync','','','2026-01-14 19:30:04',2,NULL,'Automation Automation','C__LOGBOOK_EVENT__OBJECT_RECYCLED','fw- webmaster','','','LC__CONTACT__TREE__PERSON',NULL,0),
(62332,9603,NULL,2,1,NULL,'object status changed from ldap-sync','','','2026-01-14 19:30:04',2,NULL,'Automation Automation','C__LOGBOOK_EVENT__OBJECT_RECYCLED','emarketer- Elmer Werner','','','LC__CONTACT__TREE__PERSON',NULL,0),
(62333,9603,NULL,2,1,NULL,'object status changed from ldap-sync','','','2026-01-14 19:30:04',2,NULL,'Automation Automation','C__LOGBOOK_EVENT__OBJECT_RECYCLED','Doris Reinberger','','','LC__CONTACT__TREE__PERSON',NULL,0),
(62334,9603,NULL,2,1,NULL,'object status changed from ldap-sync','','','2026-01-14 19:30:05',2,NULL,'Automation Automation','C__LOGBOOK_EVENT__OBJECT_RECYCLED','Hubert Burtscher','','','LC__CONTACT__TREE__PERSON',NULL,0),
(62335,9603,NULL,2,1,NULL,'object status changed from ldap-sync','','','2026-01-14 19:30:05',2,NULL,'Automation Automation','C__LOGBOOK_EVENT__OBJECT_RECYCLED','Bettina Falch','','','LC__CONTACT__TREE__PERSON',NULL,0),
(62336,9603,NULL,2,1,NULL,'object status changed from ldap-sync','','','2026-01-14 19:30:05',2,NULL,'Automation Automation','C__LOGBOOK_EVENT__OBJECT_RECYCLED','hp plotter','','','LC__CONTACT__TREE__PERSON',NULL,0),
(62337,9603,NULL,2,1,NULL,'object status changed from ldap-sync','','','2026-01-14 19:30:05',2,NULL,'Automation Automation','C__LOGBOOK_EVENT__OBJECT_RECYCLED','Michael Tinkhauser','','','LC__CONTACT__TREE__PERSON',NULL,0),
(62338,9603,NULL,2,1,NULL,'object status changed from ldap-sync','','','2026-01-14 19:30:05',2,NULL,'Automation Automation','C__LOGBOOK_EVENT__OBJECT_RECYCLED','Alexandra Johler','','','LC__CONTACT__TREE__PERSON',NULL,0),
(62339,9603,NULL,2,1,NULL,'object status changed from ldap-sync','','','2026-01-14 19:30:05',2,NULL,'Automation Automation','C__LOGBOOK_EVENT__OBJECT_RECYCLED','62- KIM','','','LC__CONTACT__TREE__PERSON',NULL,0),
(62340,9603,NULL,2,1,NULL,'object status changed from ldap-sync','','','2026-01-14 19:30:05',2,NULL,'Automation Automation','C__LOGBOOK_EVENT__OBJECT_RECYCLED','Alois Kofler','','','LC__CONTACT__TREE__PERSON',NULL,0),
(62341,9603,NULL,2,1,NULL,'object status changed from ldap-sync','','','2026-01-14 19:30:05',2,NULL,'Automation Automation','C__LOGBOOK_EVENT__OBJECT_RECYCLED','Monika Fritz','','','LC__CONTACT__TREE__PERSON',NULL,0),
(62342,9603,NULL,2,1,NULL,'object status changed from ldap-sync','','','2026-01-14 19:30:05',2,NULL,'Automation Automation','C__LOGBOOK_EVENT__OBJECT_RECYCLED','Evelyn Grebenz','','','LC__CONTACT__TREE__PERSON',NULL,0),
(62343,9603,NULL,2,1,NULL,'object status changed from ldap-sync','','','2026-01-14 19:30:05',2,NULL,'Automation Automation','C__LOGBOOK_EVENT__OBJECT_RECYCLED','Kulturverein Remise','','','LC__CONTACT__TREE__PERSON',NULL,0),
(62344,9603,NULL,2,1,NULL,'object status changed from ldap-sync','','','2026-01-14 19:30:05',2,NULL,'Automation Automation','C__LOGBOOK_EVENT__OBJECT_RECYCLED','Ingrid Nessler','','','LC__CONTACT__TREE__PERSON',NULL,0),
(62345,9603,NULL,2,1,NULL,'object status changed from ldap-sync','','','2026-01-14 19:30:05',2,NULL,'Automation Automation','C__LOGBOOK_EVENT__OBJECT_RECYCLED','stadtsaal- Team','','','LC__CONTACT__TREE__PERSON',NULL,0),
(62346,9603,NULL,2,1,NULL,'object status changed from ldap-sync','','','2026-01-14 19:30:05',2,NULL,'Automation Automation','C__LOGBOOK_EVENT__OBJECT_RECYCLED','Klaus Allgäuer','','','LC__CONTACT__TREE__PERSON',NULL,0),
(62347,9603,NULL,2,1,NULL,'object status changed from ldap-sync','','','2026-01-14 19:30:05',2,NULL,'Automation Automation','C__LOGBOOK_EVENT__OBJECT_RECYCLED','Josef Katzenmayer','','','LC__CONTACT__TREE__PERSON',NULL,0),
(62348,9603,NULL,2,1,NULL,'object status changed from ldap-sync','','','2026-01-14 19:30:05',2,NULL,'Automation Automation','C__LOGBOOK_EVENT__OBJECT_RECYCLED','mitarbeiter remise','','','LC__CONTACT__TREE__PERSON',NULL,0),
(62349,9603,NULL,2,1,NULL,'object status changed from ldap-sync','','','2026-01-14 19:30:05',2,NULL,'Automation Automation','C__LOGBOOK_EVENT__OBJECT_RECYCLED','Carmen Reiter','','','LC__CONTACT__TREE__PERSON',NULL,0),
(62350,9603,NULL,2,1,NULL,'object status changed from ldap-sync','','','2026-01-14 19:30:05',2,NULL,'Automation Automation','C__LOGBOOK_EVENT__OBJECT_RECYCLED','Kindergarten St. Peter','','','LC__CONTACT__TREE__PERSON',NULL,0),
(62351,9603,NULL,2,1,NULL,'object status changed from ldap-sync','','','2026-01-14 19:30:05',2,NULL,'Automation Automation','C__LOGBOOK_EVENT__OBJECT_RECYCLED','Personal Feldkirch','','','LC__CONTACT__TREE__PERSON',NULL,0),
(62352,9603,NULL,2,1,NULL,'object status changed from ldap-sync','','','2026-01-14 19:30:05',2,NULL,'Automation Automation','C__LOGBOOK_EVENT__OBJECT_RECYCLED','Herlinde Vonbank','','','LC__CONTACT__TREE__PERSON',NULL,0),
(62353,9603,NULL,2,1,NULL,'object status changed from ldap-sync','','','2026-01-14 19:30:05',2,NULL,'Automation Automation','C__LOGBOOK_EVENT__OBJECT_RECYCLED','Dietmar Plangg','','','LC__CONTACT__TREE__PERSON',NULL,0),
(62354,9603,NULL,2,1,NULL,'object status changed from ldap-sync','','','2026-01-14 19:30:05',2,NULL,'Automation Automation','C__LOGBOOK_EVENT__OBJECT_RECYCLED','15- pflege2','','','LC__CONTACT__TREE__PERSON',NULL,0),
(62355,9603,NULL,2,1,NULL,'object status changed from ldap-sync','','','2026-01-14 19:30:05',2,NULL,'Automation Automation','C__LOGBOOK_EVENT__OBJECT_RECYCLED','Wolfgang Corn','','','LC__CONTACT__TREE__PERSON',NULL,0),
(62356,9603,NULL,2,1,NULL,'object status changed from ldap-sync','','','2026-01-14 19:30:05',2,NULL,'Automation Automation','C__LOGBOOK_EVENT__OBJECT_RECYCLED','Manuela Müller','','','LC__CONTACT__TREE__PERSON',NULL,0),
(62357,9603,NULL,2,1,NULL,'object status changed from ldap-sync','','','2026-01-14 19:30:05',2,NULL,'Automation Automation','C__LOGBOOK_EVENT__OBJECT_RECYCLED','15- pflege1','','','LC__CONTACT__TREE__PERSON',NULL,0),
(62358,9603,NULL,2,1,NULL,'object status changed from ldap-sync','','','2026-01-14 19:30:05',2,NULL,'Automation Automation','C__LOGBOOK_EVENT__OBJECT_RECYCLED','63- Bauhof','','','LC__CONTACT__TREE__PERSON',NULL,0),
(62359,9603,NULL,2,1,NULL,'object status changed from ldap-sync','','','2026-01-14 19:30:05',2,NULL,'Automation Automation','C__LOGBOOK_EVENT__OBJECT_RECYCLED','arbeitsplatz 102','','','LC__CONTACT__TREE__PERSON',NULL,0),
(62360,9603,NULL,2,1,NULL,'object status changed from ldap-sync','','','2026-01-14 19:30:05',2,NULL,'Automation Automation','C__LOGBOOK_EVENT__OBJECT_RECYCLED','Erika Kronabitter','','','LC__CONTACT__TREE__PERSON',NULL,0),
(62361,9603,NULL,2,1,NULL,'object status changed from ldap-sync','','','2026-01-14 19:30:05',2,NULL,'Automation Automation','C__LOGBOOK_EVENT__OBJECT_RECYCLED','Helmut Bischof','','','LC__CONTACT__TREE__PERSON',NULL,0),
(62362,9603,NULL,2,1,NULL,'object status changed from ldap-sync','','','2026-01-14 19:30:05',2,NULL,'Automation Automation','C__LOGBOOK_EVENT__OBJECT_RECYCLED','Manuela Schallert (inaktiv)','','','LC__CONTACT__TREE__PERSON',NULL,0),
(62363,9603,NULL,2,1,NULL,'object status changed from ldap-sync','','','2026-01-14 19:30:05',2,NULL,'Automation Automation','C__LOGBOOK_EVENT__OBJECT_RECYCLED','meldeamt 1','','','LC__CONTACT__TREE__PERSON',NULL,0),
(62364,9603,NULL,2,1,NULL,'object status changed from ldap-sync','','','2026-01-14 19:30:05',2,NULL,'Automation Automation','C__LOGBOOK_EVENT__OBJECT_RECYCLED','meldeamt 2','','','LC__CONTACT__TREE__PERSON',NULL,0),
(62365,9603,NULL,2,1,NULL,'object status changed from ldap-sync','','','2026-01-14 19:30:05',2,NULL,'Automation Automation','C__LOGBOOK_EVENT__OBJECT_RECYCLED','diskret raum','','','LC__CONTACT__TREE__PERSON',NULL,0),
(62366,9603,NULL,2,1,NULL,'object status changed from ldap-sync','','','2026-01-14 19:30:05',2,NULL,'Automation Automation','C__LOGBOOK_EVENT__OBJECT_RECYCLED','Johann Fleisch','','','LC__CONTACT__TREE__PERSON',NULL,0),
(62367,9603,NULL,2,1,NULL,'object status changed from ldap-sync','','','2026-01-14 19:30:05',2,NULL,'Automation Automation','C__LOGBOOK_EVENT__OBJECT_RECYCLED','Ewald Frei','','','LC__CONTACT__TREE__PERSON',NULL,0),
(62368,9603,NULL,2,1,NULL,'object status changed from ldap-sync','','','2026-01-14 19:30:05',2,NULL,'Automation Automation','C__LOGBOOK_EVENT__OBJECT_RECYCLED','Maria Frei','','','LC__CONTACT__TREE__PERSON',NULL,0),
(62369,9603,NULL,2,1,NULL,'object status changed from ldap-sync','','','2026-01-14 19:30:05',2,NULL,'Automation Automation','C__LOGBOOK_EVENT__OBJECT_RECYCLED','Edwin Wulz','','','LC__CONTACT__TREE__PERSON',NULL,0),
(62370,9603,NULL,2,1,NULL,'object status changed from ldap-sync','','','2026-01-14 19:30:05',2,NULL,'Automation Automation','C__LOGBOOK_EVENT__OBJECT_RECYCLED','Marianne Bickel','','','LC__CONTACT__TREE__PERSON',NULL,0),
(62371,9603,NULL,2,1,NULL,'object status changed from ldap-sync','','','2026-01-14 19:30:05',2,NULL,'Automation Automation','C__LOGBOOK_EVENT__OBJECT_RECYCLED','61-fw- fuwart','','','LC__CONTACT__TREE__PERSON',NULL,0),
(62372,9603,NULL,2,1,NULL,'object status changed from ldap-sync','','','2026-01-14 19:30:05',2,NULL,'Automation Automation','C__LOGBOOK_EVENT__OBJECT_RECYCLED','61- kdt','','','LC__CONTACT__TREE__PERSON',NULL,0),
(62373,9603,NULL,2,1,NULL,'object status changed from ldap-sync','','','2026-01-14 19:30:05',2,NULL,'Automation Automation','C__LOGBOOK_EVENT__OBJECT_RECYCLED','61-fw- KdtStv','','','LC__CONTACT__TREE__PERSON',NULL,0),
(62374,9603,NULL,2,1,NULL,'object status changed from ldap-sync','','','2026-01-14 19:30:05',2,NULL,'Automation Automation','C__LOGBOOK_EVENT__OBJECT_RECYCLED','vs-nenzing- direktion','','','LC__CONTACT__TREE__PERSON',NULL,0),
(62375,9603,NULL,2,1,NULL,'object status changed from ldap-sync','','','2026-01-14 19:30:05',2,NULL,'Automation Automation','C__LOGBOOK_EVENT__OBJECT_RECYCLED','Florian Kasseroler','','','LC__CONTACT__TREE__PERSON',NULL,0),
(62376,9603,NULL,2,1,NULL,'object status changed from ldap-sync','','','2026-01-14 19:30:05',2,NULL,'Automation Automation','C__LOGBOOK_EVENT__OBJECT_RECYCLED','61- GIS','','','LC__CONTACT__TREE__PERSON',NULL,0),
(62377,9603,NULL,2,1,NULL,'object status changed from ldap-sync','','','2026-01-14 19:30:05',2,NULL,'Automation Automation','C__LOGBOOK_EVENT__OBJECT_RECYCLED','Herbert Roesler','','','LC__CONTACT__TREE__PERSON',NULL,0),
(62378,9603,NULL,2,1,NULL,'object status changed from ldap-sync','','','2026-01-14 19:30:05',2,NULL,'Automation Automation','C__LOGBOOK_EVENT__OBJECT_RECYCLED','61- schulwart','','','LC__CONTACT__TREE__PERSON',NULL,0),
(62379,9603,NULL,2,1,NULL,'object status changed from ldap-sync','','','2026-01-14 19:30:05',2,NULL,'Automation Automation','C__LOGBOOK_EVENT__OBJECT_RECYCLED','Angelika Diem','','','LC__CONTACT__TREE__PERSON',NULL,0),
(62380,9603,NULL,2,1,NULL,'object status changed from ldap-sync','','','2026-01-14 19:30:05',2,NULL,'Automation Automation','C__LOGBOOK_EVENT__OBJECT_RECYCLED','54- archiv','','','LC__CONTACT__TREE__PERSON',NULL,0),
(62381,9603,NULL,2,1,NULL,'object status changed from ldap-sync','','','2026-01-14 19:30:05',2,NULL,'Automation Automation','C__LOGBOOK_EVENT__OBJECT_RECYCLED','54- ferial','','','LC__CONTACT__TREE__PERSON',NULL,0),
(62382,9603,NULL,2,1,NULL,'object status changed from ldap-sync','','','2026-01-14 19:30:05',2,NULL,'Automation Automation','C__LOGBOOK_EVENT__OBJECT_RECYCLED','admin- poly','','','LC__CONTACT__TREE__PERSON',NULL,0),
(62383,9603,NULL,2,1,NULL,'object status changed from ldap-sync','','','2026-01-14 19:30:05',2,NULL,'Automation Automation','C__LOGBOOK_EVENT__OBJECT_RECYCLED','Karin Schuricht','','','LC__CONTACT__TREE__PERSON',NULL,0),
(62384,9603,NULL,2,1,NULL,'object status changed from ldap-sync','','','2026-01-14 19:30:05',2,NULL,'Automation Automation','C__LOGBOOK_EVENT__OBJECT_RECYCLED','Thüringen Sitzungsraum','','','LC__CONTACT__TREE__PERSON',NULL,0),
(62385,9603,NULL,2,1,NULL,'object status changed from ldap-sync','','','2026-01-14 19:30:05',2,NULL,'Automation Automation','C__LOGBOOK_EVENT__OBJECT_RECYCLED','admin- ost','','','LC__CONTACT__TREE__PERSON',NULL,0),
(62386,9603,NULL,2,1,NULL,'object status changed from ldap-sync','','','2026-01-14 19:30:05',2,NULL,'Automation Automation','C__LOGBOOK_EVENT__OBJECT_RECYCLED','54- kpv','','','LC__CONTACT__TREE__PERSON',NULL,0),
(62387,9603,NULL,2,1,NULL,'object status changed from ldap-sync','','','2026-01-14 19:30:05',2,NULL,'Automation Automation','C__LOGBOOK_EVENT__OBJECT_RECYCLED','Natascha Fritz','','','LC__CONTACT__TREE__PERSON',NULL,0),
(62388,9603,NULL,2,1,NULL,'object status changed from ldap-sync','','','2026-01-14 19:30:05',2,NULL,'Automation Automation','C__LOGBOOK_EVENT__OBJECT_RECYCLED','61-fw- archiv','','','LC__CONTACT__TREE__PERSON',NULL,0),
(62389,9603,NULL,2,1,NULL,'object status changed from ldap-sync','','','2026-01-14 19:30:05',2,NULL,'Automation Automation','C__LOGBOOK_EVENT__OBJECT_RECYCLED','Marie Huber','','','LC__CONTACT__TREE__PERSON',NULL,0),
(62390,9603,NULL,2,1,NULL,'object status changed from ldap-sync','','','2026-01-14 19:30:05',2,NULL,'Automation Automation','C__LOGBOOK_EVENT__OBJECT_RECYCLED','Gabi Khoo','','','LC__CONTACT__TREE__PERSON',NULL,0),
(62391,9603,NULL,2,1,NULL,'object status changed from ldap-sync','','','2026-01-14 19:30:05',2,NULL,'Automation Automation','C__LOGBOOK_EVENT__OBJECT_RECYCLED','Elena Rauch','','','LC__CONTACT__TREE__PERSON',NULL,0),
(62392,9603,NULL,2,1,NULL,'object status changed from ldap-sync','','','2026-01-14 19:30:05',2,NULL,'Automation Automation','C__LOGBOOK_EVENT__OBJECT_RECYCLED','Stefanie Spiß','','','LC__CONTACT__TREE__PERSON',NULL,0),
(62393,9603,NULL,2,1,NULL,'object status changed from ldap-sync','','','2026-01-14 19:30:05',2,NULL,'Automation Automation','C__LOGBOOK_EVENT__OBJECT_RECYCLED','Anna Burtscher','','','LC__CONTACT__TREE__PERSON',NULL,0),
(62394,9603,NULL,2,1,NULL,'object status changed from ldap-sync','','','2026-01-14 19:30:05',2,NULL,'Automation Automation','C__LOGBOOK_EVENT__OBJECT_RECYCLED','Harald Amann','','','LC__CONTACT__TREE__PERSON',NULL,0),
(62395,9603,NULL,2,1,NULL,'object status changed from ldap-sync','','','2026-01-14 19:30:05',2,NULL,'Automation Automation','C__LOGBOOK_EVENT__OBJECT_RECYCLED','15-of- kommandant','','','LC__CONTACT__TREE__PERSON',NULL,0),
(62396,9603,NULL,2,1,NULL,'object status changed from ldap-sync','','','2026-01-14 19:30:05',2,NULL,'Automation Automation','C__LOGBOOK_EVENT__OBJECT_RECYCLED','Max Eckert','','','LC__CONTACT__TREE__PERSON',NULL,0),
(62397,9603,NULL,2,1,NULL,'object status changed from ldap-sync','','','2026-01-14 19:30:05',2,NULL,'Automation Automation','C__LOGBOOK_EVENT__OBJECT_RECYCLED','Kordula Hepperger','','','LC__CONTACT__TREE__PERSON',NULL,0),
(62398,9603,NULL,2,1,NULL,'object status changed from ldap-sync','','','2026-01-14 19:30:05',2,NULL,'Automation Automation','C__LOGBOOK_EVENT__OBJECT_RECYCLED','Josef Pfefferkorn','','','LC__CONTACT__TREE__PERSON',NULL,0),
(62399,9603,NULL,2,1,NULL,'object status changed from ldap-sync','','','2026-01-14 19:30:05',2,NULL,'Automation Automation','C__LOGBOOK_EVENT__OBJECT_RECYCLED','Gebhard Bitsche','','','LC__CONTACT__TREE__PERSON',NULL,0),
(62400,9603,NULL,2,1,NULL,'object status changed from ldap-sync','','','2026-01-14 19:30:05',2,NULL,'Automation Automation','C__LOGBOOK_EVENT__OBJECT_RECYCLED','Kindergarten bludesch','','','LC__CONTACT__TREE__PERSON',NULL,0),
(62401,9603,NULL,2,1,NULL,'object status changed from ldap-sync','','','2026-01-14 19:30:05',2,NULL,'Automation Automation','C__LOGBOOK_EVENT__OBJECT_RECYCLED','auer-5402 auer-5402','','','LC__CONTACT__TREE__PERSON',NULL,0),
(62402,9603,NULL,2,1,NULL,'object status changed from ldap-sync','','','2026-01-14 19:30:05',2,NULL,'Automation Automation','C__LOGBOOK_EVENT__OBJECT_RECYCLED','Manfred Walser','','','LC__CONTACT__TREE__PERSON',NULL,0),
(62403,9603,NULL,2,1,NULL,'object status changed from ldap-sync','','','2026-01-14 19:30:05',2,NULL,'Automation Automation','C__LOGBOOK_EVENT__OBJECT_RECYCLED','61- Lehrling','','','LC__CONTACT__TREE__PERSON',NULL,0),
(62404,9603,NULL,2,1,NULL,'object status changed from ldap-sync','','','2026-01-14 19:30:05',2,NULL,'Automation Automation','C__LOGBOOK_EVENT__OBJECT_RECYCLED','Peter Benauer','','','LC__CONTACT__TREE__PERSON',NULL,0),
(62405,9603,NULL,2,1,NULL,'object status changed from ldap-sync','','','2026-01-14 19:30:05',2,NULL,'Automation Automation','C__LOGBOOK_EVENT__OBJECT_RECYCLED','Irene Eisenbraun','','','LC__CONTACT__TREE__PERSON',NULL,0),
(62406,9603,NULL,2,1,NULL,'object status changed from ldap-sync','','','2026-01-14 19:30:05',2,NULL,'Automation Automation','C__LOGBOOK_EVENT__OBJECT_RECYCLED','DLZ- brueckenwaage','','','LC__CONTACT__TREE__PERSON',NULL,0),
(62407,9603,NULL,2,1,NULL,'object status changed from ldap-sync','','','2026-01-14 19:30:05',2,NULL,'Automation Automation','C__LOGBOOK_EVENT__OBJECT_RECYCLED','Doris Schanung','','','LC__CONTACT__TREE__PERSON',NULL,0),
(62408,9603,NULL,2,1,NULL,'object status changed from ldap-sync','','','2026-01-14 19:30:05',2,NULL,'Automation Automation','C__LOGBOOK_EVENT__OBJECT_RECYCLED','DLZ- video','','','LC__CONTACT__TREE__PERSON',NULL,0),
(62409,9603,NULL,2,1,NULL,'object status changed from ldap-sync','','','2026-01-14 19:30:05',2,NULL,'Automation Automation','C__LOGBOOK_EVENT__OBJECT_RECYCLED','Kult Pur Nüziders','','','LC__CONTACT__TREE__PERSON',NULL,0),
(62410,9603,NULL,2,1,NULL,'object status changed from ldap-sync','','','2026-01-14 19:30:05',2,NULL,'Automation Automation','C__LOGBOOK_EVENT__OBJECT_RECYCLED','Mail Loop','','','LC__CONTACT__TREE__PERSON',NULL,0),
(62411,9603,NULL,2,1,NULL,'object status changed from ldap-sync','','','2026-01-14 19:30:06',2,NULL,'Automation Automation','C__LOGBOOK_EVENT__OBJECT_RECYCLED','vs-nenzing- lehrer','','','LC__CONTACT__TREE__PERSON',NULL,0),
(62412,9603,NULL,2,1,NULL,'object status changed from ldap-sync','','','2026-01-14 19:30:06',2,NULL,'Automation Automation','C__LOGBOOK_EVENT__OBJECT_RECYCLED','16- termine','','','LC__CONTACT__TREE__PERSON',NULL,0),
(62413,9603,NULL,2,1,NULL,'object status changed from ldap-sync','','','2026-01-14 19:30:06',2,NULL,'Automation Automation','C__LOGBOOK_EVENT__OBJECT_RECYCLED','tb- nueziders','','','LC__CONTACT__TREE__PERSON',NULL,0),
(62414,9603,NULL,2,1,NULL,'object status changed from ldap-sync','','','2026-01-14 19:30:06',2,NULL,'Automation Automation','C__LOGBOOK_EVENT__OBJECT_RECYCLED','Michael Beck','','','LC__CONTACT__TREE__PERSON',NULL,0),
(62415,9603,NULL,2,1,NULL,'object status changed from ldap-sync','','','2026-01-14 19:30:06',2,NULL,'Automation Automation','C__LOGBOOK_EVENT__OBJECT_RECYCLED','15- canon','','','LC__CONTACT__TREE__PERSON',NULL,0),
(62416,9603,NULL,2,1,NULL,'object status changed from ldap-sync','','','2026-01-14 19:30:06',2,NULL,'Automation Automation','C__LOGBOOK_EVENT__OBJECT_RECYCLED','FW- Buerserberg','','','LC__CONTACT__TREE__PERSON',NULL,0),
(62417,9603,NULL,2,1,NULL,'object status changed from ldap-sync','','','2026-01-14 19:30:06',2,NULL,'Automation Automation','C__LOGBOOK_EVENT__OBJECT_RECYCLED','Alois Gassner','','','LC__CONTACT__TREE__PERSON',NULL,0),
(62418,9603,NULL,2,1,NULL,'object status changed from ldap-sync','','','2026-01-14 19:30:06',2,NULL,'Automation Automation','C__LOGBOOK_EVENT__OBJECT_RECYCLED','Barbara Dietrich','','','LC__CONTACT__TREE__PERSON',NULL,0),
(62419,9603,NULL,2,1,NULL,'object status changed from ldap-sync','','','2026-01-14 19:30:06',2,NULL,'Automation Automation','C__LOGBOOK_EVENT__OBJECT_RECYCLED','Martin Grass','','','LC__CONTACT__TREE__PERSON',NULL,0),
(62420,9603,NULL,2,1,NULL,'object status changed from ldap-sync','','','2026-01-14 19:30:06',2,NULL,'Automation Automation','C__LOGBOOK_EVENT__OBJECT_RECYCLED','Marcel Metzler','','','LC__CONTACT__TREE__PERSON',NULL,0),
(62421,9603,NULL,2,1,NULL,'object status changed from ldap-sync','','','2026-01-14 19:30:06',2,NULL,'Automation Automation','C__LOGBOOK_EVENT__OBJECT_RECYCLED','Simon Hagen','','','LC__CONTACT__TREE__PERSON',NULL,0),
(62422,9603,NULL,2,1,NULL,'object status changed from ldap-sync','','','2026-01-14 19:30:06',2,NULL,'Automation Automation','C__LOGBOOK_EVENT__OBJECT_RECYCLED','VS-Nenzing- Sekretariat','','','LC__CONTACT__TREE__PERSON',NULL,0),
(62423,9603,NULL,2,1,NULL,'object status changed from ldap-sync','','','2026-01-14 19:30:06',2,NULL,'Automation Automation','C__LOGBOOK_EVENT__OBJECT_RECYCLED','54- tagesbetreuung','','','LC__CONTACT__TREE__PERSON',NULL,0),
(62424,9603,NULL,2,1,NULL,'object status changed from ldap-sync','','','2026-01-14 19:30:06',2,NULL,'Automation Automation','C__LOGBOOK_EVENT__OBJECT_RECYCLED','Wolfgang Gabl','','','LC__CONTACT__TREE__PERSON',NULL,0),
(62425,9603,NULL,2,1,NULL,'object status changed from ldap-sync','','','2026-01-14 19:30:06',2,NULL,'Automation Automation','C__LOGBOOK_EVENT__OBJECT_RECYCLED','Sozial- abteilung','','','LC__CONTACT__TREE__PERSON',NULL,0),
(62426,9603,NULL,2,1,NULL,'object status changed from ldap-sync','','','2026-01-14 19:30:06',2,NULL,'Automation Automation','C__LOGBOOK_EVENT__OBJECT_RECYCLED','Klaudija Sisljagic','','','LC__CONTACT__TREE__PERSON',NULL,0),
(62427,9603,NULL,2,1,NULL,'object status changed from ldap-sync','','','2026-01-14 19:30:06',2,NULL,'Automation Automation','C__LOGBOOK_EVENT__OBJECT_RECYCLED','kim- em','','','LC__CONTACT__TREE__PERSON',NULL,0),
(62428,9603,NULL,2,1,NULL,'object status changed from ldap-sync','','','2026-01-14 19:30:06',2,NULL,'Automation Automation','C__LOGBOOK_EVENT__OBJECT_RECYCLED','15-OF- WZ','','','LC__CONTACT__TREE__PERSON',NULL,0),
(62429,9603,NULL,2,1,NULL,'object status changed from ldap-sync','','','2026-01-14 19:30:06',2,NULL,'Automation Automation','C__LOGBOOK_EVENT__OBJECT_RECYCLED','15- OF-Atemschutz','','','LC__CONTACT__TREE__PERSON',NULL,0),
(62430,9603,NULL,2,1,NULL,'object status changed from ldap-sync','','','2026-01-14 19:30:06',2,NULL,'Automation Automation','C__LOGBOOK_EVENT__OBJECT_RECYCLED','15- OF-Bekleidung','','','LC__CONTACT__TREE__PERSON',NULL,0),
(62431,9603,NULL,2,1,NULL,'object status changed from ldap-sync','','','2026-01-14 19:30:06',2,NULL,'Automation Automation','C__LOGBOOK_EVENT__OBJECT_RECYCLED','15- OF-Funk','','','LC__CONTACT__TREE__PERSON',NULL,0),
(62432,9603,NULL,2,1,NULL,'object status changed from ldap-sync','','','2026-01-14 19:30:06',2,NULL,'Automation Automation','C__LOGBOOK_EVENT__OBJECT_RECYCLED','15- OF-Fahrzeuge','','','LC__CONTACT__TREE__PERSON',NULL,0),
(62433,9603,NULL,2,1,NULL,'object status changed from ldap-sync','','','2026-01-14 19:30:06',2,NULL,'Automation Automation','C__LOGBOOK_EVENT__OBJECT_RECYCLED','15-of- Kommandant-Stellvertreter','','','LC__CONTACT__TREE__PERSON',NULL,0),
(62434,9603,NULL,2,1,NULL,'object status changed from ldap-sync','','','2026-01-14 19:30:06',2,NULL,'Automation Automation','C__LOGBOOK_EVENT__OBJECT_RECYCLED','15-of- web','','','LC__CONTACT__TREE__PERSON',NULL,0),
(62435,9603,NULL,2,1,NULL,'object status changed from ldap-sync','','','2026-01-14 19:30:06',2,NULL,'Automation Automation','C__LOGBOOK_EVENT__OBJECT_RECYCLED','Krankenpflege- Mohi-StV','','','LC__CONTACT__TREE__PERSON',NULL,0),
(62436,9603,NULL,2,1,NULL,'object status changed from ldap-sync','','','2026-01-14 19:30:06',2,NULL,'Automation Automation','C__LOGBOOK_EVENT__OBJECT_RECYCLED','Adolf Bitschnau','','','LC__CONTACT__TREE__PERSON',NULL,0),
(62437,9603,NULL,2,1,NULL,'object status changed from ldap-sync','','','2026-01-14 19:30:06',2,NULL,'Automation Automation','C__LOGBOOK_EVENT__OBJECT_RECYCLED','Loreen Erhard','','','LC__CONTACT__TREE__PERSON',NULL,0),
(62438,9603,NULL,2,1,NULL,'object status changed from ldap-sync','','','2026-01-14 19:30:06',2,NULL,'Automation Automation','C__LOGBOOK_EVENT__OBJECT_RECYCLED','Daniela Gottwald','','','LC__CONTACT__TREE__PERSON',NULL,0),
(62439,9603,NULL,2,1,NULL,'object status changed from ldap-sync','','','2026-01-14 19:30:06',2,NULL,'Automation Automation','C__LOGBOOK_EVENT__OBJECT_RECYCLED','Hans Mayr','','','LC__CONTACT__TREE__PERSON',NULL,0),
(62440,9603,NULL,2,1,NULL,'object status changed from ldap-sync','','','2026-01-14 19:30:06',2,NULL,'Automation Automation','C__LOGBOOK_EVENT__OBJECT_RECYCLED','Sarah Kessler','','','LC__CONTACT__TREE__PERSON',NULL,0),
(62441,9603,NULL,2,1,NULL,'object status changed from ldap-sync','','','2026-01-14 19:30:06',2,NULL,'Automation Automation','C__LOGBOOK_EVENT__OBJECT_RECYCLED','Horst Fischer','','','LC__CONTACT__TREE__PERSON',NULL,0),
(62442,9603,NULL,2,1,NULL,'object status changed from ldap-sync','','','2026-01-14 19:30:06',2,NULL,'Automation Automation','C__LOGBOOK_EVENT__OBJECT_RECYCLED','Sandra Tschernitz','','','LC__CONTACT__TREE__PERSON',NULL,0),
(62443,9603,NULL,2,1,NULL,'object status changed from ldap-sync','','','2026-01-14 19:30:06',2,NULL,'Automation Automation','C__LOGBOOK_EVENT__OBJECT_RECYCLED','Klaus Pfefferkorn','','','LC__CONTACT__TREE__PERSON',NULL,0),
(62444,9603,NULL,2,1,NULL,'object status changed from ldap-sync','','','2026-01-14 19:30:06',2,NULL,'Automation Automation','C__LOGBOOK_EVENT__OBJECT_RECYCLED','Landes Rechnungshof','','','LC__CONTACT__TREE__PERSON',NULL,0),
(62445,9603,NULL,2,1,NULL,'object status changed from ldap-sync','','','2026-01-14 19:30:06',2,NULL,'Automation Automation','C__LOGBOOK_EVENT__OBJECT_RECYCLED','kg- amsunnabuehel','','','LC__CONTACT__TREE__PERSON',NULL,0),
(62446,9603,NULL,2,1,NULL,'object status changed from ldap-sync','','','2026-01-14 19:30:06',2,NULL,'Automation Automation','C__LOGBOOK_EVENT__OBJECT_RECYCLED','87- praktikant','','','LC__CONTACT__TREE__PERSON',NULL,0),
(62447,9603,NULL,2,1,NULL,'object status changed from ldap-sync','','','2026-01-14 19:30:06',2,NULL,'Automation Automation','C__LOGBOOK_EVENT__OBJECT_RECYCLED','Bücherei- VS-Obdorf','','','LC__CONTACT__TREE__PERSON',NULL,0),
(62448,9603,NULL,2,1,NULL,'object status changed from ldap-sync','','','2026-01-14 19:30:06',2,NULL,'Automation Automation','C__LOGBOOK_EVENT__OBJECT_RECYCLED','Alexander Thaler (Mag.)','','','LC__CONTACT__TREE__PERSON',NULL,0),
(62449,9603,NULL,2,1,NULL,'object status changed from ldap-sync','','','2026-01-14 19:30:06',2,NULL,'Automation Automation','C__LOGBOOK_EVENT__OBJECT_RECYCLED','62- em','','','LC__CONTACT__TREE__PERSON',NULL,0),
(62450,9603,NULL,2,1,NULL,'object status changed from ldap-sync','','','2026-01-14 19:30:06',2,NULL,'Automation Automation','C__LOGBOOK_EVENT__OBJECT_RECYCLED','VS- Buerserberg','','','LC__CONTACT__TREE__PERSON',NULL,0),
(62451,9603,NULL,2,1,NULL,'object status changed from ldap-sync','','','2026-01-14 19:30:06',2,NULL,'Automation Automation','C__LOGBOOK_EVENT__OBJECT_RECYCLED','Martina Hertnagel (Mag.)','','','LC__CONTACT__TREE__PERSON',NULL,0),
(62452,9603,NULL,2,1,NULL,'object status changed from ldap-sync','','','2026-01-14 19:30:06',2,NULL,'Automation Automation','C__LOGBOOK_EVENT__OBJECT_RECYCLED','Hülya Ilik','','','LC__CONTACT__TREE__PERSON',NULL,0),
(62453,9603,NULL,2,1,NULL,'object status changed from ldap-sync','','','2026-01-14 19:30:06',2,NULL,'Automation Automation','C__LOGBOOK_EVENT__OBJECT_RECYCLED','Erich Loeschnig','','','LC__CONTACT__TREE__PERSON',NULL,0),
(62454,9603,NULL,2,1,NULL,'object status changed from ldap-sync','','','2026-01-14 19:30:06',2,NULL,'Automation Automation','C__LOGBOOK_EVENT__OBJECT_RECYCLED','Celine Salcher','','','LC__CONTACT__TREE__PERSON',NULL,0),
(62455,9603,NULL,2,1,NULL,'object status changed from ldap-sync','','','2026-01-14 19:30:06',2,NULL,'Automation Automation','C__LOGBOOK_EVENT__OBJECT_RECYCLED','Dominik Vinzenz','','','LC__CONTACT__TREE__PERSON',NULL,0),
(62456,9603,NULL,2,1,NULL,'object status changed from ldap-sync','','','2026-01-14 19:30:06',2,NULL,'Automation Automation','C__LOGBOOK_EVENT__OBJECT_RECYCLED','Lea Pultar','','','LC__CONTACT__TREE__PERSON',NULL,0),
(62457,9603,NULL,2,1,NULL,'object status changed from ldap-sync','','','2026-01-14 19:30:06',2,NULL,'Automation Automation','C__LOGBOOK_EVENT__OBJECT_RECYCLED','54-mohi- leitung','','','LC__CONTACT__TREE__PERSON',NULL,0),
(62458,9603,NULL,2,1,NULL,'object status changed from ldap-sync','','','2026-01-14 19:30:06',2,NULL,'Automation Automation','C__LOGBOOK_EVENT__OBJECT_RECYCLED','Bauhof Sonntag','','','LC__CONTACT__TREE__PERSON',NULL,0),
(62459,9603,NULL,2,1,NULL,'object status changed from ldap-sync','','','2026-01-14 19:30:06',2,NULL,'Automation Automation','C__LOGBOOK_EVENT__OBJECT_RECYCLED','younion- Lechner','','','LC__CONTACT__TREE__PERSON',NULL,0),
(62460,9603,NULL,2,1,NULL,'object status changed from ldap-sync','','','2026-01-14 19:30:06',2,NULL,'Automation Automation','C__LOGBOOK_EVENT__OBJECT_RECYCLED','Mathias Wegscheider','','','LC__CONTACT__TREE__PERSON',NULL,0),
(62461,9603,NULL,2,1,NULL,'object status changed from ldap-sync','','','2026-01-14 19:30:06',2,NULL,'Automation Automation','C__LOGBOOK_EVENT__OBJECT_RECYCLED','inaktiv - Thomas Grass (Ing.)','','','LC__CONTACT__TREE__PERSON',NULL,0),
(62462,9603,NULL,2,1,NULL,'object status changed from ldap-sync','','','2026-01-14 19:30:06',2,NULL,'Automation Automation','C__LOGBOOK_EVENT__OBJECT_RECYCLED','Claudio Wachter','','','LC__CONTACT__TREE__PERSON',NULL,0),
(62463,9603,NULL,2,1,NULL,'object status changed from ldap-sync','','','2026-01-14 19:30:06',2,NULL,'Automation Automation','C__LOGBOOK_EVENT__OBJECT_RECYCLED','Jasmine Türk','','','LC__CONTACT__TREE__PERSON',NULL,0),
(62464,9603,NULL,2,1,NULL,'object status changed from ldap-sync','','','2026-01-14 19:30:06',2,NULL,'Automation Automation','C__LOGBOOK_EVENT__OBJECT_RECYCLED','63-Alexandra martin','','','LC__CONTACT__TREE__PERSON',NULL,0),
(62465,9603,NULL,2,1,NULL,'object status changed from ldap-sync','','','2026-01-14 19:30:06',2,NULL,'Automation Automation','C__LOGBOOK_EVENT__OBJECT_RECYCLED','kw- schruns','','','LC__CONTACT__TREE__PERSON',NULL,0),
(62466,9603,NULL,2,1,NULL,'object status changed from ldap-sync','','','2026-01-14 19:30:06',2,NULL,'Automation Automation','C__LOGBOOK_EVENT__OBJECT_RECYCLED','kw- gantschier','','','LC__CONTACT__TREE__PERSON',NULL,0),
(62467,9603,NULL,2,1,NULL,'object status changed from ldap-sync','','','2026-01-14 19:30:06',2,NULL,'Automation Automation','C__LOGBOOK_EVENT__OBJECT_RECYCLED','kw- st-gallenkirch','','','LC__CONTACT__TREE__PERSON',NULL,0),
(62468,9603,NULL,2,1,NULL,'object status changed from ldap-sync','','','2026-01-14 19:30:06',2,NULL,'Automation Automation','C__LOGBOOK_EVENT__OBJECT_RECYCLED','kw- gaschurn','','','LC__CONTACT__TREE__PERSON',NULL,0),
(62469,9603,NULL,2,1,NULL,'object status changed from ldap-sync','','','2026-01-14 19:30:06',2,NULL,'Automation Automation','C__LOGBOOK_EVENT__OBJECT_RECYCLED','Kinderwerkstättli- Waldspielgruppe','','','LC__CONTACT__TREE__PERSON',NULL,0),
(62470,9603,NULL,2,1,NULL,'object status changed from ldap-sync','','','2026-01-14 19:30:06',2,NULL,'Automation Automation','C__LOGBOOK_EVENT__OBJECT_RECYCLED','KW- Leitung','','','LC__CONTACT__TREE__PERSON',NULL,0),
(62471,9603,NULL,2,1,NULL,'object status changed from ldap-sync','','','2026-01-14 19:30:06',2,NULL,'Automation Automation','C__LOGBOOK_EVENT__OBJECT_RECYCLED','Ralf Engelmann','','','LC__CONTACT__TREE__PERSON',NULL,0),
(62472,9603,NULL,2,1,NULL,'object status changed from ldap-sync','','','2026-01-14 19:30:06',2,NULL,'Automation Automation','C__LOGBOOK_EVENT__OBJECT_RECYCLED','tb- praktikant1','','','LC__CONTACT__TREE__PERSON',NULL,0),
(62473,9603,NULL,2,1,NULL,'object status changed from ldap-sync','','','2026-01-14 19:30:06',2,NULL,'Automation Automation','C__LOGBOOK_EVENT__OBJECT_RECYCLED','ARB- inaktiv Support','','','LC__CONTACT__TREE__PERSON',NULL,0),
(62474,9603,NULL,2,1,NULL,'object status changed from ldap-sync','','','2026-01-14 19:30:07',2,NULL,'Automation Automation','C__LOGBOOK_EVENT__OBJECT_RECYCLED','Schülerbetreuung Bings','','','LC__CONTACT__TREE__PERSON',NULL,0),
(62475,9603,NULL,2,1,NULL,'object status changed from ldap-sync','','','2026-01-14 19:30:07',2,NULL,'Automation Automation','C__LOGBOOK_EVENT__OBJECT_RECYCLED','Direktion VS-Halden / Amann Rochus','','','LC__CONTACT__TREE__PERSON',NULL,0),
(62476,9603,NULL,2,1,NULL,'object status changed from ldap-sync','','','2026-01-14 19:30:07',2,NULL,'Automation Automation','C__LOGBOOK_EVENT__OBJECT_RECYCLED','12- schuelerbetreuung','','','LC__CONTACT__TREE__PERSON',NULL,0),
(62477,9603,NULL,2,1,NULL,'object status changed from ldap-sync','','','2026-01-14 19:30:07',2,NULL,'Automation Automation','C__LOGBOOK_EVENT__OBJECT_RECYCLED','EKIZ- Leitung','','','LC__CONTACT__TREE__PERSON',NULL,0),
(62478,9603,NULL,2,1,NULL,'object status changed from ldap-sync','','','2026-01-14 19:30:07',2,NULL,'Automation Automation','C__LOGBOOK_EVENT__OBJECT_RECYCLED','Oswald Simma','','','LC__CONTACT__TREE__PERSON',NULL,0),
(62479,9603,NULL,2,1,NULL,'object status changed from ldap-sync','','','2026-01-14 19:30:07',2,NULL,'Automation Automation','C__LOGBOOK_EVENT__OBJECT_RECYCLED','Andrea Muther','','','LC__CONTACT__TREE__PERSON',NULL,0),
(62480,9603,NULL,2,1,NULL,'object status changed from ldap-sync','','','2026-01-14 19:30:07',2,NULL,'Automation Automation','C__LOGBOOK_EVENT__OBJECT_RECYCLED','Kultur Praktikant','','','LC__CONTACT__TREE__PERSON',NULL,0),
(62481,9603,NULL,2,1,NULL,'object status changed from ldap-sync','','','2026-01-14 19:30:07',2,NULL,'Automation Automation','C__LOGBOOK_EVENT__OBJECT_RECYCLED','Lorenz Bischof','','','LC__CONTACT__TREE__PERSON',NULL,0),
(62482,9603,NULL,2,1,NULL,'object status changed from ldap-sync','','','2026-01-14 19:30:07',2,NULL,'Automation Automation','C__LOGBOOK_EVENT__OBJECT_RECYCLED','Kathrin Summer','','','LC__CONTACT__TREE__PERSON',NULL,0),
(62483,9603,NULL,2,1,NULL,'object status changed from ldap-sync','','','2026-01-14 19:30:07',2,NULL,'Automation Automation','C__LOGBOOK_EVENT__OBJECT_RECYCLED','KPV Blumenegg Leitung','','','LC__CONTACT__TREE__PERSON',NULL,0),
(62484,9603,NULL,2,1,NULL,'object status changed from ldap-sync','','','2026-01-14 19:30:07',2,NULL,'Automation Automation','C__LOGBOOK_EVENT__OBJECT_RECYCLED','Andrea Bilgeri','','','LC__CONTACT__TREE__PERSON',NULL,0),
(62485,9603,NULL,2,1,NULL,'object status changed from ldap-sync','','','2026-01-14 19:30:07',2,NULL,'Automation Automation','C__LOGBOOK_EVENT__OBJECT_RECYCLED','Nikola Bartenbach','','','LC__CONTACT__TREE__PERSON',NULL,0),
(62486,9603,NULL,2,1,NULL,'object status changed from ldap-sync','','','2026-01-14 19:30:07',2,NULL,'Automation Automation','C__LOGBOOK_EVENT__OBJECT_RECYCLED','Karin Achleitner','','','LC__CONTACT__TREE__PERSON',NULL,0),
(62487,9603,NULL,2,1,NULL,'object status changed from ldap-sync','','','2026-01-14 19:30:07',2,NULL,'Automation Automation','C__LOGBOOK_EVENT__OBJECT_RECYCLED','10-archiv- praktikant','','','LC__CONTACT__TREE__PERSON',NULL,0),
(62488,9603,NULL,2,1,NULL,'object status changed from ldap-sync','','','2026-01-14 19:30:07',2,NULL,'Automation Automation','C__LOGBOOK_EVENT__OBJECT_RECYCLED','10- wahlen','','','LC__CONTACT__TREE__PERSON',NULL,0),
(62489,9603,NULL,2,1,NULL,'object status changed from ldap-sync','','','2026-01-14 19:30:07',2,NULL,'Automation Automation','C__LOGBOOK_EVENT__OBJECT_RECYCLED','Vanessa Palfi','','','LC__CONTACT__TREE__PERSON',NULL,0),
(62490,9603,NULL,2,1,NULL,'object status changed from ldap-sync','','','2026-01-14 19:30:07',2,NULL,'Automation Automation','C__LOGBOOK_EVENT__OBJECT_RECYCLED','Agrargemeinschaft z.H. Mathias Wirbel','','','LC__CONTACT__TREE__PERSON',NULL,0),
(62491,9603,NULL,2,1,NULL,'object status changed from ldap-sync','','','2026-01-14 19:30:07',2,NULL,'Automation Automation','C__LOGBOOK_EVENT__OBJECT_RECYCLED','Klaudia Büchel','','','LC__CONTACT__TREE__PERSON',NULL,0),
(62492,9603,NULL,2,1,NULL,'object status changed from ldap-sync','','','2026-01-14 19:30:07',2,NULL,'Automation Automation','C__LOGBOOK_EVENT__OBJECT_RECYCLED','Othmar Bickel','','','LC__CONTACT__TREE__PERSON',NULL,0),
(62493,9603,NULL,2,1,NULL,'object status changed from ldap-sync','','','2026-01-14 19:30:07',2,NULL,'Automation Automation','C__LOGBOOK_EVENT__OBJECT_RECYCLED','EKIZ- Gortipohl','','','LC__CONTACT__TREE__PERSON',NULL,0),
(62494,9603,NULL,2,1,NULL,'object status changed from ldap-sync','','','2026-01-14 19:30:07',2,NULL,'Automation Automation','C__LOGBOOK_EVENT__OBJECT_RECYCLED','Bludenz Kultur','','','LC__CONTACT__TREE__PERSON',NULL,0),
(62495,9603,NULL,2,1,NULL,'object status changed from ldap-sync','','','2026-01-14 19:30:07',2,NULL,'Automation Automation','C__LOGBOOK_EVENT__OBJECT_RECYCLED','Buchhaltung- Archiv','','','LC__CONTACT__TREE__PERSON',NULL,0),
(62496,9603,NULL,2,1,NULL,'object status changed from ldap-sync','','','2026-01-14 19:30:07',2,NULL,'Automation Automation','C__LOGBOOK_EVENT__OBJECT_RECYCLED','Judith Peindl','','','LC__CONTACT__TREE__PERSON',NULL,0),
(62497,9603,NULL,2,1,NULL,'object status changed from ldap-sync','','','2026-01-14 19:30:07',2,NULL,'Automation Automation','C__LOGBOOK_EVENT__OBJECT_RECYCLED','qualitätsmanagement Haus-Nenzing','','','LC__CONTACT__TREE__PERSON',NULL,0),
(62498,9603,NULL,2,1,NULL,'object status changed from ldap-sync','','','2026-01-14 19:30:07',2,NULL,'Automation Automation','C__LOGBOOK_EVENT__OBJECT_RECYCLED','Paul Müller','','','LC__CONTACT__TREE__PERSON',NULL,0),
(62499,9603,NULL,2,1,NULL,'object status changed from ldap-sync','','','2026-01-14 19:30:07',2,NULL,'Automation Automation','C__LOGBOOK_EVENT__OBJECT_RECYCLED','Manuel Scherer','','','LC__CONTACT__TREE__PERSON',NULL,0),
(62500,9603,NULL,2,1,NULL,'object status changed from ldap-sync','','','2026-01-14 19:30:07',2,NULL,'Automation Automation','C__LOGBOOK_EVENT__OBJECT_RECYCLED','Anita Wehinger','','','LC__CONTACT__TREE__PERSON',NULL,0),
(62501,9603,NULL,2,1,NULL,'object status changed from ldap-sync','','','2026-01-14 19:30:07',2,NULL,'Automation Automation','C__LOGBOOK_EVENT__OBJECT_RECYCLED','Michaela Küng','','','LC__CONTACT__TREE__PERSON',NULL,0),
(62502,9603,NULL,2,1,NULL,'object status changed from ldap-sync','','','2026-01-14 19:30:07',2,NULL,'Automation Automation','C__LOGBOOK_EVENT__OBJECT_RECYCLED','Wolfram Stroppa','','','LC__CONTACT__TREE__PERSON',NULL,0),
(62503,9603,NULL,2,1,NULL,'object status changed from ldap-sync','','','2026-01-14 19:30:07',2,NULL,'Automation Automation','C__LOGBOOK_EVENT__OBJECT_RECYCLED','Rebecca Broneske','','','LC__CONTACT__TREE__PERSON',NULL,0),
(62504,9603,NULL,2,1,NULL,'object status changed from ldap-sync','','','2026-01-14 19:30:07',2,NULL,'Automation Automation','C__LOGBOOK_EVENT__OBJECT_RECYCLED','Bettina Prax - inaktiv','','','LC__CONTACT__TREE__PERSON',NULL,0),
(62505,9603,NULL,2,1,NULL,'object status changed from ldap-sync','','','2026-01-14 19:30:07',2,NULL,'Automation Automation','C__LOGBOOK_EVENT__OBJECT_RECYCLED','Kinderbetreuung Gruppe 1','','','LC__CONTACT__TREE__PERSON',NULL,0),
(62506,9603,NULL,2,1,NULL,'object status changed from ldap-sync','','','2026-01-14 19:30:07',2,NULL,'Automation Automation','C__LOGBOOK_EVENT__OBJECT_RECYCLED','Kinderbetreuung Gruppe 2','','','LC__CONTACT__TREE__PERSON',NULL,0),
(62507,9603,NULL,2,1,NULL,'object status changed from ldap-sync','','','2026-01-14 19:30:07',2,NULL,'Automation Automation','C__LOGBOOK_EVENT__OBJECT_RECYCLED','Hubert Gantner','','','LC__CONTACT__TREE__PERSON',NULL,0),
(62508,9603,NULL,2,1,NULL,'object status changed from ldap-sync','','','2026-01-14 19:30:07',2,NULL,'Automation Automation','C__LOGBOOK_EVENT__OBJECT_RECYCLED','Claudia Wachter','','','LC__CONTACT__TREE__PERSON',NULL,0),
(62509,9603,NULL,2,1,NULL,'object status changed from ldap-sync','','','2026-01-14 19:30:07',2,NULL,'Automation Automation','C__LOGBOOK_EVENT__OBJECT_RECYCLED','Stefanie Peiker','','','LC__CONTACT__TREE__PERSON',NULL,0),
(62510,9603,NULL,2,1,NULL,'object status changed from ldap-sync','','','2026-01-14 19:30:07',2,NULL,'Automation Automation','C__LOGBOOK_EVENT__OBJECT_RECYCLED','10 PraktikantBS','','','LC__CONTACT__TREE__PERSON',NULL,0),
(62511,9603,NULL,2,1,NULL,'object status changed from ldap-sync','','','2026-01-14 19:30:07',2,NULL,'Automation Automation','C__LOGBOOK_EVENT__OBJECT_RECYCLED','Matthias Mayr','','','LC__CONTACT__TREE__PERSON',NULL,0),
(62512,9603,NULL,2,1,NULL,'object status changed from ldap-sync','','','2026-01-14 19:30:07',2,NULL,'Automation Automation','C__LOGBOOK_EVENT__OBJECT_RECYCLED','Bludenz Aktuell','','','LC__CONTACT__TREE__PERSON',NULL,0),
(62513,9603,NULL,2,1,NULL,'object status changed from ldap-sync','','','2026-01-14 19:30:07',2,NULL,'Automation Automation','C__LOGBOOK_EVENT__OBJECT_RECYCLED','ZI Test User','','','LC__CONTACT__TREE__PERSON',NULL,0),
(62514,9603,NULL,2,1,NULL,'object status changed from ldap-sync','','','2026-01-14 19:30:07',2,NULL,'Automation Automation','C__LOGBOOK_EVENT__OBJECT_RECYCLED','10- Praktikant Buchhaltung','','','LC__CONTACT__TREE__PERSON',NULL,0),
(62515,9603,NULL,2,1,NULL,'object status changed from ldap-sync','','','2026-01-14 19:30:07',2,NULL,'Automation Automation','C__LOGBOOK_EVENT__OBJECT_RECYCLED','Astrid Frank','','','LC__CONTACT__TREE__PERSON',NULL,0),
(62516,9603,NULL,2,1,NULL,'object status changed from ldap-sync','','','2026-01-14 19:30:08',2,NULL,'Automation Automation','C__LOGBOOK_EVENT__OBJECT_RECYCLED','Martina Erhart','','','LC__CONTACT__TREE__PERSON',NULL,0),
(62517,9603,NULL,2,1,NULL,'object status changed from ldap-sync','','','2026-01-14 19:30:08',2,NULL,'Automation Automation','C__LOGBOOK_EVENT__OBJECT_RECYCLED','Daniela Dörn','','','LC__CONTACT__TREE__PERSON',NULL,0),
(62518,9603,NULL,2,1,NULL,'object status changed from ldap-sync','','','2026-01-14 19:30:08',2,NULL,'Automation Automation','C__LOGBOOK_EVENT__OBJECT_RECYCLED','AgP Sozialsprengel Blumenegg','','','LC__CONTACT__TREE__PERSON',NULL,0),
(62519,9603,NULL,2,1,NULL,'object status changed from ldap-sync','','','2026-01-14 19:30:08',2,NULL,'Automation Automation','C__LOGBOOK_EVENT__OBJECT_RECYCLED','Danja Sutterlüty','','','LC__CONTACT__TREE__PERSON',NULL,0),
(62520,9603,NULL,2,1,NULL,'object status changed from ldap-sync','','','2026-01-14 19:30:08',2,NULL,'Automation Automation','C__LOGBOOK_EVENT__OBJECT_RECYCLED','Bianca Bachmann','','','LC__CONTACT__TREE__PERSON',NULL,0),
(62521,9603,NULL,2,1,NULL,'object status changed from ldap-sync','','','2026-01-14 19:30:08',2,NULL,'Automation Automation','C__LOGBOOK_EVENT__OBJECT_RECYCLED','Daniel Dietrich','','','LC__CONTACT__TREE__PERSON',NULL,0),
(62522,9603,NULL,2,1,NULL,'object status changed from ldap-sync','','','2026-01-14 19:30:08',2,NULL,'Automation Automation','C__LOGBOOK_EVENT__OBJECT_RECYCLED','ARB- Online - Dajana Baumgartner','','','LC__CONTACT__TREE__PERSON',NULL,0),
(62523,9603,NULL,2,1,NULL,'object status changed from ldap-sync','','','2026-01-14 19:30:08',2,NULL,'Automation Automation','C__LOGBOOK_EVENT__OBJECT_RECYCLED','Sandra van Apeldoorn','','','LC__CONTACT__TREE__PERSON',NULL,0),
(62524,9603,NULL,2,1,NULL,'object status changed from ldap-sync','','','2026-01-14 19:30:08',2,NULL,'Automation Automation','C__LOGBOOK_EVENT__OBJECT_RECYCLED','TB-Brand Leitung','','','LC__CONTACT__TREE__PERSON',NULL,0),
(62525,9603,NULL,2,1,NULL,'object status changed from ldap-sync','','','2026-01-14 19:30:08',2,NULL,'Automation Automation','C__LOGBOOK_EVENT__OBJECT_RECYCLED','Nina Tagwerker','','','LC__CONTACT__TREE__PERSON',NULL,0),
(62526,9603,NULL,2,1,NULL,'object status changed from ldap-sync','','','2026-01-14 19:30:08',2,NULL,'Automation Automation','C__LOGBOOK_EVENT__OBJECT_RECYCLED','Clarissa Schatzmann','','','LC__CONTACT__TREE__PERSON',NULL,0),
(62527,9603,NULL,2,1,NULL,'object status changed from ldap-sync','','','2026-01-14 19:30:08',2,NULL,'Automation Automation','C__LOGBOOK_EVENT__OBJECT_RECYCLED','Lena Maier','','','LC__CONTACT__TREE__PERSON',NULL,0),
(62528,9603,NULL,2,1,NULL,'object status changed from ldap-sync','','','2026-01-14 19:30:08',2,NULL,'Automation Automation','C__LOGBOOK_EVENT__OBJECT_RECYCLED','Adem Cetinkaya','','','LC__CONTACT__TREE__PERSON',NULL,0),
(62529,9603,NULL,2,1,NULL,'object status changed from ldap-sync','','','2026-01-14 19:30:08',2,NULL,'Automation Automation','C__LOGBOOK_EVENT__OBJECT_RECYCLED','Ulrike Gabriel','','','LC__CONTACT__TREE__PERSON',NULL,0),
(62530,9603,NULL,2,1,NULL,'object status changed from ldap-sync','','','2026-01-14 19:30:08',2,NULL,'Automation Automation','C__LOGBOOK_EVENT__OBJECT_RECYCLED','Susanne Macierzynski','','','LC__CONTACT__TREE__PERSON',NULL,0),
(62531,9603,NULL,2,1,NULL,'object status changed from ldap-sync','','','2026-01-14 19:30:08',2,NULL,'Automation Automation','C__LOGBOOK_EVENT__OBJECT_RECYCLED','Katharina Feuerstein','','','LC__CONTACT__TREE__PERSON',NULL,0),
(62532,9603,NULL,2,1,NULL,'object status changed from ldap-sync','','','2026-01-14 19:30:08',2,NULL,'Automation Automation','C__LOGBOOK_EVENT__OBJECT_RECYCLED','Dagmar Dünser','','','LC__CONTACT__TREE__PERSON',NULL,0),
(62533,9603,NULL,2,1,NULL,'object status changed from ldap-sync','','','2026-01-14 19:30:08',2,NULL,'Automation Automation','C__LOGBOOK_EVENT__OBJECT_RECYCLED','Marc Amann','','','LC__CONTACT__TREE__PERSON',NULL,0),
(62534,9603,NULL,2,1,NULL,'object status changed from ldap-sync','','','2026-01-14 19:30:08',2,NULL,'Automation Automation','C__LOGBOOK_EVENT__OBJECT_RECYCLED','Nicole Maier','','','LC__CONTACT__TREE__PERSON',NULL,0),
(62535,9603,NULL,2,1,NULL,'object status changed from ldap-sync','','','2026-01-14 19:30:08',2,NULL,'Automation Automation','C__LOGBOOK_EVENT__OBJECT_RECYCLED','valblu bistro','','','LC__CONTACT__TREE__PERSON',NULL,0),
(62536,9603,NULL,2,1,NULL,'object status changed from ldap-sync','','','2026-01-14 19:30:08',2,NULL,'Automation Automation','C__LOGBOOK_EVENT__OBJECT_RECYCLED','Marcel Artner','','','LC__CONTACT__TREE__PERSON',NULL,0),
(62537,9603,NULL,2,1,NULL,'object status changed from ldap-sync','','','2026-01-14 19:30:08',2,NULL,'Automation Automation','C__LOGBOOK_EVENT__OBJECT_RECYCLED','David Ulrich','','','LC__CONTACT__TREE__PERSON',NULL,0),
(62538,9603,NULL,2,1,NULL,'object status changed from ldap-sync','','','2026-01-14 19:30:08',2,NULL,'Automation Automation','C__LOGBOOK_EVENT__OBJECT_RECYCLED','Öznur Ercan','','','LC__CONTACT__TREE__PERSON',NULL,0),
(62539,9603,NULL,2,1,NULL,'object status changed from ldap-sync','','','2026-01-14 19:30:08',2,NULL,'Automation Automation','C__LOGBOOK_EVENT__OBJECT_RECYCLED','Elmas Rüzgar','','','LC__CONTACT__TREE__PERSON',NULL,0),
(62540,9603,NULL,2,1,NULL,'object status changed from ldap-sync','','','2026-01-14 19:30:08',2,NULL,'Automation Automation','C__LOGBOOK_EVENT__OBJECT_RECYCLED','Marina Gonzalez','','','LC__CONTACT__TREE__PERSON',NULL,0),
(62541,9603,NULL,2,1,NULL,'object status changed from ldap-sync','','','2026-01-14 19:30:08',2,NULL,'Automation Automation','C__LOGBOOK_EVENT__OBJECT_RECYCLED','Bettina Lerchner','','','LC__CONTACT__TREE__PERSON',NULL,0),
(62542,9603,NULL,2,1,NULL,'object status changed from ldap-sync','','','2026-01-14 19:30:09',2,NULL,'Automation Automation','C__LOGBOOK_EVENT__OBJECT_RECYCLED','Rene Dünser','','','LC__CONTACT__TREE__PERSON',NULL,0),
(62543,9603,NULL,2,1,NULL,'object status changed from ldap-sync','','','2026-01-14 19:30:09',2,NULL,'Automation Automation','C__LOGBOOK_EVENT__OBJECT_RECYCLED','Ivonne Gsenger','','','LC__CONTACT__TREE__PERSON',NULL,0),
(62544,9603,NULL,1,1,NULL,'modified from LDAP-Sync','','a:1:{s:44:\"isys_cmdb_dao_category_s_person_master::mail\";a:2:{s:4:\"from\";s:24:\"Barbara.Mathies@brand.at\";s:2:\"to\";s:28:\"old_Barbara.Mathies@brand.at\";}}','2026-01-14 19:33:36',2,NULL,'Automation Automation','C__LOGBOOK_EVENT__CATEGORY_CHANGED','Barbara Mathies','LC__CONTACT__TREE__PERSON','','LC__CONTACT__TREE__PERSON',NULL,0),
(62545,9603,NULL,2,1,NULL,'Restored by ldap-sync, due to setting \"deletedUsersBehaviour\" set to \"disable_login\"','','','2026-01-14 19:36:04',2,NULL,'Automation Automation','C__LOGBOOK_EVENT__OBJECT_RECYCLED','Michael Zwisler','Allgemein','','LC__CONTACT__TREE__PERSON',NULL,0),
(62546,9603,NULL,2,1,NULL,'Restored by ldap-sync, due to setting \"deletedUsersBehaviour\" set to \"disable_login\"','','','2026-01-14 19:36:04',2,NULL,'Automation Automation','C__LOGBOOK_EVENT__OBJECT_RECYCLED','adxt1_huber02 ','Allgemein','','LC__CONTACT__TREE__PERSON',NULL,0),
(62547,9603,NULL,2,1,NULL,'Restored by ldap-sync, due to setting \"deletedUsersBehaviour\" set to \"disable_login\"','','','2026-01-14 19:36:04',2,NULL,'Automation Automation','C__LOGBOOK_EVENT__OBJECT_RECYCLED',' ','Allgemein','','LC__CONTACT__TREE__PERSON',NULL,0),
(62548,9603,NULL,2,1,NULL,'Restored by ldap-sync, due to setting \"deletedUsersBehaviour\" set to \"disable_login\"','','','2026-01-14 19:36:04',2,NULL,'Automation Automation','C__LOGBOOK_EVENT__OBJECT_RECYCLED','admt1_zwisler01 ','Allgemein','','LC__CONTACT__TREE__PERSON',NULL,0),
(62549,9603,NULL,2,1,NULL,'Restored by ldap-sync, due to setting \"deletedUsersBehaviour\" set to \"disable_login\"','','','2026-01-14 19:36:04',2,NULL,'Automation Automation','C__LOGBOOK_EVENT__OBJECT_RECYCLED','zammad','Allgemein','','LC__CONTACT__TREE__PERSON',NULL,0),
(62550,9603,NULL,2,1,NULL,'Restored by ldap-sync, due to setting \"deletedUsersBehaviour\" set to \"disable_login\"','','','2026-01-14 19:36:04',2,NULL,'Automation Automation','C__LOGBOOK_EVENT__OBJECT_RECYCLED','Assistenz Bürserberg','Allgemein','','LC__CONTACT__TREE__PERSON',NULL,0),
(62551,9603,NULL,2,1,NULL,'Restored by ldap-sync, due to setting \"deletedUsersBehaviour\" set to \"disable_login\"','','','2026-01-14 19:36:04',2,NULL,'Automation Automation','C__LOGBOOK_EVENT__OBJECT_RECYCLED','Tobias Greifeneder','Allgemein','','LC__CONTACT__TREE__PERSON',NULL,0),
(62552,9603,NULL,2,1,NULL,'Restored by ldap-sync, due to setting \"deletedUsersBehaviour\" set to \"disable_login\"','','','2026-01-14 19:36:04',2,NULL,'Automation Automation','C__LOGBOOK_EVENT__OBJECT_RECYCLED','Manuela Havrilla','Allgemein','','LC__CONTACT__TREE__PERSON',NULL,0),
(62553,9603,NULL,2,1,NULL,'Restored by ldap-sync, due to setting \"deletedUsersBehaviour\" set to \"disable_login\"','','','2026-01-14 19:36:04',2,NULL,'Automation Automation','C__LOGBOOK_EVENT__OBJECT_RECYCLED','Sandra Kuntner','Allgemein','','LC__CONTACT__TREE__PERSON',NULL,0),
(62554,9603,NULL,2,1,NULL,'Restored by ldap-sync, due to setting \"deletedUsersBehaviour\" set to \"disable_login\"','','','2026-01-14 19:36:04',2,NULL,'Automation Automation','C__LOGBOOK_EVENT__OBJECT_RECYCLED','Güllü Neuschmied','Allgemein','','LC__CONTACT__TREE__PERSON',NULL,0),
(62555,9603,NULL,2,1,NULL,'object status changed from ldap-sync','','','2026-01-14 19:50:22',2,NULL,'Automation Automation','C__LOGBOOK_EVENT__OBJECT_RECYCLED','11- admin','','','LC__CONTACT__TREE__PERSON',NULL,0),
(62556,9603,NULL,2,1,NULL,'object status changed from ldap-sync','','','2026-01-14 19:50:22',2,NULL,'Automation Automation','C__LOGBOOK_EVENT__OBJECT_RECYCLED','63- admin','','','LC__CONTACT__TREE__PERSON',NULL,0),
(62557,9603,NULL,2,1,NULL,'object status changed from ldap-sync','','','2026-01-14 19:50:22',2,NULL,'Automation Automation','C__LOGBOOK_EVENT__OBJECT_RECYCLED','15- admin','','','LC__CONTACT__TREE__PERSON',NULL,0),
(62558,9603,NULL,2,1,NULL,'object status changed from ldap-sync','','','2026-01-14 19:50:22',2,NULL,'Automation Automation','C__LOGBOOK_EVENT__OBJECT_RECYCLED','alpenregion- admin','','','LC__CONTACT__TREE__PERSON',NULL,0),
(62559,9603,NULL,2,1,NULL,'object status changed from ldap-sync','','','2026-01-14 19:50:22',2,NULL,'Automation Automation','C__LOGBOOK_EVENT__OBJECT_RECYCLED','_mxsservice Exchange Service Account','','','LC__CONTACT__TREE__PERSON',NULL,0),
(62560,9603,NULL,2,1,NULL,'object status changed from ldap-sync','','','2026-01-14 19:50:22',2,NULL,'Automation Automation','C__LOGBOOK_EVENT__OBJECT_RECYCLED','Isabell Rudolph','','','LC__CONTACT__TREE__PERSON',NULL,0),
(62561,9603,NULL,2,1,NULL,'object status changed from ldap-sync','','','2026-01-14 19:50:22',2,NULL,'Automation Automation','C__LOGBOOK_EVENT__OBJECT_RECYCLED','Sabine Erath','','','LC__CONTACT__TREE__PERSON',NULL,0),
(62562,9603,NULL,2,1,NULL,'object status changed from ldap-sync','','','2026-01-14 19:50:22',2,NULL,'Automation Automation','C__LOGBOOK_EVENT__OBJECT_RECYCLED','VTS Gateway','','','LC__CONTACT__TREE__PERSON',NULL,0),
(62563,9603,NULL,2,1,NULL,'object status changed from ldap-sync','','','2026-01-14 19:50:22',2,NULL,'Automation Automation','C__LOGBOOK_EVENT__OBJECT_RECYCLED','NAV Antivirus','','','LC__CONTACT__TREE__PERSON',NULL,0),
(62564,9603,NULL,2,1,NULL,'object status changed from ldap-sync','','','2026-01-14 19:50:22',2,NULL,'Automation Automation','C__LOGBOOK_EVENT__OBJECT_RECYCLED','88- admin','','','LC__CONTACT__TREE__PERSON',NULL,0),
(62565,9603,NULL,2,1,NULL,'object status changed from ldap-sync','','','2026-01-14 19:50:22',2,NULL,'Automation Automation','C__LOGBOOK_EVENT__OBJECT_RECYCLED','83- admin','','','LC__CONTACT__TREE__PERSON',NULL,0),
(62566,9603,NULL,2,1,NULL,'object status changed from ldap-sync','','','2026-01-14 19:50:22',2,NULL,'Automation Automation','C__LOGBOOK_EVENT__OBJECT_RECYCLED','10- admin','','','LC__CONTACT__TREE__PERSON',NULL,0),
(62567,9603,NULL,2,1,NULL,'object status changed from ldap-sync','','','2026-01-14 19:50:22',2,NULL,'Automation Automation','C__LOGBOOK_EVENT__OBJECT_RECYCLED','87- admin','','','LC__CONTACT__TREE__PERSON',NULL,0),
(62568,9603,NULL,2,1,NULL,'object status changed from ldap-sync','','','2026-01-14 19:50:22',2,NULL,'Automation Automation','C__LOGBOOK_EVENT__OBJECT_RECYCLED','SQL New','','','LC__CONTACT__TREE__PERSON',NULL,0),
(62569,9603,NULL,2,1,NULL,'object status changed from ldap-sync','','','2026-01-14 19:50:22',2,NULL,'Automation Automation','C__LOGBOOK_EVENT__OBJECT_RECYCLED','Michael Fenkart','','','LC__CONTACT__TREE__PERSON',NULL,0),
(62570,9603,NULL,2,1,NULL,'object status changed from ldap-sync','','','2026-01-14 19:50:22',2,NULL,'Automation Automation','C__LOGBOOK_EVENT__OBJECT_RECYCLED','IT- Praktikant','','','LC__CONTACT__TREE__PERSON',NULL,0),
(62571,9603,NULL,2,1,NULL,'object status changed from ldap-sync','','','2026-01-14 19:50:22',2,NULL,'Automation Automation','C__LOGBOOK_EVENT__OBJECT_RECYCLED','Dietmar Frainer','','','LC__CONTACT__TREE__PERSON',NULL,0),
(62572,9603,NULL,2,1,NULL,'Entry with contact Dietmar Frainer changed from ldap-sync','','','2026-01-14 19:50:22',2,NULL,'Automation Automation','C__LOGBOOK_EVENT__CATEGORY_ARCHIVED','Amt der Stadt Bludenz','LC__CMDB__CATG__CONTACT','','LC__CMDB__OBJTYPE__ORGANIZATION',NULL,0),
(62573,9603,NULL,2,1,NULL,'Entry with contact Dietmar Frainer changed from ldap-sync','','','2026-01-14 19:50:22',2,NULL,'Automation Automation','C__LOGBOOK_EVENT__CATEGORY_ARCHIVED','DS-Bereitstellung - IKT Stadt Bludenz','LC__CMDB__CATG__CONTACT','','LC__OBJTYPE__IT_SERVICE',NULL,0),
(62574,9603,NULL,2,1,NULL,'Entry with contact Dietmar Frainer changed from ldap-sync','','','2026-01-14 19:50:22',2,NULL,'Automation Automation','C__LOGBOOK_EVENT__CATEGORY_ARCHIVED','DS-Bereitstellung - IKT Stadt Bludenz','LC__CMDB__CATG__CONTACT','','LC__OBJTYPE__IT_SERVICE',NULL,0),
(62575,9603,NULL,2,1,NULL,'Entry with contact Dietmar Frainer changed from ldap-sync','','','2026-01-14 19:50:22',2,NULL,'Automation Automation','C__LOGBOOK_EVENT__CATEGORY_ARCHIVED','DS-Bereitstellung - IKT DLZ Blumenegg','LC__CMDB__CATG__CONTACT','','LC__OBJTYPE__IT_SERVICE',NULL,0),
(62576,9603,NULL,2,1,NULL,'Entry with contact Dietmar Frainer changed from ldap-sync','','','2026-01-14 19:50:22',2,NULL,'Automation Automation','C__LOGBOOK_EVENT__CATEGORY_ARCHIVED','DS-Bereitstellung - IKT Gemeinde Brand','LC__CMDB__CATG__CONTACT','','LC__OBJTYPE__IT_SERVICE',NULL,0),
(62577,9603,NULL,2,1,NULL,'Entry with contact Dietmar Frainer changed from ldap-sync','','','2026-01-14 19:50:22',2,NULL,'Automation Automation','C__LOGBOOK_EVENT__CATEGORY_ARCHIVED','DS-Bereitstellung - IKT Gemeinde Bürs','LC__CMDB__CATG__CONTACT','','LC__OBJTYPE__IT_SERVICE',NULL,0),
(62578,9603,NULL,2,1,NULL,'Entry with contact Dietmar Frainer changed from ldap-sync','','','2026-01-14 19:50:22',2,NULL,'Automation Automation','C__LOGBOOK_EVENT__CATEGORY_ARCHIVED','DS-Bereitstellung - IKT Gemeinde Dalaas','LC__CMDB__CATG__CONTACT','','LC__OBJTYPE__IT_SERVICE',NULL,0),
(62579,9603,NULL,2,1,NULL,'Entry with contact Dietmar Frainer changed from ldap-sync','','','2026-01-14 19:50:22',2,NULL,'Automation Automation','C__LOGBOOK_EVENT__CATEGORY_ARCHIVED','DS-Bereitstellung - IKT Gemeinde Raggal','LC__CMDB__CATG__CONTACT','','LC__OBJTYPE__IT_SERVICE',NULL,0),
(62580,9603,NULL,2,1,NULL,'Entry with contact Dietmar Frainer changed from ldap-sync','','','2026-01-14 19:50:22',2,NULL,'Automation Automation','C__LOGBOOK_EVENT__CATEGORY_ARCHIVED','DS-Bereitstellung - IKT Marktgemeinde Frastanz','LC__CMDB__CATG__CONTACT','','LC__OBJTYPE__IT_SERVICE',NULL,0),
(62581,9603,NULL,2,1,NULL,'Entry with contact Dietmar Frainer changed from ldap-sync','','','2026-01-14 19:50:22',2,NULL,'Automation Automation','C__LOGBOOK_EVENT__CATEGORY_ARCHIVED','DS-Bereitstellung - IKT Marktgemeinde Nenzing','LC__CMDB__CATG__CONTACT','','LC__OBJTYPE__IT_SERVICE',NULL,0),
(62582,9603,NULL,2,1,NULL,'Entry with contact Dietmar Frainer changed from ldap-sync','','','2026-01-14 19:50:22',2,NULL,'Automation Automation','C__LOGBOOK_EVENT__CATEGORY_ARCHIVED','DS-Bereitstellung - IKT Val Blu Resort Ges.mbH','LC__CMDB__CATG__CONTACT','','LC__OBJTYPE__IT_SERVICE',NULL,0),
(62583,9603,NULL,2,1,NULL,'Entry with contact Dietmar Frainer changed from ldap-sync','','','2026-01-14 19:50:22',2,NULL,'Automation Automation','C__LOGBOOK_EVENT__CATEGORY_ARCHIVED','DS-Betrieb von TK-Anlagen Stadt Bludenz','LC__CMDB__CATG__CONTACT','','LC__OBJTYPE__IT_SERVICE',NULL,0),
(62584,9603,NULL,2,1,NULL,'Entry with contact Dietmar Frainer changed from ldap-sync','','','2026-01-14 19:50:22',2,NULL,'Automation Automation','C__LOGBOOK_EVENT__CATEGORY_ARCHIVED','DS-Datenschutz Stadt Bludenz','LC__CMDB__CATG__CONTACT','','LC__OBJTYPE__IT_SERVICE',NULL,0),
(62585,9603,NULL,2,1,NULL,'Entry with contact Dietmar Frainer changed from ldap-sync','','','2026-01-14 19:50:22',2,NULL,'Automation Automation','C__LOGBOOK_EVENT__CATEGORY_ARCHIVED','DS-Datenschutz Stadt Bludenz','LC__CMDB__CATG__CONTACT','','LC__OBJTYPE__IT_SERVICE',NULL,0),
(62586,9603,NULL,2,1,NULL,'Entry with contact Dietmar Frainer changed from ldap-sync','','','2026-01-14 19:50:23',2,NULL,'Automation Automation','C__LOGBOOK_EVENT__CATEGORY_ARCHIVED','DS-IT_Kompetenzzentrum Stadt Bludenz','LC__CMDB__CATG__CONTACT','','LC__OBJTYPE__IT_SERVICE',NULL,0),
(62587,9603,NULL,2,1,NULL,'Entry with contact Dietmar Frainer changed from ldap-sync','','','2026-01-14 19:50:23',2,NULL,'Automation Automation','C__LOGBOOK_EVENT__CATEGORY_ARCHIVED','DS-IT-Betreuung Stadt Bludenz','LC__CMDB__CATG__CONTACT','','LC__OBJTYPE__IT_SERVICE',NULL,0),
(62588,9603,NULL,2,1,NULL,'Entry with contact Dietmar Frainer changed from ldap-sync','','','2026-01-14 19:50:23',2,NULL,'Automation Automation','C__LOGBOOK_EVENT__CATEGORY_ARCHIVED','DS-Zeiterfassung_HR360_Time Stadt Bludenz','LC__CMDB__CATG__CONTACT','','LC__OBJTYPE__IT_SERVICE',NULL,0),
(62589,9603,NULL,2,1,NULL,'Entry with contact Dietmar Frainer changed from ldap-sync','','','2026-01-14 19:50:23',2,NULL,'Automation Automation','C__LOGBOOK_EVENT__CATEGORY_ARCHIVED','DS-Zutrittskontrollsysteme Stadt Bludenz','LC__CMDB__CATG__CONTACT','','LC__OBJTYPE__IT_SERVICE',NULL,0),
(62590,9603,NULL,2,1,NULL,'Entry with contact Dietmar Frainer changed from ldap-sync','','','2026-01-14 19:50:23',2,NULL,'Automation Automation','C__LOGBOOK_EVENT__CATEGORY_ARCHIVED','Abwasserverband Region Bludenz','LC__CMDB__CATG__CONTACT','','LC__CMDB__OBJTYPE__ORGANIZATION',NULL,0),
(62591,9603,NULL,2,1,NULL,'Entry with contact Dietmar Frainer changed from ldap-sync','','','2026-01-14 19:50:23',2,NULL,'Automation Automation','C__LOGBOOK_EVENT__CATEGORY_ARCHIVED','Alpenregion Tourismus Ges.mbH','LC__CMDB__CATG__CONTACT','','LC__CMDB__OBJTYPE__ORGANIZATION',NULL,0),
(62592,9603,NULL,2,1,NULL,'object status changed from ldap-sync','','','2026-01-14 19:50:23',2,NULL,'Automation Automation','C__LOGBOOK_EVENT__OBJECT_RECYCLED','10 wloruenser','','','LC__CONTACT__TREE__PERSON',NULL,0),
(62593,9603,NULL,2,1,NULL,'object status changed from ldap-sync','','','2026-01-14 19:50:23',2,NULL,'Automation Automation','C__LOGBOOK_EVENT__OBJECT_RECYCLED','61-fw- atwart','','','LC__CONTACT__TREE__PERSON',NULL,0),
(62594,9603,NULL,2,1,NULL,'object status changed from ldap-sync','','','2026-01-14 19:50:23',2,NULL,'Automation Automation','C__LOGBOOK_EVENT__OBJECT_RECYCLED','61-fw- geraetewart','','','LC__CONTACT__TREE__PERSON',NULL,0),
(62595,9603,NULL,2,1,NULL,'object status changed from ldap-sync','','','2026-01-14 19:50:23',2,NULL,'Automation Automation','C__LOGBOOK_EVENT__OBJECT_RECYCLED','61-fw- kantine','','','LC__CONTACT__TREE__PERSON',NULL,0),
(62596,9603,NULL,2,1,NULL,'object status changed from ldap-sync','','','2026-01-14 19:50:23',2,NULL,'Automation Automation','C__LOGBOOK_EVENT__OBJECT_RECYCLED','61-fw- presse','','','LC__CONTACT__TREE__PERSON',NULL,0),
(62597,9603,NULL,2,1,NULL,'object status changed from ldap-sync','','','2026-01-14 19:50:23',2,NULL,'Automation Automation','C__LOGBOOK_EVENT__OBJECT_RECYCLED','A1 MobileOffice','','','LC__CONTACT__TREE__PERSON',NULL,0),
(62598,9603,NULL,2,1,NULL,'object status changed from ldap-sync','','','2026-01-14 19:50:23',2,NULL,'Automation Automation','C__LOGBOOK_EVENT__OBJECT_RECYCLED','Thomas Drexel','','','LC__CONTACT__TREE__PERSON',NULL,0),
(62599,9603,NULL,2,1,NULL,'object status changed from ldap-sync','','','2026-01-14 19:50:23',2,NULL,'Automation Automation','C__LOGBOOK_EVENT__OBJECT_RECYCLED','62 vipas','','','LC__CONTACT__TREE__PERSON',NULL,0),
(62600,9603,NULL,2,1,NULL,'object status changed from ldap-sync','','','2026-01-14 19:50:23',2,NULL,'Automation Automation','C__LOGBOOK_EVENT__OBJECT_RECYCLED','ARB- Marketing / Herljevic Anna','','','LC__CONTACT__TREE__PERSON',NULL,0),
(62601,9603,NULL,2,1,NULL,'object status changed from ldap-sync','','','2026-01-14 19:50:23',2,NULL,'Automation Automation','C__LOGBOOK_EVENT__OBJECT_RECYCLED','Kerstin Biedermann-Smith','','','LC__CONTACT__TREE__PERSON',NULL,0),
(62602,9603,NULL,2,1,NULL,'object status changed from ldap-sync','','','2026-01-14 19:50:23',2,NULL,'Automation Automation','C__LOGBOOK_EVENT__OBJECT_RECYCLED','tb user','','','LC__CONTACT__TREE__PERSON',NULL,0),
(62603,9603,NULL,2,1,NULL,'object status changed from ldap-sync','','','2026-01-14 19:50:23',2,NULL,'Automation Automation','C__LOGBOOK_EVENT__OBJECT_RECYCLED','Andrea Fritz','','','LC__CONTACT__TREE__PERSON',NULL,0),
(62604,9603,NULL,2,1,NULL,'object status changed from ldap-sync','','','2026-01-14 19:50:23',2,NULL,'Automation Automation','C__LOGBOOK_EVENT__OBJECT_RECYCLED','Melanie Fleisch','','','LC__CONTACT__TREE__PERSON',NULL,0),
(62605,9603,NULL,2,1,NULL,'object status changed from ldap-sync','','','2026-01-14 19:50:23',2,NULL,'Automation Automation','C__LOGBOOK_EVENT__OBJECT_RECYCLED','TB- Praktikant2','','','LC__CONTACT__TREE__PERSON',NULL,0),
(62606,9603,NULL,2,1,NULL,'object status changed from ldap-sync','','','2026-01-14 19:50:23',2,NULL,'Automation Automation','C__LOGBOOK_EVENT__OBJECT_RECYCLED','Praktikant Alpenregion','','','LC__CONTACT__TREE__PERSON',NULL,0),
(62607,9603,NULL,2,1,NULL,'object status changed from ldap-sync','','','2026-01-14 19:50:23',2,NULL,'Automation Automation','C__LOGBOOK_EVENT__OBJECT_RECYCLED','10 alpenregion','','','LC__CONTACT__TREE__PERSON',NULL,0),
(62608,9603,NULL,2,1,NULL,'object status changed from ldap-sync','','','2026-01-14 19:50:23',2,NULL,'Automation Automation','C__LOGBOOK_EVENT__OBJECT_RECYCLED','Dieter Visintainer','','','LC__CONTACT__TREE__PERSON',NULL,0),
(62609,9603,NULL,2,1,NULL,'object status changed from ldap-sync','','','2026-01-14 19:50:23',2,NULL,'Automation Automation','C__LOGBOOK_EVENT__OBJECT_RECYCLED','Erich Vonach','','','LC__CONTACT__TREE__PERSON',NULL,0),
(62610,9603,NULL,2,1,NULL,'object status changed from ldap-sync','','','2026-01-14 19:50:23',2,NULL,'Automation Automation','C__LOGBOOK_EVENT__OBJECT_RECYCLED','Raggal Dirketion','','','LC__CONTACT__TREE__PERSON',NULL,0),
(62611,9603,NULL,2,1,NULL,'object status changed from ldap-sync','','','2026-01-14 19:50:23',2,NULL,'Automation Automation','C__LOGBOOK_EVENT__OBJECT_RECYCLED','Lehrer VS-Raggal','','','LC__CONTACT__TREE__PERSON',NULL,0),
(62612,9603,NULL,2,1,NULL,'object status changed from ldap-sync','','','2026-01-14 19:50:23',2,NULL,'Automation Automation','C__LOGBOOK_EVENT__OBJECT_RECYCLED','10- dhammerer','','','LC__CONTACT__TREE__PERSON',NULL,0),
(62613,9603,NULL,2,1,NULL,'object status changed from ldap-sync','','','2026-01-14 19:50:23',2,NULL,'Automation Automation','C__LOGBOOK_EVENT__OBJECT_RECYCLED','of-admin Jäger Markus','','','LC__CONTACT__TREE__PERSON',NULL,0),
(62614,9603,NULL,2,1,NULL,'object status changed from ldap-sync','','','2026-01-14 19:50:23',2,NULL,'Automation Automation','C__LOGBOOK_EVENT__OBJECT_RECYCLED','15- OF-Chronist','','','LC__CONTACT__TREE__PERSON',NULL,0),
(62615,9603,NULL,2,1,NULL,'object status changed from ldap-sync','','','2026-01-14 19:50:23',2,NULL,'Automation Automation','C__LOGBOOK_EVENT__OBJECT_RECYCLED','10-wolfgang Bickel','','','LC__CONTACT__TREE__PERSON',NULL,0),
(62616,9603,NULL,2,1,NULL,'object status changed from ldap-sync','','','2026-01-14 19:50:23',2,NULL,'Automation Automation','C__LOGBOOK_EVENT__OBJECT_RECYCLED','Benno Wenninger','','','LC__CONTACT__TREE__PERSON',NULL,0),
(62617,9603,NULL,2,1,NULL,'object status changed from ldap-sync','','','2026-01-14 19:50:23',2,NULL,'Automation Automation','C__LOGBOOK_EVENT__OBJECT_RECYCLED','Oliver Mössinger','','','LC__CONTACT__TREE__PERSON',NULL,0),
(62618,9603,NULL,2,1,NULL,'object status changed from ldap-sync','','','2026-01-14 19:50:23',2,NULL,'Automation Automation','C__LOGBOOK_EVENT__OBJECT_RECYCLED','Ulrike Sedlmayr','','','LC__CONTACT__TREE__PERSON',NULL,0),
(62619,9603,NULL,2,1,NULL,'object status changed from ldap-sync','','','2026-01-14 19:50:23',2,NULL,'Automation Automation','C__LOGBOOK_EVENT__OBJECT_RECYCLED','10- tvinzenz','','','LC__CONTACT__TREE__PERSON',NULL,0),
(62620,9603,NULL,2,1,NULL,'object status changed from ldap-sync','','','2026-01-14 19:50:23',2,NULL,'Automation Automation','C__LOGBOOK_EVENT__OBJECT_RECYCLED','Kurt Montibeller','','','LC__CONTACT__TREE__PERSON',NULL,0),
(62621,9603,NULL,2,1,NULL,'object status changed from ldap-sync','','','2026-01-14 19:50:23',2,NULL,'Automation Automation','C__LOGBOOK_EVENT__OBJECT_RECYCLED','Reinhold Morre','','','LC__CONTACT__TREE__PERSON',NULL,0),
(62622,9603,NULL,2,1,NULL,'object status changed from ldap-sync','','','2026-01-14 19:50:23',2,NULL,'Automation Automation','C__LOGBOOK_EVENT__OBJECT_RECYCLED','Peter Osti','','','LC__CONTACT__TREE__PERSON',NULL,0),
(62623,9603,NULL,2,1,NULL,'object status changed from ldap-sync','','','2026-01-14 19:50:23',2,NULL,'Automation Automation','C__LOGBOOK_EVENT__OBJECT_RECYCLED','Birgit Wallner','','','LC__CONTACT__TREE__PERSON',NULL,0),
(62624,9603,NULL,2,1,NULL,'object status changed from ldap-sync','','','2026-01-14 19:50:23',2,NULL,'Automation Automation','C__LOGBOOK_EVENT__OBJECT_RECYCLED','Markus Feuerstein','','','LC__CONTACT__TREE__PERSON',NULL,0),
(62625,9603,NULL,2,1,NULL,'object status changed from ldap-sync','','','2026-01-14 19:50:23',2,NULL,'Automation Automation','C__LOGBOOK_EVENT__OBJECT_RECYCLED','Werner Asam','','','LC__CONTACT__TREE__PERSON',NULL,0),
(62626,9603,NULL,2,1,NULL,'object status changed from ldap-sync','','','2026-01-14 19:50:23',2,NULL,'Automation Automation','C__LOGBOOK_EVENT__OBJECT_RECYCLED','Hermann Manahl','','','LC__CONTACT__TREE__PERSON',NULL,0),
(62627,9603,NULL,2,1,NULL,'object status changed from ldap-sync','','','2026-01-14 19:50:23',2,NULL,'Automation Automation','C__LOGBOOK_EVENT__OBJECT_RECYCLED','62 Sitzungsraum','','','LC__CONTACT__TREE__PERSON',NULL,0),
(62628,9603,NULL,2,1,NULL,'object status changed from ldap-sync','','','2026-01-14 19:50:23',2,NULL,'Automation Automation','C__LOGBOOK_EVENT__OBJECT_RECYCLED','Rainer Klotz','','','LC__CONTACT__TREE__PERSON',NULL,0),
(62629,9603,NULL,2,1,NULL,'object status changed from ldap-sync','','','2026-01-14 19:50:23',2,NULL,'Automation Automation','C__LOGBOOK_EVENT__OBJECT_RECYCLED','Erwin Kositz','','','LC__CONTACT__TREE__PERSON',NULL,0),
(62630,9603,NULL,2,1,NULL,'object status changed from ldap-sync','','','2026-01-14 19:50:23',2,NULL,'Automation Automation','C__LOGBOOK_EVENT__OBJECT_RECYCLED','Alexander Berchtold','','','LC__CONTACT__TREE__PERSON',NULL,0),
(62631,9603,NULL,2,1,NULL,'object status changed from ldap-sync','','','2026-01-14 19:50:23',2,NULL,'Automation Automation','C__LOGBOOK_EVENT__OBJECT_RECYCLED','Vera Jussel','','','LC__CONTACT__TREE__PERSON',NULL,0),
(62632,9603,NULL,2,1,NULL,'object status changed from ldap-sync','','','2026-01-14 19:50:23',2,NULL,'Automation Automation','C__LOGBOOK_EVENT__OBJECT_RECYCLED','Silvia Hartmann','','','LC__CONTACT__TREE__PERSON',NULL,0),
(62633,9603,NULL,2,1,NULL,'object status changed from ldap-sync','','','2026-01-14 19:50:23',2,NULL,'Automation Automation','C__LOGBOOK_EVENT__OBJECT_RECYCLED','Werner Dünser','','','LC__CONTACT__TREE__PERSON',NULL,0),
(62634,9603,NULL,2,1,NULL,'object status changed from ldap-sync','','','2026-01-14 19:50:23',2,NULL,'Automation Automation','C__LOGBOOK_EVENT__OBJECT_RECYCLED','Gabriele Mandak','','','LC__CONTACT__TREE__PERSON',NULL,0),
(62635,9603,NULL,2,1,NULL,'object status changed from ldap-sync','','','2026-01-14 19:50:23',2,NULL,'Automation Automation','C__LOGBOOK_EVENT__OBJECT_RECYCLED','Ferial Praktikant','','','LC__CONTACT__TREE__PERSON',NULL,0),
(62636,9603,NULL,2,1,NULL,'object status changed from ldap-sync','','','2026-01-14 19:50:23',2,NULL,'Automation Automation','C__LOGBOOK_EVENT__OBJECT_RECYCLED','Davennasaal Stallehr','','','LC__CONTACT__TREE__PERSON',NULL,0),
(62637,9603,NULL,2,1,NULL,'object status changed from ldap-sync','','','2026-01-14 19:50:23',2,NULL,'Automation Automation','C__LOGBOOK_EVENT__OBJECT_RECYCLED','service nueziders','','','LC__CONTACT__TREE__PERSON',NULL,0),
(62638,9603,NULL,2,1,NULL,'object status changed from ldap-sync','','','2026-01-14 19:50:23',2,NULL,'Automation Automation','C__LOGBOOK_EVENT__OBJECT_RECYCLED','Ulrike Stocker','','','LC__CONTACT__TREE__PERSON',NULL,0),
(62639,9603,NULL,2,1,NULL,'object status changed from ldap-sync','','','2026-01-14 19:50:23',2,NULL,'Automation Automation','C__LOGBOOK_EVENT__OBJECT_RECYCLED','Lehrer Mittelschule-Ost','','','LC__CONTACT__TREE__PERSON',NULL,0),
(62640,9603,NULL,2,1,NULL,'object status changed from ldap-sync','','','2026-01-14 19:50:23',2,NULL,'Automation Automation','C__LOGBOOK_EVENT__OBJECT_RECYCLED','Buergerforum Bludenz','','','LC__CONTACT__TREE__PERSON',NULL,0),
(62641,9603,NULL,2,1,NULL,'object status changed from ldap-sync','','','2026-01-14 19:50:23',2,NULL,'Automation Automation','C__LOGBOOK_EVENT__OBJECT_RECYCLED','Sonnenbergsaal Nüziders','','','LC__CONTACT__TREE__PERSON',NULL,0),
(62642,9603,NULL,2,1,NULL,'object status changed from ldap-sync','','','2026-01-14 19:50:23',2,NULL,'Automation Automation','C__LOGBOOK_EVENT__OBJECT_RECYCLED','TS user','','','LC__CONTACT__TREE__PERSON',NULL,0),
(62643,9603,NULL,2,1,NULL,'object status changed from ldap-sync','','','2026-01-14 19:50:23',2,NULL,'Automation Automation','C__LOGBOOK_EVENT__OBJECT_RECYCLED','Feuerbeschau Nenzing','','','LC__CONTACT__TREE__PERSON',NULL,0),
(62644,9603,NULL,2,1,NULL,'object status changed from ldap-sync','','','2026-01-14 19:50:23',2,NULL,'Automation Automation','C__LOGBOOK_EVENT__OBJECT_RECYCLED','auer 2','','','LC__CONTACT__TREE__PERSON',NULL,0),
(62645,9603,NULL,2,1,NULL,'object status changed from ldap-sync','','','2026-01-14 19:50:23',2,NULL,'Automation Automation','C__LOGBOOK_EVENT__OBJECT_RECYCLED','Peter Neier','','','LC__CONTACT__TREE__PERSON',NULL,0),
(62646,9603,NULL,2,1,NULL,'object status changed from ldap-sync','','','2026-01-14 19:50:23',2,NULL,'Automation Automation','C__LOGBOOK_EVENT__OBJECT_RECYCLED','Anja Bickel','','','LC__CONTACT__TREE__PERSON',NULL,0),
(62647,9603,NULL,2,1,NULL,'object status changed from ldap-sync','','','2026-01-14 19:50:23',2,NULL,'Automation Automation','C__LOGBOOK_EVENT__OBJECT_RECYCLED','Werner Vergut','','','LC__CONTACT__TREE__PERSON',NULL,0),
(62648,9603,NULL,2,1,NULL,'object status changed from ldap-sync','','','2026-01-14 19:50:23',2,NULL,'Automation Automation','C__LOGBOOK_EVENT__OBJECT_RECYCLED','Christian Kuster','','','LC__CONTACT__TREE__PERSON',NULL,0),
(62649,9603,NULL,2,1,NULL,'object status changed from ldap-sync','','','2026-01-14 19:50:23',2,NULL,'Automation Automation','C__LOGBOOK_EVENT__OBJECT_RECYCLED','Birgit Konzet','','','LC__CONTACT__TREE__PERSON',NULL,0),
(62650,9603,NULL,2,1,NULL,'object status changed from ldap-sync','','','2026-01-14 19:50:23',2,NULL,'Automation Automation','C__LOGBOOK_EVENT__OBJECT_RECYCLED','Karin Kremmel','','','LC__CONTACT__TREE__PERSON',NULL,0),
(62651,9603,NULL,2,1,NULL,'object status changed from ldap-sync','','','2026-01-14 19:50:23',2,NULL,'Automation Automation','C__LOGBOOK_EVENT__OBJECT_RECYCLED','GEZ Ludesch','','','LC__CONTACT__TREE__PERSON',NULL,0),
(62652,9603,NULL,2,1,NULL,'object status changed from ldap-sync','','','2026-01-14 19:50:23',2,NULL,'Automation Automation','C__LOGBOOK_EVENT__OBJECT_RECYCLED','Jugend-Integration Praktikant/-in','','','LC__CONTACT__TREE__PERSON',NULL,0),
(62653,9603,NULL,2,1,NULL,'object status changed from ldap-sync','','','2026-01-14 19:50:23',2,NULL,'Automation Automation','C__LOGBOOK_EVENT__OBJECT_RECYCLED','fw- atemschutz','','','LC__CONTACT__TREE__PERSON',NULL,0),
(62654,9603,NULL,2,1,NULL,'object status changed from ldap-sync','','','2026-01-14 19:50:23',2,NULL,'Automation Automation','C__LOGBOOK_EVENT__OBJECT_RECYCLED','fw- chronist','','','LC__CONTACT__TREE__PERSON',NULL,0),
(62655,9603,NULL,2,1,NULL,'object status changed from ldap-sync','','','2026-01-14 19:50:23',2,NULL,'Automation Automation','C__LOGBOOK_EVENT__OBJECT_RECYCLED','fw- kommandant-stv','','','LC__CONTACT__TREE__PERSON',NULL,0),
(62656,9603,NULL,2,1,NULL,'object status changed from ldap-sync','','','2026-01-14 19:50:23',2,NULL,'Automation Automation','C__LOGBOOK_EVENT__OBJECT_RECYCLED','fw- webmaster','','','LC__CONTACT__TREE__PERSON',NULL,0),
(62657,9603,NULL,2,1,NULL,'object status changed from ldap-sync','','','2026-01-14 19:50:24',2,NULL,'Automation Automation','C__LOGBOOK_EVENT__OBJECT_RECYCLED','emarketer- Elmer Werner','','','LC__CONTACT__TREE__PERSON',NULL,0),
(62658,9603,NULL,2,1,NULL,'object status changed from ldap-sync','','','2026-01-14 19:50:24',2,NULL,'Automation Automation','C__LOGBOOK_EVENT__OBJECT_RECYCLED','Doris Reinberger','','','LC__CONTACT__TREE__PERSON',NULL,0),
(62659,9603,NULL,2,1,NULL,'object status changed from ldap-sync','','','2026-01-14 19:50:24',2,NULL,'Automation Automation','C__LOGBOOK_EVENT__OBJECT_RECYCLED','Hubert Burtscher','','','LC__CONTACT__TREE__PERSON',NULL,0),
(62660,9603,NULL,2,1,NULL,'object status changed from ldap-sync','','','2026-01-14 19:50:24',2,NULL,'Automation Automation','C__LOGBOOK_EVENT__OBJECT_RECYCLED','Bettina Falch','','','LC__CONTACT__TREE__PERSON',NULL,0),
(62661,9603,NULL,2,1,NULL,'object status changed from ldap-sync','','','2026-01-14 19:50:24',2,NULL,'Automation Automation','C__LOGBOOK_EVENT__OBJECT_RECYCLED','hp plotter','','','LC__CONTACT__TREE__PERSON',NULL,0),
(62662,9603,NULL,2,1,NULL,'object status changed from ldap-sync','','','2026-01-14 19:50:24',2,NULL,'Automation Automation','C__LOGBOOK_EVENT__OBJECT_RECYCLED','Michael Tinkhauser','','','LC__CONTACT__TREE__PERSON',NULL,0),
(62663,9603,NULL,2,1,NULL,'object status changed from ldap-sync','','','2026-01-14 19:50:24',2,NULL,'Automation Automation','C__LOGBOOK_EVENT__OBJECT_RECYCLED','Alexandra Johler','','','LC__CONTACT__TREE__PERSON',NULL,0),
(62664,9603,NULL,2,1,NULL,'object status changed from ldap-sync','','','2026-01-14 19:50:24',2,NULL,'Automation Automation','C__LOGBOOK_EVENT__OBJECT_RECYCLED','62- KIM','','','LC__CONTACT__TREE__PERSON',NULL,0),
(62665,9603,NULL,2,1,NULL,'object status changed from ldap-sync','','','2026-01-14 19:50:24',2,NULL,'Automation Automation','C__LOGBOOK_EVENT__OBJECT_RECYCLED','Alois Kofler','','','LC__CONTACT__TREE__PERSON',NULL,0),
(62666,9603,NULL,2,1,NULL,'object status changed from ldap-sync','','','2026-01-14 19:50:24',2,NULL,'Automation Automation','C__LOGBOOK_EVENT__OBJECT_RECYCLED','Monika Fritz','','','LC__CONTACT__TREE__PERSON',NULL,0),
(62667,9603,NULL,2,1,NULL,'object status changed from ldap-sync','','','2026-01-14 19:50:24',2,NULL,'Automation Automation','C__LOGBOOK_EVENT__OBJECT_RECYCLED','Evelyn Grebenz','','','LC__CONTACT__TREE__PERSON',NULL,0),
(62668,9603,NULL,2,1,NULL,'object status changed from ldap-sync','','','2026-01-14 19:50:24',2,NULL,'Automation Automation','C__LOGBOOK_EVENT__OBJECT_RECYCLED','Kulturverein Remise','','','LC__CONTACT__TREE__PERSON',NULL,0),
(62669,9603,NULL,2,1,NULL,'object status changed from ldap-sync','','','2026-01-14 19:50:24',2,NULL,'Automation Automation','C__LOGBOOK_EVENT__OBJECT_RECYCLED','Ingrid Nessler','','','LC__CONTACT__TREE__PERSON',NULL,0),
(62670,9603,NULL,2,1,NULL,'object status changed from ldap-sync','','','2026-01-14 19:50:24',2,NULL,'Automation Automation','C__LOGBOOK_EVENT__OBJECT_RECYCLED','stadtsaal- Team','','','LC__CONTACT__TREE__PERSON',NULL,0),
(62671,9603,NULL,2,1,NULL,'object status changed from ldap-sync','','','2026-01-14 19:50:24',2,NULL,'Automation Automation','C__LOGBOOK_EVENT__OBJECT_RECYCLED','Klaus Allgäuer','','','LC__CONTACT__TREE__PERSON',NULL,0),
(62672,9603,NULL,2,1,NULL,'object status changed from ldap-sync','','','2026-01-14 19:50:24',2,NULL,'Automation Automation','C__LOGBOOK_EVENT__OBJECT_RECYCLED','Josef Katzenmayer','','','LC__CONTACT__TREE__PERSON',NULL,0),
(62673,9603,NULL,2,1,NULL,'object status changed from ldap-sync','','','2026-01-14 19:50:24',2,NULL,'Automation Automation','C__LOGBOOK_EVENT__OBJECT_RECYCLED','mitarbeiter remise','','','LC__CONTACT__TREE__PERSON',NULL,0),
(62674,9603,NULL,2,1,NULL,'object status changed from ldap-sync','','','2026-01-14 19:50:24',2,NULL,'Automation Automation','C__LOGBOOK_EVENT__OBJECT_RECYCLED','Carmen Reiter','','','LC__CONTACT__TREE__PERSON',NULL,0),
(62675,9603,NULL,2,1,NULL,'object status changed from ldap-sync','','','2026-01-14 19:50:24',2,NULL,'Automation Automation','C__LOGBOOK_EVENT__OBJECT_RECYCLED','Kindergarten St. Peter','','','LC__CONTACT__TREE__PERSON',NULL,0),
(62676,9603,NULL,2,1,NULL,'object status changed from ldap-sync','','','2026-01-14 19:50:24',2,NULL,'Automation Automation','C__LOGBOOK_EVENT__OBJECT_RECYCLED','Personal Feldkirch','','','LC__CONTACT__TREE__PERSON',NULL,0),
(62677,9603,NULL,2,1,NULL,'object status changed from ldap-sync','','','2026-01-14 19:50:24',2,NULL,'Automation Automation','C__LOGBOOK_EVENT__OBJECT_RECYCLED','Herlinde Vonbank','','','LC__CONTACT__TREE__PERSON',NULL,0),
(62678,9603,NULL,2,1,NULL,'object status changed from ldap-sync','','','2026-01-14 19:50:24',2,NULL,'Automation Automation','C__LOGBOOK_EVENT__OBJECT_RECYCLED','Dietmar Plangg','','','LC__CONTACT__TREE__PERSON',NULL,0),
(62679,9603,NULL,2,1,NULL,'object status changed from ldap-sync','','','2026-01-14 19:50:24',2,NULL,'Automation Automation','C__LOGBOOK_EVENT__OBJECT_RECYCLED','15- pflege2','','','LC__CONTACT__TREE__PERSON',NULL,0),
(62680,9603,NULL,2,1,NULL,'object status changed from ldap-sync','','','2026-01-14 19:50:24',2,NULL,'Automation Automation','C__LOGBOOK_EVENT__OBJECT_RECYCLED','Wolfgang Corn','','','LC__CONTACT__TREE__PERSON',NULL,0),
(62681,9603,NULL,2,1,NULL,'object status changed from ldap-sync','','','2026-01-14 19:50:24',2,NULL,'Automation Automation','C__LOGBOOK_EVENT__OBJECT_RECYCLED','Manuela Müller','','','LC__CONTACT__TREE__PERSON',NULL,0),
(62682,9603,NULL,2,1,NULL,'object status changed from ldap-sync','','','2026-01-14 19:50:24',2,NULL,'Automation Automation','C__LOGBOOK_EVENT__OBJECT_RECYCLED','15- pflege1','','','LC__CONTACT__TREE__PERSON',NULL,0),
(62683,9603,NULL,2,1,NULL,'object status changed from ldap-sync','','','2026-01-14 19:50:24',2,NULL,'Automation Automation','C__LOGBOOK_EVENT__OBJECT_RECYCLED','63- Bauhof','','','LC__CONTACT__TREE__PERSON',NULL,0),
(62684,9603,NULL,2,1,NULL,'object status changed from ldap-sync','','','2026-01-14 19:50:24',2,NULL,'Automation Automation','C__LOGBOOK_EVENT__OBJECT_RECYCLED','arbeitsplatz 102','','','LC__CONTACT__TREE__PERSON',NULL,0),
(62685,9603,NULL,2,1,NULL,'object status changed from ldap-sync','','','2026-01-14 19:50:24',2,NULL,'Automation Automation','C__LOGBOOK_EVENT__OBJECT_RECYCLED','Erika Kronabitter','','','LC__CONTACT__TREE__PERSON',NULL,0),
(62686,9603,NULL,2,1,NULL,'object status changed from ldap-sync','','','2026-01-14 19:50:24',2,NULL,'Automation Automation','C__LOGBOOK_EVENT__OBJECT_RECYCLED','Helmut Bischof','','','LC__CONTACT__TREE__PERSON',NULL,0),
(62687,9603,NULL,2,1,NULL,'object status changed from ldap-sync','','','2026-01-14 19:50:24',2,NULL,'Automation Automation','C__LOGBOOK_EVENT__OBJECT_RECYCLED','Manuela Schallert (inaktiv)','','','LC__CONTACT__TREE__PERSON',NULL,0),
(62688,9603,NULL,2,1,NULL,'object status changed from ldap-sync','','','2026-01-14 19:50:24',2,NULL,'Automation Automation','C__LOGBOOK_EVENT__OBJECT_RECYCLED','meldeamt 1','','','LC__CONTACT__TREE__PERSON',NULL,0),
(62689,9603,NULL,2,1,NULL,'object status changed from ldap-sync','','','2026-01-14 19:50:24',2,NULL,'Automation Automation','C__LOGBOOK_EVENT__OBJECT_RECYCLED','meldeamt 2','','','LC__CONTACT__TREE__PERSON',NULL,0),
(62690,9603,NULL,2,1,NULL,'object status changed from ldap-sync','','','2026-01-14 19:50:24',2,NULL,'Automation Automation','C__LOGBOOK_EVENT__OBJECT_RECYCLED','diskret raum','','','LC__CONTACT__TREE__PERSON',NULL,0),
(62691,9603,NULL,2,1,NULL,'object status changed from ldap-sync','','','2026-01-14 19:50:24',2,NULL,'Automation Automation','C__LOGBOOK_EVENT__OBJECT_RECYCLED','Johann Fleisch','','','LC__CONTACT__TREE__PERSON',NULL,0),
(62692,9603,NULL,2,1,NULL,'object status changed from ldap-sync','','','2026-01-14 19:50:24',2,NULL,'Automation Automation','C__LOGBOOK_EVENT__OBJECT_RECYCLED','Ewald Frei','','','LC__CONTACT__TREE__PERSON',NULL,0),
(62693,9603,NULL,2,1,NULL,'object status changed from ldap-sync','','','2026-01-14 19:50:24',2,NULL,'Automation Automation','C__LOGBOOK_EVENT__OBJECT_RECYCLED','Maria Frei','','','LC__CONTACT__TREE__PERSON',NULL,0),
(62694,9603,NULL,2,1,NULL,'object status changed from ldap-sync','','','2026-01-14 19:50:24',2,NULL,'Automation Automation','C__LOGBOOK_EVENT__OBJECT_RECYCLED','Edwin Wulz','','','LC__CONTACT__TREE__PERSON',NULL,0),
(62695,9603,NULL,2,1,NULL,'object status changed from ldap-sync','','','2026-01-14 19:50:24',2,NULL,'Automation Automation','C__LOGBOOK_EVENT__OBJECT_RECYCLED','Marianne Bickel','','','LC__CONTACT__TREE__PERSON',NULL,0),
(62696,9603,NULL,2,1,NULL,'object status changed from ldap-sync','','','2026-01-14 19:50:24',2,NULL,'Automation Automation','C__LOGBOOK_EVENT__OBJECT_RECYCLED','61-fw- fuwart','','','LC__CONTACT__TREE__PERSON',NULL,0),
(62697,9603,NULL,2,1,NULL,'object status changed from ldap-sync','','','2026-01-14 19:50:24',2,NULL,'Automation Automation','C__LOGBOOK_EVENT__OBJECT_RECYCLED','61- kdt','','','LC__CONTACT__TREE__PERSON',NULL,0),
(62698,9603,NULL,2,1,NULL,'object status changed from ldap-sync','','','2026-01-14 19:50:24',2,NULL,'Automation Automation','C__LOGBOOK_EVENT__OBJECT_RECYCLED','61-fw- KdtStv','','','LC__CONTACT__TREE__PERSON',NULL,0),
(62699,9603,NULL,2,1,NULL,'object status changed from ldap-sync','','','2026-01-14 19:50:24',2,NULL,'Automation Automation','C__LOGBOOK_EVENT__OBJECT_RECYCLED','vs-nenzing- direktion','','','LC__CONTACT__TREE__PERSON',NULL,0),
(62700,9603,NULL,2,1,NULL,'object status changed from ldap-sync','','','2026-01-14 19:50:24',2,NULL,'Automation Automation','C__LOGBOOK_EVENT__OBJECT_RECYCLED','Florian Kasseroler','','','LC__CONTACT__TREE__PERSON',NULL,0),
(62701,9603,NULL,2,1,NULL,'object status changed from ldap-sync','','','2026-01-14 19:50:24',2,NULL,'Automation Automation','C__LOGBOOK_EVENT__OBJECT_RECYCLED','61- GIS','','','LC__CONTACT__TREE__PERSON',NULL,0),
(62702,9603,NULL,2,1,NULL,'object status changed from ldap-sync','','','2026-01-14 19:50:24',2,NULL,'Automation Automation','C__LOGBOOK_EVENT__OBJECT_RECYCLED','Herbert Roesler','','','LC__CONTACT__TREE__PERSON',NULL,0),
(62703,9603,NULL,2,1,NULL,'object status changed from ldap-sync','','','2026-01-14 19:50:24',2,NULL,'Automation Automation','C__LOGBOOK_EVENT__OBJECT_RECYCLED','61- schulwart','','','LC__CONTACT__TREE__PERSON',NULL,0),
(62704,9603,NULL,2,1,NULL,'object status changed from ldap-sync','','','2026-01-14 19:50:24',2,NULL,'Automation Automation','C__LOGBOOK_EVENT__OBJECT_RECYCLED','Angelika Diem','','','LC__CONTACT__TREE__PERSON',NULL,0),
(62705,9603,NULL,2,1,NULL,'object status changed from ldap-sync','','','2026-01-14 19:50:24',2,NULL,'Automation Automation','C__LOGBOOK_EVENT__OBJECT_RECYCLED','54- archiv','','','LC__CONTACT__TREE__PERSON',NULL,0),
(62706,9603,NULL,2,1,NULL,'object status changed from ldap-sync','','','2026-01-14 19:50:24',2,NULL,'Automation Automation','C__LOGBOOK_EVENT__OBJECT_RECYCLED','54- ferial','','','LC__CONTACT__TREE__PERSON',NULL,0),
(62707,9603,NULL,2,1,NULL,'object status changed from ldap-sync','','','2026-01-14 19:50:24',2,NULL,'Automation Automation','C__LOGBOOK_EVENT__OBJECT_RECYCLED','admin- poly','','','LC__CONTACT__TREE__PERSON',NULL,0),
(62708,9603,NULL,2,1,NULL,'object status changed from ldap-sync','','','2026-01-14 19:50:24',2,NULL,'Automation Automation','C__LOGBOOK_EVENT__OBJECT_RECYCLED','Karin Schuricht','','','LC__CONTACT__TREE__PERSON',NULL,0),
(62709,9603,NULL,2,1,NULL,'object status changed from ldap-sync','','','2026-01-14 19:50:24',2,NULL,'Automation Automation','C__LOGBOOK_EVENT__OBJECT_RECYCLED','Thüringen Sitzungsraum','','','LC__CONTACT__TREE__PERSON',NULL,0),
(62710,9603,NULL,2,1,NULL,'object status changed from ldap-sync','','','2026-01-14 19:50:24',2,NULL,'Automation Automation','C__LOGBOOK_EVENT__OBJECT_RECYCLED','admin- ost','','','LC__CONTACT__TREE__PERSON',NULL,0),
(62711,9603,NULL,2,1,NULL,'object status changed from ldap-sync','','','2026-01-14 19:50:24',2,NULL,'Automation Automation','C__LOGBOOK_EVENT__OBJECT_RECYCLED','54- kpv','','','LC__CONTACT__TREE__PERSON',NULL,0),
(62712,9603,NULL,2,1,NULL,'object status changed from ldap-sync','','','2026-01-14 19:50:24',2,NULL,'Automation Automation','C__LOGBOOK_EVENT__OBJECT_RECYCLED','Natascha Fritz','','','LC__CONTACT__TREE__PERSON',NULL,0),
(62713,9603,NULL,2,1,NULL,'object status changed from ldap-sync','','','2026-01-14 19:50:24',2,NULL,'Automation Automation','C__LOGBOOK_EVENT__OBJECT_RECYCLED','61-fw- archiv','','','LC__CONTACT__TREE__PERSON',NULL,0),
(62714,9603,NULL,2,1,NULL,'object status changed from ldap-sync','','','2026-01-14 19:50:24',2,NULL,'Automation Automation','C__LOGBOOK_EVENT__OBJECT_RECYCLED','Marie Huber','','','LC__CONTACT__TREE__PERSON',NULL,0),
(62715,9603,NULL,2,1,NULL,'object status changed from ldap-sync','','','2026-01-14 19:50:24',2,NULL,'Automation Automation','C__LOGBOOK_EVENT__OBJECT_RECYCLED','Gabi Khoo','','','LC__CONTACT__TREE__PERSON',NULL,0),
(62716,9603,NULL,2,1,NULL,'object status changed from ldap-sync','','','2026-01-14 19:50:24',2,NULL,'Automation Automation','C__LOGBOOK_EVENT__OBJECT_RECYCLED','Elena Rauch','','','LC__CONTACT__TREE__PERSON',NULL,0),
(62717,9603,NULL,2,1,NULL,'object status changed from ldap-sync','','','2026-01-14 19:50:24',2,NULL,'Automation Automation','C__LOGBOOK_EVENT__OBJECT_RECYCLED','Stefanie Spiß','','','LC__CONTACT__TREE__PERSON',NULL,0),
(62718,9603,NULL,2,1,NULL,'object status changed from ldap-sync','','','2026-01-14 19:50:24',2,NULL,'Automation Automation','C__LOGBOOK_EVENT__OBJECT_RECYCLED','Anna Burtscher','','','LC__CONTACT__TREE__PERSON',NULL,0),
(62719,9603,NULL,2,1,NULL,'object status changed from ldap-sync','','','2026-01-14 19:50:24',2,NULL,'Automation Automation','C__LOGBOOK_EVENT__OBJECT_RECYCLED','Harald Amann','','','LC__CONTACT__TREE__PERSON',NULL,0),
(62720,9603,NULL,2,1,NULL,'object status changed from ldap-sync','','','2026-01-14 19:50:24',2,NULL,'Automation Automation','C__LOGBOOK_EVENT__OBJECT_RECYCLED','15-of- kommandant','','','LC__CONTACT__TREE__PERSON',NULL,0),
(62721,9603,NULL,2,1,NULL,'object status changed from ldap-sync','','','2026-01-14 19:50:24',2,NULL,'Automation Automation','C__LOGBOOK_EVENT__OBJECT_RECYCLED','Max Eckert','','','LC__CONTACT__TREE__PERSON',NULL,0),
(62722,9603,NULL,2,1,NULL,'object status changed from ldap-sync','','','2026-01-14 19:50:24',2,NULL,'Automation Automation','C__LOGBOOK_EVENT__OBJECT_RECYCLED','Kordula Hepperger','','','LC__CONTACT__TREE__PERSON',NULL,0),
(62723,9603,NULL,2,1,NULL,'object status changed from ldap-sync','','','2026-01-14 19:50:24',2,NULL,'Automation Automation','C__LOGBOOK_EVENT__OBJECT_RECYCLED','Josef Pfefferkorn','','','LC__CONTACT__TREE__PERSON',NULL,0),
(62724,9603,NULL,2,1,NULL,'object status changed from ldap-sync','','','2026-01-14 19:50:24',2,NULL,'Automation Automation','C__LOGBOOK_EVENT__OBJECT_RECYCLED','Gebhard Bitsche','','','LC__CONTACT__TREE__PERSON',NULL,0),
(62725,9603,NULL,2,1,NULL,'object status changed from ldap-sync','','','2026-01-14 19:50:24',2,NULL,'Automation Automation','C__LOGBOOK_EVENT__OBJECT_RECYCLED','Kindergarten bludesch','','','LC__CONTACT__TREE__PERSON',NULL,0),
(62726,9603,NULL,2,1,NULL,'object status changed from ldap-sync','','','2026-01-14 19:50:24',2,NULL,'Automation Automation','C__LOGBOOK_EVENT__OBJECT_RECYCLED','auer-5402 auer-5402','','','LC__CONTACT__TREE__PERSON',NULL,0),
(62727,9603,NULL,2,1,NULL,'object status changed from ldap-sync','','','2026-01-14 19:50:24',2,NULL,'Automation Automation','C__LOGBOOK_EVENT__OBJECT_RECYCLED','Manfred Walser','','','LC__CONTACT__TREE__PERSON',NULL,0),
(62728,9603,NULL,2,1,NULL,'object status changed from ldap-sync','','','2026-01-14 19:50:24',2,NULL,'Automation Automation','C__LOGBOOK_EVENT__OBJECT_RECYCLED','61- Lehrling','','','LC__CONTACT__TREE__PERSON',NULL,0),
(62729,9603,NULL,2,1,NULL,'object status changed from ldap-sync','','','2026-01-14 19:50:25',2,NULL,'Automation Automation','C__LOGBOOK_EVENT__OBJECT_RECYCLED','Peter Benauer','','','LC__CONTACT__TREE__PERSON',NULL,0),
(62730,9603,NULL,2,1,NULL,'object status changed from ldap-sync','','','2026-01-14 19:50:25',2,NULL,'Automation Automation','C__LOGBOOK_EVENT__OBJECT_RECYCLED','Irene Eisenbraun','','','LC__CONTACT__TREE__PERSON',NULL,0),
(62731,9603,NULL,2,1,NULL,'object status changed from ldap-sync','','','2026-01-14 19:50:25',2,NULL,'Automation Automation','C__LOGBOOK_EVENT__OBJECT_RECYCLED','DLZ- brueckenwaage','','','LC__CONTACT__TREE__PERSON',NULL,0),
(62732,9603,NULL,2,1,NULL,'object status changed from ldap-sync','','','2026-01-14 19:50:25',2,NULL,'Automation Automation','C__LOGBOOK_EVENT__OBJECT_RECYCLED','Doris Schanung','','','LC__CONTACT__TREE__PERSON',NULL,0),
(62733,9603,NULL,2,1,NULL,'object status changed from ldap-sync','','','2026-01-14 19:50:25',2,NULL,'Automation Automation','C__LOGBOOK_EVENT__OBJECT_RECYCLED','DLZ- video','','','LC__CONTACT__TREE__PERSON',NULL,0),
(62734,9603,NULL,2,1,NULL,'object status changed from ldap-sync','','','2026-01-14 19:50:25',2,NULL,'Automation Automation','C__LOGBOOK_EVENT__OBJECT_RECYCLED','Kult Pur Nüziders','','','LC__CONTACT__TREE__PERSON',NULL,0),
(62735,9603,NULL,2,1,NULL,'object status changed from ldap-sync','','','2026-01-14 19:50:25',2,NULL,'Automation Automation','C__LOGBOOK_EVENT__OBJECT_RECYCLED','Mail Loop','','','LC__CONTACT__TREE__PERSON',NULL,0),
(62736,9603,NULL,2,1,NULL,'object status changed from ldap-sync','','','2026-01-14 19:50:25',2,NULL,'Automation Automation','C__LOGBOOK_EVENT__OBJECT_RECYCLED','vs-nenzing- lehrer','','','LC__CONTACT__TREE__PERSON',NULL,0),
(62737,9603,NULL,2,1,NULL,'object status changed from ldap-sync','','','2026-01-14 19:50:25',2,NULL,'Automation Automation','C__LOGBOOK_EVENT__OBJECT_RECYCLED','16- termine','','','LC__CONTACT__TREE__PERSON',NULL,0),
