-- Table structure for table `isys_cats_prt_emulation`
--

CREATE TABLE `isys_cats_prt_emulation` (
  `isys_cats_prt_emulation__id` int(10) unsigned NOT NULL AUTO_INCREMENT,
  `isys_cats_prt_emulation__title` varchar(255) DEFAULT NULL,
  `isys_cats_prt_emulation__description` longtext DEFAULT NULL,
  `isys_cats_prt_emulation__const` varchar(255) DEFAULT NULL,
  `isys_cats_prt_emulation__sort` int(10) unsigned DEFAULT 5,
  `isys_cats_prt_emulation__property` int(10) unsigned DEFAULT 0,
  `isys_cats_prt_emulation__status` tinyint(3) unsigned NOT NULL DEFAULT 1,
  PRIMARY KEY (`isys_cats_prt_emulation__id`),
  KEY `isys_cats_prt_emulation__title` (`isys_cats_prt_emulation__title`)
) ENGINE=InnoDB AUTO_INCREMENT=4 DEFAULT CHARSET=utf8mb3 COLLATE=utf8mb3_unicode_ci;

--
-- Dumping data for table `isys_cats_prt_emulation`
--

INSERT INTO `isys_cats_prt_emulation` VALUES
(1,'LC__UNIVERSAL__OTHER',NULL,'C__CATS_PRT_EMULATION__OTHER',10,0,2),
(2,'PCL',NULL,'C__CATS_PRT_EMULATION__PCL',30,0,2),
(3,'PS','Postscript','C__CATS_PRT_EMULATION__PS',20,0,2);
COMMIT;

--
-- Table structure for table `isys_cats_prt_list`
--

CREATE TABLE `isys_cats_prt_list` (
  `isys_cats_prt_list__id` int(10) unsigned NOT NULL AUTO_INCREMENT,
  `isys_cats_prt_list__isys_obj__id` int(10) unsigned NOT NULL,
  `isys_cats_prt_list__isys_cats_prt_emulation__id` int(10) unsigned DEFAULT NULL,
  `isys_cats_prt_list__isys_cats_prt_type__id` int(10) unsigned DEFAULT NULL,
  `isys_cats_prt_list__isys_cats_prt_paper__id` int(10) unsigned DEFAULT NULL COMMENT 'Paper format',
  `isys_cats_prt_list__title` varchar(255) DEFAULT NULL,
  `isys_cats_prt_list__description` longtext DEFAULT NULL,
  `isys_cats_prt_list__isduplex` int(10) unsigned DEFAULT NULL,
  `isys_cats_prt_list__iscolor` int(10) unsigned DEFAULT NULL,
  `isys_cats_prt_list__status` tinyint(3) unsigned NOT NULL DEFAULT 1,
  `isys_cats_prt_list__property` int(10) unsigned DEFAULT NULL,
  PRIMARY KEY (`isys_cats_prt_list__id`),
  KEY `isys_cats_prt_list_FKIndex1` (`isys_cats_prt_list__isys_cats_prt_type__id`),
  KEY `isys_cats_prt_list_FKIndex2` (`isys_cats_prt_list__isys_cats_prt_emulation__id`),
  KEY `isys_cats_prt_list__isys_cats_prt_type__id` (`isys_cats_prt_list__isys_cats_prt_paper__id`),
  KEY `isys_cats_prt_list__isys_obj__id` (`isys_cats_prt_list__isys_obj__id`),
  CONSTRAINT `isys_cats_prt_list_ibfk_10` FOREIGN KEY (`isys_cats_prt_list__isys_cats_prt_paper__id`) REFERENCES `isys_cats_prt_paper` (`isys_cats_prt_paper__id`) ON DELETE SET NULL ON UPDATE CASCADE,
  CONSTRAINT `isys_cats_prt_list_ibfk_4` FOREIGN KEY (`isys_cats_prt_list__isys_obj__id`) REFERENCES `isys_obj` (`isys_obj__id`) ON DELETE CASCADE ON UPDATE CASCADE,
  CONSTRAINT `isys_cats_prt_list_ibfk_8` FOREIGN KEY (`isys_cats_prt_list__isys_cats_prt_emulation__id`) REFERENCES `isys_cats_prt_emulation` (`isys_cats_prt_emulation__id`) ON DELETE SET NULL ON UPDATE CASCADE,
  CONSTRAINT `isys_cats_prt_list_ibfk_9` FOREIGN KEY (`isys_cats_prt_list__isys_cats_prt_type__id`) REFERENCES `isys_cats_prt_type` (`isys_cats_prt_type__id`) ON DELETE SET NULL ON UPDATE CASCADE
) ENGINE=InnoDB AUTO_INCREMENT=37 DEFAULT CHARSET=utf8mb3 COLLATE=utf8mb3_unicode_ci;

--
-- Dumping data for table `isys_cats_prt_list`
--

INSERT INTO `isys_cats_prt_list` VALUES
(1,3014,2,2,NULL,NULL,NULL,1,1,2,NULL),
(2,4276,1,1,NULL,NULL,NULL,1,1,2,NULL),
(3,40914,1,2,NULL,NULL,NULL,1,1,2,NULL),
(4,40930,1,2,NULL,NULL,NULL,1,0,2,NULL),
(5,40939,1,2,NULL,NULL,NULL,1,1,2,NULL),
(6,40950,1,2,NULL,NULL,NULL,1,1,2,NULL),
(7,41200,1,2,NULL,NULL,NULL,1,1,2,NULL),
(8,191373,1,4,NULL,NULL,NULL,0,1,2,NULL),
(9,191380,1,2,NULL,NULL,NULL,1,1,2,NULL),
(10,191384,1,2,NULL,NULL,NULL,1,1,2,NULL),
(11,191388,1,2,NULL,NULL,NULL,1,1,2,NULL),
(12,191391,1,2,NULL,NULL,NULL,1,1,2,NULL),
(13,191394,1,2,NULL,NULL,NULL,1,1,2,NULL),
(14,191397,1,2,NULL,NULL,NULL,1,1,2,NULL),
(15,191418,1,2,NULL,NULL,NULL,1,1,2,NULL),
(16,191422,1,2,NULL,NULL,NULL,1,1,2,NULL),
(17,191427,1,2,NULL,NULL,NULL,1,1,2,NULL),
(18,197887,1,2,NULL,NULL,NULL,1,1,2,NULL),
(19,197891,1,2,NULL,NULL,NULL,1,1,2,NULL),
(20,197895,1,2,NULL,NULL,NULL,1,1,2,NULL),
(21,197899,1,2,NULL,NULL,NULL,1,1,2,NULL),
(22,197903,1,2,NULL,NULL,NULL,1,1,2,NULL),
(23,197907,1,5,NULL,NULL,NULL,1,1,2,NULL),
(24,197910,1,2,NULL,NULL,NULL,1,1,2,NULL),
(25,197916,1,2,NULL,NULL,NULL,1,1,2,NULL),
(26,197920,1,2,NULL,NULL,NULL,1,1,2,NULL),
(27,197924,1,2,NULL,NULL,NULL,1,1,2,NULL),
(28,197928,1,2,NULL,NULL,NULL,1,1,2,NULL),
(29,197932,1,2,NULL,NULL,NULL,1,1,2,NULL),
(30,204442,1,2,NULL,NULL,NULL,1,1,2,NULL),
(31,204451,1,2,NULL,NULL,NULL,1,1,2,NULL),
(32,204460,1,2,NULL,NULL,NULL,1,1,2,NULL),
(33,204465,1,2,NULL,NULL,NULL,1,1,2,NULL),
(34,204470,1,2,NULL,NULL,NULL,1,1,2,NULL),
(35,204475,1,2,NULL,NULL,NULL,1,1,2,NULL),
(36,204480,1,5,NULL,NULL,NULL,1,1,2,NULL);
COMMIT;

--
-- Table structure for table `isys_cats_prt_paper`
--

CREATE TABLE `isys_cats_prt_paper` (
  `isys_cats_prt_paper__id` int(10) unsigned NOT NULL AUTO_INCREMENT,
  `isys_cats_prt_paper__title` varchar(255) DEFAULT NULL,
  `isys_cats_prt_paper__description` longtext DEFAULT NULL,
  `isys_cats_prt_paper__const` varchar(255) DEFAULT NULL,
  `isys_cats_prt_paper__sort` int(10) unsigned DEFAULT NULL,
  `isys_cats_prt_paper__property` int(10) unsigned DEFAULT NULL,
  `isys_cats_prt_paper__status` tinyint(3) unsigned NOT NULL DEFAULT 2,
  PRIMARY KEY (`isys_cats_prt_paper__id`),
  KEY `isys_cats_prt_paper__title` (`isys_cats_prt_paper__title`)
) ENGINE=InnoDB DEFAULT CHARSET=utf8mb3 COLLATE=utf8mb3_unicode_ci COMMENT='Paper formats for printers';

--
-- Dumping data for table `isys_cats_prt_paper`
--

COMMIT;

--
-- Table structure for table `isys_cats_prt_type`
--

CREATE TABLE `isys_cats_prt_type` (
  `isys_cats_prt_type__id` int(10) unsigned NOT NULL AUTO_INCREMENT,
  `isys_cats_prt_type__title` varchar(255) DEFAULT NULL,
  `isys_cats_prt_type__description` longtext DEFAULT NULL,
  `isys_cats_prt_type__const` varchar(255) DEFAULT NULL,
  `isys_cats_prt_type__sort` int(10) unsigned DEFAULT 5,
  `isys_cats_prt_type__property` int(10) unsigned DEFAULT 0,
  `isys_cats_prt_type__status` tinyint(3) unsigned NOT NULL DEFAULT 1,
  PRIMARY KEY (`isys_cats_prt_type__id`),
  KEY `isys_cats_prt_type__title` (`isys_cats_prt_type__title`)
) ENGINE=InnoDB AUTO_INCREMENT=6 DEFAULT CHARSET=utf8mb3 COLLATE=utf8mb3_unicode_ci;

--
-- Dumping data for table `isys_cats_prt_type`
--

INSERT INTO `isys_cats_prt_type` VALUES
(1,'LC__CATS_PRT_TYPE__INK','Tinte / Ink','C__CATS_PRT_TYPE__INK',30,0,2),
(2,'Laser','Laser ','C__CATS_PRT_TYPE__LASER',20,0,2),
(3,'Thermo','Thermo','C__CATS_PRT_TYPE__THERMO',40,0,2),
(4,'Plotter','Plotter','C__CATS_PRT_TYPE__PLOTTER',50,0,2),
(5,'LC__UNIVERSAL__OTHER','Andere','C__CATS_PRT_TYPE__OTHER',10,0,2);
COMMIT;

--
-- Table structure for table `isys_cats_relpool_list`
--

CREATE TABLE `isys_cats_relpool_list` (
  `isys_cats_relpool_list__id` int(10) unsigned NOT NULL AUTO_INCREMENT,
  `isys_cats_relpool_list__isys_obj__id` int(10) unsigned NOT NULL,
  `isys_cats_relpool_list__title` varchar(255) DEFAULT NULL,
  `isys_cats_relpool_list__threshold` int(10) unsigned DEFAULT NULL,
  `isys_cats_relpool_list__description` longtext DEFAULT NULL,
  `isys_cats_relpool_list__status` tinyint(3) unsigned NOT NULL DEFAULT 1,
  PRIMARY KEY (`isys_cats_relpool_list__id`),
  KEY `isys_cats_relpool_list__isys_obj__id` (`isys_cats_relpool_list__isys_obj__id`),
  CONSTRAINT `isys_cats_relpool_list_ibfk_1` FOREIGN KEY (`isys_cats_relpool_list__isys_obj__id`) REFERENCES `isys_obj` (`isys_obj__id`) ON DELETE CASCADE ON UPDATE CASCADE
) ENGINE=InnoDB DEFAULT CHARSET=utf8mb3 COLLATE=utf8mb3_unicode_ci;

--
-- Dumping data for table `isys_cats_relpool_list`
--

COMMIT;

--
-- Table structure for table `isys_cats_relpool_list_2_isys_obj`
--

CREATE TABLE `isys_cats_relpool_list_2_isys_obj` (
  `isys_cats_relpool_list__id` int(10) unsigned NOT NULL,
  `isys_obj__id` int(10) unsigned NOT NULL,
  `isys_cats_relpool_list_2_isys_obj__status` tinyint(3) unsigned NOT NULL DEFAULT 2,
  PRIMARY KEY (`isys_cats_relpool_list__id`,`isys_obj__id`),
  KEY `isys_cats_relpool_list_2_isys_obj_ibfk_2` (`isys_obj__id`),
  CONSTRAINT `isys_cats_relpool_list_2_isys_obj_ibfk_1` FOREIGN KEY (`isys_cats_relpool_list__id`) REFERENCES `isys_cats_relpool_list` (`isys_cats_relpool_list__id`) ON DELETE CASCADE ON UPDATE CASCADE,
  CONSTRAINT `isys_cats_relpool_list_2_isys_obj_ibfk_2` FOREIGN KEY (`isys_obj__id`) REFERENCES `isys_obj` (`isys_obj__id`) ON DELETE CASCADE ON UPDATE CASCADE
) ENGINE=InnoDB DEFAULT CHARSET=utf8mb3 COLLATE=utf8mb3_unicode_ci;

--
-- Dumping data for table `isys_cats_relpool_list_2_isys_obj`
--

COMMIT;

--
-- Table structure for table `isys_cats_replication_list`
--

CREATE TABLE `isys_cats_replication_list` (
  `isys_cats_replication_list__id` int(10) unsigned NOT NULL AUTO_INCREMENT,
  `isys_cats_replication_list__isys_replication_mechanism__id` int(10) unsigned DEFAULT NULL,
  `isys_cats_replication_list__isys_obj__id` int(10) unsigned NOT NULL,
  `isys_cats_replication_list__status` tinyint(3) unsigned NOT NULL DEFAULT 1,
  `isys_cats_replication_list__description` longtext DEFAULT NULL,
  PRIMARY KEY (`isys_cats_replication_list__id`),
  KEY `isys_cats_replication_list__isys_obj__id` (`isys_cats_replication_list__isys_obj__id`),
  KEY `isys_cats_replication_list__isys_replication_mechanism__id` (`isys_cats_replication_list__isys_replication_mechanism__id`),
  CONSTRAINT `isys_cats_replication_list_ibfk_1` FOREIGN KEY (`isys_cats_replication_list__isys_obj__id`) REFERENCES `isys_obj` (`isys_obj__id`) ON DELETE CASCADE ON UPDATE CASCADE,
  CONSTRAINT `isys_cats_replication_list_ibfk_2` FOREIGN KEY (`isys_cats_replication_list__isys_replication_mechanism__id`) REFERENCES `isys_replication_mechanism` (`isys_replication_mechanism__id`) ON DELETE SET NULL ON UPDATE CASCADE
) ENGINE=InnoDB DEFAULT CHARSET=utf8mb3 COLLATE=utf8mb3_unicode_ci;

--
-- Dumping data for table `isys_cats_replication_list`
--

COMMIT;

--
-- Table structure for table `isys_cats_replication_partner_list`
--

CREATE TABLE `isys_cats_replication_partner_list` (
  `isys_cats_replication_partner_list__id` int(10) unsigned NOT NULL AUTO_INCREMENT,
  `isys_cats_replication_partner_list__isys_obj__id` int(10) unsigned NOT NULL,
  `isys_cats_replication_partner_list__isys_connection__id` int(10) unsigned DEFAULT NULL,
  `isys_cats_replication_partner_list__isys_replication_type__id` int(10) unsigned DEFAULT NULL,
  `isys_cats_replication_partner_list__status` tinyint(3) unsigned NOT NULL DEFAULT 1,
  `isys_cats_replication_partner_list__description` longtext DEFAULT NULL,
  `isys_cats_replication_partner_list__isys_catg_relation_list__id` int(10) unsigned DEFAULT NULL,
  PRIMARY KEY (`isys_cats_replication_partner_list__id`),
  KEY `isys_cats_replication_partner_list__isys_obj__id` (`isys_cats_replication_partner_list__isys_obj__id`),
  KEY `isys_cats_replication_partner_list__isys_connection__id` (`isys_cats_replication_partner_list__isys_connection__id`),
  KEY `isys_cats_replication_partner_list__isys_catg_relation_list__id` (`isys_cats_replication_partner_list__isys_catg_relation_list__id`),
  KEY `isys_cats_replication_partner_list_ibfk_3` (`isys_cats_replication_partner_list__isys_replication_type__id`),
  KEY `isys_cats_replication_partner_list__status` (`isys_cats_replication_partner_list__status`),
  CONSTRAINT `isys_cats_replication_partner_list_ibfk_1` FOREIGN KEY (`isys_cats_replication_partner_list__isys_obj__id`) REFERENCES `isys_obj` (`isys_obj__id`) ON DELETE CASCADE ON UPDATE CASCADE,
  CONSTRAINT `isys_cats_replication_partner_list_ibfk_2` FOREIGN KEY (`isys_cats_replication_partner_list__isys_connection__id`) REFERENCES `isys_connection` (`isys_connection__id`) ON DELETE CASCADE ON UPDATE CASCADE,
  CONSTRAINT `isys_cats_replication_partner_list_ibfk_3` FOREIGN KEY (`isys_cats_replication_partner_list__isys_replication_type__id`) REFERENCES `isys_replication_type` (`isys_replication_type__id`) ON DELETE SET NULL ON UPDATE CASCADE,
  CONSTRAINT `isys_cats_replication_partner_list_ibfk_4` FOREIGN KEY (`isys_cats_replication_partner_list__isys_catg_relation_list__id`) REFERENCES `isys_catg_relation_list` (`isys_catg_relation_list__id`) ON DELETE CASCADE ON UPDATE CASCADE
) ENGINE=InnoDB DEFAULT CHARSET=utf8mb3 COLLATE=utf8mb3_unicode_ci;

--
-- Dumping data for table `isys_cats_replication_partner_list`
--

COMMIT;

--
-- Table structure for table `isys_cats_room_list`
--

CREATE TABLE `isys_cats_room_list` (
  `isys_cats_room_list__id` int(10) unsigned NOT NULL AUTO_INCREMENT,
  `isys_cats_room_list__isys_obj__id` int(10) unsigned NOT NULL,
  `isys_cats_room_list__isys_room_type__id` int(10) unsigned DEFAULT NULL,
  `isys_cats_room_list__title` varchar(255) DEFAULT NULL,
  `isys_cats_room_list__description` longtext DEFAULT NULL,
  `isys_cats_room_list__number` varchar(255) DEFAULT NULL,
  `isys_cats_room_list__floor` varchar(255) DEFAULT NULL,
  `isys_cats_room_list__sort` int(10) unsigned DEFAULT NULL,
  `isys_cats_room_list__status` tinyint(3) unsigned NOT NULL DEFAULT 1,
  `isys_cats_room_list__property` int(10) unsigned DEFAULT 0,
  PRIMARY KEY (`isys_cats_room_list__id`),
  KEY `isys_cats_room_list_FKIndex1` (`isys_cats_room_list__isys_room_type__id`),
  KEY `isys_cats_room_list__isys_obj__id` (`isys_cats_room_list__isys_obj__id`),
  CONSTRAINT `isys_cats_room_list_ibfk_1` FOREIGN KEY (`isys_cats_room_list__isys_room_type__id`) REFERENCES `isys_room_type` (`isys_room_type__id`) ON DELETE NO ACTION ON UPDATE NO ACTION,
  CONSTRAINT `isys_cats_room_list_ibfk_2` FOREIGN KEY (`isys_cats_room_list__isys_obj__id`) REFERENCES `isys_obj` (`isys_obj__id`) ON DELETE CASCADE ON UPDATE CASCADE
) ENGINE=InnoDB AUTO_INCREMENT=9 DEFAULT CHARSET=utf8mb3 COLLATE=utf8mb3_unicode_ci;

--
-- Dumping data for table `isys_cats_room_list`
--

INSERT INTO `isys_cats_room_list` VALUES
(1,150,NULL,NULL,'','','-1',NULL,2,0),
(2,152,NULL,NULL,'','','-1',NULL,2,0),
(3,154,NULL,NULL,'','','0',NULL,2,0),
(4,156,NULL,NULL,'','','-1',NULL,2,0),
(5,177,NULL,NULL,'','','-1',NULL,2,0),
(6,231,NULL,NULL,'','','-1',NULL,2,0),
(7,4277,1,NULL,NULL,'2/13','2',NULL,2,0),
(8,8813,NULL,NULL,NULL,'1/14','1',NULL,2,0);
COMMIT;

--
-- Table structure for table `isys_cats_router_list`
--

CREATE TABLE `isys_cats_router_list` (
  `isys_cats_router_list__id` int(10) unsigned NOT NULL AUTO_INCREMENT,
  `isys_cats_router_list__isys_obj__id` int(10) unsigned NOT NULL,
  `isys_cats_router_list__description` longtext DEFAULT NULL,
  `isys_cats_router_list__status` tinyint(3) unsigned NOT NULL DEFAULT 1,
  `isys_cats_router_list__property` int(10) unsigned DEFAULT NULL,
  `isys_cats_router_list__routing_protocol` int(10) unsigned DEFAULT 1,
  `isys_cats_router_list__isys_catg_ip_list__id` int(10) unsigned DEFAULT NULL,
  PRIMARY KEY (`isys_cats_router_list__id`),
  KEY `isys_cats_router_list__isys_obj__id` (`isys_cats_router_list__isys_obj__id`),
  KEY `isys_cats_router_list__status` (`isys_cats_router_list__status`),
  CONSTRAINT `isys_cats_router_list_ibfk_1` FOREIGN KEY (`isys_cats_router_list__isys_obj__id`) REFERENCES `isys_obj` (`isys_obj__id`) ON DELETE CASCADE ON UPDATE CASCADE
) ENGINE=InnoDB DEFAULT CHARSET=utf8mb3 COLLATE=utf8mb3_unicode_ci;

--
-- Dumping data for table `isys_cats_router_list`
--

COMMIT;

--
-- Table structure for table `isys_cats_san_list`
--

CREATE TABLE `isys_cats_san_list` (
  `isys_cats_san_list__id` int(10) unsigned NOT NULL AUTO_INCREMENT,
  `isys_cats_san_list__isys_obj__id` int(10) unsigned NOT NULL,
  `isys_cats_san_list__isys_memory_unit__id` int(10) unsigned DEFAULT NULL,
  `isys_cats_san_list__isys_stor_unit__id` int(10) unsigned DEFAULT NULL,
  `isys_cats_san_list__description` longtext DEFAULT NULL,
  `isys_cats_san_list__capacity` double DEFAULT NULL,
  `isys_cats_san_list__status` tinyint(3) unsigned NOT NULL DEFAULT 1,
  `isys_cats_san_list__property` int(10) unsigned DEFAULT NULL,
  PRIMARY KEY (`isys_cats_san_list__id`),
  KEY `isys_cats_san_list_FKIndex1` (`isys_cats_san_list__isys_stor_unit__id`),
  KEY `isys_cats_san_list__isys_memory_unit__id` (`isys_cats_san_list__isys_memory_unit__id`),
  KEY `isys_cats_san_list__isys_obj__id` (`isys_cats_san_list__isys_obj__id`),
  CONSTRAINT `isys_cats_san_list_ibfk_1` FOREIGN KEY (`isys_cats_san_list__isys_stor_unit__id`) REFERENCES `isys_stor_unit` (`isys_stor_unit__id`) ON DELETE NO ACTION ON UPDATE NO ACTION,
  CONSTRAINT `isys_cats_san_list_ibfk_2` FOREIGN KEY (`isys_cats_san_list__isys_memory_unit__id`) REFERENCES `isys_memory_unit` (`isys_memory_unit__id`) ON DELETE SET NULL ON UPDATE NO ACTION,
  CONSTRAINT `isys_cats_san_list_ibfk_3` FOREIGN KEY (`isys_cats_san_list__isys_obj__id`) REFERENCES `isys_obj` (`isys_obj__id`) ON DELETE CASCADE ON UPDATE CASCADE
) ENGINE=InnoDB DEFAULT CHARSET=utf8mb3 COLLATE=utf8mb3_unicode_ci;

--
-- Dumping data for table `isys_cats_san_list`
--

COMMIT;

--
-- Table structure for table `isys_cats_san_zoning_list`
--

CREATE TABLE `isys_cats_san_zoning_list` (
  `isys_cats_san_zoning_list__id` int(10) unsigned NOT NULL AUTO_INCREMENT,
  `isys_cats_san_zoning_list__isys_obj__id` int(10) unsigned DEFAULT NULL,
  `isys_cats_san_zoning_list__title` varchar(255) DEFAULT NULL,
  `isys_cats_san_zoning_list__description` longtext DEFAULT NULL,
  `isys_cats_san_zoning_list__status` tinyint(3) unsigned NOT NULL DEFAULT 1,
  `isys_cats_san_zoning_list__property` int(10) unsigned DEFAULT 0,
  `isys_cats_san_zoning_list__sort` int(10) unsigned DEFAULT NULL,
  PRIMARY KEY (`isys_cats_san_zoning_list__id`),
  KEY `isys_cats_san_zoning_list_FKIndex1` (`isys_cats_san_zoning_list__isys_obj__id`),
  CONSTRAINT `isys_cats_san_zoning_list_ibfk_1` FOREIGN KEY (`isys_cats_san_zoning_list__isys_obj__id`) REFERENCES `isys_obj` (`isys_obj__id`) ON DELETE SET NULL ON UPDATE CASCADE
) ENGINE=InnoDB DEFAULT CHARSET=utf8mb3 COLLATE=utf8mb3_unicode_ci;

--
-- Dumping data for table `isys_cats_san_zoning_list`
--

COMMIT;

--
-- Table structure for table `isys_cats_service_list`
--

CREATE TABLE `isys_cats_service_list` (
  `isys_cats_service_list__id` int(10) unsigned NOT NULL AUTO_INCREMENT,
  `isys_cats_service_list__isys_obj__id` int(10) unsigned NOT NULL,
  `isys_cats_service_list__isys_service_manufacturer__id` int(10) unsigned DEFAULT NULL,
  `isys_cats_service_list__title` varchar(255) DEFAULT NULL,
  `isys_cats_service_list__description` longtext DEFAULT NULL,
  `isys_cats_service_list__release` varchar(255) DEFAULT NULL,
  `isys_cats_service_list__specification` text DEFAULT NULL,
  `isys_cats_service_list__status` tinyint(3) unsigned NOT NULL DEFAULT 1,
  `isys_cats_service_list__property` int(10) unsigned DEFAULT NULL,
  PRIMARY KEY (`isys_cats_service_list__id`),
  KEY `isys_cats_service_list_FKIndex1` (`isys_cats_service_list__isys_service_manufacturer__id`),
  KEY `isys_cats_service_list__isys_obj__id` (`isys_cats_service_list__isys_obj__id`),
  CONSTRAINT `isys_cats_service_list_ibfk_2` FOREIGN KEY (`isys_cats_service_list__isys_obj__id`) REFERENCES `isys_obj` (`isys_obj__id`) ON DELETE CASCADE ON UPDATE CASCADE,
  CONSTRAINT `isys_cats_service_list_ibfk_3` FOREIGN KEY (`isys_cats_service_list__isys_service_manufacturer__id`) REFERENCES `isys_service_manufacturer` (`isys_service_manufacturer__id`) ON DELETE SET NULL ON UPDATE CASCADE
) ENGINE=InnoDB DEFAULT CHARSET=utf8mb3 COLLATE=utf8mb3_unicode_ci;

--
-- Dumping data for table `isys_cats_service_list`
--

COMMIT;

--
-- Table structure for table `isys_cats_switch_fc_list`
--

CREATE TABLE `isys_cats_switch_fc_list` (
  `isys_cats_switch_fc_list__id` int(10) unsigned NOT NULL AUTO_INCREMENT,
  `isys_cats_switch_fc_list__isys_obj__id` int(10) unsigned NOT NULL,
  `isys_cats_switch_fc_list__title` varchar(255) DEFAULT NULL,
  `isys_cats_switch_fc_list__description` longtext DEFAULT NULL,
  `isys_cats_switch_fc_list__unit_active` int(10) unsigned DEFAULT 0,
  `isys_cats_switch_fc_list__status` tinyint(3) unsigned NOT NULL DEFAULT 2,
  `isys_cats_switch_fc_list__property` int(10) unsigned DEFAULT 0,
  PRIMARY KEY (`isys_cats_switch_fc_list__id`),
  KEY `isys_cats_switch_fc_list__isys_obj__id` (`isys_cats_switch_fc_list__isys_obj__id`),
  CONSTRAINT `isys_cats_switch_fc_list_ibfk_1` FOREIGN KEY (`isys_cats_switch_fc_list__isys_obj__id`) REFERENCES `isys_obj` (`isys_obj__id`) ON DELETE CASCADE ON UPDATE CASCADE
) ENGINE=InnoDB DEFAULT CHARSET=utf8mb3 COLLATE=utf8mb3_unicode_ci;

--
-- Dumping data for table `isys_cats_switch_fc_list`
--

COMMIT;

--
-- Table structure for table `isys_cats_switch_net_list`
--

CREATE TABLE `isys_cats_switch_net_list` (
  `isys_cats_switch_net_list__id` int(10) unsigned NOT NULL AUTO_INCREMENT,
  `isys_cats_switch_net_list__isys_obj__id` int(10) unsigned NOT NULL,
  `isys_cats_switch_net_list__title` varchar(255) DEFAULT NULL,
  `isys_cats_switch_net_list__isys_vlan_management_protocol__id` int(10) unsigned DEFAULT NULL,
  `isys_cats_switch_net_list__isys_switch_role__id` int(10) unsigned DEFAULT NULL,
  `isys_cats_switch_net_list__isys_switch_spanning_tree__id` int(10) unsigned DEFAULT NULL,
  `isys_cats_switch_net_list__description` longtext DEFAULT NULL,
  `isys_cats_switch_net_list__status` tinyint(3) unsigned NOT NULL DEFAULT 1,
  `isys_cats_switch_net_list__property` int(10) unsigned DEFAULT NULL,
  PRIMARY KEY (`isys_cats_switch_net_list__id`),
  KEY `isys_cats_switch_net_list__isys_obj__id` (`isys_cats_switch_net_list__isys_obj__id`),
  CONSTRAINT `isys_cats_switch_net_list_ibfk_1` FOREIGN KEY (`isys_cats_switch_net_list__isys_obj__id`) REFERENCES `isys_obj` (`isys_obj__id`) ON DELETE CASCADE ON UPDATE CASCADE
) ENGINE=InnoDB AUTO_INCREMENT=16 DEFAULT CHARSET=utf8mb3 COLLATE=utf8mb3_unicode_ci;

--
-- Dumping data for table `isys_cats_switch_net_list`
--

INSERT INTO `isys_cats_switch_net_list` VALUES
(1,4242,NULL,NULL,NULL,NULL,'',2,NULL),
(2,4287,NULL,NULL,NULL,NULL,'<p>VLAN 1 = Verwaltung (Untagged all)<br />\r\nVLAN 99 = Public (Tagged 11,12,25)<br />\r\nPort 25 Uplink Glas SM<br />\r\nPort 11,12 UAP</p>\r\n\r\n<p>&nbsp;</p>\r\n',2,NULL),
(3,4295,NULL,NULL,NULL,NULL,'<p>VLAN 1 = Verwaltung (untagged all)<br />\r\nVLAN 99 = Public (tagged 8,10,25)</p>\r\n\r\n<p>25 Uplink Campus (Glas SM)<br />\r\n8 Uplink Linux Router<br />\r\n10 UAP</p>\r\n\r\n<p>(Patchfeld B21 und B22 = Kindergarten)</p>\r\n\r\n<p>Schulnetz Switch vorhanden:<br />\r\nD-Link DES1024R (10/100)<br />\r\n14 Ports belegt</p>\r\n\r\n<p>&nbsp;</p>\r\n',2,NULL),
(4,4304,NULL,NULL,NULL,NULL,'<p>VLAN 1 = Verwaltung (untagged all)<br />\r\nVLAN 99 = Public (tagged 24,27,28)</p>\r\n\r\n<p>Port 24 = Uplink TP-Link AP Switch<br />\r\nPort 28 = Uplink von VS St. Peter (Glas SM)<br />\r\nPort 27 = Uplink nach Friedhof (Glas SM)</p>\r\n',2,NULL),
(5,4307,NULL,NULL,NULL,NULL,'<p>VLAN 1 = Verwaltung (untagged all)<br />\r\nVLAN 99 = Public (tagged all)</p>\r\n\r\n<p>Port 1 = Uplink HP V1910-24G</p>\r\n\r\n<p>&nbsp;</p>\r\n',2,NULL),
(6,4347,NULL,NULL,NULL,NULL,'<p>Management VLAN 1</p>\r\n',2,NULL),
(7,4355,NULL,NULL,NULL,NULL,'<p>1&nbsp; &nbsp; &nbsp;Management / Verwaltung<br />\r\n99&nbsp; &nbsp;Public<br />\r\n102 Citynet<br />\r\n172 Time</p>\r\n',2,NULL),
(8,4358,NULL,NULL,NULL,NULL,'<p>99&nbsp; &nbsp;Public<br />\r\n102 Citynet</p>\r\n',2,NULL),
(9,4367,NULL,NULL,NULL,NULL,'<p>1&nbsp; &nbsp; &nbsp;Management/Verwaltung<br />\r\n99&nbsp; &nbsp;Public<br />\r\n102 Citynet</p>\r\n',2,NULL),
(10,5287,NULL,NULL,NULL,NULL,'<p>1, 30, 72</p>\r\n\r\n<p>Port 8 Uplink (1 Untagged, 30 / 72 Tagged)</p>\r\n\r\n<p>Port 1-7 Untagged in VLAN 72</p>\r\n',2,NULL),
(11,6942,NULL,NULL,NULL,NULL,'<p>Port15 Verbindung zu SW1004<br />\r\nPort 16 Uplink</p>\r\n',2,NULL),
(12,8544,NULL,NULL,NULL,NULL,'<p>1 - Gemeindenetz<br />\r\n71 - Zutritt Gantner<br />\r\n99 - Phone</p>\r\n',2,NULL),
(13,8549,NULL,NULL,NULL,NULL,'<p>1 - Gemeindenetz<br />\r\n71 - Zutritt Gantner<br />\r\n99 - Phone</p>\r\n',2,NULL),
(14,8559,NULL,NULL,NULL,NULL,'<p>1 - Gemeindenetz<br />\r\n71 - Zutritt<br />\r\n99 - Phone (Voice-VLAN)</p>\r\n\r\n<p>&nbsp;</p>\r\n\r\n<p>alle Ports untagged 1, 99 tagged auf allen Ports</p>\r\n',2,NULL),
(15,8622,NULL,NULL,NULL,NULL,'<p>VLAN&#39;s<br />\r\n1 - Verwaltung<br />\r\n50 - Schulnetz<br />\r\n99 - Public<br />\r\n102 - Citynet<br />\r\n192 - GLT</p>\r\n',2,NULL);
COMMIT;

--
-- Table structure for table `isys_cats_tapelib_list`
--

CREATE TABLE `isys_cats_tapelib_list` (
  `isys_cats_tapelib_list__id` int(10) unsigned NOT NULL AUTO_INCREMENT,
  `isys_cats_tapelib_list__isys_obj__id` int(10) unsigned NOT NULL,
  `isys_cats_tapelib_list__isys_tapelib_type__id` int(10) unsigned NOT NULL DEFAULT 0,
  `isys_cats_tapelib_list__capacity` int(10) unsigned DEFAULT NULL,
  `isys_cats_tapelib_list__title` varchar(255) DEFAULT NULL,
  `isys_cats_tapelib_list__description` longtext DEFAULT NULL,
  `isys_cats_tapelib_list__status` tinyint(3) unsigned NOT NULL DEFAULT 1,
  `isys_cats_tapelib_list__property` int(10) unsigned DEFAULT NULL,
  PRIMARY KEY (`isys_cats_tapelib_list__id`),
  KEY `isys_cats_tapelib_FKIndex1` (`isys_cats_tapelib_list__isys_tapelib_type__id`),
  KEY `isys_cats_tapelib_list__isys_obj__id` (`isys_cats_tapelib_list__isys_obj__id`),
  CONSTRAINT `isys_cats_tapelib_list_ibfk_1` FOREIGN KEY (`isys_cats_tapelib_list__isys_tapelib_type__id`) REFERENCES `isys_tapelib_type` (`isys_tapelib_type__id`) ON DELETE NO ACTION ON UPDATE NO ACTION,
  CONSTRAINT `isys_cats_tapelib_list_ibfk_2` FOREIGN KEY (`isys_cats_tapelib_list__isys_obj__id`) REFERENCES `isys_obj` (`isys_obj__id`) ON DELETE CASCADE ON UPDATE CASCADE
) ENGINE=InnoDB DEFAULT CHARSET=utf8mb3 COLLATE=utf8mb3_unicode_ci;

--
-- Dumping data for table `isys_cats_tapelib_list`
--

COMMIT;

--
-- Table structure for table `isys_cats_ups_list`
--

CREATE TABLE `isys_cats_ups_list` (
  `isys_cats_ups_list__id` int(10) unsigned NOT NULL AUTO_INCREMENT,
  `isys_cats_ups_list__isys_obj__id` int(10) unsigned NOT NULL,
  `isys_cats_ups_list__title` varchar(255) DEFAULT NULL,
  `isys_cats_ups_list__description` longtext DEFAULT NULL,
  `isys_cats_ups_list__property` int(10) DEFAULT NULL,
  `isys_cats_ups_list__status` tinyint(3) unsigned NOT NULL DEFAULT 1,
  `isys_cats_ups_list__isys_ups_type__id` int(10) unsigned DEFAULT NULL,
  `isys_cats_ups_list__isys_ups_battery_type__id` int(10) unsigned DEFAULT NULL,
  `isys_cats_ups_list__battery_amount` int(10) unsigned DEFAULT NULL,
  `isys_cats_ups_list__charge_time` int(10) unsigned DEFAULT NULL,
  `isys_cats_ups_list__autonomy_time` int(10) unsigned DEFAULT NULL,
  `isys_cats_ups_list__charge_time__isys_unit_of_time__id` int(10) unsigned DEFAULT NULL,
  `isys_cats_ups_list__autonomy_time__isys_unit_of_time__id` int(10) unsigned DEFAULT NULL,
  PRIMARY KEY (`isys_cats_ups_list__id`),
  KEY `isys_cats_ups_list__isys_obj__id` (`isys_cats_ups_list__isys_obj__id`),
  CONSTRAINT `isys_cats_ups_list_ibfk_1` FOREIGN KEY (`isys_cats_ups_list__isys_obj__id`) REFERENCES `isys_obj` (`isys_obj__id`) ON DELETE CASCADE ON UPDATE CASCADE
) ENGINE=InnoDB DEFAULT CHARSET=utf8mb3 COLLATE=utf8mb3_unicode_ci;

--
-- Dumping data for table `isys_cats_ups_list`
--

COMMIT;

--
-- Table structure for table `isys_cats_virtual`
--

CREATE TABLE `isys_cats_virtual` (
  `isys_cats_virtual__id` int(10) unsigned NOT NULL AUTO_INCREMENT,
  `isys_cats_virtual__title` varchar(255) DEFAULT NULL,
  `isys_cats_virtual__description` longtext DEFAULT NULL,
  `isys_cats_virtual__status` tinyint(3) unsigned NOT NULL DEFAULT 1,
  `isys_cats_virtual__property` int(10) unsigned DEFAULT NULL,
  `isys_cats_virtual__isys_obj__id` int(10) unsigned NOT NULL,
  PRIMARY KEY (`isys_cats_virtual__id`),
  KEY `isys_cats_virtual__isys_obj__id` (`isys_cats_virtual__isys_obj__id`)
) ENGINE=InnoDB DEFAULT CHARSET=utf8mb3 COLLATE=utf8mb3_unicode_ci;

--
-- Dumping data for table `isys_cats_virtual`
--

COMMIT;

--
-- Table structure for table `isys_cats_virtual_list`
--

CREATE TABLE `isys_cats_virtual_list` (
  `isys_cats_virtual_list__id` int(10) unsigned NOT NULL AUTO_INCREMENT,
  `isys_cats_virtual_list__title` varchar(255) DEFAULT NULL,
  `isys_cats_virtual_list__description` longtext DEFAULT NULL,
  `isys_cats_virtual_list__status` tinyint(3) unsigned NOT NULL DEFAULT 1,
  `isys_cats_virtual_list__property` int(10) unsigned DEFAULT NULL,
  `isys_cats_virtual_list__isys_obj__id` int(10) unsigned NOT NULL,
  PRIMARY KEY (`isys_cats_virtual_list__id`),
  KEY `isys_cats_virtual_list__isys_obj__id` (`isys_cats_virtual_list__isys_obj__id`)
) ENGINE=InnoDB DEFAULT CHARSET=utf8mb3 COLLATE=utf8mb3_unicode_ci;

--
-- Dumping data for table `isys_cats_virtual_list`
--

COMMIT;

--
-- Table structure for table `isys_cats_wan_list`
--

CREATE TABLE `isys_cats_wan_list` (
  `isys_cats_wan_list__id` int(10) unsigned NOT NULL AUTO_INCREMENT,
  `isys_cats_wan_list__isys_obj__id` int(10) unsigned NOT NULL,
  `isys_cats_wan_list__isys_wan_capacity_unit__id` int(10) unsigned DEFAULT NULL,
  `isys_cats_wan_list__description` longtext DEFAULT NULL,
  `isys_cats_wan_list__isys_wan_type__id` int(10) unsigned DEFAULT NULL,
  `isys_cats_wan_list__isys_wan_role__id` int(10) unsigned DEFAULT NULL,
  `isys_cats_wan_list__capacity` double unsigned DEFAULT NULL,
  `isys_cats_wan_list__status` tinyint(3) unsigned NOT NULL DEFAULT 1,
  `isys_cats_wan_list__property` int(10) unsigned DEFAULT NULL,
  PRIMARY KEY (`isys_cats_wan_list__id`),
  KEY `isys_cats_wan_list_FKIndex2` (`isys_cats_wan_list__isys_wan_role__id`),
  KEY `isys_cats_wan_list_FKIndex3` (`isys_cats_wan_list__isys_wan_type__id`),
  KEY `isys_cats_wan_list__isys_wan_capacity_unit__id` (`isys_cats_wan_list__isys_wan_capacity_unit__id`),
  KEY `isys_cats_wan_list__isys_obj__id` (`isys_cats_wan_list__isys_obj__id`),
  CONSTRAINT `isys_cats_wan_list_ibfk_4` FOREIGN KEY (`isys_cats_wan_list__isys_wan_capacity_unit__id`) REFERENCES `isys_wan_capacity_unit` (`isys_wan_capacity_unit__id`) ON DELETE SET NULL,
  CONSTRAINT `isys_cats_wan_list_ibfk_5` FOREIGN KEY (`isys_cats_wan_list__isys_obj__id`) REFERENCES `isys_obj` (`isys_obj__id`) ON DELETE CASCADE ON UPDATE CASCADE,
  CONSTRAINT `isys_cats_wan_list_ibfk_6` FOREIGN KEY (`isys_cats_wan_list__isys_wan_type__id`) REFERENCES `isys_wan_type` (`isys_wan_type__id`) ON DELETE SET NULL ON UPDATE CASCADE,
  CONSTRAINT `isys_cats_wan_list_ibfk_7` FOREIGN KEY (`isys_cats_wan_list__isys_wan_role__id`) REFERENCES `isys_wan_role` (`isys_wan_role__id`) ON DELETE SET NULL ON UPDATE CASCADE
) ENGINE=InnoDB DEFAULT CHARSET=utf8mb3 COLLATE=utf8mb3_unicode_ci;

--
-- Dumping data for table `isys_cats_wan_list`
--

COMMIT;

--
-- Table structure for table `isys_cats_ws_net_type_list`
--

CREATE TABLE `isys_cats_ws_net_type_list` (
  `isys_cats_ws_net_type_list__id` int(10) unsigned NOT NULL AUTO_INCREMENT,
  `isys_cats_ws_net_type_list__isys_net_type_title__id` int(10) unsigned DEFAULT NULL,
  `isys_cats_ws_net_type_list__title` varchar(255) DEFAULT NULL,
  `isys_cats_ws_net_type_list__description` longtext DEFAULT NULL,
  `isys_cats_ws_net_type_list__status` tinyint(3) unsigned NOT NULL DEFAULT 2,
  `isys_cats_ws_net_type_list__property` int(10) unsigned DEFAULT 0,
  `isys_cats_ws_net_type_list__isys_obj__id` int(10) unsigned NOT NULL,
  PRIMARY KEY (`isys_cats_ws_net_type_list__id`),
  KEY `isys_cats_ws_net_type_list__isys_net_type_title__id` (`isys_cats_ws_net_type_list__isys_net_type_title__id`),
  KEY `isys_cats_ws_net_type_list__isys_obj__id` (`isys_cats_ws_net_type_list__isys_obj__id`),
  KEY `isys_cats_ws_net_type_list__status` (`isys_cats_ws_net_type_list__status`),
  CONSTRAINT `isys_cats_ws_net_type_list_ibfk_1` FOREIGN KEY (`isys_cats_ws_net_type_list__isys_obj__id`) REFERENCES `isys_obj` (`isys_obj__id`) ON DELETE CASCADE ON UPDATE CASCADE,
  CONSTRAINT `isys_cats_ws_net_type_list_ibfk_2` FOREIGN KEY (`isys_cats_ws_net_type_list__isys_net_type_title__id`) REFERENCES `isys_net_type_title` (`isys_net_type_title__id`) ON DELETE SET NULL ON UPDATE CASCADE
) ENGINE=InnoDB DEFAULT CHARSET=utf8mb3 COLLATE=utf8mb3_unicode_ci;

--
-- Dumping data for table `isys_cats_ws_net_type_list`
--

COMMIT;

--
-- Table structure for table `isys_cats_ws_net_type_list_2_isys_obj`
--

CREATE TABLE `isys_cats_ws_net_type_list_2_isys_obj` (
  `isys_cats_ws_net_type_list_2_isys_obj__id` int(10) unsigned NOT NULL AUTO_INCREMENT,
  `isys_cats_ws_net_type_list__id` int(10) unsigned NOT NULL,
  `isys_obj__id` int(10) unsigned NOT NULL,
  `isys_catg_relation_list__id` int(10) unsigned NOT NULL,
  PRIMARY KEY (`isys_cats_ws_net_type_list_2_isys_obj__id`),
  KEY `isys_cats_ws_net_type_list_2_isys_obj_ibfk_1` (`isys_cats_ws_net_type_list__id`),
  KEY `isys_cats_ws_net_type_list_2_isys_obj_ibfk_2` (`isys_obj__id`),
  CONSTRAINT `isys_cats_ws_net_type_list_2_isys_obj_ibfk_1` FOREIGN KEY (`isys_cats_ws_net_type_list__id`) REFERENCES `isys_cats_ws_net_type_list` (`isys_cats_ws_net_type_list__id`) ON DELETE CASCADE ON UPDATE CASCADE,
  CONSTRAINT `isys_cats_ws_net_type_list_2_isys_obj_ibfk_2` FOREIGN KEY (`isys_obj__id`) REFERENCES `isys_obj` (`isys_obj__id`) ON DELETE CASCADE ON UPDATE CASCADE
) ENGINE=InnoDB DEFAULT CHARSET=utf8mb3 COLLATE=utf8mb3_unicode_ci;

--
-- Dumping data for table `isys_cats_ws_net_type_list_2_isys_obj`
--

COMMIT;

--
-- Table structure for table `isys_certificate_type`
--

CREATE TABLE `isys_certificate_type` (
  `isys_certificate_type__id` int(11) NOT NULL AUTO_INCREMENT,
  `isys_certificate_type__title` varchar(255) CHARACTER SET utf8mb3 COLLATE utf8mb3_general_ci NOT NULL,
  `isys_certificate_type__const` varchar(255) CHARACTER SET utf8mb3 COLLATE utf8mb3_general_ci NOT NULL,
  `isys_certificate_type__description` longtext DEFAULT NULL,
  `isys_certificate_type__sort` int(10) unsigned DEFAULT NULL,
  `isys_certificate_type__status` tinyint(3) unsigned NOT NULL DEFAULT 1,
  `isys_certificate_type__property` int(10) unsigned DEFAULT NULL,
  PRIMARY KEY (`isys_certificate_type__id`),
  KEY `isys_certificate_type__title` (`isys_certificate_type__title`)
) ENGINE=InnoDB DEFAULT CHARSET=utf8mb3 COLLATE=utf8mb3_unicode_ci;

--
-- Dumping data for table `isys_certificate_type`
--

COMMIT;

--
-- Table structure for table `isys_chassis_connector_type`
--

CREATE TABLE `isys_chassis_connector_type` (
  `isys_chassis_connector_type__id` int(10) unsigned NOT NULL AUTO_INCREMENT,
  `isys_chassis_connector_type__title` varchar(255) DEFAULT NULL,
  `isys_chassis_connector_type__description` longtext DEFAULT NULL,
  `isys_chassis_connector_type__const` varchar(255) DEFAULT NULL,
  `isys_chassis_connector_type__property` int(10) DEFAULT NULL,
  `isys_chassis_connector_type__sort` int(10) DEFAULT NULL,
  `isys_chassis_connector_type__status` tinyint(3) unsigned NOT NULL DEFAULT 2,
  PRIMARY KEY (`isys_chassis_connector_type__id`),
  KEY `isys_chassis_connector_type__title` (`isys_chassis_connector_type__title`)
) ENGINE=InnoDB AUTO_INCREMENT=3 DEFAULT CHARSET=utf8mb3 COLLATE=utf8mb3_unicode_ci;

--
-- Dumping data for table `isys_chassis_connector_type`
--

INSERT INTO `isys_chassis_connector_type` VALUES
(1,'Blade Bay',NULL,NULL,NULL,1,2),
(2,'Interconnect Bay',NULL,NULL,NULL,2,2);
COMMIT;

--
-- Table structure for table `isys_chassis_role`
--

CREATE TABLE `isys_chassis_role` (
  `isys_chassis_role__id` int(10) unsigned NOT NULL AUTO_INCREMENT,
  `isys_chassis_role__title` varchar(255) DEFAULT NULL,
  `isys_chassis_role__description` longtext DEFAULT NULL,
  `isys_chassis_role__const` varchar(255) DEFAULT NULL,
  `isys_chassis_role__property` int(11) DEFAULT NULL,
  `isys_chassis_role__sort` int(11) DEFAULT NULL,
  `isys_chassis_role__status` tinyint(3) unsigned NOT NULL DEFAULT 2,
  PRIMARY KEY (`isys_chassis_role__id`),
  KEY `isys_chassis_role__title` (`isys_chassis_role__title`)
) ENGINE=InnoDB AUTO_INCREMENT=3 DEFAULT CHARSET=utf8mb3 COLLATE=utf8mb3_unicode_ci;

--
-- Dumping data for table `isys_chassis_role`
--

INSERT INTO `isys_chassis_role` VALUES
(1,'LC__CMDB__CATS__CHASSIS__ADMINISTRATIVE_UNIT',NULL,NULL,NULL,1,2),
(2,'iLo',NULL,NULL,NULL,2,2);
COMMIT;

--
-- Table structure for table `isys_client_type`
--

CREATE TABLE `isys_client_type` (
  `isys_client_type__id` int(10) unsigned NOT NULL AUTO_INCREMENT,
  `isys_client_type__title` varchar(255) DEFAULT NULL,
  `isys_client_type__description` longtext DEFAULT NULL,
  `isys_client_type__const` varchar(255) DEFAULT NULL,
  `isys_client_type__sort` int(10) unsigned DEFAULT 5,
  `isys_client_type__property` int(10) unsigned DEFAULT 0,
  `isys_client_type__status` tinyint(3) unsigned NOT NULL DEFAULT 1,
  PRIMARY KEY (`isys_client_type__id`),
  KEY `isys_client_type__title` (`isys_client_type__title`)
) ENGINE=InnoDB AUTO_INCREMENT=6 DEFAULT CHARSET=utf8mb3 COLLATE=utf8mb3_unicode_ci;

--
-- Dumping data for table `isys_client_type`
--

INSERT INTO `isys_client_type` VALUES
(1,'LC__UNIVERSAL__OTHER','Andere','C__CLIENT_TYPE__OTHER',5,0,2),
(2,'PDA',NULL,'C__CLIENT_TYPE__PDA',5,0,2),
(3,'PC',NULL,'C__CLIENT_TYPE__PC',5,0,2),
(4,'Notebook',NULL,'C__CLIENT_TYPE__NOTEBOOK',5,0,2),
(5,'Mini PC',NULL,NULL,5,0,2);
COMMIT;

--
-- Table structure for table `isys_cluster_type`
--

CREATE TABLE `isys_cluster_type` (
  `isys_cluster_type__id` int(10) unsigned NOT NULL AUTO_INCREMENT,
  `isys_cluster_type__title` varchar(255) DEFAULT NULL,
  `isys_cluster_type__description` longtext DEFAULT NULL,
  `isys_cluster_type__const` varchar(255) DEFAULT NULL,
  `isys_cluster_type__sort` int(10) unsigned DEFAULT 0,
  `isys_cluster_type__status` tinyint(3) unsigned NOT NULL DEFAULT 2,
  `isys_cluster_type__property` int(10) unsigned DEFAULT 0,
  PRIMARY KEY (`isys_cluster_type__id`),
  KEY `isys_cluster_type__title` (`isys_cluster_type__title`)
) ENGINE=InnoDB AUTO_INCREMENT=4 DEFAULT CHARSET=utf8mb3 COLLATE=utf8mb3_unicode_ci;

--
-- Dumping data for table `isys_cluster_type`
--

INSERT INTO `isys_cluster_type` VALUES
(1,'LC__CLUSTER_TYPE__ACTIVE_PASSIVE','active/passive','C__CLUSTER_TYPE__ACTIVE_PASSIVE',1,2,0),
(2,'LC__CLUSTER_TYPE__ACTIVE_ACTIVE','active/active','C__CLUSTER_TYPE__ACTIVE_ACTIVE',2,2,0),
(3,'LC__CLUSTER_TYPE__HPC','HPC','C__CLUSTER_TYPE__HPC',3,2,0);
COMMIT;

--
-- Table structure for table `isys_cmdb_status`
--

CREATE TABLE `isys_cmdb_status` (
  `isys_cmdb_status__id` int(10) unsigned NOT NULL AUTO_INCREMENT,
  `isys_cmdb_status__title` varchar(255) DEFAULT NULL,
  `isys_cmdb_status__const` varchar(255) DEFAULT NULL,
  `isys_cmdb_status__sort` int(10) unsigned DEFAULT NULL,
  `isys_cmdb_status__status` tinyint(3) unsigned NOT NULL DEFAULT 2,
  `isys_cmdb_status__property` int(10) unsigned DEFAULT NULL,
  `isys_cmdb_status__description` longtext DEFAULT NULL,
  `isys_cmdb_status__editable` tinyint(1) unsigned DEFAULT NULL,
  `isys_cmdb_status__color` varchar(255) DEFAULT 'FFFFFF',
  PRIMARY KEY (`isys_cmdb_status__id`)
) ENGINE=InnoDB AUTO_INCREMENT=15 DEFAULT CHARSET=utf8mb3 COLLATE=utf8mb3_unicode_ci;

--
-- Dumping data for table `isys_cmdb_status`
--

INSERT INTO `isys_cmdb_status` VALUES
(1,'LC__CMDB_STATUS__PLANNED','C__CMDB_STATUS__PLANNED',NULL,2,NULL,NULL,1,'#efaa43'),
(2,'LC__CMDB_STATUS__ORDERED','C__CMDB_STATUS__ORDERED',NULL,2,NULL,NULL,1,'#838683'),
(3,'LC__CMDB_STATUS__DELIVERED','C__CMDB_STATUS__DELIVERED',NULL,2,NULL,NULL,1,'#ddecd5'),
(4,'LC__CMDB_STATUS__ASSEMBLED','C__CMDB_STATUS__ASSEMBLED',NULL,2,NULL,NULL,1,'#c6dfb9'),
(5,'LC__CMDB_STATUS__TESTED','C__CMDB_STATUS__TESTED',NULL,2,NULL,NULL,1,'#95c47c'),
(6,'LC__CMDB_STATUS__IN_OPERATION','C__CMDB_STATUS__IN_OPERATION',NULL,2,NULL,NULL,1,'#33c20a'),
(7,'LC__CMDB_STATUS__DEFECT','C__CMDB_STATUS__DEFECT',NULL,2,NULL,NULL,1,'#bc0a19'),
(8,'LC__CMDB_STATUS__UNDER_REPAIR','C__CMDB_STATUS__UNDER_REPAIR',NULL,2,NULL,NULL,1,'#f990be'),
(9,'LC__CMDB_STATUS__DELIVERED_FROM_REPAIR','C__CMDB_STATUS__DELIVERED_FROM_REPAIR',NULL,2,NULL,NULL,1,'#f3ef15'),
(10,'LC__CMDB_STATUS__INOPERATIVE','C__CMDB_STATUS__INOPERATIVE',NULL,2,NULL,NULL,1,'#ff0000'),
(11,'LC__CMDB_STATUS__STORED','C__CMDB_STATUS__STORED',NULL,2,NULL,NULL,1,'#a2bcfa'),
(12,'LC__CMDB_STATUS__SCRAPPED','C__CMDB_STATUS__SCRAPPED',NULL,2,NULL,NULL,1,'#082b9a'),
(13,'LC__CMDB_STATUS__IDOIT_STATUS','C__CMDB_STATUS__IDOIT_STATUS',NULL,2,NULL,NULL,0,'#aaaaaa'),
(14,'LC__CMDB_STATUS__IDOIT_STATUS_TEMPLATE','C__CMDB_STATUS__IDOIT_STATUS_TEMPLATE',NULL,2,NULL,NULL,0,'#cccccc');
COMMIT;

--
-- Table structure for table `isys_cmdb_status_changes`
--

CREATE TABLE `isys_cmdb_status_changes` (
  `isys_cmdb_status_changes__id` int(10) unsigned NOT NULL AUTO_INCREMENT,
  `isys_cmdb_status_changes__isys_obj__id` int(10) unsigned NOT NULL,
  `isys_cmdb_status_changes__isys_cmdb_status__id` int(10) unsigned NOT NULL,
  `isys_cmdb_status_changes__timestamp` timestamp NULL DEFAULT current_timestamp(),
  PRIMARY KEY (`isys_cmdb_status_changes__id`),
  KEY `isys_cmdb_status_changes_ibfk1` (`isys_cmdb_status_changes__isys_obj__id`),
  KEY `isys_cmdb_status_changes_ibfk2` (`isys_cmdb_status_changes__isys_cmdb_status__id`),
  CONSTRAINT `isys_cmdb_status_changes_ibfk1` FOREIGN KEY (`isys_cmdb_status_changes__isys_obj__id`) REFERENCES `isys_obj` (`isys_obj__id`) ON DELETE CASCADE ON UPDATE CASCADE,
  CONSTRAINT `isys_cmdb_status_changes_ibfk2` FOREIGN KEY (`isys_cmdb_status_changes__isys_cmdb_status__id`) REFERENCES `isys_cmdb_status` (`isys_cmdb_status__id`) ON DELETE CASCADE ON UPDATE CASCADE
) ENGINE=InnoDB AUTO_INCREMENT=7205 DEFAULT CHARSET=utf8mb3 COLLATE=utf8mb3_unicode_ci;

--
-- Dumping data for table `isys_cmdb_status_changes`
--

INSERT INTO `isys_cmdb_status_changes` VALUES
(1,1,6,'2017-11-23 09:50:20'),
(2,4,6,'2017-11-23 09:50:20'),
(3,5,6,'2017-11-23 09:50:20'),
(4,6,6,'2017-11-23 09:50:20'),
(5,7,6,'2017-11-23 09:50:20'),
(6,8,6,'2017-11-23 09:50:20'),
(7,9,6,'2017-11-23 09:50:20'),
(8,10,6,'2017-11-23 09:50:20'),
(9,11,6,'2017-11-23 09:50:20'),
(10,12,6,'2017-11-23 09:50:20'),
(12,14,6,'2017-11-23 09:50:20'),
(13,14,6,'2017-11-23 10:20:59'),
(14,27,6,'2017-11-23 10:29:04'),
(15,89,6,'2017-12-18 16:30:41'),
(16,90,6,'2017-12-18 16:33:32'),
(17,93,6,'2018-01-03 15:42:40'),
(18,94,6,'2018-01-03 15:43:25'),
(19,95,6,'2018-01-03 15:45:12'),
(20,96,6,'2018-01-03 15:45:56'),
(21,102,6,'2018-01-10 13:31:38'),
(22,103,6,'2018-01-28 15:05:53'),
(23,105,6,'2018-01-28 15:15:56'),
(24,106,6,'2018-01-28 15:16:50'),
(25,106,6,'2018-01-28 15:17:08'),
(26,107,6,'2018-01-28 15:18:54'),
(27,108,6,'2018-01-28 16:24:33'),
(28,109,6,'2018-02-12 09:55:40'),
(29,113,6,'2018-02-12 09:58:05'),
(30,116,6,'2018-02-12 16:17:25'),
(31,118,6,'2018-02-12 16:20:02'),
(32,123,6,'2018-02-21 12:30:38'),
(33,123,6,'2018-02-21 12:30:52'),
(34,126,6,'2018-02-21 12:38:19'),
(35,128,6,'2018-02-21 12:42:31'),
(36,129,6,'2018-02-21 12:44:01'),
(37,130,6,'2018-02-21 12:44:45'),
(38,128,6,'2018-02-21 12:55:37'),
(39,129,6,'2018-02-21 13:00:09'),
(40,129,6,'2018-02-21 13:02:00'),
(41,130,6,'2018-02-21 13:04:12'),
(42,130,6,'2018-02-21 13:05:13'),
(43,134,6,'2018-02-21 13:09:33'),
(44,136,6,'2018-02-21 13:20:51'),
(45,137,6,'2018-02-21 13:21:03'),
(46,139,6,'2018-02-27 12:54:33'),
(47,140,6,'2018-02-27 12:55:15'),
(48,144,6,'2018-02-27 12:56:50'),
(49,146,6,'2018-02-27 12:57:15'),
(50,146,6,'2018-02-27 12:58:29'),
(51,146,6,'2018-02-27 12:58:52'),
(52,148,6,'2018-02-27 12:59:11'),
(53,150,6,'2018-02-27 12:59:58'),
(54,152,6,'2018-02-27 13:01:07'),
(55,154,6,'2018-02-27 13:02:08'),
(56,156,6,'2018-02-27 13:02:57'),
(57,158,6,'2018-03-05 07:57:10'),
(58,159,6,'2018-03-05 07:57:49'),
(59,161,6,'2018-03-05 08:33:59'),
(60,161,6,'2018-03-05 08:36:28'),
(61,164,6,'2018-03-05 09:46:31'),
(62,167,6,'2018-03-05 10:18:03'),
(63,169,6,'2018-03-05 10:23:02'),
(64,171,6,'2018-03-05 10:24:51'),
(65,173,6,'2018-03-13 14:18:12'),
(66,174,6,'2018-03-16 09:33:49'),
(67,174,6,'2018-03-16 09:34:30'),
(68,175,6,'2018-03-16 09:36:21'),
(69,177,6,'2018-03-16 09:37:22'),
(70,177,6,'2018-03-16 09:37:55'),
(71,180,6,'2018-03-16 09:44:09'),
(72,181,6,'2018-03-16 09:46:39'),
(73,182,6,'2018-03-16 09:47:05'),
(74,182,6,'2018-03-16 09:47:27'),
(75,183,6,'2018-03-16 09:48:23'),
(76,183,6,'2018-03-16 09:48:56'),
(77,184,6,'2018-03-16 09:50:48'),
(78,185,6,'2018-03-16 09:53:58'),
(79,185,6,'2018-03-16 09:54:13'),
(80,185,6,'2018-03-16 09:54:27'),
(81,188,6,'2018-03-16 10:34:59'),
(82,191,6,'2018-04-05 07:17:31'),
(83,194,6,'2018-04-05 07:56:02'),
(84,195,6,'2018-04-05 08:45:29'),
(85,197,6,'2018-04-05 08:46:27'),
(86,197,6,'2018-04-05 08:46:49'),
(87,199,6,'2018-04-05 08:47:20'),
(88,201,6,'2018-04-05 08:47:48'),
(89,203,6,'2018-04-05 08:48:42'),
(90,205,6,'2018-04-05 08:48:53'),
(91,207,6,'2018-04-05 08:49:13'),
(92,209,6,'2018-04-05 08:49:43'),
(93,211,6,'2018-04-05 08:51:19'),
(94,213,6,'2018-04-05 08:52:06'),
(95,215,6,'2018-04-05 08:52:47'),
(96,217,6,'2018-04-05 08:55:32'),
(97,221,6,'2018-04-05 09:05:12'),
(98,228,6,'2018-04-05 14:42:08'),
(99,231,6,'2018-04-05 14:43:16'),
(100,231,6,'2018-04-05 14:43:46'),
(101,236,6,'2018-04-05 14:51:14'),
(102,243,6,'2018-04-05 15:08:37'),
(103,76,6,'2018-04-05 15:10:25'),
(104,246,6,'2018-04-05 15:19:39'),
(105,246,6,'2018-04-05 15:21:10'),
(106,247,6,'2018-04-05 15:21:44'),
(107,250,6,'2018-04-05 15:22:46'),
(108,246,6,'2018-04-05 15:25:57'),
(109,254,6,'2018-04-10 11:50:12'),
(110,255,6,'2018-04-17 09:16:13'),
(111,256,6,'2018-04-17 09:16:34'),
(112,60,6,'2018-04-17 09:26:22'),
(113,256,6,'2018-04-17 09:26:36'),
(114,194,6,'2018-04-24 07:55:05'),
(115,264,6,'2018-04-24 07:59:32'),
(116,268,6,'2018-04-24 08:02:26'),
(117,272,6,'2018-04-24 08:04:36'),
(118,275,6,'2018-04-24 08:05:51'),
(119,279,6,'2018-04-24 08:06:30'),
(120,296,6,'2018-04-24 08:52:50'),
(121,334,6,'2018-04-24 08:53:11'),
(122,419,6,'2018-04-24 08:53:51'),
(123,487,6,'2018-04-24 08:55:09'),
(124,489,6,'2018-04-24 08:55:41'),
(125,490,6,'2018-04-24 08:55:42'),
(126,491,6,'2018-04-24 08:55:43'),
(127,492,6,'2018-04-24 08:55:44'),
(128,493,6,'2018-04-24 08:55:45'),
(129,494,6,'2018-04-24 08:55:46'),
(130,495,6,'2018-04-24 08:55:47'),
(131,496,6,'2018-04-24 08:55:48'),
(132,497,6,'2018-04-24 08:55:49'),
(133,498,6,'2018-04-24 08:55:50'),
(134,499,6,'2018-04-24 08:55:52'),
(135,500,6,'2018-04-24 08:55:53'),
(136,501,6,'2018-04-24 08:55:54'),
(137,502,6,'2018-04-24 08:55:55'),
(138,503,6,'2018-04-24 08:55:56'),
(139,504,6,'2018-04-24 08:55:57'),
(140,519,6,'2018-04-24 08:56:45'),
(141,522,6,'2018-07-03 15:37:49'),
(142,559,10,'2018-07-19 16:08:05'),
(143,593,6,'2018-07-26 20:25:02'),
(144,595,6,'2018-07-27 05:48:28'),
(145,595,6,'2018-07-27 05:48:52'),
(146,596,6,'2018-07-27 05:49:30'),
(147,1572,6,'2018-08-01 12:16:17'),
(148,1573,6,'2018-08-01 12:16:18'),
(149,1574,6,'2018-08-01 12:16:18'),
(150,1575,6,'2018-08-01 12:16:19'),
(151,1576,6,'2018-08-01 12:16:22'),
(152,1577,6,'2018-08-01 12:16:22'),
(153,1578,6,'2018-08-01 12:16:22'),
(154,1579,6,'2018-08-01 12:16:24'),
(155,1580,6,'2018-08-01 12:16:26'),
(156,1581,6,'2018-08-01 12:16:27'),
(157,1582,6,'2018-08-01 12:16:27'),
(158,1583,6,'2018-08-01 12:16:28'),
(159,1584,6,'2018-08-01 12:16:28'),
(160,1585,6,'2018-08-01 12:16:29'),
(161,1586,6,'2018-08-01 12:16:30'),
(162,1587,6,'2018-08-01 12:16:31'),
(163,1588,6,'2018-08-01 12:16:37'),
(164,1589,6,'2018-08-01 12:16:38'),
(165,1590,6,'2018-08-01 12:16:41'),
(166,1591,6,'2018-08-01 12:16:43'),
(167,1592,6,'2018-08-01 12:16:46'),
(168,1593,6,'2018-08-01 12:16:49'),
(169,1594,6,'2018-08-01 12:16:49'),
(170,1595,6,'2018-08-01 12:16:49'),
(171,1596,6,'2018-08-01 12:16:50'),
(172,1597,6,'2018-08-01 12:16:52'),
(173,1598,6,'2018-08-01 12:16:52'),
(174,1599,6,'2018-08-01 12:16:53'),
(175,1600,6,'2018-08-01 12:16:54'),
(176,1601,6,'2018-08-01 12:16:55'),
(177,1602,6,'2018-08-01 12:16:55'),
(178,1603,6,'2018-08-01 12:16:57'),
(179,1604,6,'2018-08-01 12:16:57'),
(180,1605,6,'2018-08-01 12:16:57'),
(181,1606,6,'2018-08-01 12:16:58'),
(182,1607,6,'2018-08-01 12:17:00'),
(183,1608,6,'2018-08-01 12:17:00'),
(184,1609,6,'2018-08-01 12:17:01'),
(185,1610,6,'2018-08-01 12:17:01'),
(186,1611,6,'2018-08-01 12:17:02'),
(187,1612,6,'2018-08-01 12:17:09'),
(188,1613,6,'2018-08-01 12:17:10'),
(189,1614,6,'2018-08-01 12:17:11'),
(190,1615,6,'2018-08-01 12:17:12'),
(191,1616,6,'2018-08-01 12:17:15'),
(192,1617,6,'2018-08-01 12:17:18'),
(193,1618,6,'2018-08-01 12:17:20'),
(194,1619,6,'2018-08-01 12:17:21'),
(195,1620,6,'2018-08-01 12:17:22'),
(196,1621,6,'2018-08-01 12:17:23'),
(197,1622,6,'2018-08-01 12:17:23'),
(198,1623,6,'2018-08-01 12:17:25'),
(199,1624,6,'2018-08-01 12:17:26'),
(200,1625,6,'2018-08-01 12:17:27'),
(201,1626,6,'2018-08-01 12:17:29'),
(202,1627,6,'2018-08-01 12:17:31'),
(203,1628,6,'2018-08-01 12:17:33'),
(204,1629,6,'2018-08-01 12:17:34'),
(205,1630,6,'2018-08-01 12:17:36'),
(206,1631,6,'2018-08-01 12:17:37'),
(207,1632,6,'2018-08-01 12:17:38'),
(208,1633,6,'2018-08-01 12:17:40'),
(209,1634,6,'2018-08-01 12:17:41'),
(210,1635,6,'2018-08-01 12:17:44'),
(211,1636,6,'2018-08-01 12:17:46'),
(212,1637,6,'2018-08-01 12:17:48'),
(213,1638,6,'2018-08-01 12:17:49'),
(214,1639,6,'2018-08-01 12:17:51'),
(215,1640,6,'2018-08-01 12:18:02'),
(216,1641,6,'2018-08-01 12:18:06'),
(217,1642,6,'2018-08-01 12:18:07'),
(218,1643,6,'2018-08-01 12:18:07'),
(219,1644,6,'2018-08-01 12:18:08'),
(220,1645,6,'2018-08-01 12:18:11'),
(221,1646,6,'2018-08-01 12:18:11'),
(222,1647,6,'2018-08-01 12:18:12'),
(223,1648,6,'2018-08-01 12:18:13'),
(224,1649,6,'2018-08-01 12:18:14'),
(225,1650,6,'2018-08-01 12:18:16'),
(226,1651,6,'2018-08-01 12:18:17'),
(227,1732,6,'2018-08-01 12:45:22'),
(228,1734,6,'2018-08-01 12:52:56'),
(229,1736,6,'2018-08-01 12:54:09'),
(230,1736,6,'2018-08-01 13:01:27'),
(231,1736,6,'2018-08-01 13:03:05'),
(232,1738,6,'2018-08-01 14:34:12'),
(233,1739,6,'2018-08-01 14:34:12'),
(234,1740,6,'2018-08-01 14:34:12'),
(235,1741,6,'2018-08-01 14:34:12'),
(236,191,6,'2018-08-01 14:34:12'),
(237,113,6,'2018-08-01 14:34:12'),
(238,158,6,'2018-08-01 14:34:12'),
(239,217,6,'2018-08-01 14:34:12'),
(240,1742,6,'2018-08-01 14:34:12'),
(241,1743,6,'2018-08-01 14:34:12'),
(242,1744,6,'2018-08-01 14:34:12'),
(243,1745,6,'2018-08-01 14:34:12'),
(244,1746,6,'2018-08-01 14:34:12'),
(245,1747,6,'2018-08-01 14:34:12'),
(246,1748,6,'2018-08-01 14:34:12'),
(247,1749,6,'2018-08-01 14:34:12'),
(248,1750,6,'2018-08-01 14:34:12'),
(249,1751,6,'2018-08-01 14:34:12'),
(250,1752,6,'2018-08-01 14:35:04'),
(252,1754,6,'2018-08-01 14:35:05'),
(253,1755,6,'2018-08-01 14:35:05'),
(254,1756,6,'2018-08-01 14:35:06'),
(255,1757,6,'2018-08-01 14:35:06'),
(256,1758,6,'2018-08-01 14:35:06'),
(257,1759,6,'2018-08-01 14:35:06'),
(258,1760,6,'2018-08-01 14:35:06'),
(259,1761,6,'2018-08-01 14:35:06'),
(260,1762,6,'2018-08-01 14:35:07'),
(261,1763,6,'2018-08-01 14:35:07'),
(262,1764,6,'2018-08-01 14:35:07'),
(263,1765,6,'2018-08-01 14:35:07'),
(264,1766,6,'2018-08-01 14:35:07'),
(265,1767,6,'2018-08-01 14:35:07'),
(266,1768,6,'2018-08-01 14:35:07'),
(267,1769,6,'2018-08-01 14:35:08'),
(268,1770,6,'2018-08-01 14:35:08'),
(269,1771,6,'2018-08-01 14:35:08'),
(270,1772,6,'2018-08-01 14:35:08'),
(271,1773,6,'2018-08-01 14:35:08'),
(272,1774,6,'2018-08-01 14:35:08'),
(273,1775,6,'2018-08-01 14:35:08'),
(274,1776,6,'2018-08-01 14:35:08'),
(275,1777,6,'2018-08-01 14:35:09'),
(276,1778,6,'2018-08-01 14:35:09'),
(277,1779,6,'2018-08-01 14:35:09'),
(278,1780,6,'2018-08-01 14:35:09'),
(279,1781,6,'2018-08-01 14:35:09'),
(280,1782,6,'2018-08-01 14:35:09'),
(281,1783,6,'2018-08-01 14:35:09'),
(282,1784,6,'2018-08-01 14:35:10'),
(283,1785,6,'2018-08-01 14:35:10'),
(284,1786,6,'2018-08-01 14:35:10'),
(285,1787,6,'2018-08-01 14:35:10'),
(286,1788,6,'2018-08-01 14:35:10'),
(287,1789,6,'2018-08-01 14:35:10'),
(288,1790,6,'2018-08-01 14:35:10'),
(289,1791,6,'2018-08-01 14:35:10'),
(290,1792,6,'2018-08-01 14:35:10'),
(291,1793,6,'2018-08-01 14:35:11'),
(292,1794,6,'2018-08-01 14:35:11'),
(293,1795,6,'2018-08-01 14:35:11'),
(294,1796,6,'2018-08-01 14:35:11'),
(295,1797,6,'2018-08-01 14:35:11'),
(296,1798,6,'2018-08-01 14:35:11'),
(297,1799,6,'2018-08-01 14:35:11'),
(298,1800,6,'2018-08-01 14:35:11'),
(299,1801,6,'2018-08-01 14:35:12'),
(300,1802,6,'2018-08-01 14:35:12'),
(301,1803,6,'2018-08-01 14:35:12'),
(302,1804,6,'2018-08-01 14:35:12'),
(303,1805,6,'2018-08-01 14:35:12'),
(305,1807,6,'2018-08-01 14:35:12'),
(306,1808,6,'2018-08-01 14:35:12'),
(307,1809,6,'2018-08-01 14:35:12'),
(308,1810,6,'2018-08-01 14:35:13'),
(309,1811,6,'2018-08-01 14:35:13'),
(310,1812,6,'2018-08-01 14:35:13'),
(312,1814,6,'2018-08-01 14:35:13'),
(313,1815,6,'2018-08-01 14:35:13'),
(314,1816,6,'2018-08-01 14:35:13'),
(315,1817,6,'2018-08-01 14:35:13'),
(316,1818,6,'2018-08-01 14:35:13'),
(317,1819,6,'2018-08-01 14:35:14'),
(318,1820,6,'2018-08-01 14:35:14'),
(319,1821,6,'2018-08-01 14:35:14'),
(320,1822,6,'2018-08-01 14:35:14'),
(321,1823,6,'2018-08-01 14:35:14'),
(322,1824,6,'2018-08-01 14:35:14'),
(323,1825,6,'2018-08-01 14:35:14'),
(326,1828,6,'2018-08-01 14:35:15'),
(327,1829,6,'2018-08-01 14:35:15'),
(328,1830,6,'2018-08-01 14:35:15'),
(329,1831,6,'2018-08-01 14:35:15'),
(330,1832,6,'2018-08-01 14:35:15'),
(331,1833,6,'2018-08-01 14:35:15'),
(332,1834,6,'2018-08-01 14:35:15'),
(333,1835,6,'2018-08-01 14:35:15'),
(334,1836,6,'2018-08-01 14:35:15'),
(335,1837,6,'2018-08-01 14:35:15'),
(336,1838,6,'2018-08-01 14:35:16'),
(337,1839,6,'2018-08-01 14:35:16'),
(338,1840,6,'2018-08-01 14:35:16'),
(339,1841,6,'2018-08-01 14:35:16'),
(340,1842,6,'2018-08-01 14:35:16'),
(341,1843,6,'2018-08-01 14:35:16'),
(342,1844,6,'2018-08-01 14:35:16'),
(343,1845,6,'2018-08-01 14:35:16'),
(344,1846,6,'2018-08-01 14:35:16'),
(345,1847,6,'2018-08-01 14:35:16'),
(346,1848,6,'2018-08-01 14:35:16'),
(348,1850,6,'2018-08-01 14:35:16'),
(349,1851,6,'2018-08-01 14:35:16'),
(350,1852,6,'2018-08-01 14:35:16'),
(351,1853,6,'2018-08-01 14:35:17'),
(352,1854,6,'2018-08-01 14:35:17'),
(353,1855,6,'2018-08-01 14:35:17'),
(354,1856,6,'2018-08-01 14:35:17'),
(355,1857,6,'2018-08-01 14:35:17'),
(356,1858,6,'2018-08-01 14:35:17'),
(357,1859,6,'2018-08-01 14:35:17'),
(358,1860,6,'2018-08-01 14:35:17'),
(359,1861,6,'2018-08-01 14:35:17'),
(360,1862,6,'2018-08-01 14:35:17'),
(361,1863,6,'2018-08-01 14:35:17'),
(362,1864,6,'2018-08-01 14:35:17'),
(363,1865,6,'2018-08-01 14:35:17'),
(365,1867,6,'2018-08-01 14:35:17'),
(366,1868,6,'2018-08-01 14:35:17'),
(367,1869,6,'2018-08-01 14:35:17'),
(368,1870,6,'2018-08-01 14:35:17'),
(369,1871,6,'2018-08-01 14:35:17'),
(370,1872,6,'2018-08-01 14:35:17'),
(371,1873,6,'2018-08-01 14:35:17'),
(372,1874,6,'2018-08-01 14:35:17'),
(373,1875,6,'2018-08-01 14:35:17'),
(374,1876,6,'2018-08-01 14:35:18'),
(375,1877,6,'2018-08-01 14:35:18'),
(376,1878,6,'2018-08-01 14:35:18'),
(377,1879,6,'2018-08-01 14:35:18'),
(378,1880,6,'2018-08-01 14:35:18'),
(379,1881,6,'2018-08-01 14:35:18'),
(380,1882,6,'2018-08-01 14:35:18'),
(381,1883,6,'2018-08-01 14:35:18'),
(383,1885,6,'2018-08-01 14:35:18'),
(384,1886,6,'2018-08-01 14:35:18'),
(385,1887,6,'2018-08-01 14:35:18'),
(386,1888,6,'2018-08-01 14:35:18'),
(387,1889,6,'2018-08-01 14:35:18'),
(388,1890,6,'2018-08-01 14:35:18'),
(389,1891,6,'2018-08-01 14:35:18'),
(390,1892,6,'2018-08-01 14:35:19'),
(391,1893,6,'2018-08-01 14:35:19'),
(392,1894,6,'2018-08-01 14:35:19'),
(393,1895,6,'2018-08-01 14:35:19'),
(394,1896,6,'2018-08-01 14:35:19'),
(395,1897,6,'2018-08-01 14:35:19'),
(396,1898,6,'2018-08-01 14:35:19'),
(397,1899,6,'2018-08-01 14:35:19'),
(398,1900,6,'2018-08-01 14:35:19'),
(399,1901,6,'2018-08-01 14:35:19'),
(400,1902,6,'2018-08-01 14:35:19'),
(403,1905,6,'2018-08-01 14:35:19'),
(404,1906,6,'2018-08-01 14:35:19'),
(405,1907,6,'2018-08-01 14:35:20'),
(406,1908,6,'2018-08-01 14:35:20'),
(407,1909,6,'2018-08-01 14:35:20'),
(408,1910,6,'2018-08-01 14:35:20'),
(409,1911,6,'2018-08-01 14:35:20'),
(410,9,6,'2018-08-01 14:35:20'),
(411,27,6,'2018-08-01 14:35:20'),
(412,26,6,'2018-08-01 14:35:20'),
(413,522,6,'2018-08-01 14:35:20'),
(414,22,6,'2018-08-01 14:35:20'),
(415,298,6,'2018-08-01 14:35:20'),
(416,1912,6,'2018-08-01 14:35:20'),
(417,281,6,'2018-08-01 14:35:20'),
(421,505,6,'2018-08-01 14:35:20'),
(422,1916,6,'2018-08-01 14:35:20'),
(423,1756,6,'2018-08-01 14:39:37'),
(424,1785,6,'2018-08-01 14:40:25'),
(426,2425,6,'2018-08-01 15:13:01'),
(427,2425,6,'2018-08-01 15:15:14'),
(428,2427,6,'2018-08-01 15:18:09'),
(429,2427,6,'2018-08-01 15:18:17'),
(430,182,6,'2018-08-01 15:19:04'),
(431,180,6,'2018-08-01 15:19:13'),
(432,181,6,'2018-08-01 15:19:21'),
(433,183,6,'2018-08-01 15:19:29'),
(434,2427,6,'2018-08-01 15:19:37'),
(435,184,6,'2018-08-01 15:19:45'),
(436,2425,6,'2018-08-01 16:02:29'),
(437,2428,6,'2018-08-01 16:02:51'),
(438,2431,6,'2018-08-01 16:09:53'),
(439,2433,6,'2018-08-01 16:10:39'),
(440,2434,6,'2018-08-01 16:11:47'),
(441,2437,6,'2018-08-01 16:12:32'),
(442,2434,6,'2018-08-01 16:12:56'),
(443,2439,6,'2018-08-01 16:13:33'),
(444,2440,6,'2018-08-01 16:16:30'),
(445,2443,6,'2018-08-01 16:17:45'),
(446,159,6,'2018-08-02 07:39:01'),
(447,2450,6,'2018-08-03 09:30:27'),
(448,2451,6,'2018-08-03 09:31:40'),
(449,2453,6,'2018-08-03 09:32:42'),
(450,2455,6,'2018-08-03 09:33:30'),
(451,2457,6,'2018-08-03 09:33:41'),
(452,2459,6,'2018-08-03 09:35:36'),
(453,2461,6,'2018-08-03 09:36:22'),
(454,2463,6,'2018-08-03 09:37:32'),
(455,2463,10,'2018-08-03 09:42:30'),
(456,2466,6,'2018-08-03 09:42:30'),
(457,2443,6,'2018-08-03 09:44:18'),
(458,2466,10,'2018-08-03 09:45:21'),
(459,2469,6,'2018-08-03 09:45:21'),
(460,2480,6,'2018-08-03 09:51:58'),
(461,2481,6,'2018-08-03 10:16:50'),
(462,2481,6,'2018-08-03 10:17:37'),
(463,2425,6,'2018-08-03 10:38:18'),
(464,2480,6,'2018-08-03 11:14:24'),
(465,2480,6,'2018-08-03 11:15:07'),
(466,2480,6,'2018-08-03 11:18:04'),
(467,2508,6,'2018-08-06 09:28:37'),
(468,2511,6,'2018-08-06 09:34:05'),
(469,2513,6,'2018-08-06 09:34:54'),
(470,2439,6,'2018-08-08 14:31:38'),
(471,2518,6,'2018-08-08 14:41:23'),
(472,2521,6,'2018-08-08 14:56:20'),
(473,2521,6,'2018-08-08 14:59:30'),
(474,2526,6,'2018-08-08 15:02:57'),
(475,2531,6,'2018-08-08 15:10:27'),
(476,2535,6,'2018-08-08 15:13:07'),
(477,2539,6,'2018-08-08 15:17:00'),
(478,2538,6,'2018-08-08 15:17:03'),
(479,2548,6,'2018-08-08 15:33:17'),
(480,2550,6,'2018-08-08 15:33:59'),
(481,2556,6,'2018-08-14 09:41:13'),
(482,2559,6,'2018-08-14 09:49:13'),
(483,2561,6,'2018-08-14 12:24:19'),
(484,570,6,'2018-08-14 14:33:24'),
(485,570,6,'2018-08-14 14:49:11'),
(486,2562,6,'2018-08-16 06:30:56'),
(487,2480,6,'2018-08-16 06:46:53'),
(488,2508,6,'2018-08-16 06:48:36'),
(489,2568,6,'2018-08-16 07:52:23'),
(490,2570,6,'2018-08-16 07:53:05'),
(491,2572,6,'2018-08-16 07:54:12'),
(492,2572,6,'2018-08-16 07:54:19'),
(493,2570,6,'2018-08-16 07:55:00'),
(494,2574,6,'2018-08-16 07:56:13'),
(495,2576,6,'2018-08-16 07:57:42'),
(496,2578,6,'2018-08-16 07:58:52'),
(497,2578,6,'2018-08-16 08:00:20'),
(498,2582,6,'2018-08-16 08:17:12'),
(499,2582,6,'2018-08-16 08:19:36'),
(500,2572,6,'2018-08-16 08:39:20'),
(501,2589,6,'2018-08-16 08:47:35'),
(502,2589,6,'2018-08-16 08:49:29'),
(503,2578,6,'2018-08-16 09:11:39'),
(504,2578,6,'2018-08-16 09:29:26'),
(505,2608,6,'2018-08-16 10:07:45'),
(506,2608,6,'2018-08-16 10:09:57'),
(507,2531,6,'2018-08-16 14:45:15'),
(508,2589,6,'2018-08-16 15:02:27'),
(509,2433,6,'2018-08-18 17:31:41'),
(510,2433,6,'2018-08-20 12:00:42'),
(511,2433,6,'2018-08-20 12:00:54'),
(512,174,6,'2018-08-20 12:02:00'),
(513,185,6,'2018-08-20 12:22:07'),
(514,2425,6,'2018-08-20 12:23:01'),
(515,2428,6,'2018-08-20 12:24:19'),
(516,2431,6,'2018-08-20 12:25:03'),
(517,2439,6,'2018-08-20 12:26:50'),
(518,2443,6,'2018-08-20 12:27:55'),
(519,2480,6,'2018-08-20 12:28:59'),
(520,2508,6,'2018-08-20 12:29:51'),
(521,2511,6,'2018-08-20 12:44:49'),
(522,2518,6,'2018-08-20 12:46:08'),
(523,2526,6,'2018-08-20 12:47:03'),
(524,566,6,'2018-08-20 18:03:19'),
(525,566,6,'2018-08-20 18:04:06'),
(526,2526,6,'2018-08-21 07:41:28'),
(527,2518,6,'2018-08-21 07:41:46'),
(528,2439,6,'2018-08-21 07:42:15'),
(529,2433,6,'2018-08-21 07:42:37'),
(530,2589,6,'2018-08-21 07:42:49'),
(531,2508,6,'2018-08-21 07:43:27'),
(532,2431,6,'2018-08-21 07:43:57'),
(533,2480,6,'2018-08-21 07:44:20'),
(534,2443,6,'2018-08-21 07:45:04'),
(535,2428,6,'2018-08-21 07:45:19'),
(536,2425,6,'2018-08-21 07:45:42'),
(537,174,6,'2018-08-21 07:45:58'),
(538,185,6,'2018-08-21 07:46:14'),
(539,2578,6,'2018-08-21 07:46:30'),
(540,2511,6,'2018-08-21 07:46:44'),
(541,2538,6,'2018-08-21 07:47:19'),
(542,2539,6,'2018-08-21 07:48:14'),
(543,2481,6,'2018-08-21 07:49:21'),
(544,169,6,'2018-08-21 07:50:52'),
(545,169,6,'2018-08-21 07:51:12'),
(546,264,6,'2018-08-21 07:51:36'),
(547,167,6,'2018-08-21 07:51:49'),
(548,2556,6,'2018-08-21 07:52:24'),
(549,275,6,'2018-08-21 07:52:42'),
(550,272,6,'2018-08-21 07:52:59'),
(551,268,6,'2018-08-21 07:53:21'),
(552,171,6,'2018-08-21 07:53:41'),
(553,164,6,'2018-08-21 07:53:54'),
(554,2437,6,'2018-08-21 07:55:03'),
(555,2521,6,'2018-08-21 07:55:40'),
(556,175,6,'2018-08-21 07:55:56'),
(557,148,6,'2018-08-21 07:56:28'),
(558,2568,6,'2018-08-21 07:56:41'),
(559,2582,6,'2018-08-21 07:57:26'),
(560,2561,6,'2018-08-21 10:12:52'),
(561,2580,10,'2018-08-23 09:20:32'),
(562,2637,6,'2018-08-23 09:20:32'),
(563,2459,10,'2018-08-23 09:21:14'),
(564,2461,10,'2018-08-23 09:21:25'),
(565,2637,10,'2018-08-23 09:22:07'),
(566,2639,6,'2018-08-23 09:22:07'),
(567,2639,10,'2018-08-23 09:23:49'),
(568,2641,6,'2018-08-23 09:23:49'),
(569,2641,10,'2018-08-23 09:25:11'),
(570,2643,6,'2018-08-23 09:25:11'),
(571,2645,6,'2018-08-23 09:25:54'),
(572,2647,6,'2018-08-23 11:46:23'),
(573,2648,6,'2018-08-23 14:11:19'),
(574,2649,6,'2018-08-23 14:15:45'),
(575,2648,6,'2018-08-23 14:19:37'),
(576,2648,6,'2018-08-23 14:20:23'),
(577,2655,6,'2018-08-23 20:24:47'),
(578,2655,6,'2018-08-23 20:25:56'),
(579,2656,6,'2018-08-23 20:27:34'),
(580,2658,6,'2018-09-18 07:13:10'),
(581,2660,6,'2018-09-18 07:15:23'),
(582,2662,6,'2018-09-18 07:16:50'),
(583,2508,6,'2018-09-25 11:57:05'),
(584,2508,6,'2018-09-25 11:57:35'),
(585,2666,6,'2018-10-15 12:03:16'),
(586,2668,6,'2018-10-19 13:23:13'),
(587,2670,6,'2018-10-24 09:19:05'),
(588,2671,6,'2018-10-24 11:01:22'),
(589,2677,6,'2018-10-24 11:20:39'),
(590,2450,6,'2018-10-24 11:23:38'),
(591,2679,6,'2018-10-24 11:25:07'),
(592,2450,6,'2018-10-24 11:26:11'),
(593,2528,6,'2018-10-24 11:27:04'),
(594,2580,6,'2018-10-24 11:27:29'),
(595,2688,6,'2018-10-24 11:31:48'),
(596,2688,6,'2018-10-24 11:32:17'),
(597,2691,6,'2018-10-24 11:37:00'),
(598,2694,6,'2018-10-24 11:38:58'),
(599,2696,6,'2018-10-24 11:40:19'),
(600,140,6,'2018-10-24 11:40:41'),
(601,2688,6,'2018-10-24 12:11:22'),
(602,2737,6,'2018-10-24 14:58:30'),
(603,2742,6,'2018-10-24 14:59:43'),
(604,2744,6,'2018-10-25 09:57:55'),
(605,2746,6,'2018-10-25 10:01:06'),
(606,2746,6,'2018-10-25 11:11:20'),
(607,2427,6,'2018-10-30 15:12:40'),
(609,2427,6,'2018-10-31 12:39:23'),
(610,2748,6,'2018-10-31 12:39:42'),
(611,2749,6,'2018-11-07 08:46:21'),
(612,2749,6,'2018-11-07 08:49:28'),
(613,2750,6,'2018-11-07 08:56:32'),
(615,2768,6,'2018-11-07 10:04:20'),
(616,2776,6,'2018-11-07 10:20:00'),
(617,2782,6,'2018-11-13 12:13:10'),
(618,2783,6,'2018-11-13 12:15:22'),
(619,2782,6,'2018-11-13 12:19:31'),
(621,2786,6,'2018-11-26 09:05:36'),
(622,2787,6,'2018-11-26 09:05:51'),
(623,2788,6,'2018-11-26 09:05:59'),
(624,2789,6,'2018-11-26 09:06:19'),
(625,159,6,'2018-11-26 09:06:35'),
(626,2786,6,'2018-11-26 09:25:40'),
(627,2799,6,'2018-11-27 09:58:46'),
(628,2799,6,'2018-11-27 10:13:03'),
(629,2800,6,'2018-11-30 07:54:55'),
(630,2804,6,'2018-11-30 08:00:19'),
(631,2804,6,'2018-11-30 08:13:24'),
(632,2806,6,'2018-11-30 08:15:48'),
(633,2806,6,'2018-11-30 08:16:54'),
(634,2811,6,'2018-11-30 08:22:58'),
(635,2811,6,'2018-11-30 08:23:27'),
(636,2815,6,'2018-11-30 14:17:35'),
(637,2817,6,'2018-11-30 14:20:44'),
(638,2823,6,'2018-11-30 14:44:45'),
(639,2829,6,'2018-11-30 14:50:53'),
(640,2829,6,'2018-11-30 14:51:30'),
(641,2811,6,'2018-12-04 06:57:00'),
(642,2838,6,'2018-12-13 09:19:12'),
(643,2838,6,'2018-12-13 09:19:31'),
(644,2839,6,'2018-12-13 09:20:03'),
(645,2839,6,'2018-12-13 09:20:36'),
(646,2839,6,'2018-12-13 09:20:46'),
(647,2838,6,'2018-12-13 09:20:57'),
(648,2840,6,'2018-12-21 08:41:35'),
(649,2841,6,'2018-12-21 08:42:00'),
(650,549,10,'2019-01-14 12:12:12'),
(651,2847,6,'2019-01-15 10:24:40'),
(652,2847,6,'2019-01-15 10:25:00'),
(653,2848,6,'2019-01-15 10:25:16'),
(654,2850,6,'2019-01-15 10:26:54'),
(655,2853,6,'2019-01-15 10:30:07'),
(656,2857,6,'2019-01-15 10:31:51'),
(657,2861,6,'2019-01-15 10:33:33'),
(658,2862,6,'2019-01-15 10:33:41'),
(659,2866,6,'2019-01-15 10:36:21'),
(660,2853,6,'2019-01-15 10:36:47'),
(661,2861,6,'2019-01-15 10:37:07'),
(662,2868,6,'2019-01-15 10:37:24'),
(663,2871,6,'2019-01-15 10:38:40'),
(664,2873,6,'2019-01-15 11:07:45'),
(665,2874,6,'2019-01-15 11:07:55'),
(666,2878,6,'2019-01-15 11:09:41'),
(667,2880,6,'2019-01-15 11:10:01'),
(668,2880,6,'2019-01-15 11:10:04'),
(669,2883,6,'2019-01-15 11:15:44'),
(670,2885,6,'2019-01-15 11:16:09'),
(671,2888,6,'2019-01-18 09:36:04'),
(672,2889,6,'2019-01-18 09:36:17'),
(673,2899,6,'2019-01-22 15:45:43'),
(674,2900,6,'2019-01-22 16:02:06'),
(675,2902,6,'2019-01-23 06:12:31'),
(676,2903,6,'2019-01-23 06:13:08'),
(677,2903,6,'2019-01-23 06:13:41'),
(678,2904,6,'2019-01-23 06:14:19'),
(679,2904,6,'2019-01-23 06:14:37'),
(680,2905,6,'2019-01-23 06:15:17'),
(681,2905,6,'2019-01-23 06:15:33'),
(682,2905,6,'2019-01-23 06:15:38'),
(683,2907,6,'2019-01-23 06:16:27'),
(684,2907,6,'2019-01-23 06:16:43'),
(685,2908,6,'2019-01-23 06:17:58'),
(686,2909,6,'2019-01-23 06:18:16'),
(687,2908,6,'2019-01-23 06:18:28'),
(688,2909,6,'2019-01-23 06:18:50'),
(689,2900,6,'2019-01-23 06:19:32'),
(690,2915,6,'2019-01-23 10:29:37'),
(691,2920,6,'2019-02-06 12:48:35'),
(692,2921,6,'2019-02-06 12:56:43'),
(693,2921,6,'2019-02-06 13:14:57'),
(694,2922,6,'2019-02-06 14:30:51'),
(695,2924,6,'2019-02-08 07:16:39'),
(696,2924,6,'2019-02-08 07:16:46'),
(697,2924,6,'2019-02-08 07:16:57'),
(698,2924,6,'2019-02-08 07:18:03'),
(700,2928,6,'2019-03-19 09:29:32'),
(701,296,6,'2019-03-19 09:31:17'),
(702,1579,6,'2019-03-19 09:31:17'),
(703,1578,6,'2019-03-19 09:31:17'),
(704,1590,6,'2019-03-19 09:31:17'),
(705,1586,6,'2019-03-19 09:31:17'),
(706,1638,6,'2019-03-19 09:31:17'),
(707,1624,6,'2019-03-19 09:31:17'),
(708,1600,6,'2019-03-19 09:31:17'),
(709,1577,6,'2019-03-19 09:31:17'),
(710,1581,6,'2019-03-19 09:31:17'),
(711,1596,6,'2019-03-19 09:31:17'),
(712,1616,6,'2019-03-19 09:31:17'),
(713,1626,6,'2019-03-19 09:31:17'),
(714,1592,6,'2019-03-19 09:31:17'),
(715,1606,6,'2019-03-19 09:31:17'),
(716,1610,6,'2019-03-19 09:31:17'),
(717,1576,6,'2019-03-19 09:31:17'),
(718,1588,6,'2019-03-19 09:31:17'),
(719,1584,6,'2019-03-19 09:31:17'),
(720,1575,6,'2019-03-19 09:31:17'),
(721,1646,6,'2019-03-19 09:31:17'),
(722,1608,6,'2019-03-19 09:31:17'),
(723,1618,6,'2019-03-19 09:31:17'),
(724,1650,6,'2019-03-19 09:31:17'),
(725,1648,6,'2019-03-19 09:31:17'),
(726,1644,6,'2019-03-19 09:31:17'),
(727,1640,6,'2019-03-19 09:31:17'),
(728,1636,6,'2019-03-19 09:31:17'),
(729,1620,6,'2019-03-19 09:31:17'),
(730,1582,6,'2019-03-19 09:31:17'),
(731,1622,6,'2019-03-19 09:31:17'),
(732,1642,6,'2019-03-19 09:31:17'),
(733,1604,6,'2019-03-19 09:31:17'),
(734,1612,6,'2019-03-19 09:31:17'),
(735,1634,6,'2019-03-19 09:31:17'),
(736,1580,6,'2019-03-19 09:31:18'),
(737,1628,6,'2019-03-19 09:31:18'),
(738,1598,6,'2019-03-19 09:31:18'),
(739,1630,6,'2019-03-19 09:31:18'),
(740,1602,6,'2019-03-19 09:31:18'),
(741,1632,6,'2019-03-19 09:31:18'),
(742,1614,6,'2019-03-19 09:31:18'),
(743,1594,6,'2019-03-19 09:31:18'),
(744,1595,6,'2019-03-19 09:31:18'),
(745,1609,6,'2019-03-19 09:31:18'),
(746,1615,6,'2019-03-19 09:31:18'),
(747,1585,6,'2019-03-19 09:31:18'),
(748,1589,6,'2019-03-19 09:31:18'),
(749,1574,6,'2019-03-19 09:31:18'),
(750,1611,6,'2019-03-19 09:31:18'),
(751,1607,6,'2019-03-19 09:31:18'),
(752,1593,6,'2019-03-19 09:31:18'),
(753,1627,6,'2019-03-19 09:31:18'),
(754,1617,6,'2019-03-19 09:31:18'),
(755,419,6,'2019-03-19 09:31:18'),
(756,519,6,'2019-03-19 09:31:18'),
(757,1573,6,'2019-03-19 09:31:18'),
(758,1601,6,'2019-03-19 09:31:18'),
(759,1625,6,'2019-03-19 09:31:18'),
(760,1639,6,'2019-03-19 09:31:18'),
(761,1587,6,'2019-03-19 09:31:18'),
(762,1591,6,'2019-03-19 09:31:18'),
(763,1572,6,'2019-03-19 09:31:18'),
(764,334,6,'2019-03-19 09:31:18'),
(765,1597,6,'2019-03-19 09:31:18'),
(766,1647,6,'2019-03-19 09:31:18'),
(767,1605,6,'2019-03-19 09:31:18'),
(768,1633,6,'2019-03-19 09:31:18'),
(769,1603,6,'2019-03-19 09:31:18'),
(770,1631,6,'2019-03-19 09:31:18'),
(771,1599,6,'2019-03-19 09:31:18'),
(772,1629,6,'2019-03-19 09:31:18'),
(773,487,6,'2019-03-19 09:31:18'),
(774,1635,6,'2019-03-19 09:31:18'),
(775,1613,6,'2019-03-19 09:31:18'),
(776,1643,6,'2019-03-19 09:31:18'),
(777,1619,6,'2019-03-19 09:31:19'),
(778,1623,6,'2019-03-19 09:31:19'),
(779,1583,6,'2019-03-19 09:31:19'),
(780,1621,6,'2019-03-19 09:31:19'),
(781,1637,6,'2019-03-19 09:31:19'),
(782,1641,6,'2019-03-19 09:31:19'),
(783,1645,6,'2019-03-19 09:31:19'),
(784,1649,6,'2019-03-19 09:31:19'),
(785,1651,6,'2019-03-19 09:31:19'),
(786,296,6,'2019-03-19 09:33:55'),
(787,1579,6,'2019-03-19 09:33:55'),
(788,1578,6,'2019-03-19 09:33:55'),
(789,1590,6,'2019-03-19 09:33:55'),
(790,1586,6,'2019-03-19 09:33:55'),
(791,1638,6,'2019-03-19 09:33:56'),
(792,1624,6,'2019-03-19 09:33:56'),
(793,1600,6,'2019-03-19 09:33:56'),
(794,1577,6,'2019-03-19 09:33:56'),
(795,1581,6,'2019-03-19 09:33:56'),
(796,1596,6,'2019-03-19 09:33:56'),
(797,1616,6,'2019-03-19 09:33:56'),
(798,1626,6,'2019-03-19 09:33:56'),
(799,1592,6,'2019-03-19 09:33:56'),
(800,1606,6,'2019-03-19 09:33:56'),
(801,1610,6,'2019-03-19 09:33:56'),
(802,1576,6,'2019-03-19 09:33:57'),
(803,1588,6,'2019-03-19 09:33:57'),
(804,1584,6,'2019-03-19 09:33:57'),
(805,1575,6,'2019-03-19 09:33:57'),
(806,1646,6,'2019-03-19 09:33:57'),
(807,1608,6,'2019-03-19 09:33:57'),
(808,1618,6,'2019-03-19 09:33:57'),
(809,1650,6,'2019-03-19 09:33:57'),
(810,1648,6,'2019-03-19 09:33:57'),
(811,1644,6,'2019-03-19 09:33:57'),
(812,1640,6,'2019-03-19 09:33:57'),
(813,1636,6,'2019-03-19 09:33:57'),
(814,1620,6,'2019-03-19 09:33:57'),
(815,1582,6,'2019-03-19 09:33:57'),
(816,1622,6,'2019-03-19 09:33:57'),
(817,1642,6,'2019-03-19 09:33:57'),
(818,1604,6,'2019-03-19 09:33:57'),
(819,1612,6,'2019-03-19 09:33:57'),
(820,1634,6,'2019-03-19 09:33:57'),
(821,1580,6,'2019-03-19 09:33:57'),
(822,1628,6,'2019-03-19 09:33:57'),
(823,1598,6,'2019-03-19 09:33:57'),
(824,1630,6,'2019-03-19 09:33:57'),
(825,1602,6,'2019-03-19 09:33:57'),
(826,1632,6,'2019-03-19 09:33:57'),
(827,1614,6,'2019-03-19 09:33:57'),
(828,1594,6,'2019-03-19 09:33:57'),
(829,1595,6,'2019-03-19 09:33:57'),
(830,1609,6,'2019-03-19 09:33:57'),
(831,1615,6,'2019-03-19 09:33:57'),
(832,1585,6,'2019-03-19 09:33:57'),
(833,1589,6,'2019-03-19 09:33:57'),
(834,1574,6,'2019-03-19 09:33:57'),
(835,1611,6,'2019-03-19 09:33:57'),
(836,1607,6,'2019-03-19 09:33:57'),
(837,1593,6,'2019-03-19 09:33:57'),
(838,1627,6,'2019-03-19 09:33:57'),
(839,1617,6,'2019-03-19 09:33:57'),
(840,419,6,'2019-03-19 09:33:57'),
(841,519,6,'2019-03-19 09:33:57'),
(842,1573,6,'2019-03-19 09:33:58'),
(843,1601,6,'2019-03-19 09:33:58'),
(844,1625,6,'2019-03-19 09:33:58'),
(845,1639,6,'2019-03-19 09:33:58'),
(846,1587,6,'2019-03-19 09:33:58'),
(847,1591,6,'2019-03-19 09:33:58'),
(848,1572,6,'2019-03-19 09:33:58'),
(849,334,6,'2019-03-19 09:33:58'),
(850,1597,6,'2019-03-19 09:33:58'),
(851,1647,6,'2019-03-19 09:33:58'),
(852,1605,6,'2019-03-19 09:33:58'),
(853,1633,6,'2019-03-19 09:33:58'),
(854,1603,6,'2019-03-19 09:33:58'),
(855,1631,6,'2019-03-19 09:33:58'),
(856,1599,6,'2019-03-19 09:33:58'),
(857,1629,6,'2019-03-19 09:33:58'),
(858,487,6,'2019-03-19 09:33:58'),
(859,1635,6,'2019-03-19 09:33:58'),
(860,1613,6,'2019-03-19 09:33:58'),
(861,1643,6,'2019-03-19 09:33:58'),
(862,1619,6,'2019-03-19 09:33:58'),
(863,1623,6,'2019-03-19 09:33:58'),
(864,1583,6,'2019-03-19 09:33:58'),
(865,1621,6,'2019-03-19 09:33:58'),
(866,1637,6,'2019-03-19 09:33:58'),
(867,1641,6,'2019-03-19 09:33:58'),
(868,1645,6,'2019-03-19 09:33:58'),
(869,1649,6,'2019-03-19 09:33:58'),
(870,1651,6,'2019-03-19 09:33:58'),
(871,3010,6,'2019-04-03 09:49:30'),
(872,3011,6,'2019-04-03 14:41:57'),
(873,3012,6,'2019-04-03 14:43:29'),
(874,236,6,'2019-04-04 07:33:21'),
(875,3014,6,'2019-04-04 12:05:07'),
(876,3015,6,'2019-04-04 12:07:10'),
(877,3015,6,'2019-04-04 12:20:00'),
(878,3019,6,'2019-04-05 06:15:42'),
(879,3020,6,'2019-04-18 06:18:01'),
(880,3021,6,'2019-04-18 08:50:16'),
(881,3023,6,'2019-04-18 08:51:23'),
(882,3023,6,'2019-04-18 08:51:48'),
(883,3025,6,'2019-05-03 09:52:06'),
(884,3027,6,'2019-05-03 09:53:31'),
(885,3034,6,'2019-05-09 14:13:23'),
(886,3037,6,'2019-05-15 08:22:59'),
(887,3039,6,'2019-05-15 08:24:49'),
(888,3044,6,'2019-05-23 07:45:09'),
(889,3045,6,'2019-05-23 09:03:16'),
(890,3048,6,'2019-05-24 07:31:48'),
(891,3048,6,'2019-05-24 07:32:28'),
(892,3048,6,'2019-05-24 07:33:26'),
(893,3049,6,'2019-05-24 07:36:54'),
(894,3049,6,'2019-05-24 07:37:33'),
(895,3049,6,'2019-05-24 07:37:48'),
(896,3053,6,'2019-05-29 09:24:04'),
(897,3053,6,'2019-05-29 09:25:44'),
(898,3057,1,'2019-06-06 06:19:50'),
(899,3057,1,'2019-06-06 06:26:55'),
(900,3058,6,'2019-06-25 07:12:31'),
(901,126,6,'2019-06-25 07:22:43'),
(902,3064,6,'2019-06-25 11:53:53'),
(903,3066,6,'2019-06-25 13:34:24'),
(904,3066,6,'2019-06-25 13:34:58'),
(905,3067,6,'2019-06-25 13:36:30'),
(906,3070,6,'2019-06-25 15:52:05'),
(907,3071,6,'2019-06-25 15:53:10'),
(908,3067,6,'2019-06-25 15:53:41'),
(909,3075,6,'2019-06-25 15:55:35'),
(910,3079,6,'2019-08-09 09:05:57'),
(911,3082,6,'2019-08-09 09:09:07'),
(912,3085,6,'2019-08-09 09:10:30'),
(913,3086,6,'2019-08-09 09:10:51'),
(914,3087,6,'2019-08-09 09:11:22'),
(915,3091,6,'2019-08-09 09:14:28'),
(916,3094,6,'2019-08-19 12:42:55'),
(917,3094,6,'2019-08-19 12:43:08'),
(918,3095,6,'2019-08-19 12:43:42'),
(919,3096,6,'2019-08-19 12:47:27'),
(920,3097,6,'2019-08-19 12:51:22'),
(921,3098,6,'2019-08-19 13:02:07'),
(922,3099,6,'2019-08-19 13:02:46'),
(923,3102,6,'2019-08-19 13:16:28'),
(924,3106,6,'2019-08-20 13:48:13'),
(925,3108,6,'2019-08-20 13:48:50'),
(926,3102,6,'2019-08-20 13:49:29'),
(927,3112,6,'2019-08-20 14:18:14'),
(928,3124,6,'2019-08-20 14:36:41'),
(929,3127,6,'2019-08-20 14:38:43'),
(930,3124,6,'2019-08-20 14:50:43'),
(931,3112,6,'2019-08-20 14:52:58'),
(932,3112,6,'2019-08-20 14:53:12'),
(933,3124,6,'2019-08-20 14:54:56'),
(934,3112,6,'2019-08-20 14:56:06'),
(935,3136,6,'2019-08-22 13:37:49'),
(936,3138,6,'2019-08-22 13:43:05'),
(937,3138,6,'2019-08-22 13:43:14'),
(938,3140,6,'2019-08-22 13:46:30'),
(939,3140,6,'2019-08-22 13:47:24'),
(940,3140,6,'2019-08-22 13:52:40'),
(941,3143,6,'2019-08-22 15:12:54'),
(942,3145,6,'2019-08-22 15:14:27'),
(943,3147,6,'2019-08-22 15:14:54'),
(944,3150,6,'2019-08-22 15:18:14'),
(945,3156,6,'2019-08-22 15:26:10'),
(946,3156,6,'2019-08-22 15:32:41'),
(947,3150,6,'2019-08-22 15:38:00'),
(948,3140,6,'2019-08-23 09:01:35'),
(949,3168,6,'2019-08-28 11:49:37'),
(950,3172,6,'2019-09-12 13:07:25'),
(951,3174,6,'2019-09-30 07:14:45'),
(952,3175,6,'2019-09-30 07:22:24'),
(953,3174,6,'2019-09-30 07:22:58'),
(954,3176,6,'2019-09-30 07:27:58'),
(955,3176,6,'2019-09-30 07:28:30'),
(956,3178,6,'2019-09-30 07:32:15'),
(957,3188,6,'2019-09-30 08:01:17'),
(960,3198,6,'2019-09-30 08:12:24'),
(961,3202,6,'2019-09-30 08:22:03'),
(962,3207,6,'2019-09-30 08:26:47'),
(963,2648,6,'2019-10-01 07:57:24'),
(964,3212,6,'2019-10-01 07:59:33'),
(965,3217,6,'2019-10-03 12:50:48'),
(966,254,6,'2019-10-03 12:51:26'),
(967,3218,6,'2019-10-03 13:03:15'),
(968,3220,6,'2019-10-09 11:56:06'),
(969,2666,6,'2019-10-09 14:39:13'),
(970,2782,6,'2019-10-09 14:39:33'),
(971,2561,6,'2019-10-09 14:39:46'),
(972,3020,6,'2019-10-09 14:40:00'),
(973,182,6,'2019-10-09 14:40:12'),
(974,3066,6,'2019-10-09 14:40:26'),
(975,2839,6,'2019-10-09 14:40:39'),
(976,2838,6,'2019-10-09 14:40:52'),
(977,3094,6,'2019-10-09 14:41:03'),
(978,3095,6,'2019-10-09 14:41:24'),
(979,3175,6,'2019-10-09 14:41:35'),
(980,180,6,'2019-10-09 14:41:46'),
(981,254,6,'2019-10-09 14:41:56'),
(982,3217,6,'2019-10-09 14:42:06'),
(983,3218,6,'2019-10-09 14:42:19'),
(984,2531,6,'2019-10-09 14:42:32'),
(985,181,6,'2019-10-09 14:42:45'),
(986,183,6,'2019-10-09 14:42:56'),
(987,2427,6,'2019-10-09 14:43:07'),
(988,2920,6,'2019-10-09 14:43:18'),
(989,2768,6,'2019-10-09 14:43:30'),
(990,3048,6,'2019-10-09 14:43:51'),
(991,2748,6,'2019-10-09 14:44:04'),
(992,184,6,'2019-10-09 14:44:16'),
(993,3234,6,'2019-10-11 07:40:41'),
(994,3243,6,'2019-10-11 07:46:37'),
(995,3248,6,'2019-10-11 07:48:54'),
(996,3253,6,'2019-10-11 07:53:32'),
(997,3264,6,'2019-11-08 08:07:56'),
(999,1781,6,'2019-11-08 08:32:58'),
(1000,1754,6,'2019-11-08 08:33:31'),
(1002,3280,6,'2019-11-08 09:06:49'),
(1003,3281,6,'2019-11-08 09:08:06'),
(1004,3282,6,'2019-11-08 09:11:21'),
(1007,3291,6,'2019-11-08 09:36:59'),
(1009,3300,6,'2019-11-08 09:54:14'),
(1010,3303,6,'2019-11-08 10:14:07'),
(1011,3304,6,'2019-11-08 10:27:11'),
(1014,1863,6,'2019-11-12 09:23:47'),
(1015,1862,6,'2019-11-12 09:25:38'),
(1016,1894,6,'2019-11-12 09:26:17'),
(1017,1894,6,'2019-11-12 09:27:12'),
(1018,1832,6,'2019-11-12 09:28:08'),
(1019,3311,6,'2019-11-12 09:40:27'),
(1020,1841,6,'2019-11-12 09:59:35'),
(1021,1823,6,'2019-11-12 10:03:42'),
(1022,1823,6,'2019-11-12 10:04:48'),
(1023,1885,6,'2019-11-12 10:47:14'),
(1024,27,6,'2019-11-12 13:28:41'),
(1025,27,6,'2019-11-12 13:29:08'),
(1026,3320,6,'2019-11-12 13:35:23'),
(1027,3320,6,'2019-11-12 13:36:15'),
(1028,3320,6,'2019-11-12 13:37:51'),
(1029,3320,6,'2019-11-12 13:38:45'),
(1030,3320,6,'2019-11-12 13:39:50'),
(1031,3413,6,'2019-11-14 08:32:42'),
(1032,3419,6,'2019-11-14 08:41:51'),
(1033,1828,6,'2019-11-14 09:43:25'),
(1034,3423,6,'2019-11-14 09:54:46'),
(1035,3424,6,'2019-11-14 09:59:03'),
(1036,3441,6,'2019-11-14 10:39:54'),
(1037,3447,6,'2019-11-14 10:47:51'),
(1038,3479,6,'2019-11-15 08:12:27'),
(1039,1769,6,'2019-11-18 13:29:06'),
(1040,1803,6,'2019-11-18 13:29:57'),
(1041,1916,6,'2019-11-18 13:30:24'),
(1043,1821,6,'2019-11-18 13:31:38'),
(1044,1788,6,'2019-11-18 13:32:22'),
(1045,1752,6,'2019-11-18 13:32:43'),
(1046,1798,6,'2019-11-18 13:33:22'),
(1047,1789,6,'2019-11-18 13:33:59'),
(1048,1799,6,'2019-11-18 13:34:49'),
(1049,1785,6,'2019-11-18 13:35:16'),
(1050,1776,6,'2019-11-18 13:35:36'),
(1051,1768,6,'2019-11-18 13:36:04'),
(1052,1801,6,'2019-11-18 13:36:23'),
(1053,1805,6,'2019-11-18 13:37:00'),
(1054,1808,6,'2019-11-18 13:37:16'),
(1055,1761,6,'2019-11-18 13:37:50'),
(1056,1819,6,'2019-11-18 13:38:13'),
(1057,1786,6,'2019-11-18 13:38:48'),
(1059,1912,6,'2019-11-18 13:47:52'),
(1060,3504,6,'2019-11-18 13:49:56'),
(1061,1845,6,'2019-11-18 13:57:45'),
(1062,1822,6,'2019-11-18 13:58:24'),
(1063,1759,6,'2019-11-18 13:58:49'),
(1064,1908,6,'2019-11-18 13:59:14'),
(1066,3510,6,'2019-11-18 14:04:19'),
(1067,3510,6,'2019-11-18 14:10:12'),
(1068,3538,6,'2019-11-18 15:38:26'),
(1069,3538,6,'2019-11-18 15:38:57'),
(1070,3538,6,'2019-11-18 15:39:18'),
(1071,3538,6,'2019-11-18 15:39:27'),
(1072,1764,6,'2019-11-18 15:47:19'),
(1073,1818,6,'2019-11-18 15:48:12'),
(1074,1775,6,'2019-11-18 15:48:54'),
(1075,1782,6,'2019-11-18 15:49:19'),
(1076,1775,6,'2019-11-18 15:50:03'),
(1077,1773,6,'2019-11-18 15:50:44'),
(1078,1767,6,'2019-11-18 15:51:09'),
(1079,1774,6,'2019-11-18 15:51:27'),
(1080,1783,6,'2019-11-18 15:51:48'),
(1081,1790,6,'2019-11-18 15:52:09'),
(1082,1791,6,'2019-11-18 15:52:36'),
(1083,1795,6,'2019-11-18 15:53:07'),
(1084,1796,6,'2019-11-18 15:53:30'),
(1085,1797,6,'2019-11-18 15:53:48'),
(1086,1809,6,'2019-11-18 15:54:08'),
(1087,1809,6,'2019-11-18 15:54:11'),
(1088,1811,6,'2019-11-18 15:54:30'),
(1089,1815,6,'2019-11-18 15:54:49'),
(1090,3582,6,'2019-11-19 07:32:04'),
(1091,3584,6,'2019-11-19 07:37:34'),
(1092,3584,6,'2019-11-19 07:37:50'),
(1093,256,6,'2019-11-19 08:45:36'),
(1094,3590,6,'2019-11-19 08:47:43'),
(1095,256,6,'2019-11-19 14:23:26'),
(1096,256,6,'2019-11-19 14:30:16'),
(1097,3595,6,'2019-11-22 10:37:31'),
(1098,3595,6,'2019-11-22 10:38:11'),
(1099,1625,6,'2019-11-22 10:39:02'),
(1100,1625,6,'2019-11-22 10:39:50'),
(1101,1620,6,'2019-11-22 10:40:55'),
(1102,3597,6,'2019-11-22 10:42:09'),
(1103,3599,6,'2019-11-22 10:43:44'),
(1104,3601,6,'2019-11-22 10:44:31'),
(1105,3603,6,'2019-11-22 10:44:51'),
(1106,3605,6,'2019-11-22 10:45:26'),
(1107,3607,6,'2019-11-22 10:47:42'),
(1108,3609,6,'2019-11-22 10:49:23'),
(1109,3610,6,'2019-11-22 10:49:57'),
(1110,3613,6,'2019-11-22 10:54:38'),
(1111,3614,6,'2019-11-22 10:55:08'),
(1112,3615,6,'2019-11-22 10:55:37'),
(1113,3616,6,'2019-11-22 10:56:02'),
(1114,3617,6,'2019-11-22 10:56:20'),
(1115,3618,6,'2019-11-22 10:56:51'),
(1116,3619,6,'2019-11-22 11:08:31'),
(1117,3619,6,'2019-11-22 11:09:05'),
(1118,3620,6,'2019-11-26 13:23:10'),
(1119,3609,6,'2019-11-26 13:31:18'),
(1120,3641,6,'2019-11-26 13:54:07'),
(1121,3641,6,'2019-11-26 13:54:29'),
(1122,3646,6,'2019-11-26 13:58:43'),
(1123,3646,6,'2019-11-26 13:59:26'),
(1124,3648,6,'2019-11-26 14:00:26'),
(1125,3656,6,'2019-11-26 14:10:31'),
(1126,3656,6,'2019-11-26 14:11:34'),
(1127,1590,6,'2019-11-26 14:12:07'),
(1128,3656,6,'2019-11-26 14:12:39'),
(1129,1883,6,'2019-12-03 08:16:53'),
(1130,3675,6,'2019-12-09 14:45:46'),
(1131,3675,6,'2019-12-09 14:46:13'),
(1132,3676,6,'2019-12-09 14:59:23'),
(1133,3675,6,'2019-12-09 15:07:41'),
(1134,3675,6,'2019-12-09 15:10:48'),
(1135,3679,6,'2019-12-09 15:14:04'),
(1136,3682,6,'2019-12-10 16:13:31'),
(1137,3682,6,'2019-12-10 16:18:45'),
(1138,3064,6,'2019-12-10 17:22:34'),
(1139,2839,6,'2019-12-10 17:25:21'),
(1140,3686,6,'2019-12-10 17:26:02'),
(1141,3687,6,'2019-12-10 17:28:21'),
(1142,2839,6,'2019-12-11 09:17:25'),
(1143,3686,6,'2019-12-11 09:17:52'),
(1144,3686,6,'2019-12-11 09:30:16'),
(1145,3045,6,'2019-12-11 09:37:52'),
(1146,3685,6,'2019-12-11 09:38:47'),
(1147,3692,6,'2019-12-11 09:46:44'),
(1148,3695,6,'2019-12-17 12:52:07'),
(1149,3696,6,'2019-12-17 13:10:08'),
(1150,3699,6,'2020-02-05 08:23:50'),
(1151,3700,6,'2020-02-05 16:32:50'),
(1152,3701,6,'2020-02-11 16:21:45'),
(1153,3702,6,'2020-02-11 16:22:17'),
(1154,3703,6,'2020-03-09 10:35:29'),
(1155,3686,6,'2020-03-17 12:16:43'),
(1156,2839,6,'2020-03-17 12:17:07'),
(1157,3773,6,'2020-03-17 12:17:57'),
(1158,3778,6,'2020-04-09 13:35:02'),
(1159,3778,6,'2020-04-09 13:56:46'),
(1160,3779,6,'2020-04-09 14:07:54'),
(1161,3783,6,'2020-04-21 13:38:39'),
(1162,3783,6,'2020-04-21 13:38:58'),
(1163,3784,6,'2020-04-21 13:40:33'),
(1164,3786,6,'2020-04-23 11:39:26'),
(1165,3787,6,'2020-04-30 06:28:13'),
(1166,3788,6,'2020-04-30 06:30:45'),
(1167,3789,6,'2020-04-30 06:31:11'),
(1168,3790,6,'2020-04-30 06:31:48'),
(1169,3793,6,'2020-04-30 06:33:40'),
(1170,3797,6,'2020-05-12 06:53:55'),
(1171,102,6,'2020-05-12 06:54:28'),
(1172,3788,6,'2020-05-12 06:55:04'),
(1173,3788,6,'2020-05-12 06:55:21'),
(1174,3788,6,'2020-05-12 06:58:22'),
(1175,250,6,'2020-05-12 06:58:50'),
(1176,3034,6,'2020-05-12 07:36:38'),
(1177,3797,6,'2020-05-12 07:37:29'),
(1178,3207,6,'2020-05-12 07:37:29'),
(1179,102,6,'2020-05-12 07:37:29'),
(1180,126,6,'2020-05-12 07:37:29'),
(1181,3788,6,'2020-05-12 07:37:29'),
(1182,3044,6,'2020-05-12 07:37:30'),
(1183,250,6,'2020-05-12 07:37:30'),
(1184,3058,6,'2020-05-12 07:37:30'),
(1185,3034,6,'2020-05-12 07:37:30'),
(1186,3798,6,'2020-05-12 09:14:39'),
(1188,3687,6,'2020-05-26 16:32:04'),
(1189,3687,6,'2020-05-26 16:33:25'),
(1190,3044,6,'2020-05-26 16:34:25'),
(1191,3685,6,'2020-05-26 16:35:52'),
(1192,126,6,'2020-06-10 13:14:12'),
(1193,3805,6,'2020-07-01 14:09:05'),
(1194,3805,6,'2020-07-01 14:09:38'),
(1195,3807,6,'2020-07-07 15:12:18'),
(1196,2815,6,'2020-07-07 15:14:23'),
(1197,2817,6,'2020-07-07 15:14:41'),
(1198,3808,6,'2020-07-07 15:15:24'),
(1199,3811,6,'2020-07-07 15:17:28'),
(1200,3813,6,'2020-07-07 15:18:59'),
(1201,3817,6,'2020-07-07 15:23:18'),
(1202,3817,6,'2020-07-07 15:25:43'),
(1203,3818,6,'2020-08-26 15:54:35'),
(1204,3820,6,'2020-10-01 07:06:00'),
(1208,3830,6,'2020-10-12 09:36:42'),
(1209,3833,6,'2020-10-15 14:16:29'),
(1210,3833,6,'2020-10-15 14:16:50'),
(1211,3835,6,'2020-11-04 13:05:08'),
(1212,519,6,'2020-11-04 13:08:19'),
(1213,1580,6,'2020-11-04 13:08:19'),
(1214,1591,6,'2020-11-04 13:08:19'),
(1215,1589,6,'2020-11-04 13:08:19'),
(1216,1586,6,'2020-11-04 13:08:19'),
(1217,1585,6,'2020-11-04 13:08:19'),
(1218,1584,6,'2020-11-04 13:08:19'),
(1219,1583,6,'2020-11-04 13:08:19'),
(1220,1582,6,'2020-11-04 13:08:19'),
(1221,1581,6,'2020-11-04 13:08:19'),
(1222,1579,6,'2020-11-04 13:08:20'),
(1223,1572,6,'2020-11-04 13:08:20'),
(1224,1578,6,'2020-11-04 13:08:20'),
(1225,1577,6,'2020-11-04 13:08:20'),
(1226,1576,6,'2020-11-04 13:08:20'),
(1227,1575,6,'2020-11-04 13:08:20'),
(1228,1574,6,'2020-11-04 13:08:20'),
(1229,1573,6,'2020-11-04 13:08:20'),
(1230,1587,6,'2020-11-04 13:08:20'),
(1231,1590,6,'2020-11-04 13:08:21'),
(1232,1588,6,'2020-11-04 13:08:21'),
(1233,1592,6,'2020-11-04 13:12:16'),
(1234,1635,6,'2020-11-04 13:12:16'),
(1235,1604,6,'2020-11-04 13:12:16'),
(1236,1619,6,'2020-11-04 13:12:16'),
(1237,1621,6,'2020-11-04 13:12:16'),
(1238,1617,6,'2020-11-04 13:12:16'),
(1239,1633,6,'2020-11-04 13:12:16'),
(1240,1631,6,'2020-11-04 13:12:17'),
(1241,1643,6,'2020-11-04 13:12:17'),
(1242,1600,6,'2020-11-04 13:12:17'),
(1243,1613,6,'2020-11-04 13:12:17'),
(1244,1609,6,'2020-11-04 13:12:17'),
(1245,1639,6,'2020-11-04 13:12:17'),
(1246,1637,6,'2020-11-04 13:12:17'),
(1247,1641,6,'2020-11-04 13:12:17'),
(1248,1606,6,'2020-11-04 13:12:17'),
(1249,1602,6,'2020-11-04 13:12:17'),
(1250,1651,6,'2020-11-04 13:12:17'),
(1251,1615,6,'2020-11-04 13:12:18'),
(1252,1605,6,'2020-11-04 13:12:18'),
(1253,3620,6,'2020-11-04 13:12:18'),
(1254,1645,6,'2020-11-04 13:12:18'),
(1255,1607,6,'2020-11-04 13:12:18'),
(1256,1647,6,'2020-11-04 13:12:18'),
(1257,1603,6,'2020-11-04 13:12:18'),
(1258,1649,6,'2020-11-04 13:12:18'),
(1259,3610,6,'2020-11-04 13:12:18'),
(1260,1629,6,'2020-11-04 13:12:18'),
(1261,1625,6,'2020-11-04 13:12:18'),
(1262,3599,6,'2020-11-04 13:12:18'),
(1263,1623,6,'2020-11-04 13:12:19'),
(1264,3603,6,'2020-11-04 13:12:19'),
(1265,1627,6,'2020-11-04 13:12:19'),
(1266,3608,6,'2020-11-04 13:12:19'),
(1267,1611,6,'2020-11-04 13:12:19'),
(1268,1601,6,'2020-11-04 13:12:19'),
(1269,1599,6,'2020-11-04 13:12:19'),
(1270,1616,6,'2020-11-04 13:12:19'),
(1271,1612,6,'2020-11-04 13:12:20'),
(1272,1594,6,'2020-11-04 13:12:20'),
(1273,1642,6,'2020-11-04 13:12:20'),
(1274,1638,6,'2020-11-04 13:12:20'),
(1275,1640,6,'2020-11-04 13:12:20'),
(1276,1610,6,'2020-11-04 13:12:20'),
(1277,1614,6,'2020-11-04 13:12:20'),
(1278,1644,6,'2020-11-04 13:12:20'),
(1279,1636,6,'2020-11-04 13:12:21'),
(1280,1632,6,'2020-11-04 13:12:21'),
(1281,1634,6,'2020-11-04 13:12:21'),
(1282,1618,6,'2020-11-04 13:12:21'),
(1283,1622,6,'2020-11-04 13:12:21'),
(1284,1620,6,'2020-11-04 13:12:21'),
(1285,1596,6,'2020-11-04 13:12:21'),
(1286,1598,6,'2020-11-04 13:12:21'),
(1287,1593,6,'2020-11-04 13:12:22'),
(1288,3303,6,'2020-11-04 13:12:22'),
(1289,1630,6,'2020-11-04 13:12:22'),
(1290,3609,6,'2020-11-04 13:12:22'),
(1291,1628,6,'2020-11-04 13:12:22'),
(1292,3605,6,'2020-11-04 13:12:22'),
(1293,1624,6,'2020-11-04 13:12:22'),
(1294,3601,6,'2020-11-04 13:12:22'),
(1295,1626,6,'2020-11-04 13:12:23'),
(1296,3617,6,'2020-11-04 13:12:23'),
(1297,1595,6,'2020-11-04 13:12:23'),
(1298,1650,6,'2020-11-04 13:12:23'),
(1299,1597,6,'2020-11-04 13:12:23'),
(1300,1648,6,'2020-11-04 13:12:23'),
(1301,1608,6,'2020-11-04 13:12:23'),
(1302,1646,6,'2020-11-04 13:12:24'),
(1303,3648,6,'2020-11-04 13:12:24'),
(1304,1574,6,'2020-11-04 13:19:57'),
(1305,296,6,'2020-11-04 13:22:33'),
(1306,1618,6,'2020-11-04 13:22:34'),
(1307,1620,6,'2020-11-04 13:22:34'),
(1308,1614,6,'2020-11-04 13:22:34'),
(1309,1608,6,'2020-11-04 13:22:34'),
(1310,3609,6,'2020-11-04 13:22:35'),
(1311,1582,6,'2020-11-04 13:22:35'),
(1312,1616,6,'2020-11-04 13:22:35'),
(1313,1575,6,'2020-11-04 13:22:35'),
(1314,3595,6,'2020-11-04 13:22:35'),
(1315,1622,6,'2020-11-04 13:22:36'),
(1316,1604,6,'2020-11-04 13:22:36'),
(1317,1576,6,'2020-11-04 13:22:36'),
(1318,1578,6,'2020-11-04 13:22:36'),
(1319,1610,6,'2020-11-04 13:22:36'),
(1320,1584,6,'2020-11-04 13:22:36'),
(1321,1590,6,'2020-11-04 13:22:36'),
(1322,1638,6,'2020-11-04 13:22:37'),
(1323,1612,6,'2020-11-04 13:22:37'),
(1324,1624,6,'2020-11-04 13:22:37'),
(1325,1577,6,'2020-11-04 13:22:37'),
(1326,1581,6,'2020-11-04 13:22:37'),
(1327,1579,6,'2020-11-04 13:22:37'),
(1328,1596,6,'2020-11-04 13:22:38'),
(1329,1626,6,'2020-11-04 13:22:38'),
(1330,1600,6,'2020-11-04 13:22:38'),
(1331,3619,6,'2020-11-04 13:22:38'),
(1332,1586,6,'2020-11-04 13:22:38'),
(1333,1594,6,'2020-11-04 13:22:38'),
(1334,3648,6,'2020-11-04 13:22:38'),
(1335,3641,6,'2020-11-04 13:22:39'),
(1336,3617,6,'2020-11-04 13:22:39'),
(1337,3613,6,'2020-11-04 13:22:39'),
(1338,3607,6,'2020-11-04 13:22:39'),
(1339,3599,6,'2020-11-04 13:22:39'),
(1340,3303,6,'2020-11-04 13:22:40'),
(1341,1648,6,'2020-11-04 13:22:40'),
(1342,1644,6,'2020-11-04 13:22:40'),
(1343,1640,6,'2020-11-04 13:22:40'),
(1344,1636,6,'2020-11-04 13:22:41'),
(1345,3615,6,'2020-11-04 13:22:41'),
(1346,1588,6,'2020-11-04 13:22:41'),
(1347,1606,6,'2020-11-04 13:22:41'),
(1348,3603,6,'2020-11-04 13:22:41'),
(1349,1650,6,'2020-11-04 13:22:42'),
(1350,1642,6,'2020-11-04 13:22:42'),
(1351,1634,6,'2020-11-04 13:22:42'),
(1352,1580,6,'2020-11-04 13:22:42'),
(1353,1628,6,'2020-11-04 13:22:42'),
(1354,1598,6,'2020-11-04 13:22:43'),
(1355,1630,6,'2020-11-04 13:22:43'),
(1356,1602,6,'2020-11-04 13:22:43'),
(1357,1632,6,'2020-11-04 13:22:43'),
(1358,1592,6,'2020-11-04 13:22:44'),
(1359,1646,6,'2020-11-04 13:22:44'),
(1360,1647,6,'2020-11-04 13:22:44'),
(1361,1587,6,'2020-11-04 13:22:44'),
(1362,1593,6,'2020-11-04 13:22:44'),
(1363,1627,6,'2020-11-04 13:22:45'),
(1364,1597,6,'2020-11-04 13:22:45'),
(1365,519,6,'2020-11-04 13:22:45'),
(1366,419,6,'2020-11-04 13:22:45'),
(1367,1573,6,'2020-11-04 13:22:45'),
(1368,1625,6,'2020-11-04 13:22:45'),
(1369,1613,6,'2020-11-04 13:22:46'),
(1370,1639,6,'2020-11-04 13:22:46'),
(1371,1591,6,'2020-11-04 13:22:46'),
(1372,1585,6,'2020-11-04 13:22:46'),
(1373,1611,6,'2020-11-04 13:22:46'),
(1374,1574,6,'2020-11-04 13:22:46'),
(1375,1619,6,'2020-11-04 13:22:47'),
(1376,1605,6,'2020-11-04 13:22:47'),
(1377,1623,6,'2020-11-04 13:22:47'),
(1378,3597,6,'2020-11-04 13:22:47'),
(1379,334,6,'2020-11-04 13:22:47'),
(1380,1617,6,'2020-11-04 13:22:47'),
(1381,1583,6,'2020-11-04 13:22:48'),
(1382,3610,6,'2020-11-04 13:22:48'),
(1383,1609,6,'2020-11-04 13:22:48'),
(1384,1615,6,'2020-11-04 13:22:48'),
(1385,1621,6,'2020-11-04 13:22:48'),
(1386,1601,6,'2020-11-04 13:22:49'),
(1387,1572,6,'2020-11-04 13:22:49'),
(1388,3620,6,'2020-11-04 13:22:49'),
(1389,1589,6,'2020-11-04 13:22:49'),
(1390,1633,6,'2020-11-04 13:22:50'),
(1391,1603,6,'2020-11-04 13:22:50'),
(1392,1631,6,'2020-11-04 13:22:50'),
(1393,1599,6,'2020-11-04 13:22:50'),
(1394,1629,6,'2020-11-04 13:22:50'),
(1395,487,6,'2020-11-04 13:22:50'),
(1396,1635,6,'2020-11-04 13:22:51'),
(1397,1643,6,'2020-11-04 13:22:51'),
(1398,1651,6,'2020-11-04 13:22:51'),
(1399,3605,6,'2020-11-04 13:22:52'),
(1400,1607,6,'2020-11-04 13:22:52'),
(1401,3616,6,'2020-11-04 13:22:52'),
(1402,1595,6,'2020-11-04 13:22:53'),
(1403,1637,6,'2020-11-04 13:22:53'),
(1404,1641,6,'2020-11-04 13:22:53'),
(1405,1645,6,'2020-11-04 13:22:53'),
(1406,1649,6,'2020-11-04 13:22:53'),
(1407,3538,6,'2020-11-04 13:22:54'),
(1408,3601,6,'2020-11-04 13:22:54'),
(1409,3608,6,'2020-11-04 13:22:54'),
(1410,3614,6,'2020-11-04 13:22:54'),
(1411,3618,6,'2020-11-04 13:22:55'),
(1412,3646,6,'2020-11-04 13:22:55'),
(1413,3656,6,'2020-11-04 13:22:55'),
(1414,4039,6,'2020-11-04 14:16:16'),
(1415,4041,6,'2020-11-04 14:19:27'),
(1416,4042,6,'2020-11-04 14:31:29'),
(1417,4067,6,'2020-11-12 11:41:27'),
(1418,4070,6,'2020-11-12 11:58:44'),
(1419,4067,6,'2020-11-16 15:17:22'),
(1420,4067,6,'2020-11-16 15:17:32'),
(1421,4073,6,'2020-11-25 23:59:25'),
(1422,184,6,'2020-12-01 16:59:39'),
(1423,4075,6,'2021-01-28 08:36:09'),
(1424,4077,6,'2021-01-28 08:38:35'),
(1425,519,6,'2021-01-28 08:48:56'),
(1426,1769,6,'2021-01-28 09:26:10'),
(1427,4094,6,'2021-02-01 08:48:17'),
(1428,4094,6,'2021-02-01 08:49:18'),
(1429,4095,6,'2021-02-01 08:52:32'),
(1430,4095,6,'2021-02-01 08:53:47'),
(1431,4095,6,'2021-02-01 09:03:47'),
(1432,1781,6,'2021-02-22 11:31:29'),
(1433,2521,6,'2021-02-22 11:32:56'),
(1434,1762,6,'2021-02-22 11:34:33'),
(1435,1881,6,'2021-02-22 11:38:54'),
(1436,2521,6,'2021-02-22 11:39:17'),
(1437,1802,6,'2021-02-22 11:42:32'),
(1438,4096,6,'2021-02-22 12:27:59'),
(1439,4096,6,'2021-02-22 12:28:04'),
(1440,1885,6,'2021-02-22 12:32:23'),
(1441,1745,6,'2021-02-22 12:35:02'),
(1442,1860,6,'2021-02-22 12:38:56'),
(1443,1816,6,'2021-02-22 12:39:23'),
(1444,1772,6,'2021-02-22 12:40:28'),
(1445,4096,6,'2021-02-24 08:53:34'),
(1446,1802,6,'2021-02-24 08:55:45'),
(1447,3479,6,'2021-02-24 08:59:03'),
(1448,1777,6,'2021-02-24 09:01:33'),
(1449,1755,6,'2021-02-24 09:55:48'),
(1450,1755,6,'2021-02-24 09:57:02'),
(1451,1755,6,'2021-02-24 09:57:39'),
(1452,1905,6,'2021-02-24 10:26:19'),
(1453,1777,6,'2021-02-24 10:33:27'),
(1454,4103,6,'2021-02-24 10:36:47'),
(1455,4103,6,'2021-02-24 10:37:21'),
(1456,4103,6,'2021-02-24 10:38:23'),
(1457,1810,6,'2021-02-24 10:44:56'),
(1458,1799,6,'2021-02-24 10:46:34'),
(1459,1801,6,'2021-02-24 10:50:19'),
(1460,1801,6,'2021-02-24 10:51:08'),
(1461,1799,6,'2021-02-24 10:53:44'),
(1462,1799,6,'2021-02-24 10:53:46'),
(1463,1780,6,'2021-02-24 10:55:14'),
(1464,4109,6,'2021-02-24 10:57:08'),
(1465,4109,6,'2021-02-24 10:58:13'),
(1466,1780,6,'2021-02-24 11:01:08'),
(1467,4112,6,'2021-02-24 11:02:58'),
(1468,4113,6,'2021-02-24 11:08:43'),
(1469,4116,6,'2021-02-24 11:11:56'),
(1470,4116,6,'2021-02-24 11:13:30'),
(1471,4113,6,'2021-02-24 11:14:13'),
(1472,4112,6,'2021-02-24 11:18:03'),
(1473,1790,6,'2021-02-24 11:22:31'),
(1474,1825,6,'2021-02-24 11:23:21'),
(1475,1825,6,'2021-02-24 11:24:05'),
(1476,1790,6,'2021-02-24 11:24:46'),
(1477,4119,6,'2021-02-24 11:27:29'),
(1478,4122,6,'2021-02-25 07:09:55'),
(1479,4122,6,'2021-02-25 07:11:22'),
(1480,3330,6,'2021-02-25 07:23:40'),
(1481,4125,6,'2021-02-27 11:23:46'),
(1484,1895,6,'2021-02-27 11:39:15'),
(1485,1812,6,'2021-02-27 11:41:54'),
(1486,1766,6,'2021-02-27 11:46:13'),
(1487,1832,6,'2021-02-27 11:48:59'),
(1488,4130,6,'2021-02-27 11:50:01'),
(1489,4130,6,'2021-02-27 11:50:53'),
(1490,4130,6,'2021-02-27 11:51:52'),
(1491,4130,6,'2021-02-27 11:51:59'),
(1492,1833,6,'2021-02-27 12:41:41'),
(1493,1764,6,'2021-02-27 12:43:46'),
(1494,1846,6,'2021-02-27 12:45:25'),
(1495,4134,6,'2021-02-27 12:48:29'),
(1496,1820,6,'2021-02-27 12:52:33'),
(1497,1886,6,'2021-02-27 12:55:02'),
(1498,4137,6,'2021-02-27 12:57:35'),
(1499,1818,6,'2021-02-27 13:00:20'),
(1500,3364,6,'2021-02-27 13:02:21'),
(1501,3364,6,'2021-02-27 13:02:53'),
(1502,1879,6,'2021-02-27 13:04:07'),
(1503,1758,6,'2021-02-27 13:05:32'),
(1504,1878,6,'2021-02-27 13:07:38'),
(1505,1872,6,'2021-02-27 13:08:28'),
(1506,1878,6,'2021-02-27 13:09:52'),
(1507,3509,6,'2021-02-27 13:10:54'),
(1508,3510,6,'2021-02-27 13:12:23'),
(1509,3509,6,'2021-02-27 13:13:13'),
(1510,1773,6,'2021-02-27 13:17:31'),
(1511,1841,6,'2021-02-27 13:18:57'),
(1512,1773,6,'2021-02-27 13:19:58'),
(1513,1804,6,'2021-02-27 13:22:02'),
(1514,1804,6,'2021-02-27 13:22:50'),
(1515,4141,6,'2021-02-27 13:26:00'),
(1516,4141,6,'2021-02-27 13:30:11'),
(1517,1815,6,'2021-02-27 13:31:04'),
(1518,1871,6,'2021-02-27 13:33:33'),
(1519,1871,6,'2021-02-27 13:33:41'),
(1520,4144,6,'2021-02-27 13:36:14'),
(1521,4144,6,'2021-02-27 13:37:34'),
(1522,1845,6,'2021-02-27 13:41:38'),
(1523,4147,6,'2021-02-27 13:46:38'),
(1524,4149,6,'2021-02-27 13:51:20'),
(1525,4147,6,'2021-02-27 14:01:54'),
(1526,4147,6,'2021-02-27 14:02:15'),
(1527,4147,6,'2021-02-27 14:02:41'),
(1528,1829,6,'2021-02-27 14:05:12'),
(1529,1848,6,'2021-02-27 14:07:26'),
(1530,1829,6,'2021-02-27 14:08:34'),
(1531,4152,6,'2021-02-27 14:10:11'),
(1532,1834,6,'2021-02-27 14:17:54'),
(1533,3441,6,'2021-02-27 14:19:45'),
(1534,1789,6,'2021-02-27 14:22:38'),
(1535,1783,6,'2021-02-27 14:23:47'),
(1536,1823,6,'2021-02-27 14:26:09'),
(1537,1752,6,'2021-02-27 14:28:45'),
(1538,1757,6,'2021-02-27 14:39:13'),
(1539,1757,6,'2021-02-27 14:40:57'),
(1540,1775,6,'2021-02-27 14:55:16'),
(1541,4161,6,'2021-02-27 14:58:18'),
(1542,1775,6,'2021-02-27 14:59:57'),
(1543,1757,6,'2021-03-01 10:14:52'),
(1544,4164,6,'2021-03-01 10:17:34'),
(1545,1782,6,'2021-03-01 14:07:17'),
(1546,4167,6,'2021-03-01 14:08:59'),
(1547,4167,6,'2021-03-01 14:10:09'),
(1548,4167,6,'2021-03-01 14:11:43'),
(1549,1890,6,'2021-03-01 14:15:08'),
(1550,1840,6,'2021-03-01 14:16:25'),
(1551,1782,6,'2021-03-01 14:17:00'),
(1552,4170,6,'2021-03-01 14:52:13'),
(1553,1770,6,'2021-03-01 14:55:02'),
(1554,1811,6,'2021-03-01 14:56:28'),
(1555,1873,6,'2021-03-01 14:57:46'),
(1556,1873,6,'2021-03-01 14:57:52'),
(1557,1811,6,'2021-03-01 14:58:53'),
(1558,4172,6,'2021-03-01 15:00:30'),
(1559,4172,6,'2021-03-01 15:01:18'),
(1560,1782,6,'2021-03-01 15:02:33'),
(1561,1830,6,'2021-03-01 15:02:55'),
(1562,1795,6,'2021-03-01 15:03:34'),
(1563,1795,6,'2021-03-01 15:04:55'),
(1564,4174,6,'2021-03-01 15:07:02'),
(1565,1767,6,'2021-03-01 15:09:12'),
(1566,1796,6,'2021-03-01 15:09:42'),
(1567,4176,6,'2021-03-01 15:16:28'),
(1568,1877,6,'2021-03-01 15:19:18'),
(1569,1796,6,'2021-03-01 15:19:50'),
(1570,1797,6,'2021-03-01 15:21:48'),
(1571,1876,6,'2021-03-01 15:24:11'),
(1572,1754,6,'2021-03-01 15:26:53'),
(1573,1889,6,'2021-03-01 15:29:59'),
(1574,1791,6,'2021-03-01 15:31:43'),
(1575,1794,6,'2021-03-01 15:35:48'),
(1576,1787,6,'2021-03-01 15:37:11'),
(1577,1828,6,'2021-03-01 15:39:40'),
(1578,3424,6,'2021-03-01 15:40:35'),
(1579,3424,6,'2021-03-01 15:43:38'),
(1580,1847,6,'2021-03-01 15:48:58'),
(1581,1847,6,'2021-03-01 15:49:01'),
(1582,1759,6,'2021-03-01 15:52:24'),
(1583,1864,6,'2021-03-01 15:54:39'),
(1584,1863,6,'2021-03-01 15:56:18'),
(1585,1908,6,'2021-03-02 07:03:28'),
(1586,1910,6,'2021-03-02 07:14:54'),
(1587,1817,6,'2021-03-02 07:15:39'),
(1588,3296,6,'2021-03-02 07:18:20'),
(1589,3311,6,'2021-03-02 07:20:08'),
(1590,3311,6,'2021-03-02 07:20:18'),
(1591,3311,6,'2021-03-02 07:21:08'),
(1592,1809,6,'2021-03-02 07:22:43'),
(1593,1805,6,'2021-03-02 07:25:19'),
(1594,1805,6,'2021-03-02 07:25:39'),
(1595,1894,6,'2021-03-02 08:30:31'),
(1596,1894,6,'2021-03-02 08:31:27'),
(1597,1894,6,'2021-03-02 08:33:12'),
(1598,1774,6,'2021-03-02 08:35:39'),
(1599,4185,6,'2021-03-02 08:37:55'),
(1600,1835,6,'2021-03-02 08:41:35'),
(1601,1835,6,'2021-03-02 08:42:56'),
(1602,1793,6,'2021-03-02 08:44:27'),
(1603,1793,6,'2021-03-02 08:47:34'),
(1604,1887,6,'2021-03-02 08:48:13'),
(1605,1807,6,'2021-03-02 08:51:27'),
(1606,1861,6,'2021-03-02 08:53:29'),
(1607,1861,6,'2021-03-02 08:53:37'),
(1608,1861,6,'2021-03-02 08:53:39'),
(1609,1756,6,'2021-03-02 08:56:28'),
(1610,1800,6,'2021-03-02 09:00:28'),
(1611,3447,6,'2021-03-02 09:01:32'),
(1612,3437,6,'2021-03-02 09:02:09'),
(1613,1771,6,'2021-03-02 09:04:41'),
(1614,1837,6,'2021-03-02 09:05:43'),
(1615,1837,6,'2021-03-02 09:06:05'),
(1616,1771,6,'2021-03-02 09:09:21'),
(1617,1771,6,'2021-03-02 09:09:32'),
(1618,1760,6,'2021-03-02 09:10:08'),
(1619,1851,6,'2021-03-02 09:11:19'),
(1620,4191,6,'2021-03-02 09:17:21'),
(1621,1763,6,'2021-03-02 09:24:42'),
(1622,1763,6,'2021-03-02 09:25:45'),
(1623,3441,6,'2021-03-02 09:26:30'),
(1624,1897,6,'2021-03-02 09:27:52'),
(1625,1898,6,'2021-03-02 09:29:41'),
(1626,1898,6,'2021-03-02 09:32:07'),
(1627,1792,6,'2021-03-02 09:34:59'),
(1628,1855,6,'2021-03-02 09:38:39'),
(1629,1855,6,'2021-03-02 09:38:48'),
(1630,1792,6,'2021-03-02 09:39:53'),
(1631,1814,6,'2021-03-02 09:42:16'),
(1632,1814,6,'2021-03-02 09:43:57'),
(1633,1858,6,'2021-03-02 09:46:23'),
(1634,4195,6,'2021-03-02 09:51:00'),
(1635,4196,6,'2021-03-02 09:52:17'),
(1636,4196,6,'2021-03-02 09:55:33'),
(1637,4195,6,'2021-03-02 09:56:49'),
(1638,1870,6,'2021-03-02 10:00:43'),
(1639,1870,6,'2021-03-02 10:01:13'),
(1640,1870,6,'2021-03-02 10:01:20'),
(1641,4201,6,'2021-03-02 10:02:38'),
(1642,1821,6,'2021-03-02 10:03:03'),
(1643,1761,6,'2021-03-02 10:05:03'),
(1644,1869,6,'2021-03-02 10:07:31'),
(1645,1869,6,'2021-03-02 10:07:42'),
(1646,4205,6,'2021-03-02 10:13:52'),
(1647,1869,6,'2021-03-02 10:16:25'),
(1648,1869,6,'2021-03-02 10:17:19'),
(1649,4208,6,'2021-03-02 10:19:03'),
(1650,1819,6,'2021-03-02 10:21:12'),
(1651,4211,6,'2021-03-02 10:23:38'),
(1652,1850,6,'2021-03-02 10:25:49'),
(1653,1850,6,'2021-03-02 10:27:33'),
(1654,1850,6,'2021-03-02 10:27:39'),
(1655,1822,6,'2021-03-02 10:29:30'),
(1656,4215,6,'2021-03-02 10:34:50'),
(1657,1803,6,'2021-03-02 10:36:45'),
(1658,1916,6,'2021-03-02 10:38:05'),
(1659,1916,6,'2021-03-02 10:40:34'),
(1660,1788,6,'2021-03-02 10:43:22'),
(1661,1798,6,'2021-03-02 10:44:53'),
(1662,3413,6,'2021-03-02 10:45:22'),
(1663,3413,6,'2021-03-02 10:45:26'),
(1664,1776,6,'2021-03-02 10:45:46'),
(1665,1785,6,'2021-03-02 10:46:09'),
(1666,1906,6,'2021-03-02 10:47:39'),
(1667,1768,6,'2021-03-02 10:48:08'),
(1668,1831,6,'2021-03-02 10:50:21'),
(1669,1768,6,'2021-03-02 10:51:06'),
(1670,1785,6,'2021-03-02 10:52:11'),
(1671,1785,6,'2021-03-02 10:52:27'),
(1672,1808,6,'2021-03-02 10:53:28'),
(1673,1786,6,'2021-03-02 10:54:55'),
(1674,1912,6,'2021-03-02 11:12:49'),
(1675,1779,6,'2021-03-02 11:13:58'),
(1676,1769,6,'2021-03-02 11:15:30'),
(1677,281,6,'2021-03-02 11:18:45'),
(1678,281,6,'2021-03-02 11:18:48'),
(1679,1765,6,'2021-03-02 11:20:27'),
(1680,1784,6,'2021-03-02 11:22:23'),
(1681,1842,6,'2021-03-02 11:24:41'),
(1682,1784,6,'2021-03-02 11:25:47'),
(1683,1784,6,'2021-03-02 11:25:52'),
(1684,1784,6,'2021-03-02 11:27:46'),
(1685,1778,6,'2021-03-02 11:36:36'),
(1686,1824,6,'2021-03-02 11:37:45'),
(1687,4219,6,'2021-03-02 11:43:03'),
(1688,4222,6,'2021-03-02 11:45:44'),
(1689,4223,6,'2021-03-02 11:48:39'),
(1690,4223,6,'2021-03-02 11:48:49'),
(1691,4225,6,'2021-03-02 11:50:49'),
(1692,4225,6,'2021-03-02 11:51:02'),
(1693,4227,6,'2021-03-02 11:52:19'),
(1694,3260,6,'2021-03-02 11:58:31'),
(1695,4233,6,'2021-03-02 11:59:42'),
(1696,4233,6,'2021-03-02 12:00:12'),
(1697,4237,6,'2021-03-02 12:08:11'),
(1699,1845,6,'2021-03-02 12:14:34'),
(1700,4196,6,'2021-03-02 12:15:10'),
(1701,4242,6,'2021-03-15 13:12:36'),
(1702,4246,6,'2021-03-15 13:17:34'),
(1703,4242,6,'2021-03-15 13:18:01'),
(1704,4242,6,'2021-03-15 13:19:21'),
(1705,4242,6,'2021-03-15 13:19:29'),
(1706,4248,6,'2021-03-16 14:01:57'),
(1707,129,6,'2021-03-18 09:27:38'),
(1708,4256,6,'2021-03-18 13:43:05'),
(1709,2666,6,'2021-03-18 13:43:27'),
(1710,4257,6,'2021-03-18 13:43:59'),
(1711,4258,6,'2021-03-29 09:41:21'),
(1712,4259,6,'2021-03-29 09:42:29'),
(1713,4259,6,'2021-03-29 09:44:37'),
(1714,4260,6,'2021-03-29 09:51:11'),
(1715,4261,6,'2021-03-29 09:59:13'),
(1716,4263,6,'2021-04-14 05:48:17'),
(1717,4267,6,'2021-04-14 07:14:54'),
(1718,4270,6,'2021-04-14 07:17:35'),
(1719,4267,6,'2021-04-14 07:19:58'),
(1720,4276,6,'2021-04-14 07:47:53'),
(1721,4276,6,'2021-04-14 07:48:38'),
(1722,4277,6,'2021-04-14 07:52:33'),
(1723,4280,6,'2021-04-29 12:33:40'),
(1724,4281,6,'2021-04-29 12:35:13'),
(1725,2568,6,'2021-04-29 12:45:01'),
(1726,4280,6,'2021-04-29 12:45:38'),
(1727,4288,6,'2021-04-29 12:46:08'),
(1728,4287,6,'2021-04-29 12:46:40'),
(1729,41,6,'2021-04-29 12:47:58'),
(1730,42,6,'2021-04-29 12:48:14'),
(1731,4290,6,'2021-04-29 12:50:18'),
(1732,4287,6,'2021-04-29 12:52:30'),
(1733,4281,6,'2021-04-29 12:52:59'),
(1734,4287,6,'2021-04-29 12:58:16'),
(1735,4296,6,'2021-04-29 13:05:38'),
(1736,4295,6,'2021-04-29 13:07:36'),
(1737,4295,6,'2021-04-29 13:48:21'),
(1738,4300,6,'2021-04-29 13:50:38'),
(1739,4302,6,'2021-04-29 13:51:51'),
(1740,4304,6,'2021-04-29 13:55:55'),
(1741,4304,6,'2021-04-29 14:17:27'),
(1742,4307,6,'2021-04-29 14:25:05'),
(1743,4307,6,'2021-04-29 14:27:38'),
(1744,4295,6,'2021-04-29 14:30:51'),
(1745,4295,6,'2021-04-29 14:31:39'),
(1746,4310,6,'2021-05-05 09:44:46'),
(1747,4310,6,'2021-05-05 11:59:15'),
(1748,4310,6,'2021-05-05 12:00:03'),
(1749,4313,6,'2021-06-04 08:20:33'),
(1750,4319,6,'2021-06-04 08:26:27'),
(1751,4327,6,'2021-06-04 08:34:10'),
(1752,4336,6,'2021-07-08 12:40:23'),
(1753,4339,6,'2021-07-08 12:40:58'),
(1754,4342,6,'2021-07-08 12:46:26'),
(1755,4342,6,'2021-07-08 12:48:31'),
(1756,4342,6,'2021-07-08 12:48:55'),
(1757,4339,6,'2021-07-08 12:57:58'),
(1758,4345,6,'2021-07-08 12:58:24'),
(1759,4347,6,'2021-07-08 13:05:53'),
(1760,4351,6,'2021-07-08 13:42:06'),
(1761,4355,6,'2021-07-08 13:50:02'),
(1762,4351,6,'2021-07-08 13:50:32'),
(1763,4358,6,'2021-07-08 14:00:04'),
(1764,4358,6,'2021-07-08 14:01:07'),
(1765,4363,6,'2021-07-08 14:15:58'),
(1766,4365,6,'2021-07-08 14:16:29'),
(1767,4367,6,'2021-07-08 14:20:00'),
(1768,4347,6,'2021-07-08 14:20:28'),
(1769,4342,6,'2021-07-08 14:20:45'),
(1770,4371,6,'2021-07-26 13:40:30'),
(1771,4371,6,'2021-07-26 13:41:06'),
(1772,4385,6,'2021-07-26 14:06:59'),
(1773,4386,6,'2021-07-26 14:07:48'),
(1774,4387,6,'2021-07-26 14:08:45'),
(1775,4388,6,'2021-07-26 14:09:26'),
(1776,4389,6,'2021-07-26 14:10:14'),
(1777,4389,6,'2021-07-26 14:10:43'),
(1778,4390,6,'2021-07-26 14:12:29'),
(1779,4391,6,'2021-07-26 14:12:46'),
(1780,4392,6,'2021-07-26 14:15:30'),
(1781,4393,6,'2021-07-26 14:16:51'),
(1782,4393,6,'2021-07-26 14:17:01'),
(1783,4394,6,'2021-07-26 14:17:08'),
(1784,4395,6,'2021-07-26 14:17:17'),
(1785,4396,6,'2021-07-26 14:17:24'),
(1786,4397,6,'2021-07-26 14:17:30'),
(1787,4398,6,'2021-07-26 14:17:38'),
(1788,4399,6,'2021-07-26 14:18:48'),
(1789,4400,6,'2021-07-26 14:19:20'),
(1790,4401,6,'2021-07-26 14:20:07'),
(1791,4402,6,'2021-07-26 14:20:24'),
(1792,4403,6,'2021-07-26 14:20:43'),
(1793,4404,6,'2021-07-26 14:21:01'),
(1795,4406,6,'2021-07-26 14:25:52'),
(1796,4406,6,'2021-07-26 14:26:10'),
(1797,4393,6,'2021-07-26 14:26:19'),
(1798,4394,6,'2021-07-26 14:26:27'),
(1799,4395,6,'2021-07-26 14:26:36'),
(1800,4396,6,'2021-07-26 14:26:44'),
(1801,4397,6,'2021-07-26 14:26:52'),
(1802,4398,6,'2021-07-26 14:26:59'),
(1803,4403,6,'2021-07-26 14:27:09'),
(1804,4401,6,'2021-07-26 14:27:18'),
(1805,4094,6,'2021-07-26 14:27:53'),
(1806,4407,6,'2021-07-26 14:29:09'),
(1807,4408,6,'2021-07-26 14:29:23'),
(1808,4409,6,'2021-07-26 14:32:19'),
(1809,4411,6,'2021-07-26 14:32:32'),
(1810,4413,6,'2021-07-26 14:32:48'),
(1811,4413,6,'2021-07-26 14:48:41'),
(1812,4421,6,'2021-08-02 09:41:01'),
(1813,4095,6,'2021-08-02 09:41:30'),
(1814,4421,6,'2021-08-02 11:01:00'),
(1815,4422,6,'2021-08-02 11:01:25'),
(1816,4422,6,'2021-08-02 11:02:41'),
(1817,4423,6,'2021-08-02 11:03:28'),
(1818,4423,6,'2021-08-02 11:03:32'),
(1819,4423,6,'2021-08-02 11:03:34'),
(1820,4424,6,'2021-08-09 05:52:14'),
(1821,1840,6,'2021-08-09 05:57:54'),
(1822,1832,6,'2021-08-09 06:02:09'),
(1823,3614,6,'2021-08-09 06:34:05'),
(1824,4429,6,'2021-08-09 07:07:35'),
(1825,1751,6,'2021-08-09 09:21:10'),
(1826,1751,6,'2021-08-09 09:22:51'),
(1827,1746,6,'2021-08-09 09:24:25'),
(1828,1745,6,'2021-08-09 09:25:28'),
(1829,1746,6,'2021-08-09 09:25:51'),
(1830,1744,6,'2021-08-09 09:26:48'),
(1831,1744,6,'2021-08-09 09:26:51'),
(1832,1747,6,'2021-08-09 09:27:25'),
(1833,1747,6,'2021-08-09 09:27:35'),
(1834,1748,6,'2021-08-09 09:28:08'),
(1835,1750,6,'2021-08-09 09:28:45'),
(1836,1749,6,'2021-08-09 09:29:17'),
(1837,1749,6,'2021-08-09 09:29:21'),
(1838,1743,6,'2021-08-09 09:29:58'),
(1839,1742,6,'2021-08-09 09:30:29'),
(1840,1740,6,'2021-08-09 09:30:59'),
(1841,1740,6,'2021-08-09 09:31:02'),
(1842,1739,6,'2021-08-09 09:31:32'),
(1843,1739,6,'2021-08-09 09:31:43'),
(1844,1739,6,'2021-08-09 09:31:47'),
(1845,1738,6,'2021-08-09 09:32:17'),
(1846,1738,6,'2021-08-09 09:32:23'),
(1847,1741,6,'2021-08-09 09:32:57'),
(1848,4474,6,'2021-08-09 09:43:13'),
(1849,4475,6,'2021-08-09 09:46:31'),
(1850,4475,6,'2021-08-09 09:46:51'),
(1851,4475,6,'2021-08-09 09:47:00'),
(1852,4476,6,'2021-08-09 09:47:31'),
(1853,3656,6,'2021-08-09 10:07:59'),
(1854,3656,6,'2021-08-09 10:08:06'),
(1855,3656,6,'2021-08-09 10:08:11'),
(1856,4489,6,'2021-08-09 10:09:00'),
(1857,4489,6,'2021-08-09 10:09:59'),
(1858,4495,6,'2021-08-09 10:14:24'),
(1859,4495,6,'2021-08-09 10:14:51'),
(1860,4515,6,'2021-08-09 10:52:42'),
(1861,4515,6,'2021-08-09 10:53:01'),
(1862,4039,6,'2021-08-09 10:55:12'),
(1863,4039,6,'2021-08-09 10:55:21'),
(1864,4515,6,'2021-08-09 11:24:30'),
(1865,4515,6,'2021-08-09 11:26:35'),
(1867,4519,6,'2021-08-09 11:29:49'),
(1868,4515,6,'2021-08-09 11:30:19'),
(1869,4515,6,'2021-08-09 11:30:46'),
(1871,4522,6,'2021-08-09 11:41:25'),
(1872,4522,6,'2021-08-09 11:41:52'),
(1873,4523,6,'2021-08-09 11:42:24'),
(1874,4524,6,'2021-08-09 11:42:57'),
(1875,4525,6,'2021-08-09 11:43:21'),
(1876,4526,6,'2021-08-09 11:43:36'),
(1877,4535,6,'2021-08-09 11:55:50'),
(1878,4536,6,'2021-08-09 11:56:18'),
(1879,2748,6,'2021-08-09 11:56:58'),
(1880,4536,6,'2021-08-09 12:00:44'),
(1881,4536,6,'2021-08-09 12:00:50'),
(1882,4535,6,'2021-08-09 12:02:29'),
(1883,4535,6,'2021-08-09 12:02:42'),
(1884,4541,6,'2021-08-09 12:05:32'),
(1885,4547,6,'2021-08-09 12:10:08'),
(1886,4551,6,'2021-08-09 12:16:14'),
(1887,4554,6,'2021-08-09 12:19:27'),
(1888,4569,6,'2021-08-09 12:45:58'),
(1889,4523,6,'2021-08-09 13:02:08'),
(1890,1751,6,'2021-08-09 13:11:02'),
(1891,1751,6,'2021-08-09 13:11:40'),
(1892,4600,6,'2021-08-09 13:22:55'),
(1893,4603,6,'2021-08-09 13:25:01'),
(1894,4606,6,'2021-08-09 13:28:40'),
(1895,4522,6,'2021-08-09 13:29:24'),
(1896,4608,6,'2021-08-09 13:29:51'),
(1897,4610,6,'2021-08-09 13:30:28'),
(1898,4612,6,'2021-08-09 13:31:39'),
(1899,4614,6,'2021-08-09 13:32:09'),
(1900,4616,6,'2021-08-09 13:32:34'),
(1901,4618,6,'2021-08-09 13:33:11'),
(1902,4620,6,'2021-08-09 13:33:42'),
(1903,4622,6,'2021-08-09 13:34:06'),
(1904,4624,6,'2021-08-09 13:34:32'),
(1905,4626,6,'2021-08-09 13:35:00'),
(1906,4628,6,'2021-08-09 13:35:26'),
(1907,4612,6,'2021-08-09 13:39:28'),
(1908,4614,6,'2021-08-09 13:41:43'),
(1909,4618,6,'2021-08-09 13:42:28'),
(1910,4600,6,'2021-08-09 13:59:11'),
(1911,4603,6,'2021-08-09 14:00:41'),
(1912,4606,6,'2021-08-09 14:01:24'),
(1913,4606,6,'2021-08-09 14:01:32'),
(1914,4606,6,'2021-08-09 14:01:56'),
(1915,4620,6,'2021-08-09 14:31:47'),
(1916,4616,6,'2021-08-09 14:32:48'),
(1917,4624,6,'2021-08-09 14:33:30'),
(1918,4620,6,'2021-08-09 14:33:44'),
(1919,4616,6,'2021-08-09 14:33:59'),
(1920,4626,6,'2021-08-09 14:34:47'),
(1921,4628,6,'2021-08-09 14:35:27'),
(1922,4620,6,'2021-08-09 14:35:37'),
(1923,4616,6,'2021-08-09 14:35:52'),
(1924,4624,6,'2021-08-09 14:36:12'),
(1925,4626,6,'2021-08-09 14:36:24'),
(1926,4622,6,'2021-08-09 14:37:24'),
(1927,1751,6,'2021-08-09 14:38:01'),
(1928,1751,6,'2021-08-09 14:38:05'),
(1929,4608,6,'2021-08-09 14:38:38'),
(1930,4522,6,'2021-08-09 14:39:13'),
(1931,4523,6,'2021-08-09 14:39:43'),
(1932,4526,6,'2021-08-09 14:40:10'),
(1933,4525,6,'2021-08-09 14:40:38'),
(1934,4525,6,'2021-08-09 14:40:59'),
(1935,4524,6,'2021-08-09 14:41:23'),
(1936,1746,6,'2021-08-09 14:41:47'),
(1937,4600,6,'2021-08-09 14:42:26'),
(1938,1745,6,'2021-08-09 14:43:19'),
(1939,1744,6,'2021-08-09 14:44:29'),
(1940,4610,6,'2021-08-09 14:45:11'),
(1941,4606,6,'2021-08-09 14:45:48'),
(1942,4616,6,'2021-08-09 14:46:05'),
(1943,1747,6,'2021-08-09 14:46:54'),
(1944,1748,6,'2021-08-09 14:47:46'),
(1945,1750,6,'2021-08-09 14:48:23'),
(1946,1749,6,'2021-08-09 14:49:01'),
(1947,1743,6,'2021-08-09 14:50:00'),
(1948,1742,6,'2021-08-09 14:50:30'),
(1949,1740,6,'2021-08-09 14:51:42'),
(1950,1740,6,'2021-08-09 14:51:45'),
(1951,1739,6,'2021-08-09 14:53:07'),
(1952,4618,6,'2021-08-09 14:53:52'),
(1953,1738,6,'2021-08-09 14:54:30'),
(1954,4477,6,'2021-08-09 14:55:12'),
(1955,4477,6,'2021-08-09 14:55:17'),
(1956,4614,6,'2021-08-09 14:56:15'),
(1957,4614,6,'2021-08-09 14:56:20'),
(1958,4603,6,'2021-08-09 14:56:44'),
(1959,4620,6,'2021-08-09 14:57:50'),
(1960,4706,6,'2021-08-09 15:09:56'),
(1961,4706,6,'2021-08-09 15:10:28'),
(1962,4709,6,'2021-08-09 15:12:40'),
(1963,4709,6,'2021-08-09 15:13:34'),
(1964,4712,6,'2021-08-09 15:14:13'),
(1965,4712,6,'2021-08-09 15:15:36'),
(1966,1738,6,'2021-08-09 15:17:05'),
(1967,4714,6,'2021-08-09 15:17:29'),
(1968,4714,6,'2021-08-09 15:18:09'),
(1969,4714,6,'2021-08-09 15:18:27'),
(1970,4717,6,'2021-08-09 15:19:03'),
(1971,4742,6,'2021-08-09 15:32:21'),
(1972,1906,6,'2021-08-09 15:39:58'),
(1973,4752,6,'2021-08-09 15:49:10'),
(1974,4757,6,'2021-08-09 15:51:54'),
(1975,4757,6,'2021-08-09 16:05:19'),
(1977,4767,6,'2021-08-09 16:10:45'),
(1978,4767,6,'2021-08-09 16:11:04'),
(1979,4769,6,'2021-08-09 16:11:41'),
(1980,4773,6,'2021-08-09 16:13:52'),
(1981,4776,6,'2021-08-09 16:14:49'),
(1982,4780,6,'2021-08-09 16:15:58'),
(1984,4785,6,'2021-08-09 17:09:19'),
(1985,4785,6,'2021-08-09 17:11:20'),
(1986,4795,6,'2021-08-09 17:16:19'),
(1987,4795,6,'2021-08-09 17:16:37'),
(1988,4795,6,'2021-08-09 17:22:47'),
(1989,4769,6,'2021-08-09 17:25:58'),
(1990,4780,6,'2021-08-09 17:27:00'),
(1991,4810,6,'2021-08-09 17:43:35'),
(1992,4810,6,'2021-08-09 17:45:05'),
(1993,4814,6,'2021-08-09 17:48:20'),
(1994,4814,6,'2021-08-09 17:48:39'),
(1999,4822,6,'2021-08-09 18:02:31'),
(2000,4822,6,'2021-08-09 18:02:55'),
(2001,4826,6,'2021-08-09 18:04:06'),
(2002,4826,6,'2021-08-09 18:04:28'),
(2003,4829,6,'2021-08-09 18:06:03'),
(2004,4829,6,'2021-08-09 18:06:51'),
(2005,4829,6,'2021-08-09 18:07:00'),
(2006,4842,6,'2021-08-09 18:19:04'),
(2007,4842,6,'2021-08-09 18:19:15'),
(2008,4826,6,'2021-08-09 18:33:52'),
(2009,4873,6,'2021-08-09 18:41:49'),
(2010,4873,6,'2021-08-09 18:42:07'),
(2011,4880,6,'2021-08-09 18:45:11'),
(2012,4883,6,'2021-08-09 18:50:00'),
(2013,4883,6,'2021-08-09 18:50:52'),
(2014,4889,6,'2021-08-09 19:01:36'),
(2015,4889,6,'2021-08-09 19:02:45'),
(2016,4149,6,'2021-08-09 19:04:34'),
(2017,4896,6,'2021-08-09 19:06:28'),
(2018,4896,6,'2021-08-09 19:06:58'),
(2019,4900,6,'2021-08-09 19:09:34'),
(2020,4903,6,'2021-08-09 19:13:28'),
(2021,4903,6,'2021-08-09 19:14:05'),
(2022,4904,6,'2021-08-09 19:15:52'),
(2023,4903,6,'2021-08-09 19:17:06'),
(2024,4903,6,'2021-08-09 19:17:12'),
(2025,4904,6,'2021-08-09 19:17:43'),
(2026,4913,6,'2021-08-09 19:31:07'),
(2027,4916,6,'2021-08-09 19:32:40'),
(2028,4913,6,'2021-08-09 19:34:00'),
(2029,4916,6,'2021-08-09 19:35:38'),
(2030,4916,6,'2021-08-09 19:35:46'),
(2031,4918,6,'2021-08-09 19:38:53'),
(2032,4712,6,'2021-08-09 19:42:06'),
(2033,4922,6,'2021-08-09 19:47:40'),
(2034,4922,6,'2021-08-09 19:48:01'),
(2035,4923,6,'2021-08-09 19:50:20'),
(2036,4923,6,'2021-08-09 19:50:51'),
(2037,4927,6,'2021-08-09 20:05:46'),
(2038,4927,6,'2021-08-09 20:06:23'),
(2039,4932,6,'2021-08-09 20:11:40'),
(2041,1751,6,'2021-08-10 05:15:24'),
(2042,4938,6,'2021-08-10 05:29:55'),
(2043,4938,6,'2021-08-10 05:30:35'),
(2044,4955,6,'2021-08-10 06:42:52'),
(2045,4955,6,'2021-08-10 06:46:16'),
(2046,4965,6,'2021-08-10 06:53:48'),
(2047,4965,6,'2021-08-10 06:56:02'),
(2048,1869,6,'2021-08-10 06:57:31'),
(2049,1896,6,'2021-08-10 06:58:17'),
(2050,4205,6,'2021-08-10 06:59:07'),
(2051,4208,6,'2021-08-10 07:00:12'),
(2052,4973,6,'2021-08-10 07:01:23'),
(2053,4973,6,'2021-08-10 07:03:18'),
(2056,4982,6,'2021-08-10 07:10:41'),
(2057,4982,6,'2021-08-10 07:11:07'),
(2058,4985,6,'2021-08-10 07:19:16'),
(2059,4985,6,'2021-08-10 07:24:53'),
(2060,4988,6,'2021-08-10 07:28:46'),
(2061,4988,6,'2021-08-10 07:29:15'),
(2062,4988,6,'2021-08-10 07:33:31'),
(2063,4810,6,'2021-08-10 07:35:04'),
(2064,4810,6,'2021-08-10 07:37:41'),
(2065,4988,6,'2021-08-10 07:44:40'),
(2066,4215,6,'2021-08-10 07:46:20'),
(2067,4988,6,'2021-08-10 07:47:33'),
(2068,4999,6,'2021-08-10 07:58:50'),
(2069,4999,6,'2021-08-10 08:00:19'),
(2070,4515,6,'2021-08-10 08:09:02'),
(2071,4515,6,'2021-08-10 08:09:08'),
(2072,5018,6,'2021-08-10 08:24:10'),
(2073,5019,6,'2021-08-10 08:25:09'),
(2074,5019,6,'2021-08-10 08:26:26'),
(2075,4103,6,'2021-08-10 08:31:16'),
(2076,5025,6,'2021-08-10 08:38:41'),
(2077,5025,6,'2021-08-10 08:39:04'),
(2078,5034,6,'2021-08-10 08:45:21'),
(2079,5034,6,'2021-08-10 08:46:49'),
(2080,5034,6,'2021-08-10 08:46:57'),
(2081,5043,6,'2021-08-10 08:56:16'),
(2082,5043,6,'2021-08-10 08:56:23'),
(2083,5043,6,'2021-08-10 08:57:39'),
(2084,5043,6,'2021-08-10 08:57:43'),
(2085,5048,6,'2021-08-10 09:09:19'),
(2086,5048,6,'2021-08-10 09:10:17'),
(2087,5048,6,'2021-08-10 09:11:22'),
(2088,1882,6,'2021-08-10 09:13:10'),
(2089,5051,6,'2021-08-10 09:14:09'),
(2090,5051,6,'2021-08-10 09:14:58'),
(2091,5059,6,'2021-08-10 09:25:39'),
(2092,5060,6,'2021-08-10 09:29:14'),
(2093,5060,6,'2021-08-10 09:29:51'),
(2094,5066,6,'2021-08-10 09:33:04'),
(2095,5066,6,'2021-08-10 09:33:51'),
(2096,5071,6,'2021-08-10 09:38:43'),
(2097,5071,6,'2021-08-10 09:43:18'),
(2098,5080,6,'2021-08-10 09:54:19'),
(2099,5084,6,'2021-08-10 09:55:55'),
(2100,5084,6,'2021-08-10 09:58:08'),
(2101,5084,6,'2021-08-10 10:03:02'),
(2102,5088,6,'2021-08-10 10:04:36'),
(2103,5092,6,'2021-08-10 10:08:26'),
(2104,5092,6,'2021-08-10 10:09:23'),
(2105,5092,6,'2021-08-10 10:10:59'),
(2106,5092,6,'2021-08-10 10:11:44'),
(2107,5097,6,'2021-08-10 10:16:19'),
(2108,5097,6,'2021-08-10 10:17:22'),
(2109,5106,6,'2021-08-10 10:24:06'),
(2110,5106,6,'2021-08-10 10:24:48'),
(2111,5106,6,'2021-08-10 10:28:01'),
(2112,5109,6,'2021-08-10 10:31:30'),
(2113,5111,6,'2021-08-10 10:35:14'),
(2114,5111,6,'2021-08-10 10:36:07'),
(2115,5113,6,'2021-08-10 10:36:20'),
(2116,5113,6,'2021-08-10 10:36:48'),
(2117,5118,6,'2021-08-10 10:40:43'),
(2118,5118,6,'2021-08-10 10:41:44'),
(2119,5113,6,'2021-08-10 10:42:10'),
(2120,5109,6,'2021-08-10 10:42:24'),
(2121,5111,6,'2021-08-10 10:42:36'),
(2122,5111,6,'2021-08-10 10:42:42'),
(2123,5120,6,'2021-08-10 10:52:56'),
(2124,5120,6,'2021-08-10 10:53:46'),
(2125,5118,6,'2021-08-10 10:57:12'),
(2126,5127,6,'2021-08-10 11:08:25'),
(2127,5139,6,'2021-08-10 12:10:28'),
(2128,5140,6,'2021-08-10 12:16:33'),
(2129,5142,6,'2021-08-10 12:17:36'),
(2130,5142,6,'2021-08-10 12:20:47'),
(2131,5142,6,'2021-08-10 12:20:59'),
(2132,1750,6,'2021-08-10 12:46:09'),
(2133,1750,6,'2021-08-10 12:46:17'),
(2134,5148,6,'2021-08-10 12:46:55'),
(2135,5148,6,'2021-08-10 12:47:26'),
(2136,5150,6,'2021-08-10 12:50:13'),
(2137,5148,6,'2021-08-10 12:50:58'),
(2138,5156,6,'2021-08-10 12:58:37'),
(2139,5156,6,'2021-08-10 12:59:45'),
(2140,5160,6,'2021-08-10 13:06:52'),
(2141,5161,6,'2021-08-10 13:09:42'),
(2142,5162,6,'2021-08-10 13:12:20'),
(2143,5162,6,'2021-08-10 13:12:27'),
(2144,5092,6,'2021-08-10 13:14:25'),
(2145,5171,6,'2021-08-10 13:31:14'),
(2146,5171,6,'2021-08-10 13:33:49'),
(2147,5172,6,'2021-08-10 13:35:21'),
(2148,5185,6,'2021-08-10 13:56:38'),
(2149,5186,6,'2021-08-10 13:58:47'),
(2150,5186,6,'2021-08-10 13:59:22'),
(2151,5186,6,'2021-08-10 13:59:39'),
(2152,5080,6,'2021-08-10 14:00:10'),
(2153,4780,6,'2021-08-10 14:04:57'),
(2154,5194,6,'2021-08-10 14:08:39'),
(2155,5092,6,'2021-08-10 14:12:56'),
(2156,5197,6,'2021-08-10 14:16:30'),
(2157,5142,6,'2021-08-10 14:18:21'),
(2158,5142,6,'2021-08-10 14:18:25'),
(2159,5198,6,'2021-08-10 14:18:51'),
(2160,5198,6,'2021-08-10 14:19:12'),
(2161,5208,6,'2021-08-10 14:30:48'),
(2162,5208,6,'2021-08-10 14:34:47'),
(2163,5208,6,'2021-08-10 14:36:08'),
(2164,5208,6,'2021-08-10 14:36:59'),
(2165,5211,6,'2021-08-11 04:56:30'),
(2166,5211,6,'2021-08-11 04:57:21'),
(2167,5215,6,'2021-08-11 05:01:33'),
(2168,4776,6,'2021-08-11 05:03:39'),
(2170,5223,6,'2021-08-11 05:10:12'),
(2171,5223,6,'2021-08-11 05:10:24'),
(2172,5226,6,'2021-08-11 05:14:22'),
(2173,5237,6,'2021-08-11 05:31:30'),
(2174,5237,6,'2021-08-11 05:31:45'),
(2175,5240,6,'2021-08-11 05:32:43'),
(2176,5240,6,'2021-08-11 05:33:22'),
(2177,4780,6,'2021-08-11 05:36:49'),
(2178,5245,6,'2021-08-11 05:37:55'),
(2179,5245,6,'2021-08-11 05:38:11'),
(2180,5249,6,'2021-08-11 05:40:19'),
(2181,5127,6,'2021-08-11 05:44:58'),
(2182,5258,6,'2021-08-11 05:53:06'),
(2183,5258,6,'2021-08-11 05:53:32'),
(2184,5263,6,'2021-08-11 05:55:11'),
(2185,5263,6,'2021-08-11 05:56:30'),
(2186,5258,6,'2021-08-11 05:57:25'),
(2187,5267,6,'2021-08-11 08:42:56'),
(2188,5268,6,'2021-08-11 08:43:53'),
(2189,5268,6,'2021-08-11 08:44:35'),
(2190,5276,6,'2021-08-11 09:13:34'),
(2191,5276,6,'2021-08-11 09:13:52'),
(2192,5276,6,'2021-08-11 09:18:22'),
(2193,5277,6,'2021-08-11 09:19:18'),
(2194,5277,6,'2021-08-11 09:19:57'),
(2195,5276,6,'2021-08-11 09:21:39'),
(2196,5287,6,'2021-08-12 13:00:45'),
(2197,5289,6,'2021-08-12 13:01:22'),
(2198,5287,6,'2021-08-12 13:01:47'),
(2199,5292,6,'2021-08-12 13:04:01'),
(2200,5295,6,'2021-08-12 13:07:43'),
(2201,5298,6,'2021-08-12 13:13:41'),
(2202,5287,6,'2021-08-12 13:20:03'),
(2203,5301,6,'2021-08-17 06:28:04'),
(2204,5302,6,'2021-08-22 07:55:23'),
(2205,5303,6,'2021-08-22 07:58:48'),
(2206,5304,6,'2021-08-22 08:03:35'),
(2207,5311,6,'2021-08-22 08:17:21'),
(2208,5319,6,'2021-08-22 08:23:26'),
(2209,5325,6,'2021-08-22 08:26:20'),
(2210,5341,6,'2021-08-22 08:44:40'),
(2211,5343,6,'2021-08-22 08:46:52'),
(2212,5351,6,'2021-08-22 09:08:17'),
(2213,5354,6,'2021-08-22 09:09:09'),
(2214,5382,6,'2021-08-22 09:51:52'),
(2215,5389,6,'2021-08-22 09:55:29'),
(2216,5389,6,'2021-08-22 10:01:21'),
(2217,5397,6,'2021-08-22 10:03:49'),
(2218,5382,6,'2021-08-22 10:38:59'),
(2219,5410,6,'2021-08-22 10:44:51'),
(2220,5412,6,'2021-08-22 10:46:29'),
(2221,5417,6,'2021-08-22 10:50:16'),
(2222,5420,6,'2021-08-22 10:52:26'),
(2223,5426,6,'2021-08-22 10:55:38'),
(2224,5431,6,'2021-08-22 11:00:38'),
(2225,5432,6,'2021-08-22 11:02:25'),
(2226,5444,6,'2021-08-22 12:10:04'),
(2227,5448,6,'2021-08-22 12:17:55'),
(2228,5449,6,'2021-08-22 12:19:06'),
(2229,5449,6,'2021-08-22 12:19:13'),
(2230,5450,6,'2021-08-22 12:21:03'),
(2231,5459,6,'2021-08-22 12:29:51'),
(2232,5462,6,'2021-08-22 12:33:25'),
(2234,5051,6,'2021-08-22 12:39:32'),
(2235,5471,6,'2021-08-22 12:42:22'),
(2236,5475,6,'2021-08-22 12:51:43'),
(2237,5479,6,'2021-08-22 12:56:12'),
(2238,5482,6,'2021-08-22 12:58:44'),
(2239,5482,6,'2021-08-22 13:00:07'),
(2240,5485,6,'2021-08-22 13:04:51'),
(2241,5486,6,'2021-08-22 13:05:37'),
(2242,5486,6,'2021-08-22 13:05:41'),
(2243,5491,6,'2021-08-22 13:13:39'),
(2244,5494,6,'2021-08-22 13:15:54'),
(2245,5491,6,'2021-08-22 13:16:25'),
(2246,5140,6,'2021-08-22 13:24:38'),
(2247,5524,6,'2021-08-22 13:51:09'),
(2248,5524,6,'2021-08-22 13:51:16'),
(2249,5539,6,'2021-08-22 14:03:08'),
(2250,5551,6,'2021-08-22 14:07:10'),
(2251,5561,6,'2021-08-22 15:00:13'),
(2252,5562,6,'2021-08-22 15:03:42'),
(2253,5569,6,'2021-08-22 15:11:03'),
(2254,5571,6,'2021-08-22 15:14:02'),
(2255,5569,6,'2021-08-22 15:16:18'),
(2256,5569,6,'2021-08-22 15:17:51'),
(2257,5579,6,'2021-08-22 15:27:27'),
(2258,5485,6,'2021-08-22 15:30:50'),
(2259,5485,6,'2021-08-22 15:33:33'),
(2260,5588,6,'2021-08-22 15:57:18'),
(2261,5589,6,'2021-08-22 15:58:11'),
(2262,5596,6,'2021-08-22 16:01:15'),
(2263,5600,6,'2021-08-22 16:03:50'),
(2264,5600,6,'2021-08-22 16:04:21'),
(2265,5623,6,'2021-08-22 16:27:05'),
(2266,5629,6,'2021-08-22 16:32:16'),
(2267,5648,6,'2021-08-23 05:56:33'),
(2268,5649,6,'2021-08-23 06:01:36'),
(2269,5651,6,'2021-08-23 06:03:30'),
(2270,5649,6,'2021-08-23 07:10:22'),
(2271,5660,6,'2021-08-23 07:13:31'),
(2272,5665,6,'2021-08-23 07:19:33'),
(2273,5665,6,'2021-08-23 07:22:02'),
(2274,5673,6,'2021-08-23 07:34:01'),
(2275,5676,6,'2021-08-23 07:38:39'),
(2276,5677,6,'2021-08-23 07:41:03'),
(2277,5676,6,'2021-08-23 07:43:08'),
(2278,5683,6,'2021-08-23 07:52:10'),
(2282,5648,6,'2021-08-23 07:55:21'),
(2283,5695,6,'2021-08-23 08:01:29'),
(2284,5702,6,'2021-08-23 08:08:36'),
(2285,5710,6,'2021-08-23 08:14:48'),
(2286,5710,6,'2021-08-23 08:16:40'),
(2287,5710,6,'2021-08-23 08:16:46'),
(2288,5721,6,'2021-08-23 08:27:07'),
(2289,5724,6,'2021-08-23 08:29:59'),
(2290,5732,6,'2021-08-23 08:37:18'),
(2291,5735,6,'2021-08-23 08:38:28'),
(2292,5735,6,'2021-08-23 08:40:41'),
(2293,1780,6,'2021-08-23 09:02:49'),
(2294,1780,6,'2021-08-23 09:02:52'),
(2295,5043,6,'2021-08-23 09:28:24'),
(2296,5903,6,'2021-08-23 10:43:52'),
(2297,5906,6,'2021-08-24 06:03:38'),
(2298,5906,6,'2021-08-24 06:08:05'),
(2299,5906,6,'2021-08-24 06:08:26'),
(2300,5916,6,'2021-08-24 06:14:22'),
(2301,5919,6,'2021-08-24 06:17:53'),
(2302,5962,6,'2021-08-24 06:45:01'),
(2303,5965,6,'2021-08-24 06:48:22'),
(2304,5092,6,'2021-08-24 07:37:29'),
(2305,5092,6,'2021-08-24 07:37:37'),
(2306,6035,6,'2021-08-24 08:08:29'),
(2307,6042,6,'2021-08-24 08:10:12'),
(2308,6055,6,'2021-08-24 08:58:30'),
(2309,6056,6,'2021-08-24 08:59:31'),
(2310,6064,6,'2021-08-24 09:04:07'),
(2311,6090,6,'2021-08-30 05:38:07'),
(2312,6090,6,'2021-08-30 05:39:44'),
(2313,6090,6,'2021-08-30 05:40:34'),
(2314,6090,6,'2021-08-30 05:42:27'),
(2315,6093,6,'2021-08-30 05:44:49'),
(2316,6097,6,'2021-08-30 05:52:23'),
(2317,3491,6,'2021-08-30 05:58:50'),
(2318,6118,6,'2021-08-30 06:07:25'),
(2319,6125,6,'2021-08-30 06:13:20'),
(2320,6125,6,'2021-08-30 06:14:33'),
(2321,6125,6,'2021-08-30 06:14:47'),
(2322,6132,6,'2021-08-30 06:19:43'),
(2323,6134,6,'2021-08-30 06:21:24'),
(2324,6132,6,'2021-08-30 06:22:57'),
(2325,6139,6,'2021-08-30 06:27:32'),
(2326,1800,6,'2021-08-30 06:52:03'),
(2327,5304,6,'2021-08-30 06:54:05'),
(2328,6093,6,'2021-08-30 06:57:52'),
(2329,5194,6,'2021-08-30 09:09:22'),
(2330,6177,6,'2021-08-30 09:34:21'),
(2331,6187,6,'2021-08-30 09:46:09'),
(2332,5539,6,'2021-08-30 09:57:23'),
(2333,6202,6,'2021-08-30 10:01:54'),
(2334,5156,6,'2021-08-30 11:03:04'),
(2335,6211,6,'2021-08-30 11:15:16'),
(2336,6231,6,'2021-08-30 11:24:06'),
(2337,5962,6,'2021-08-31 06:14:34'),
(2338,5962,6,'2021-08-31 06:17:46'),
(2339,5962,6,'2021-08-31 06:17:54'),
(2340,5962,6,'2021-08-31 06:18:01'),
(2341,6367,6,'2021-08-31 06:23:09'),
(2342,6369,6,'2021-08-31 06:23:55'),
(2343,6379,6,'2021-08-31 06:29:35'),
(2344,6379,6,'2021-08-31 06:33:04'),
(2345,6379,6,'2021-08-31 06:34:37'),
(2346,6382,6,'2021-08-31 06:38:04'),
(2347,6383,6,'2021-08-31 06:39:35'),
(2348,6383,6,'2021-08-31 06:39:45'),
(2349,6390,6,'2021-08-31 06:46:33'),
(2350,6390,6,'2021-08-31 06:46:51'),
(2352,6399,6,'2021-08-31 06:55:34'),
(2353,5061,6,'2021-08-31 08:34:26'),
(2354,6414,6,'2021-08-31 08:36:13'),
(2355,6415,6,'2021-08-31 08:37:45'),
(2356,6423,6,'2021-08-31 08:45:09'),
(2357,6425,6,'2021-08-31 08:45:32'),
(2358,6444,6,'2021-08-31 08:55:39'),
(2359,6473,6,'2021-08-31 09:20:17'),
(2360,3491,6,'2021-08-31 09:24:05'),
(2361,3491,6,'2021-08-31 09:24:32'),
(2362,6480,6,'2021-08-31 13:40:00'),
(2363,1751,6,'2021-08-31 13:43:37'),
(2364,6489,6,'2021-08-31 13:49:10'),
(2365,6505,6,'2021-08-31 14:03:08'),
(2366,6505,6,'2021-08-31 14:07:33'),
(2367,6516,6,'2021-08-31 14:15:59'),
(2368,6527,6,'2021-08-31 14:22:09'),
(2369,6536,6,'2021-08-31 14:27:24'),
(2370,6536,6,'2021-08-31 14:28:47'),
(2371,6543,6,'2021-08-31 14:32:06'),
(2372,6552,6,'2021-08-31 14:43:25'),
(2373,6552,6,'2021-08-31 14:44:22'),
(2374,6543,6,'2021-08-31 14:54:59'),
(2375,6566,6,'2021-08-31 15:13:39'),
(2376,6572,6,'2021-08-31 15:22:57'),
(2377,5059,6,'2021-08-31 15:27:01'),
(2378,1810,6,'2021-08-31 15:27:59'),
(2379,1824,6,'2021-08-31 15:28:30'),
(2380,6594,6,'2021-08-31 15:52:40'),
(2381,6603,6,'2021-08-31 16:04:52'),
(2382,5561,6,'2021-08-31 16:05:53'),
(2383,6139,6,'2021-08-31 16:06:34'),
(2384,6614,6,'2021-09-16 12:42:30'),
(2385,2667,6,'2021-09-16 13:15:47'),
(2386,2667,6,'2021-09-16 13:17:14'),
(2387,2667,6,'2021-09-16 13:17:35'),
(2388,6641,6,'2021-09-16 13:26:58'),
(2389,4515,6,'2021-09-16 13:47:37'),
(2390,6670,6,'2021-09-16 14:10:17'),
(2391,1748,6,'2021-09-16 15:06:08'),
(2392,1748,6,'2021-09-16 15:06:31'),
(2393,6698,6,'2021-09-16 15:10:37'),
(2394,6711,6,'2021-09-16 15:23:49'),
(2395,6732,6,'2021-09-16 15:43:16'),
(2396,6744,6,'2021-09-16 15:52:56'),
(2397,6764,6,'2021-09-16 16:05:10'),
(2398,6789,6,'2021-09-19 09:15:29'),
(2399,4973,6,'2021-09-19 09:16:46'),
(2400,6798,6,'2021-09-19 09:29:38'),
(2401,6798,6,'2021-09-19 09:30:08'),
(2402,6810,6,'2021-09-19 09:53:29'),
(2403,6810,6,'2021-09-19 09:55:01'),
(2404,6833,6,'2021-09-19 12:52:37'),
(2405,6833,6,'2021-09-19 12:54:12'),
(2406,6839,6,'2021-09-19 13:16:40'),
(2407,6839,6,'2021-09-19 13:19:06'),
(2408,6839,6,'2021-09-19 13:20:09'),
(2409,6845,6,'2021-09-19 13:32:29'),
(2410,6845,6,'2021-09-19 13:32:36'),
(2411,6846,6,'2021-09-19 13:33:35'),
(2412,6846,6,'2021-09-19 13:35:34'),
(2413,6853,6,'2021-09-19 13:43:09'),
(2414,6853,6,'2021-09-19 13:44:37'),
(2415,6853,6,'2021-09-19 13:45:00'),
(2416,6853,6,'2021-09-19 13:45:24'),
(2417,6853,6,'2021-09-19 13:47:06'),
(2418,6860,6,'2021-09-19 14:00:28'),
(2419,6846,6,'2021-09-19 14:00:51'),
(2420,6864,6,'2021-09-19 14:04:58'),
(2421,6867,6,'2021-09-19 14:13:32'),
(2422,6845,6,'2021-09-19 14:15:37'),
(2423,6845,6,'2021-09-19 14:23:32'),
(2424,6876,6,'2021-09-19 14:40:20'),
(2425,6880,6,'2021-09-19 16:15:54'),
(2426,6880,6,'2021-09-19 16:16:33'),
(2427,6888,6,'2021-09-19 16:26:30'),
(2428,1911,6,'2021-09-19 16:34:39'),
(2429,1911,6,'2021-09-19 16:34:46'),
(2430,1911,6,'2021-09-19 16:35:56'),
(2431,1911,6,'2021-09-19 16:36:00'),
(2432,6895,6,'2021-09-19 16:39:13'),
(2433,6897,6,'2021-09-19 16:40:53'),
(2434,6943,6,'2021-09-27 11:14:12'),
(2435,6942,6,'2021-09-27 11:19:27'),
(2436,6942,6,'2021-09-27 11:19:30'),
(2437,6942,6,'2021-09-27 11:20:16'),
(2438,6942,6,'2021-09-27 11:20:18'),
(2439,6943,6,'2021-09-27 12:02:14'),
(2440,6947,6,'2021-10-06 08:32:48'),
(2441,51,6,'2021-10-06 08:59:07'),
(2442,6948,6,'2021-10-06 09:01:07'),
(2443,6955,6,'2021-10-06 12:11:32'),
(2444,6959,6,'2021-10-14 08:33:35'),
(2445,6959,6,'2021-10-14 08:38:28'),
(2446,6960,6,'2021-10-14 08:44:26'),
(2447,6962,6,'2021-10-14 08:46:06'),
(2448,6963,6,'2021-10-14 08:46:33'),
(2449,6968,6,'2021-10-14 09:31:04'),
(2450,250,6,'2021-10-18 06:54:24'),
(2451,6976,6,'2021-11-04 14:49:48'),
(2452,6976,6,'2021-11-04 14:50:15'),
(2453,6976,6,'2021-11-04 15:09:50'),
(2454,6980,6,'2021-11-15 12:37:00'),
(2455,130,6,'2021-11-15 12:39:27'),
(2456,130,6,'2021-11-15 12:57:02'),
(2457,3049,6,'2021-11-16 09:37:56'),
(2458,3049,6,'2021-11-16 09:38:23'),
(2459,6982,6,'2021-11-16 10:24:26'),
(2460,108,6,'2021-11-16 10:49:36'),
(2461,31,6,'2021-11-16 10:55:23'),
(2462,128,6,'2021-11-16 11:06:07'),
(2463,129,6,'2021-11-17 07:27:00'),
(2464,3049,6,'2021-11-17 07:28:40'),
(2465,130,6,'2021-11-17 07:29:40'),
(2466,7003,6,'2021-11-17 07:35:01'),
(2467,7005,6,'2021-11-17 07:36:39'),
(2468,7007,6,'2021-11-17 07:38:01'),
(2469,35,6,'2021-11-17 07:39:13'),
(2470,3807,6,'2021-11-17 07:42:35'),
(2471,36,6,'2021-11-17 07:43:38'),
(2472,2921,6,'2021-11-17 07:45:01'),
(2473,2922,6,'2021-11-17 07:46:14'),
(2474,7015,6,'2021-11-17 07:53:52'),
(2475,2829,6,'2021-11-17 07:56:16'),
(2476,7018,6,'2021-11-17 07:59:44'),
(2477,7020,6,'2021-11-17 08:01:24'),
(2478,7022,6,'2021-11-17 08:02:45'),
(2485,7018,6,'2021-11-17 08:27:10'),
(2486,7022,6,'2021-11-17 08:27:48'),
(2487,7020,6,'2021-11-17 08:28:12'),
(2488,7024,6,'2021-11-17 08:31:31'),
(2490,7031,6,'2021-11-17 08:51:40'),
(2491,7038,6,'2021-12-01 09:56:46'),
(2492,7041,6,'2021-12-01 09:58:22'),
(2493,7041,6,'2021-12-01 09:59:47'),
(2495,7047,6,'2021-12-07 08:20:47'),
(2496,7049,6,'2021-12-07 08:21:34'),
(2497,7053,6,'2021-12-21 16:49:28'),
(2498,7053,6,'2021-12-21 16:50:31'),
(2499,7056,6,'2022-01-07 08:44:09'),
(2500,5292,6,'2022-01-17 13:05:13'),
(2501,5292,6,'2022-01-17 13:05:16'),
(2502,5295,6,'2022-01-17 13:05:25'),
(2503,7060,6,'2022-02-03 14:03:37'),
(2504,7063,6,'2022-02-07 15:06:44'),
(2505,7064,6,'2022-02-23 16:26:06'),
(2506,7065,6,'2022-02-23 16:27:12'),
(2507,4399,6,'2022-02-23 16:27:38'),
(2508,7065,6,'2022-02-24 10:39:42'),
(2509,37,6,'2022-02-24 10:40:57'),
(2510,7064,6,'2022-02-24 10:43:00'),
(2511,7067,6,'2022-02-24 13:00:42'),
(2512,7070,6,'2022-02-24 13:18:28'),
(2513,7073,6,'2022-02-24 13:21:14'),
(2514,7076,6,'2022-02-28 16:10:34'),
(2515,7077,6,'2022-02-28 16:11:44'),
(2516,7081,6,'2022-02-28 16:26:29'),
(2517,7082,6,'2022-02-28 16:27:01'),
(2518,7083,6,'2022-02-28 16:28:01'),
(2519,7084,6,'2022-03-03 09:44:20'),
(2520,7086,6,'2022-03-03 10:23:16'),
(2521,7088,6,'2022-03-03 10:24:01'),
(2522,7091,6,'2022-03-03 10:25:31'),
(2523,7085,6,'2022-03-03 10:26:11'),
(2524,7095,6,'2022-03-03 10:28:19'),
(2525,7101,6,'2022-03-28 09:20:54'),
(2526,7101,6,'2022-03-28 11:31:28'),
(2527,7108,6,'2022-04-25 06:00:18'),
(2528,7038,6,'2022-04-25 13:53:00'),
(2529,7038,6,'2022-04-25 13:56:07'),
(2530,7112,6,'2022-04-26 12:46:11'),
(2531,7115,6,'2022-04-26 12:47:46'),
(2532,7118,6,'2022-04-26 12:50:41'),
(2533,7121,6,'2022-04-26 12:51:23'),
(2534,7124,6,'2022-04-26 12:52:47'),
(2535,7127,6,'2022-04-26 12:53:49'),
(2536,7130,6,'2022-04-26 12:54:30'),
(2537,7133,6,'2022-04-26 12:55:07'),
(2538,7136,6,'2022-04-26 12:56:23'),
(2539,7139,6,'2022-04-26 12:58:34'),
(2540,7142,6,'2022-04-26 12:59:21'),
(2541,7142,6,'2022-04-26 13:00:13'),
(2542,7145,6,'2022-04-26 13:00:40'),
(2543,7148,6,'2022-04-26 13:02:48'),
(2544,7151,6,'2022-04-26 13:04:06'),
(2545,7161,6,'2022-05-23 07:37:34'),
(2546,7161,6,'2022-05-23 07:37:52'),
(2547,7164,6,'2022-05-23 07:44:58'),
(2548,7167,6,'2022-05-23 07:45:30'),
(2549,7170,6,'2022-05-23 07:54:26'),
(2550,7170,6,'2022-05-23 07:56:16'),
(2551,7173,6,'2022-05-23 07:57:28'),
(2552,7176,6,'2022-05-23 07:58:45'),
(2553,7179,6,'2022-05-23 08:01:24'),
(2554,7182,6,'2022-05-23 08:02:29'),
(2555,7179,6,'2022-05-23 08:02:47'),
(2556,7185,6,'2022-05-23 08:06:48'),
(2557,7188,6,'2022-05-23 08:09:54'),
(2558,7191,6,'2022-05-23 08:10:11'),
(2559,7194,6,'2022-05-23 08:11:03'),
(2560,250,6,'2022-05-25 13:13:24'),
(2561,7201,6,'2022-06-08 08:43:19'),
(2562,7201,6,'2022-06-08 08:44:51'),
(2563,7203,6,'2022-06-08 09:00:29'),
(2564,7205,6,'2022-06-08 09:01:34'),
(2565,7201,6,'2022-06-09 12:20:15'),
(2566,7201,6,'2022-06-09 12:23:10'),
(2567,7201,6,'2022-06-09 12:25:53'),
(2568,7201,6,'2022-06-09 12:26:43'),
(2569,7219,6,'2022-07-07 15:35:57'),
(2570,7220,6,'2022-07-07 15:38:19'),
(2571,7222,6,'2022-07-07 15:44:09'),
(2572,7226,6,'2022-07-20 08:11:56'),
(2573,7227,6,'2022-07-20 08:13:16'),
(2574,7228,6,'2022-07-20 08:35:54'),
(2575,7230,6,'2022-07-20 08:37:01'),
(2576,7228,6,'2022-07-20 08:37:48'),
(2577,7231,6,'2022-07-20 08:39:43'),
(2578,7234,6,'2022-07-20 08:46:47'),
(2579,7239,6,'2022-07-21 08:55:04'),
(2580,7241,6,'2022-07-21 08:55:55'),
(2581,7243,6,'2022-07-21 08:58:33'),
(2582,7245,6,'2022-07-21 08:59:58'),
(2583,7247,6,'2022-07-21 09:09:49'),
(2584,7249,6,'2022-07-21 09:41:19'),
(2585,7250,6,'2022-07-21 09:42:19'),
(2586,7251,6,'2022-07-21 09:46:06'),
(2587,7255,6,'2022-07-21 09:47:24'),
(2588,2539,6,'2022-07-27 09:49:05'),
(2589,2539,6,'2022-07-27 09:49:06'),
(2590,2539,6,'2022-07-27 09:49:07'),
(2591,7264,6,'2022-08-18 12:04:36'),
(2592,7263,6,'2022-08-18 12:05:52'),
(2593,7268,6,'2022-08-18 12:07:06'),
(2594,7274,6,'2022-08-26 07:16:45'),
(2596,7280,6,'2022-08-26 09:23:52'),
(2597,7283,6,'2022-08-29 16:02:12'),
(2598,296,6,'2022-10-07 06:05:28'),
(2599,1622,6,'2022-10-07 06:05:29'),
(2600,1588,6,'2022-10-07 06:05:29'),
(2601,1594,6,'2022-10-07 06:05:29'),
(2602,3619,6,'2022-10-07 06:05:29'),
(2603,1620,6,'2022-10-07 06:05:29'),
(2604,1614,6,'2022-10-07 06:05:29'),
(2605,1608,6,'2022-10-07 06:05:29'),
(2606,3609,6,'2022-10-07 06:05:29'),
(2607,1582,6,'2022-10-07 06:05:29'),
(2608,1616,6,'2022-10-07 06:05:29'),
(2609,1575,6,'2022-10-07 06:05:29'),
(2610,3595,6,'2022-10-07 06:05:29'),
(2611,1606,6,'2022-10-07 06:05:30'),
(2612,1576,6,'2022-10-07 06:05:30'),
(2613,1646,6,'2022-10-07 06:05:30'),
(2614,1618,6,'2022-10-07 06:05:30'),
(2615,1578,6,'2022-10-07 06:05:30'),
(2616,1584,6,'2022-10-07 06:05:30'),
(2617,1590,6,'2022-10-07 06:05:30'),
(2618,1638,6,'2022-10-07 06:05:30'),
(2619,1612,6,'2022-10-07 06:05:30'),
(2620,1624,6,'2022-10-07 06:05:30'),
(2621,1577,6,'2022-10-07 06:05:30'),
(2622,1581,6,'2022-10-07 06:05:30'),
(2623,1579,6,'2022-10-07 06:05:30'),
(2624,1596,6,'2022-10-07 06:05:30'),
(2625,1636,6,'2022-10-07 06:05:31'),
(2626,1592,6,'2022-10-07 06:05:31'),
(2627,1586,6,'2022-10-07 06:05:31'),
(2628,3648,6,'2022-10-07 06:05:31'),
(2629,4489,6,'2022-10-07 06:05:31'),
(2630,4039,6,'2022-10-07 06:05:31'),
(2631,3641,6,'2022-10-07 06:05:31'),
(2632,3617,6,'2022-10-07 06:05:31'),
(2633,3613,6,'2022-10-07 06:05:31'),
(2634,3607,6,'2022-10-07 06:05:31'),
(2635,3599,6,'2022-10-07 06:05:31'),
(2636,3303,6,'2022-10-07 06:05:31'),
(2637,1648,6,'2022-10-07 06:05:31'),
(2638,1644,6,'2022-10-07 06:05:32'),
(2639,1640,6,'2022-10-07 06:05:32'),
(2640,1600,6,'2022-10-07 06:05:32'),
(2641,1626,6,'2022-10-07 06:05:32'),
(2642,4313,6,'2022-10-07 06:05:32'),
(2643,3615,6,'2022-10-07 06:05:32'),
(2644,3603,6,'2022-10-07 06:05:32'),
(2645,1650,6,'2022-10-07 06:05:32'),
(2646,1642,6,'2022-10-07 06:05:32'),
(2647,1634,6,'2022-10-07 06:05:32'),
(2648,1580,6,'2022-10-07 06:05:32'),
(2649,1628,6,'2022-10-07 06:05:32'),
(2650,1598,6,'2022-10-07 06:05:32'),
(2651,1630,6,'2022-10-07 06:05:32'),
(2652,1602,6,'2022-10-07 06:05:32'),
(2653,1632,6,'2022-10-07 06:05:33'),
(2654,1610,6,'2022-10-07 06:05:33'),
(2655,1604,6,'2022-10-07 06:05:33'),
(2656,1605,6,'2022-10-07 06:05:33'),
(2657,1587,6,'2022-10-07 06:05:33'),
(2658,1611,6,'2022-10-07 06:05:33'),
(2659,1597,6,'2022-10-07 06:05:33'),
(2660,519,6,'2022-10-07 06:05:33'),
(2661,419,6,'2022-10-07 06:05:33'),
(2662,1573,6,'2022-10-07 06:05:33'),
(2663,1625,6,'2022-10-07 06:05:33'),
(2664,1613,6,'2022-10-07 06:05:33'),
(2665,1639,6,'2022-10-07 06:05:33'),
(2666,1591,6,'2022-10-07 06:05:33'),
(2667,1585,6,'2022-10-07 06:05:34'),
(2668,1572,6,'2022-10-07 06:05:34'),
(2669,1619,6,'2022-10-07 06:05:34'),
(2670,1647,6,'2022-10-07 06:05:34'),
(2671,1607,6,'2022-10-07 06:05:34'),
(2672,1623,6,'2022-10-07 06:05:34'),
(2673,3597,6,'2022-10-07 06:05:34'),
(2674,334,6,'2022-10-07 06:05:34'),
(2675,1617,6,'2022-10-07 06:05:34'),
(2676,1583,6,'2022-10-07 06:05:34'),
(2677,3610,6,'2022-10-07 06:05:34'),
(2678,1609,6,'2022-10-07 06:05:34'),
(2679,1615,6,'2022-10-07 06:05:34'),
(2680,1621,6,'2022-10-07 06:05:35'),
(2681,3620,6,'2022-10-07 06:05:35'),
(2682,1595,6,'2022-10-07 06:05:35'),
(2683,1589,6,'2022-10-07 06:05:35'),
(2684,1637,6,'2022-10-07 06:05:35'),
(2685,1574,6,'2022-10-07 06:05:35'),
(2686,1593,6,'2022-10-07 06:05:35'),
(2687,1627,6,'2022-10-07 06:05:35'),
(2688,1633,6,'2022-10-07 06:05:35'),
(2689,1603,6,'2022-10-07 06:05:35'),
(2690,1631,6,'2022-10-07 06:05:35'),
(2691,1599,6,'2022-10-07 06:05:35'),
(2692,1629,6,'2022-10-07 06:05:35'),
(2693,487,6,'2022-10-07 06:05:35'),
(2694,1635,6,'2022-10-07 06:05:36'),
(2695,1643,6,'2022-10-07 06:05:36'),
(2696,1651,6,'2022-10-07 06:05:36'),
(2697,3605,6,'2022-10-07 06:05:36'),
(2698,3616,6,'2022-10-07 06:05:36'),
(2699,4319,6,'2022-10-07 06:05:36'),
(2700,1601,6,'2022-10-07 06:05:36'),
(2701,3656,6,'2022-10-07 06:05:36'),
(2702,1641,6,'2022-10-07 06:05:36'),
(2703,1645,6,'2022-10-07 06:05:36'),
(2704,1649,6,'2022-10-07 06:05:36'),
(2705,3538,6,'2022-10-07 06:05:36'),
(2706,3601,6,'2022-10-07 06:05:36'),
(2707,3608,6,'2022-10-07 06:05:37'),
(2708,3614,6,'2022-10-07 06:05:37'),
(2709,3618,6,'2022-10-07 06:05:37'),
(2710,3646,6,'2022-10-07 06:05:37'),
(2711,4075,6,'2022-10-07 06:05:37'),
(2712,4495,6,'2022-10-07 06:05:37'),
(2713,296,6,'2022-10-07 06:08:22'),
(2714,1622,6,'2022-10-07 06:08:22'),
(2715,1588,6,'2022-10-07 06:08:22'),
(2716,1594,6,'2022-10-07 06:08:22'),
(2717,3619,6,'2022-10-07 06:08:22'),
(2718,1620,6,'2022-10-07 06:08:23'),
(2719,1614,6,'2022-10-07 06:08:23'),
(2720,1608,6,'2022-10-07 06:08:23'),
(2721,3609,6,'2022-10-07 06:08:23'),
(2722,1582,6,'2022-10-07 06:08:24'),
(2723,1616,6,'2022-10-07 06:08:24'),
(2724,1575,6,'2022-10-07 06:08:24'),
(2725,3595,6,'2022-10-07 06:08:25'),
(2726,1606,6,'2022-10-07 06:08:25'),
(2727,1576,6,'2022-10-07 06:08:25'),
(2728,1646,6,'2022-10-07 06:08:25'),
(2729,1618,6,'2022-10-07 06:08:25'),
(2730,1578,6,'2022-10-07 06:08:25'),
(2731,1584,6,'2022-10-07 06:08:25'),
(2732,1590,6,'2022-10-07 06:08:26'),
(2733,1638,6,'2022-10-07 06:08:26'),
(2734,1612,6,'2022-10-07 06:08:26'),
(2735,1624,6,'2022-10-07 06:08:26'),
(2736,1577,6,'2022-10-07 06:08:27'),
(2737,1581,6,'2022-10-07 06:08:27'),
(2738,1579,6,'2022-10-07 06:08:27'),
(2739,1596,6,'2022-10-07 06:08:27'),
(2740,1636,6,'2022-10-07 06:08:27'),
(2741,1592,6,'2022-10-07 06:08:27'),
(2742,1586,6,'2022-10-07 06:08:28'),
(2743,3648,6,'2022-10-07 06:08:28'),
(2744,4489,6,'2022-10-07 06:08:28'),
(2745,4039,6,'2022-10-07 06:08:28'),
(2746,3641,6,'2022-10-07 06:08:28'),
(2747,3617,6,'2022-10-07 06:08:29'),
(2748,3613,6,'2022-10-07 06:08:29'),
(2749,3607,6,'2022-10-07 06:08:29'),
(2750,3599,6,'2022-10-07 06:08:29'),
(2751,3303,6,'2022-10-07 06:08:29'),
(2752,1648,6,'2022-10-07 06:08:29'),
(2753,1644,6,'2022-10-07 06:08:29'),
(2754,1640,6,'2022-10-07 06:08:30'),
(2755,1600,6,'2022-10-07 06:08:30'),
(2756,1626,6,'2022-10-07 06:08:30'),
(2757,4313,6,'2022-10-07 06:08:30'),
(2758,3615,6,'2022-10-07 06:08:30'),
(2759,3603,6,'2022-10-07 06:08:30'),
(2760,1650,6,'2022-10-07 06:08:30'),
(2761,1642,6,'2022-10-07 06:08:31'),
(2762,1634,6,'2022-10-07 06:08:31'),
(2763,1580,6,'2022-10-07 06:08:31'),
(2764,1628,6,'2022-10-07 06:08:31'),
(2765,1598,6,'2022-10-07 06:08:31'),
(2766,1630,6,'2022-10-07 06:08:31'),
(2767,1602,6,'2022-10-07 06:08:31'),
(2768,1632,6,'2022-10-07 06:08:32'),
(2769,1610,6,'2022-10-07 06:08:32'),
(2770,1604,6,'2022-10-07 06:08:32'),
(2771,1605,6,'2022-10-07 06:08:32'),
(2772,1587,6,'2022-10-07 06:08:32'),
(2773,1611,6,'2022-10-07 06:08:32'),
(2774,1597,6,'2022-10-07 06:08:32'),
(2775,519,6,'2022-10-07 06:08:33'),
(2776,419,6,'2022-10-07 06:08:33'),
(2777,1573,6,'2022-10-07 06:08:33'),
(2778,1625,6,'2022-10-07 06:08:33'),
(2779,1613,6,'2022-10-07 06:08:33'),
(2780,1639,6,'2022-10-07 06:08:33'),
(2781,1591,6,'2022-10-07 06:08:33'),
(2782,1585,6,'2022-10-07 06:08:34'),
(2783,1572,6,'2022-10-07 06:08:34'),
(2784,1619,6,'2022-10-07 06:08:34'),
(2785,1647,6,'2022-10-07 06:08:34'),
(2786,1607,6,'2022-10-07 06:08:34'),
(2787,1623,6,'2022-10-07 06:08:34'),
(2788,3597,6,'2022-10-07 06:08:34'),
(2789,334,6,'2022-10-07 06:08:35'),
(2790,1617,6,'2022-10-07 06:08:35'),
(2791,1583,6,'2022-10-07 06:08:35'),
(2792,3610,6,'2022-10-07 06:08:35'),
(2793,1609,6,'2022-10-07 06:08:35'),
(2794,1615,6,'2022-10-07 06:08:35'),
(2795,1621,6,'2022-10-07 06:08:35'),
(2796,3620,6,'2022-10-07 06:08:36'),
(2797,1595,6,'2022-10-07 06:08:36'),
(2798,1589,6,'2022-10-07 06:08:36'),
(2799,1637,6,'2022-10-07 06:08:36'),
(2800,1574,6,'2022-10-07 06:08:36'),
(2801,1593,6,'2022-10-07 06:08:36'),
(2802,1627,6,'2022-10-07 06:08:36'),
(2803,1633,6,'2022-10-07 06:08:37'),
(2804,1603,6,'2022-10-07 06:08:37'),
(2805,1631,6,'2022-10-07 06:08:37'),
(2806,1599,6,'2022-10-07 06:08:37'),
(2807,1629,6,'2022-10-07 06:08:37'),
(2808,487,6,'2022-10-07 06:08:37'),
(2809,1635,6,'2022-10-07 06:08:37'),
(2810,1643,6,'2022-10-07 06:08:37'),
(2811,1651,6,'2022-10-07 06:08:38'),
(2812,3605,6,'2022-10-07 06:08:38'),
(2813,3616,6,'2022-10-07 06:08:38'),
(2814,4319,6,'2022-10-07 06:08:38'),
(2815,1601,6,'2022-10-07 06:08:38'),
(2816,3656,6,'2022-10-07 06:08:38'),
(2817,1641,6,'2022-10-07 06:08:38'),
(2818,1645,6,'2022-10-07 06:08:39'),
(2819,1649,6,'2022-10-07 06:08:39'),
(2820,3538,6,'2022-10-07 06:08:39'),
(2821,3601,6,'2022-10-07 06:08:39'),
(2822,3608,6,'2022-10-07 06:08:39'),
(2823,3614,6,'2022-10-07 06:08:39'),
(2824,3618,6,'2022-10-07 06:08:39'),
(2825,3646,6,'2022-10-07 06:08:39'),
(2826,4075,6,'2022-10-07 06:08:40'),
(2827,4495,6,'2022-10-07 06:08:40'),
(2828,8440,6,'2022-10-07 06:11:07'),
(2829,8443,6,'2022-10-12 07:02:56'),
(2830,8443,6,'2022-10-12 07:09:18'),
(2831,8444,6,'2022-10-12 07:09:54'),
(2832,8445,6,'2022-10-12 07:11:19'),
(2833,8447,6,'2022-10-12 07:44:45'),
(2834,8445,6,'2022-10-12 14:10:48'),
(2835,8453,6,'2022-10-21 09:22:09'),
(2836,8456,6,'2022-11-11 08:12:59'),
(2837,8457,6,'2022-11-16 07:37:34'),
(2838,8457,6,'2022-11-16 07:39:04'),
(2839,8457,6,'2022-11-16 07:39:22'),
(2840,8457,6,'2022-11-16 08:05:53'),
(2841,8457,6,'2022-11-16 08:12:10'),
(2842,8460,6,'2022-11-17 09:20:28'),
(2843,8460,6,'2022-11-17 09:21:06'),
(2844,8460,6,'2022-11-17 10:26:16'),
(2845,8460,6,'2022-11-18 10:42:02'),
(2846,8460,6,'2022-11-18 11:09:58'),
(2847,8463,6,'2022-11-18 11:19:30'),
(2848,8463,6,'2022-11-18 11:19:59'),
(2850,8469,6,'2022-11-18 11:25:08'),
(2851,8469,6,'2022-11-18 11:25:31'),
(2852,8472,6,'2022-11-18 11:26:01'),
(2853,8472,6,'2022-11-18 11:26:45'),
(2854,8475,6,'2022-11-18 11:27:04'),
(2855,8475,6,'2022-11-18 11:27:31'),
(2856,8478,6,'2022-11-18 11:27:53'),
(2857,8478,6,'2022-11-18 11:28:37'),
(2858,8460,6,'2022-11-18 11:29:27'),
(2859,8460,6,'2022-11-18 11:29:42'),
(2860,8460,6,'2022-11-18 11:35:53'),
(2861,8481,6,'2022-11-18 11:36:24'),
(2862,8481,6,'2022-11-18 11:36:52'),
(2863,8481,6,'2022-11-18 11:37:11'),
(2864,8484,6,'2022-11-18 11:37:55'),
(2865,8484,6,'2022-11-18 11:38:20'),
(2866,8487,6,'2022-12-09 07:37:33'),
(2867,8491,6,'2022-12-20 08:58:11'),
(2868,8492,6,'2022-12-20 09:02:02'),
(2869,8493,6,'2022-12-20 09:03:58'),
(2870,8497,6,'2022-12-20 11:50:01'),
(2871,8499,6,'2022-12-20 11:50:28'),
(2872,8501,6,'2022-12-20 12:00:26'),
(2873,8504,6,'2022-12-20 12:02:59'),
(2874,8504,6,'2022-12-20 12:03:34'),
(2875,8504,6,'2022-12-20 12:04:26'),
(2876,8504,6,'2022-12-20 12:10:39'),
(2877,8504,6,'2022-12-20 12:20:28'),
(2879,8515,6,'2022-12-22 15:12:50'),
(2880,8515,6,'2022-12-22 15:14:02'),
(2881,8519,6,'2023-01-10 08:08:12'),
(2882,8520,6,'2023-01-10 08:12:15'),
(2883,8521,6,'2023-01-26 14:07:47'),
(2884,8523,6,'2023-01-26 14:08:47'),
(2885,8525,6,'2023-01-26 14:10:12'),
(2886,8531,6,'2023-01-27 06:02:47'),
(2887,8531,6,'2023-01-27 06:02:52'),
(2888,8535,6,'2023-01-31 08:07:45'),
(2889,8536,6,'2023-01-31 08:09:14'),
(2890,8539,6,'2023-01-31 08:11:38'),
(2891,8539,6,'2023-01-31 08:11:57'),
(2892,8541,6,'2023-01-31 08:12:12'),
(2893,8543,6,'2023-01-31 08:15:42'),
(2894,8544,6,'2023-01-31 08:21:29'),
(2896,8549,6,'2023-01-31 08:38:47'),
(2897,8552,6,'2023-01-31 08:42:27'),
(2898,8554,6,'2023-01-31 08:43:14'),
(2899,8557,6,'2023-01-31 11:54:17'),
(2900,8559,6,'2023-01-31 11:56:05'),
(2901,8563,6,'2023-02-14 07:40:01'),
(2902,8568,6,'2023-02-14 10:21:24'),
(2903,8568,6,'2023-02-14 10:21:30'),
(2904,8569,6,'2023-02-14 10:22:03'),
(2905,8565,6,'2023-02-14 10:23:50'),
(2906,8565,6,'2023-02-14 10:25:54'),
(2907,8572,6,'2023-02-14 10:26:40'),
(2908,8572,6,'2023-02-14 10:26:46'),
(2909,8574,6,'2023-02-14 10:30:15'),
(2910,8574,6,'2023-02-14 10:30:20'),
(2911,8576,6,'2023-02-14 10:45:12'),
(2912,8574,6,'2023-02-14 10:50:16'),
(2913,8579,6,'2023-02-15 10:40:23'),
(2914,8579,6,'2023-02-15 10:40:25'),
(2915,8581,6,'2023-02-15 10:46:51'),
(2916,8582,6,'2023-02-15 13:19:23'),
(2917,8584,6,'2023-02-15 13:21:08'),
(2918,8586,6,'2023-02-15 13:24:05'),
(2919,8586,6,'2023-02-15 13:24:06'),
(2920,8586,6,'2023-02-15 13:24:06'),
(2921,8586,6,'2023-02-15 13:24:06'),
(2922,8588,6,'2023-02-15 13:24:46'),
(2923,8588,6,'2023-02-15 13:24:48'),
(2924,8588,6,'2023-02-15 13:24:48'),
(2925,8588,6,'2023-02-15 13:24:48'),
(2926,8591,6,'2023-02-28 15:52:53'),
(2927,8595,6,'2023-02-28 15:53:37'),
(2928,8596,6,'2023-02-28 15:55:40'),
(2929,8597,6,'2023-02-28 15:57:49'),
(2930,8591,6,'2023-02-28 16:00:01'),
(2931,8601,6,'2023-02-28 16:07:39'),
(2932,8604,6,'2023-02-28 16:14:40'),
(2933,8607,6,'2023-02-28 16:27:24'),
(2934,8611,6,'2023-03-01 06:03:37'),
(2935,8613,6,'2023-03-01 06:05:17'),
(2936,8613,6,'2023-03-01 06:07:17'),
(2937,8613,6,'2023-03-01 06:20:24'),
(2938,8619,6,'2023-03-15 13:48:00'),
(2939,8622,6,'2023-03-23 08:53:40'),
(2940,2572,6,'2023-03-23 08:54:11'),
(2941,8624,6,'2023-03-23 08:54:44'),
(2942,2562,6,'2023-03-23 08:55:15'),
(2943,8622,6,'2023-03-23 08:55:45'),
(2944,8622,6,'2023-03-23 08:56:42'),
(2945,8622,6,'2023-03-23 08:56:48'),
(2946,8627,6,'2023-04-05 08:14:45'),
(2947,8627,6,'2023-04-05 08:15:43'),
(2948,8627,6,'2023-04-05 08:16:48'),
(2949,8632,6,'2023-04-26 08:08:26'),
(2950,8633,6,'2023-04-26 08:09:28'),
(2951,8633,6,'2023-04-26 08:10:05'),
(2952,8634,6,'2023-04-26 08:10:56'),
(2954,8636,6,'2023-04-26 08:12:03'),
(2955,8637,6,'2023-04-26 08:12:46'),
(2956,8638,6,'2023-04-26 08:17:54'),
(2957,8640,6,'2023-04-26 08:18:20'),
(2958,8642,6,'2023-04-26 08:19:01'),
(2959,8644,6,'2023-04-26 08:19:38'),
(2960,8541,6,'2023-04-26 08:20:45'),
(2961,8539,6,'2023-04-26 08:20:58'),
(2962,8557,6,'2023-04-26 08:21:11'),
(2963,8646,6,'2023-04-26 13:21:21'),
(2964,8648,6,'2023-04-26 13:22:06'),
(2965,8650,6,'2023-04-26 13:34:58'),
(2966,8651,6,'2023-04-26 13:36:13'),
(2967,8652,6,'2023-04-26 13:42:36'),
(2968,8655,6,'2023-04-26 13:55:09'),
(2969,8658,6,'2023-04-26 13:58:52'),
(2970,8663,6,'2023-05-15 12:54:58'),
(2971,8665,6,'2023-05-15 12:56:01'),
(2972,8667,6,'2023-05-15 13:10:59'),
(2973,8670,6,'2023-05-15 13:11:35'),
(2974,8670,6,'2023-05-15 13:12:22'),
(2975,8670,6,'2023-05-15 13:15:15'),
(2976,7053,6,'2023-05-17 09:50:50'),
(2977,8531,6,'2023-06-02 07:59:46'),
(2978,8634,6,'2023-07-21 06:38:47'),
(2979,8636,6,'2023-07-21 06:39:00'),
(2980,8637,6,'2023-07-21 06:39:15'),
(2981,8673,6,'2023-07-21 06:39:43'),
(2982,8681,6,'2023-08-25 08:28:49'),
(2983,8689,6,'2023-08-25 09:05:18'),
(2984,8693,6,'2023-08-25 09:07:19'),
(2985,8695,6,'2023-08-25 09:08:00'),
(2986,8681,6,'2023-08-25 09:08:30'),
(2987,8689,6,'2023-08-25 09:09:08'),
(2988,8684,10,'2023-08-25 09:13:39'),
(2989,8684,6,'2023-08-25 09:13:39'),
(2990,8698,6,'2023-08-25 09:16:32'),
(2991,8702,6,'2023-08-25 09:24:05'),
(2992,8704,6,'2023-08-25 09:24:49'),
(2993,8706,6,'2023-08-25 09:25:29'),
(2994,8708,6,'2023-08-25 09:29:42'),
(2995,8711,6,'2023-08-25 09:31:08'),
(2996,8711,6,'2023-08-25 09:31:42'),
(2997,8708,6,'2023-08-25 09:35:18'),
(2998,8711,6,'2023-08-25 09:35:54'),
(2999,8711,6,'2023-08-25 09:36:00'),
(3000,8714,6,'2023-08-25 09:40:36'),
(3001,8716,6,'2023-08-25 09:43:50'),
(3002,8721,6,'2023-08-28 05:44:11'),
(3003,8724,6,'2023-08-28 05:44:58'),
(3004,8726,6,'2023-08-28 05:45:46'),
(3005,8721,6,'2023-08-28 05:46:29'),
(3006,8728,6,'2023-08-28 05:49:47'),
(3007,8728,6,'2023-08-28 06:01:46'),
(3008,8728,6,'2023-08-28 06:01:50'),
(3009,4413,6,'2023-08-28 06:12:41'),
(3010,4413,6,'2023-08-28 06:12:51'),
(3011,4413,6,'2023-08-28 06:13:06'),
(3013,8757,6,'2023-09-01 07:01:45'),
(3015,8764,6,'2023-09-05 13:43:44'),
(3016,8766,6,'2023-09-05 13:44:28'),
(3017,8764,6,'2023-09-05 13:45:12'),
(3018,8764,6,'2023-09-05 13:46:01'),
(3019,8764,6,'2023-09-05 13:54:35'),
(3020,90,10,'2023-09-12 15:56:15'),
(3021,8776,6,'2023-09-12 15:56:28'),
(3022,8781,6,'2023-09-18 13:43:54'),
(3023,8781,6,'2023-09-18 13:44:55'),
(3024,8784,6,'2023-09-19 07:58:09'),
(3025,8784,6,'2023-09-19 07:58:31'),
(3026,8787,6,'2023-09-19 11:40:44'),
(3027,8787,6,'2023-09-19 11:41:30'),
(3028,8791,6,'2023-09-19 14:20:41'),
(3029,8797,6,'2023-09-21 06:44:09'),
(3031,4277,6,'2023-09-25 12:28:48'),
(3032,8813,6,'2023-09-25 12:29:34'),
(3033,8812,6,'2023-09-25 12:29:56'),
(3034,8818,6,'2023-09-27 09:04:05'),
(3035,8818,6,'2023-09-28 05:50:41'),
(3036,8818,6,'2023-09-28 05:52:23'),
(3037,8821,6,'2023-09-28 05:55:23'),
(3038,8824,6,'2023-09-28 05:56:03'),
(3039,8824,6,'2023-09-28 05:58:04'),
(3040,8821,6,'2023-09-28 05:58:47'),
(3041,8821,6,'2023-09-28 05:58:52'),
(3042,8821,6,'2023-09-28 06:01:11'),
(3043,8821,6,'2023-09-28 06:02:49'),
(3044,8821,6,'2023-09-28 06:03:00'),
(3045,8826,6,'2023-09-28 12:37:59'),
(3046,8826,6,'2023-09-28 12:38:36'),
(3048,7127,6,'2023-10-10 09:57:33'),
(3049,7127,6,'2023-10-10 11:00:49'),
(3050,8826,6,'2023-10-10 11:05:50'),
(3051,8484,6,'2023-10-10 11:06:40'),
(3052,7142,6,'2023-10-10 11:07:00'),
(3053,7142,6,'2023-10-10 11:07:11'),
(3054,8835,6,'2023-10-10 11:10:07'),
(3055,8838,6,'2023-10-10 11:14:44'),
(3057,8457,6,'2023-10-10 11:24:24'),
(3058,7112,6,'2023-10-10 11:28:17'),
(3059,7115,6,'2023-10-10 11:29:05'),
(3060,8842,6,'2023-10-10 11:29:56'),
(3061,7151,6,'2023-10-10 11:33:11'),
(3062,7148,6,'2023-10-10 11:34:00'),
(3063,8619,6,'2023-10-10 11:34:39'),
(3064,8787,6,'2023-10-10 11:35:09'),
(3065,8845,6,'2023-10-10 11:35:36'),
(3066,8845,6,'2023-10-10 11:35:44'),
(3067,8848,6,'2023-10-10 11:38:53'),
(3068,8851,6,'2023-10-10 11:41:02'),
(3069,8854,6,'2023-10-10 11:43:51'),
(3070,8487,6,'2023-10-10 11:46:19'),
(3071,7118,6,'2023-10-10 11:46:49'),
(3072,7121,6,'2023-10-10 11:47:21'),
(3073,8857,6,'2023-10-10 11:47:57'),
(3074,7124,6,'2023-10-10 11:49:41'),
(3075,7124,6,'2023-10-10 11:55:49'),
(3076,8469,6,'2023-10-10 11:56:28'),
(3077,8481,6,'2023-10-10 11:59:54'),
(3079,3025,6,'2023-10-10 12:05:52'),
(3080,8627,6,'2023-10-10 12:09:04'),
(3081,8472,6,'2023-10-10 12:10:00'),
(3082,8475,6,'2023-10-10 12:10:37'),
(3083,8478,6,'2023-10-10 12:11:08'),
(3084,8862,6,'2023-10-10 12:11:55'),
(3085,8865,6,'2023-10-10 12:13:32'),
(3086,8868,6,'2023-10-10 12:20:20'),
(3087,8871,6,'2023-10-10 12:22:02'),
(3088,4070,6,'2023-10-10 12:23:32'),
(3089,8460,6,'2023-10-10 12:24:36'),
(3090,8875,6,'2023-10-10 12:25:09'),
(3091,8878,6,'2023-10-10 12:26:38'),
(3092,8881,6,'2023-10-10 12:30:47'),
(3093,8884,6,'2023-10-10 12:32:11'),
(3094,8887,6,'2023-10-10 12:46:24'),
(3095,7130,6,'2023-10-10 12:47:50'),
(3096,7133,6,'2023-10-10 12:48:43'),
(3097,3106,6,'2023-10-10 13:00:16'),
(3098,3106,6,'2023-10-10 13:02:25'),
(3099,3108,6,'2023-10-10 13:03:00'),
(3100,8892,6,'2023-10-10 13:06:49'),
(3101,8894,6,'2023-10-11 05:32:08'),
(3102,8897,6,'2023-10-11 05:43:16'),
(3103,8900,6,'2023-10-11 05:54:48'),
(3104,8903,6,'2023-10-11 06:09:06'),
(3105,8906,6,'2023-10-11 06:27:44'),
(3106,8909,6,'2023-10-11 06:45:47'),
(3107,8909,6,'2023-10-11 06:45:50'),
(3108,8912,6,'2023-10-11 06:52:20'),
(3109,8909,6,'2023-10-11 06:53:13'),
(3110,8914,6,'2023-10-11 06:56:52'),
(3111,8917,6,'2023-10-11 06:59:16'),
(3112,8923,6,'2023-10-12 05:27:58'),
(3113,8721,6,'2023-10-12 05:30:27'),
(3114,8721,6,'2023-10-12 05:31:29'),
(3115,8721,6,'2023-10-12 05:42:42'),
(3116,8924,6,'2023-10-12 06:29:35'),
(3117,8927,6,'2023-10-12 06:32:45'),
(3118,8930,6,'2023-10-12 06:35:27'),
(3119,8933,6,'2023-10-12 06:37:20'),
(3120,8936,6,'2023-10-12 06:38:52'),
(3121,8939,6,'2023-10-12 06:40:16'),
(3122,8942,6,'2023-10-12 06:42:17'),
(3123,8945,6,'2023-10-12 06:50:37'),
(3124,8947,6,'2023-10-12 07:35:54'),
(3125,8948,6,'2023-10-12 07:36:10'),
(3126,8952,6,'2023-10-12 07:38:38'),
(3127,8948,6,'2023-10-12 07:38:55'),
(3128,8948,6,'2023-10-12 07:38:58'),
(3129,8954,6,'2023-10-12 07:40:31'),
(3130,8957,6,'2023-10-12 07:42:09'),
(3131,8959,6,'2023-10-12 07:42:28'),
(3132,8960,6,'2023-10-12 07:42:44'),
(3133,8964,6,'2023-10-12 07:45:08'),
(3134,8967,6,'2023-10-12 07:46:15'),
(3135,8970,6,'2023-10-12 07:47:25'),
(3136,8974,6,'2023-10-12 07:49:17'),
(3137,8977,6,'2023-10-12 07:58:48'),
(3138,8982,6,'2023-10-12 08:02:11'),
(3139,8984,6,'2023-10-12 08:06:50'),
(3140,8986,6,'2023-10-12 08:16:37'),
(3141,8986,6,'2023-10-12 08:16:41'),
(3142,8988,6,'2023-10-12 08:17:07'),
(3143,8990,6,'2023-10-12 08:17:38'),
(3144,8993,6,'2023-10-12 08:19:43'),
(3145,8995,6,'2023-10-12 08:23:08'),
(3146,8997,6,'2023-10-12 08:26:13'),
(3147,8999,6,'2023-10-12 08:26:35'),
(3148,9001,6,'2023-10-12 08:27:10'),
(3149,9004,6,'2023-10-12 08:32:32'),
(3150,9004,6,'2023-10-12 08:32:38'),
(3151,9005,6,'2023-10-12 08:33:34'),
(3153,9005,6,'2023-10-12 08:35:51'),
(3154,9009,6,'2023-10-12 08:37:56'),
(3155,9012,6,'2023-10-12 08:39:19'),
(3156,9015,6,'2023-10-12 08:41:06'),
(3157,9017,6,'2023-10-12 08:41:23'),
(3158,9019,6,'2023-10-12 08:42:02'),
(3159,9021,6,'2023-10-12 08:42:50'),
(3160,9025,6,'2023-10-12 08:46:06'),
(3161,9028,6,'2023-10-12 09:07:37'),
(3162,9031,6,'2023-10-12 09:09:27'),
(3163,9034,6,'2023-10-12 09:10:57'),
(3164,9037,6,'2023-10-12 09:12:47'),
(3165,9040,6,'2023-10-12 09:14:38'),
(3166,9043,6,'2023-10-12 09:17:08'),
(3167,9046,6,'2023-10-12 09:21:03'),
(3168,9049,6,'2023-10-12 09:22:52'),
(3169,9052,6,'2023-10-12 09:23:52'),
(3170,9055,6,'2023-10-12 09:27:02'),
(3171,9058,6,'2023-10-12 09:28:15'),
(3172,9061,6,'2023-10-12 09:29:55'),
(3173,9064,6,'2023-10-12 09:31:50'),
(3174,9067,6,'2023-10-12 09:32:56'),
(3175,9070,6,'2023-10-12 09:40:41'),
(3176,9072,6,'2023-10-12 09:42:41'),
(3177,213,6,'2023-10-12 09:43:31'),
(3178,9075,6,'2023-10-12 09:44:41'),
(3179,9078,6,'2023-10-12 09:46:53'),
(3180,9081,6,'2023-10-12 09:47:54'),
(3181,9084,6,'2023-10-12 09:48:43'),
(3182,9087,6,'2023-10-12 09:49:41'),
(3183,9090,6,'2023-10-16 06:42:01'),
(3184,9092,6,'2023-10-16 06:42:36'),
(3185,9092,6,'2023-10-16 06:43:11'),
(3186,9094,6,'2023-10-16 06:43:55'),
(3187,9094,6,'2023-10-16 06:44:37'),
(3188,9096,6,'2023-10-16 06:45:35'),
(3189,9099,6,'2023-10-16 06:48:00'),
(3190,9101,6,'2023-10-16 06:50:11'),
(3191,9102,6,'2023-10-16 06:52:37'),
(3192,9104,6,'2023-10-16 06:53:00'),
(3193,9107,6,'2023-10-16 06:54:15'),
(3194,9110,6,'2023-10-16 06:55:55'),
(3195,9112,6,'2023-10-16 06:56:17'),
(3196,9114,6,'2023-10-16 06:58:00'),
(3197,9116,6,'2023-10-16 06:58:43'),
(3198,9118,6,'2023-10-16 06:59:07'),
(3199,9120,6,'2023-10-16 06:59:30'),
(3200,9122,6,'2023-10-16 07:01:44'),
(3201,9124,6,'2023-10-16 07:02:32'),
(3202,9126,6,'2023-10-16 07:03:29'),
(3203,9127,6,'2023-10-16 07:04:46'),
(3204,9128,6,'2023-10-16 07:06:25'),
(3205,9129,6,'2023-10-16 07:09:56'),
(3206,9131,6,'2023-10-16 07:10:27'),
(3207,9133,6,'2023-10-16 07:10:55'),
(3208,9136,6,'2023-10-16 11:06:40'),
(3209,9139,6,'2023-10-16 11:07:45'),
(3210,9142,6,'2023-10-16 11:08:54'),
(3211,9144,6,'2023-10-16 11:11:33'),
(3212,9144,6,'2023-10-16 11:12:44'),
(3213,9147,6,'2023-10-16 11:13:49'),
(3214,9150,6,'2023-10-16 11:14:59'),
(3215,9153,6,'2023-10-16 11:16:01'),
(3216,9156,6,'2023-10-16 11:17:03'),
(3217,9159,6,'2023-10-16 11:18:01'),
(3218,7164,6,'2023-10-18 07:19:01'),
(3219,7164,6,'2023-10-18 07:21:26'),
(3220,9164,6,'2023-10-18 07:21:54'),
(3221,9164,6,'2023-10-18 07:22:14'),
(3222,9167,6,'2023-10-18 07:26:55'),
(3223,9170,6,'2023-10-18 07:47:49'),
(3224,9173,6,'2023-10-18 07:51:07'),
(3225,9176,6,'2023-10-18 07:52:35'),
(3226,9179,6,'2023-10-18 07:53:37'),
(3227,9182,6,'2023-10-18 07:55:04'),
(3228,9185,6,'2023-10-18 07:56:52'),
(3229,9188,6,'2023-10-18 07:58:44'),
(3230,9191,6,'2023-10-18 08:00:35'),
(3231,9194,6,'2023-10-18 08:02:26'),
(3232,9197,6,'2023-10-18 08:05:58'),
(3233,9200,6,'2023-10-18 08:09:23'),
(3234,9203,6,'2023-10-18 08:11:26'),
(3235,9206,6,'2023-10-18 08:13:25'),
(3236,9209,6,'2023-10-18 08:14:37'),
(3237,9212,6,'2023-10-18 08:17:30'),
(3238,9215,6,'2023-10-18 08:22:50'),
(3239,9127,6,'2023-10-18 08:25:38'),
(3240,9218,6,'2023-10-18 08:26:24'),
(3241,9221,6,'2023-10-18 08:27:58'),
(3242,9225,6,'2023-11-09 09:12:23'),
(3243,9230,6,'2023-11-30 10:20:44'),
(3244,9234,6,'2023-11-30 10:29:35'),
(3245,9236,6,'2023-11-30 10:32:13'),
(3246,9240,6,'2023-11-30 10:35:12'),
(3247,9242,6,'2023-11-30 10:37:01'),
(3248,9244,6,'2023-11-30 10:40:07'),
(3249,9246,6,'2023-11-30 10:42:01'),
(3250,9246,6,'2023-11-30 12:10:06'),
(3251,9240,6,'2023-11-30 12:32:12'),
(3252,9230,6,'2023-11-30 12:32:52'),
(3253,9249,6,'2023-12-11 13:35:57'),
(3254,9252,6,'2023-12-11 14:48:22'),
(3255,9252,6,'2023-12-11 14:52:03'),
(3256,9252,6,'2023-12-11 14:59:14'),
(3257,9252,6,'2023-12-11 15:21:23'),
(3258,9255,6,'2023-12-11 15:21:45'),
(3259,9255,6,'2023-12-11 15:22:05'),
(3260,9255,6,'2023-12-11 15:22:16'),
(3261,9255,6,'2023-12-11 15:22:30'),
(3262,9255,6,'2023-12-11 15:29:47'),
(3263,9255,6,'2023-12-11 15:56:33'),
(3264,9258,6,'2023-12-11 16:04:56'),
(3265,9258,6,'2023-12-11 16:05:16'),
(3266,9258,6,'2023-12-11 16:05:46'),
(3267,9258,6,'2023-12-11 16:18:14'),
(3268,9258,6,'2023-12-11 16:31:02'),
(3269,9258,6,'2023-12-11 16:36:35'),
(3270,9258,6,'2023-12-11 16:48:53'),
(3271,9258,6,'2023-12-11 16:49:36'),
(3272,9261,6,'2023-12-11 16:50:49'),
(3273,9261,6,'2023-12-11 16:51:08'),
(3274,9261,6,'2023-12-11 16:58:39'),
(3275,9261,6,'2023-12-11 17:03:05'),
(3276,9261,6,'2023-12-11 17:22:01'),
(3277,9249,6,'2023-12-11 17:33:59'),
(3278,9249,6,'2023-12-11 17:34:25'),
(3279,9249,6,'2023-12-11 17:34:44'),
(3280,9258,6,'2024-01-05 10:59:05'),
(3281,9258,6,'2024-01-05 11:03:28'),
(3282,9265,6,'2024-01-09 15:39:01'),
(3283,9265,6,'2024-01-09 15:39:32'),
(3284,9265,6,'2024-01-09 15:39:36'),
(3285,9267,6,'2024-01-16 15:53:08'),
(3286,9268,6,'2024-01-16 15:54:15'),
(3287,9269,6,'2024-01-16 15:55:26'),
(3288,9230,6,'2024-02-13 06:54:38'),
(3289,9274,6,'2024-02-13 06:56:46'),
(3290,9276,6,'2024-02-13 06:57:29'),
(3291,9234,6,'2024-02-13 06:58:05'),
(3292,9236,6,'2024-02-13 06:58:51'),
(3293,9240,6,'2024-02-13 06:59:21'),
(3294,9242,6,'2024-02-13 06:59:56'),
(3295,9246,6,'2024-02-13 07:00:59'),
(3296,9283,6,'2024-02-13 07:01:28'),
(3297,9283,6,'2024-02-13 07:02:14'),
(3298,9244,6,'2024-02-13 07:02:40'),
(3299,9234,6,'2024-02-13 07:03:58'),
(3300,9234,6,'2024-02-13 07:04:00'),
(3301,9236,6,'2024-02-13 07:04:16'),
(3302,9236,6,'2024-02-13 07:04:19'),
(3303,9240,6,'2024-02-13 07:04:39'),
(3304,9242,6,'2024-02-13 07:05:20'),
(3305,9246,6,'2024-02-13 07:05:36'),
(3306,9244,6,'2024-02-13 07:06:05'),
(3307,9244,6,'2024-02-13 07:15:41'),
(3308,9287,6,'2024-02-16 10:49:31'),
(3309,9291,6,'2024-02-16 10:51:30'),
(3310,9293,6,'2024-02-16 10:56:59'),
(3311,9287,6,'2024-02-16 11:00:01'),
(3312,9296,6,'2024-02-21 14:50:15'),
(3313,9298,6,'2024-02-21 14:51:43'),
(3314,9300,6,'2024-02-22 06:22:30'),
(3315,9302,6,'2024-02-22 06:23:25'),
(3316,9304,6,'2024-02-22 06:23:46'),
(3317,9306,6,'2024-02-22 06:24:05'),
(3318,9298,6,'2024-02-22 13:55:35'),
(3319,9298,6,'2024-02-22 13:55:47'),
(3320,9296,6,'2024-02-22 13:56:02'),
(3321,9298,6,'2024-02-22 13:56:16'),
(3322,9298,6,'2024-02-22 13:56:25'),
(3323,9298,6,'2024-02-22 13:59:30'),
(3324,9298,6,'2024-02-22 13:59:36'),
(3325,2437,6,'2024-02-22 14:03:06'),
(3326,2437,6,'2024-02-22 14:03:24'),
(3327,9311,6,'2024-02-22 14:05:30'),
(3328,9312,6,'2024-02-22 14:08:05'),
(3329,9314,6,'2024-02-22 14:09:50'),
(3330,9317,6,'2024-02-22 14:11:52'),
(3331,9320,6,'2024-02-22 14:14:07'),
(3332,9320,6,'2024-02-22 14:14:08'),
(3333,9322,6,'2024-02-22 14:15:06'),
(3334,9324,6,'2024-02-22 14:16:23'),
(3335,9324,6,'2024-02-22 14:16:35'),
(3336,9327,6,'2024-02-22 14:17:39'),
(3337,9330,6,'2024-02-22 15:06:09'),
(3338,9332,6,'2024-02-22 15:09:13'),
(3339,9322,6,'2024-02-22 15:10:02'),
(3340,9336,6,'2024-02-23 10:25:34'),
(3341,9338,6,'2024-02-23 10:26:09'),
(3342,9340,6,'2024-02-23 10:28:02'),
(3343,9343,6,'2024-02-23 10:29:04'),
(3344,9346,6,'2024-02-23 10:30:05'),
(3345,9340,6,'2024-02-23 10:34:31'),
(3346,9343,6,'2024-02-23 10:35:07'),
(3347,9346,6,'2024-02-23 10:35:25'),
(3348,9346,6,'2024-02-23 10:35:27'),
(3349,9349,6,'2024-02-27 13:38:29'),
(3350,9352,6,'2024-02-27 13:39:33'),
(3351,9355,6,'2024-02-27 13:41:49'),
(3352,9355,6,'2024-02-27 13:41:51'),
(3353,9357,6,'2024-02-27 13:42:49'),
(3354,9359,6,'2024-02-27 13:43:22'),
(3355,9359,6,'2024-02-27 13:43:24'),
(3356,9362,6,'2024-03-07 08:48:29'),
(3357,9363,6,'2024-03-07 08:50:45'),
(3358,9364,6,'2024-03-07 08:52:15'),
(3359,9373,6,'2024-03-13 09:16:41'),
(3360,9376,6,'2024-03-13 09:18:57'),
(3361,9373,6,'2024-03-13 09:19:25'),
(3362,9373,6,'2024-03-13 09:30:02'),
(3363,9373,6,'2024-03-13 09:47:58'),
(3364,9378,6,'2024-03-21 08:48:43'),
(3365,9379,6,'2024-03-21 08:49:56'),
(3366,4398,6,'2024-04-10 08:36:25'),
(3367,4392,6,'2024-04-10 08:37:18'),
(3368,9380,6,'2024-04-10 08:37:46'),
(3369,9381,6,'2024-04-10 08:44:08'),
(3370,9382,6,'2024-04-10 08:52:04'),
(3371,9384,6,'2024-04-10 08:52:49'),
(3372,9387,6,'2024-04-10 08:56:26'),
(3373,9390,6,'2024-04-10 09:00:08'),
(3374,9391,6,'2024-04-10 09:09:56'),
(3375,9393,6,'2024-04-10 09:10:27'),
(3376,9398,6,'2024-04-30 09:41:51'),
(3377,9404,6,'2024-04-30 10:01:28'),
(3378,9379,6,'2024-05-02 11:47:56'),
(3379,9378,6,'2024-05-02 11:49:42'),
(3380,9378,6,'2024-05-02 11:49:44'),
(3381,9407,6,'2024-05-02 11:50:27'),
(3382,9404,6,'2024-05-02 11:54:37'),
(3383,9410,6,'2024-05-02 11:56:34'),
(3384,9410,6,'2024-05-02 11:56:55'),
(3385,9410,6,'2024-05-02 11:57:05'),
(3386,9413,6,'2024-05-02 11:57:52'),
(3387,9416,6,'2024-05-02 11:59:03'),
(3388,9419,6,'2024-05-02 11:59:51'),
(3389,9424,6,'2024-05-02 12:05:20'),
(3390,9427,6,'2024-05-02 12:08:43'),
(3391,9429,6,'2024-05-02 12:10:44'),
(3392,9429,6,'2024-05-02 12:10:45'),
(3393,9430,6,'2024-06-17 06:20:37'),
(3394,9430,6,'2024-06-17 06:20:49'),
(3395,4242,6,'2024-06-20 11:59:37'),
(3396,4242,6,'2024-06-20 12:00:34'),
(3397,4242,6,'2024-06-20 12:00:44'),
(3398,9433,6,'2024-06-21 08:04:02'),
(3399,9435,6,'2024-06-21 08:04:34'),
(3400,9432,6,'2024-06-21 08:07:23'),
(3401,9432,6,'2024-06-21 08:07:42'),
(3402,9439,6,'2024-07-03 09:06:55'),
(3403,9439,6,'2024-07-03 09:10:59'),
(3404,9439,6,'2024-07-03 09:11:56'),
(3405,9442,6,'2024-07-30 09:40:09'),
(3406,9443,6,'2024-07-30 09:42:11'),
(3407,9445,6,'2024-07-30 09:42:55'),
(3408,9447,6,'2024-07-30 09:44:12'),
(3409,9451,6,'2024-08-07 06:51:37'),
(3410,9451,6,'2024-08-07 06:51:43'),
(3411,9453,6,'2024-09-04 12:40:12'),
(3412,9454,6,'2024-09-11 12:42:50'),
(3413,9454,6,'2024-09-11 12:43:28'),
(3414,9455,6,'2024-09-16 13:47:39'),
(3415,8821,6,'2024-09-18 06:02:55'),
(3416,9458,6,'2024-09-18 06:05:34'),
(3417,9458,6,'2024-09-18 06:06:07'),
(3418,9461,6,'2024-10-01 06:37:26'),
(3419,9461,6,'2024-10-01 06:40:14'),
(3420,9465,6,'2024-10-24 09:10:13'),
(3421,9469,6,'2024-11-20 12:03:23'),
(3422,9473,6,'2024-11-20 12:04:37'),
(3423,9473,6,'2024-11-20 12:11:16'),
(3424,9475,6,'2024-11-21 07:37:32'),
(3425,9469,6,'2024-11-21 08:41:02'),
(3426,9473,6,'2024-11-21 08:41:22'),
(3427,9484,6,'2024-11-25 10:16:47'),
(3428,9487,6,'2024-11-28 12:47:07'),
(3429,9487,6,'2024-11-28 12:47:20'),
(3430,9489,6,'2024-11-28 12:48:59'),
(3431,9489,6,'2024-11-28 12:49:32'),
(3432,9489,6,'2024-11-28 13:38:43'),
(3433,9475,6,'2024-11-28 13:40:56'),
(3434,9492,6,'2024-11-28 13:41:36'),
(3435,9494,6,'2024-11-28 13:43:29'),
(3436,9494,6,'2024-11-28 13:44:12'),
(3437,9497,6,'2024-12-03 08:58:42'),
(3438,9497,6,'2024-12-03 08:58:47'),
(3439,9498,6,'2024-12-03 08:59:19'),
(3440,9501,6,'2024-12-03 09:01:20'),
(3441,9503,6,'2024-12-03 09:01:52'),
(3442,9505,6,'2024-12-03 09:03:05'),
(3443,9507,6,'2024-12-03 09:04:03'),
(3444,9507,6,'2024-12-03 09:04:15'),
(3445,9507,6,'2024-12-03 09:06:57'),
(3446,9510,6,'2024-12-03 09:11:19'),
(3447,9510,6,'2024-12-03 09:12:40'),
(3448,9513,6,'2024-12-03 09:17:43'),
(3449,9357,6,'2024-12-03 17:13:41'),
(3450,9517,6,'2024-12-05 07:21:32'),
(3451,9517,6,'2024-12-05 07:22:10'),
(3452,9519,6,'2024-12-05 07:25:06'),
(3453,9519,6,'2024-12-05 07:25:30'),
(3454,9522,6,'2024-12-05 13:43:18'),
(3455,9524,6,'2024-12-05 13:44:03'),
(3456,9524,6,'2024-12-05 13:47:10'),
(3457,9522,6,'2024-12-05 13:47:43'),
(3458,9522,6,'2024-12-05 13:48:02'),
(3459,9526,6,'2024-12-05 13:50:47'),
(3460,9529,6,'2024-12-05 13:51:34'),
(3461,9532,6,'2024-12-05 13:52:25'),
(3462,9535,6,'2024-12-09 09:42:51'),
(3463,9535,6,'2024-12-09 09:43:44'),
(3464,9539,6,'2024-12-09 09:44:47'),
(3465,9540,6,'2024-12-16 14:35:47'),
(3466,9544,6,'2024-12-16 14:38:25'),
(3467,9545,6,'2024-12-16 14:40:01'),
(3468,9547,6,'2025-01-13 09:27:42'),
(3469,9548,6,'2025-01-13 09:28:17'),
(3470,9549,6,'2025-01-13 09:29:56'),
(3471,9554,6,'2025-01-13 09:48:05'),
(3472,9557,6,'2025-01-20 10:13:30'),
(3473,9558,6,'2025-02-20 13:42:29'),
(3474,9561,6,'2025-02-20 13:44:20'),
(3475,9564,6,'2025-02-20 13:48:33'),
(3476,9567,6,'2025-02-20 13:50:20'),
(3477,9558,6,'2025-02-20 13:50:57'),
(3478,9561,6,'2025-02-20 13:51:36'),
(3479,9561,6,'2025-02-20 13:53:02'),
(3480,144,6,'2025-03-18 10:28:57'),
(3481,9570,6,'2025-03-18 10:31:43'),
(3482,9572,6,'2025-03-18 10:33:01'),
(3483,9575,6,'2025-03-18 10:47:30'),
(3484,9575,6,'2025-03-18 10:50:57'),
(3485,9578,6,'2025-03-18 10:51:34'),
(3486,9582,6,'2025-03-18 10:53:45'),
(3487,8812,6,'2025-03-18 10:53:53'),
(3488,9575,6,'2025-03-18 10:54:22'),
(3489,9578,6,'2025-03-18 10:54:44'),
(3490,9585,6,'2025-03-18 11:04:48'),
(3491,9585,6,'2025-03-18 11:06:31'),
(3492,197,6,'2025-03-18 11:57:38'),
(3493,9589,6,'2025-03-18 12:17:09'),
(3494,9592,6,'2025-03-18 12:20:56'),
(3495,9592,6,'2025-03-18 12:21:48'),
(3496,9595,6,'2025-03-18 12:23:54'),
(3497,9597,6,'2025-03-18 12:25:42'),
(3498,9599,6,'2025-03-18 13:39:17'),
(3499,9603,6,'2025-04-02 15:30:45'),
(3500,8818,6,'2025-04-07 07:44:15'),
(3501,8818,6,'2025-04-07 09:07:39'),
(3502,9606,6,'2025-04-07 09:19:18'),
(3503,9612,6,'2025-04-28 05:38:00'),
(3504,9615,6,'2025-04-28 05:44:05'),
(3505,9615,6,'2025-04-28 05:44:21'),
(3506,9618,6,'2025-04-28 05:45:20'),
(3507,9621,6,'2025-04-28 05:46:18'),
(3508,9623,6,'2025-04-28 05:47:38'),
(3509,9623,6,'2025-04-28 05:47:54'),
(3510,9623,6,'2025-04-28 06:01:18'),
(3511,9626,6,'2025-04-28 12:44:48'),
(3512,9629,6,'2025-04-28 12:46:12'),
(3513,9634,6,'2025-04-28 12:49:30'),
(3514,9634,6,'2025-04-28 13:54:10'),
(3515,9634,6,'2025-04-28 14:00:03'),
(3516,9626,6,'2025-04-28 14:00:25'),
(3517,9641,6,'2025-04-29 08:31:29'),
(3518,9643,6,'2025-04-29 08:33:32'),
(3519,9646,6,'2025-04-29 08:35:12'),
(3520,9649,6,'2025-04-29 08:35:57'),
(3521,9652,6,'2025-04-29 08:36:50'),
(3522,9655,6,'2025-04-29 12:42:25'),
(3523,9658,6,'2025-05-08 08:39:47'),
(3524,9658,6,'2025-05-08 08:39:50'),
(3525,9659,6,'2025-05-08 08:40:14'),
(3526,9664,6,'2025-05-08 08:42:59'),
(3527,9666,6,'2025-05-08 08:45:15'),
(3528,9595,6,'2025-05-08 08:54:45'),
(3529,9671,6,'2025-05-08 08:56:42'),
(3530,9674,6,'2025-05-08 08:58:04'),
(3531,9677,6,'2025-05-14 10:44:07'),
(3532,9679,6,'2025-05-14 10:45:36'),
(3533,9682,6,'2025-05-14 10:46:29'),
(3534,9685,6,'2025-05-14 10:47:19'),
(3535,9685,6,'2025-05-14 10:47:31'),
(3536,7115,6,'2025-05-14 14:40:03'),
(3537,7112,6,'2025-05-14 14:44:46'),
(3538,9688,6,'2025-05-15 09:41:41'),
(3539,9690,6,'2025-05-15 09:43:24'),
(3540,9690,6,'2025-05-15 09:45:11'),
(3541,9629,6,'2025-05-15 11:08:37'),
(3542,9021,6,'2025-05-22 07:37:31'),
(3543,9432,6,'2025-05-22 07:37:51'),
(3544,9693,6,'2025-05-27 12:16:40'),
(3545,9696,6,'2025-05-27 12:17:42'),
(3546,9693,6,'2025-05-28 05:32:16'),
(3547,9696,6,'2025-05-28 05:32:35'),
(3548,9693,6,'2025-05-28 05:33:08'),
(3549,6982,6,'2025-05-28 11:00:05'),
(3550,9700,6,'2025-05-28 11:04:07'),
(3551,9703,6,'2025-05-28 11:12:21'),
(3552,9705,6,'2025-05-28 11:13:39'),
(3553,9708,6,'2025-06-10 08:50:56'),
(3554,9710,6,'2025-06-10 08:52:16'),
(3555,9713,6,'2025-06-10 08:53:12'),
(3556,9715,6,'2025-06-10 08:53:54'),
(3557,9717,6,'2025-06-10 08:54:32'),
(3558,9708,6,'2025-06-10 08:56:11'),
(3559,9720,6,'2025-06-10 08:58:23'),
(3560,9720,6,'2025-06-10 08:58:56'),
(3561,9720,6,'2025-06-10 09:11:10'),
(3562,9723,6,'2025-06-11 08:00:33'),
(3563,9723,6,'2025-06-11 08:09:50'),
(3564,9727,6,'2025-07-23 11:48:51'),
(3565,9343,6,'2025-08-19 13:40:02'),
(3566,9340,6,'2025-08-19 13:42:12'),
(3567,9340,6,'2025-08-19 13:42:15'),
(3568,9343,6,'2025-08-19 13:42:32'),
(3569,9346,6,'2025-08-19 13:43:12'),
(3570,9730,6,'2025-09-09 11:23:06'),
(3571,9730,6,'2025-09-09 11:26:27'),
(3572,9730,6,'2025-09-09 11:29:16'),
(3573,9734,6,'2025-09-09 11:31:30'),
(3574,3057,6,'2025-09-10 15:20:55'),
(3575,9740,6,'2025-09-26 07:03:53'),
(3576,281,6,'2025-10-01 09:03:13'),
(3577,1830,6,'2025-10-01 09:05:29'),
(3578,9740,6,'2025-10-01 10:29:47'),
(3579,17330,6,'2025-10-02 08:44:18'),
(3580,17330,6,'2025-10-02 08:44:23'),
(3581,1817,6,'2025-10-07 06:15:49'),
(3582,3296,6,'2025-10-07 06:16:33'),
(3583,1769,6,'2025-10-10 08:56:42'),
(3584,17577,6,'2025-10-14 05:37:04'),
(3585,17577,6,'2025-10-14 05:54:56'),
(3586,17577,6,'2025-10-14 05:56:59'),
(3587,17581,6,'2025-10-14 05:59:07'),
(3588,17583,6,'2025-10-14 06:03:30'),
(3589,17583,6,'2025-10-14 06:03:34'),
(3590,17585,6,'2025-10-14 06:04:30'),
(3591,17583,6,'2025-10-14 06:04:54'),
(3592,17585,6,'2025-10-14 06:05:20'),
(3593,17583,6,'2025-10-14 06:05:43'),
(3594,17587,6,'2025-10-14 06:06:31'),
(3595,17588,6,'2025-10-14 06:07:37'),
(3596,17577,6,'2025-10-14 06:08:06'),
(3597,17590,6,'2025-10-14 06:10:48'),
(3598,17590,6,'2025-10-14 06:11:01'),
(3599,17590,6,'2025-10-14 06:11:19'),
(3600,17595,6,'2025-10-14 06:15:44'),
(3601,17595,6,'2025-10-14 06:16:40'),
(3602,17598,6,'2025-10-14 06:18:29'),
(3603,17598,6,'2025-10-14 06:19:15'),
(3604,17587,6,'2025-10-14 06:20:24'),
(3605,17602,6,'2025-10-14 06:22:00'),
(3606,17605,6,'2025-10-14 06:24:35'),
(3607,17607,6,'2025-10-14 06:31:44'),
(3608,4112,6,'2025-10-16 12:01:08'),
(3609,1762,6,'2025-10-16 12:09:43'),
(3610,1781,6,'2025-10-16 12:10:40'),
(3611,1779,6,'2025-10-16 12:14:27'),
(3612,1779,6,'2025-10-16 12:15:21'),
(3613,1755,6,'2025-10-16 12:15:46'),
(3614,1790,6,'2025-10-16 12:16:12'),
(3615,1828,6,'2025-10-16 12:18:05'),
(3616,1767,6,'2025-10-16 12:18:40'),
(3617,1767,6,'2025-10-16 12:27:32'),
(3618,1766,6,'2025-10-16 12:28:42'),
(3619,1766,6,'2025-10-16 12:29:56'),
(3620,1765,6,'2025-10-16 12:30:26'),
(3621,1764,6,'2025-10-16 12:30:50'),
(3622,1820,6,'2025-10-16 12:31:49'),
(3623,1818,6,'2025-10-16 12:32:25'),
(3624,1758,6,'2025-10-16 12:32:36'),
(3625,3509,6,'2025-10-16 12:32:52'),
(3626,3509,6,'2025-10-16 12:38:18'),
(3627,1807,6,'2025-10-16 12:39:01'),
(3628,1773,6,'2025-10-16 12:39:16'),
(3629,1815,6,'2025-10-16 12:39:40'),
(3630,1829,6,'2025-10-16 12:39:57'),
(3631,1771,6,'2025-10-16 12:41:03'),
(3632,1800,6,'2025-10-16 12:41:19'),
(3633,1830,6,'2025-10-16 12:41:33'),
(3634,1783,6,'2025-10-16 12:41:49'),
(3635,1757,6,'2025-10-16 12:42:31'),
(3636,1775,6,'2025-10-16 12:42:47'),
(3637,1811,6,'2025-10-16 12:43:26'),
(3638,1795,6,'2025-10-16 12:43:46'),
(3639,1796,6,'2025-10-16 12:44:08'),
(3640,1797,6,'2025-10-16 12:44:31'),
(3641,1754,6,'2025-10-16 12:44:46'),
(3642,1791,6,'2025-10-16 12:45:01'),
(3643,1794,6,'2025-10-16 12:45:22'),
(3644,1809,6,'2025-10-16 12:45:33'),
(3645,1760,6,'2025-10-16 12:45:46'),
(3646,1802,6,'2025-10-16 12:46:22'),
(3647,1784,6,'2025-10-16 12:46:37'),
(3648,4938,6,'2025-10-16 12:47:13'),
(3649,1793,6,'2025-10-16 12:48:36'),
(3650,1774,6,'2025-10-16 12:48:51'),
(3651,16840,6,'2025-10-16 12:49:22'),
(3652,5524,6,'2025-10-16 12:49:46'),
(3653,16550,6,'2025-10-16 12:50:18'),
(3654,1782,6,'2025-10-16 12:50:31'),
(3655,1770,6,'2025-10-16 12:50:42'),
(3656,11949,6,'2025-10-16 12:51:01'),
(3657,17610,6,'2025-10-20 07:40:43'),
(3658,17610,6,'2025-10-20 07:48:09'),
(3659,17613,6,'2025-10-20 08:01:43'),
(3660,1769,6,'2025-10-20 09:54:25'),
(3661,4938,6,'2025-10-20 09:54:25'),
(3662,4112,6,'2025-10-20 09:54:25'),
(3663,1784,6,'2025-10-20 09:54:25'),
(3664,5524,6,'2025-10-20 09:54:25'),
(3665,1802,6,'2025-10-20 09:54:25'),
(3666,1762,6,'2025-10-20 09:54:25'),
(3667,1781,6,'2025-10-20 09:54:25'),
(3668,1779,6,'2025-10-20 09:54:25'),
(3669,1817,6,'2025-10-20 09:54:25'),
(3670,3296,6,'2025-10-20 09:54:25'),
(3671,11949,6,'2025-10-20 09:54:25'),
(3672,1793,6,'2025-10-20 09:54:25'),
(3673,1790,6,'2025-10-20 09:54:25'),
(3674,1767,6,'2025-10-20 09:54:25'),
(3675,1766,6,'2025-10-20 09:54:25'),
(3676,1765,6,'2025-10-20 09:54:25'),
(3677,1764,6,'2025-10-20 09:54:25'),
(3678,1820,6,'2025-10-20 09:54:25'),
(3679,1818,6,'2025-10-20 09:54:25'),
(3680,1758,6,'2025-10-20 09:54:25'),
(3681,3509,6,'2025-10-20 09:54:25'),
(3682,1773,6,'2025-10-20 09:54:25'),
(3683,1815,6,'2025-10-20 09:54:25'),
(3684,1829,6,'2025-10-20 09:54:25'),
(3685,1830,6,'2025-10-20 09:54:25'),
(3686,1783,6,'2025-10-20 09:54:25'),
(3687,1775,6,'2025-10-20 09:54:25'),
(3688,1782,6,'2025-10-20 09:54:25'),
(3689,1811,6,'2025-10-20 09:54:25'),
(3690,1795,6,'2025-10-20 09:54:25'),
(3691,1796,6,'2025-10-20 09:54:25'),
(3692,1797,6,'2025-10-20 09:54:26'),
(3693,1754,6,'2025-10-20 09:54:26'),
(3694,1791,6,'2025-10-20 09:54:26'),
(3695,1809,6,'2025-10-20 09:54:26'),
(3696,16840,6,'2025-10-20 09:54:26'),
(3697,1755,6,'2025-10-20 09:54:26'),
(3698,1774,6,'2025-10-20 09:54:26'),
(3699,1800,6,'2025-10-20 09:54:26'),
(3700,1760,6,'2025-10-20 09:54:26'),
(3701,1771,6,'2025-10-20 09:54:26'),
(3702,1828,6,'2025-10-20 09:54:26'),
(3703,1807,6,'2025-10-20 09:54:26'),
(3704,1770,6,'2025-10-20 09:54:26'),
(3705,1794,6,'2025-10-20 09:54:26'),
(3706,1757,6,'2025-10-20 09:54:26'),
(3707,16550,6,'2025-10-20 09:54:26'),
(3708,9455,6,'2025-10-21 08:59:33'),
(3709,9455,6,'2025-10-21 09:03:57'),
(3710,26323,6,'2025-10-29 14:06:06'),
(3711,26325,6,'2025-10-29 14:12:46'),
(3712,26328,6,'2025-10-29 14:20:23'),
(3713,26337,6,'2025-10-29 15:18:13'),
(3714,26328,6,'2025-10-30 07:04:37'),
(3715,26342,6,'2025-10-30 07:05:52'),
(3716,26347,6,'2025-10-30 07:10:01'),
(3717,26351,6,'2025-10-30 07:12:02'),
(3718,9740,6,'2025-10-30 07:34:45'),
(3719,4267,7,'2025-10-30 08:12:39'),
(3720,3830,8,'2025-10-30 08:13:23'),
(3721,8607,1,'2025-10-30 08:13:59'),
(3722,4263,6,'2025-10-30 08:48:34'),
(3723,8794,6,'2025-10-31 06:51:45'),
(3724,8794,6,'2025-10-31 06:54:06'),
(3725,1769,6,'2025-10-31 10:26:26'),
(3726,4938,6,'2025-10-31 10:26:37'),
(3727,5524,6,'2025-10-31 10:26:52'),
(3728,4112,6,'2025-10-31 10:27:04'),
(3729,1784,6,'2025-10-31 10:27:17'),
(3730,26364,6,'2025-11-03 10:22:07'),
(3731,26366,6,'2025-11-03 10:30:24'),
(3732,26364,6,'2025-11-03 10:34:43'),
(3733,26368,6,'2025-11-03 10:43:13'),
(3734,26371,6,'2025-11-03 10:46:26'),
(3735,26371,6,'2025-11-03 10:47:21'),
(3736,26364,6,'2025-11-03 10:49:41'),
(3737,26328,6,'2025-11-03 11:11:32'),
(3738,26328,6,'2025-11-03 11:12:31'),
(3739,4267,9,'2025-11-03 12:06:39'),
(3740,4263,8,'2025-11-03 12:07:20'),
(3741,3754,6,'2025-11-05 08:48:00'),
(3742,159,10,'2025-11-05 08:49:25'),
(3743,159,6,'2025-11-05 08:49:45'),
(3744,159,10,'2025-11-05 09:06:04'),
(3745,596,10,'2025-11-05 09:06:25'),
(3746,3039,10,'2025-11-05 09:19:21'),
(3747,3021,10,'2025-11-05 09:19:21'),
(3748,568,10,'2025-11-05 09:19:21'),
(3749,2746,10,'2025-11-05 09:19:21'),
(3750,2799,10,'2025-11-05 09:19:21'),
(3751,3726,10,'2025-11-05 09:19:21'),
(3752,564,10,'2025-11-05 09:19:21'),
(3753,3754,10,'2025-11-05 09:19:21'),
(3754,552,10,'2025-11-05 09:19:21'),
(3755,570,10,'2025-11-05 09:19:21'),
(3756,3752,10,'2025-11-05 09:19:21'),
(3757,563,10,'2025-11-05 09:19:21'),
(3758,3750,10,'2025-11-05 09:19:21'),
(3759,3762,10,'2025-11-05 09:19:21'),
(3760,567,10,'2025-11-05 09:19:21'),
(3761,3730,10,'2025-11-05 09:19:21'),
(3762,3722,10,'2025-11-05 09:19:21'),
(3763,3748,10,'2025-11-05 09:19:21'),
(3764,560,10,'2025-11-05 09:19:21'),
(3765,553,10,'2025-11-05 09:19:21'),
(3766,3734,10,'2025-11-05 09:19:21'),
(3767,3053,10,'2025-11-05 09:19:21'),
(3768,3714,10,'2025-11-05 09:19:21'),
(3769,3720,10,'2025-11-05 09:19:21'),
(3770,554,10,'2025-11-05 09:19:21'),
(3771,3746,10,'2025-11-05 09:19:21'),
(3772,561,10,'2025-11-05 09:19:21'),
(3773,3710,10,'2025-11-05 09:19:22'),
(3774,1736,10,'2025-11-05 09:19:22'),
(3775,3744,10,'2025-11-05 09:19:22'),
(3776,550,10,'2025-11-05 09:19:22'),
(3777,3742,10,'2025-11-05 09:19:22'),
(3778,558,10,'2025-11-05 09:19:22'),
(3779,3728,10,'2025-11-05 09:19:22'),
(3780,3718,10,'2025-11-05 09:19:22'),
(3781,569,10,'2025-11-05 09:19:22'),
(3782,3712,10,'2025-11-05 09:19:22'),
(3783,3756,10,'2025-11-05 09:19:22'),
(3784,3732,10,'2025-11-05 09:19:22'),
(3785,3724,10,'2025-11-05 09:19:22'),
(3786,3706,10,'2025-11-05 09:19:22'),
(3787,549,10,'2025-11-05 09:19:22'),
(3788,565,10,'2025-11-05 09:19:22'),
(3789,3704,10,'2025-11-05 09:19:22'),
(3790,562,10,'2025-11-05 09:19:22'),
(3791,3764,10,'2025-11-05 09:19:22'),
(3792,3760,10,'2025-11-05 09:19:22'),
(3793,3768,10,'2025-11-05 09:19:22'),
(3794,566,10,'2025-11-05 09:19:22'),
(3795,3740,10,'2025-11-05 09:19:22'),
(3796,556,10,'2025-11-05 09:19:22'),
(3797,3738,10,'2025-11-05 09:19:22'),
(3798,3023,10,'2025-11-05 09:19:22'),
(3799,3736,10,'2025-11-05 09:19:22'),
(3800,3766,10,'2025-11-05 09:19:22'),
(3801,557,10,'2025-11-05 09:19:22'),
(3802,3716,10,'2025-11-05 09:19:22'),
(3803,551,10,'2025-11-05 09:19:22'),
(3804,555,10,'2025-11-05 09:19:22'),
(3805,3758,10,'2025-11-05 09:19:22'),
(3806,3708,10,'2025-11-05 09:19:22'),
(3807,3764,6,'2025-11-05 09:21:18'),
(3808,3764,6,'2025-11-05 09:21:32'),
(3809,3732,6,'2025-11-05 09:22:39'),
(3810,3714,6,'2025-11-05 09:23:32'),
(3811,3714,6,'2025-11-05 09:23:51'),
(3812,3768,6,'2025-11-05 09:24:36'),
(3813,3720,6,'2025-11-05 09:25:33'),
(3814,3712,6,'2025-11-05 09:26:25'),
(3815,3754,6,'2025-11-05 09:26:59'),
(3816,3738,6,'2025-11-05 09:27:50'),
(3817,3734,6,'2025-11-05 09:28:45'),
(3818,3730,6,'2025-11-05 09:29:50'),
(3819,3756,6,'2025-11-05 09:31:07'),
(3820,3756,6,'2025-11-05 09:31:19'),
(3821,3762,6,'2025-11-05 09:31:49'),
(3822,3706,6,'2025-11-05 09:32:24'),
(3823,3722,6,'2025-11-05 09:33:15'),
(3824,3760,6,'2025-11-05 09:34:26'),
(3825,3724,6,'2025-11-05 09:35:17'),
(3826,3716,6,'2025-11-05 09:36:09'),
(3827,3750,6,'2025-11-05 09:36:47'),
(3828,26377,6,'2025-11-05 09:40:22'),
(3829,26379,6,'2025-11-05 09:41:20'),
(3830,109,10,'2025-11-05 09:42:44'),
(3831,26381,6,'2025-11-05 09:43:29'),
(3832,26383,6,'2025-11-05 09:44:34'),
(3833,26385,6,'2025-11-05 09:45:27'),
(3834,26387,6,'2025-11-05 09:46:20'),
(3835,26389,6,'2025-11-05 09:47:16'),
(3836,26391,6,'2025-11-05 09:48:15'),
(3837,26393,6,'2025-11-05 09:49:06'),
(3838,26395,6,'2025-11-05 09:49:58'),
(3839,26397,6,'2025-11-05 09:54:29'),
(3840,26399,6,'2025-11-05 09:55:23'),
(3841,26401,6,'2025-11-05 09:56:05'),
(3842,26403,6,'2025-11-05 09:57:06'),
(3843,26405,6,'2025-11-05 09:57:50'),
(3844,26426,6,'2025-11-06 10:52:02'),
(3845,23379,10,'2025-11-06 12:51:14'),
(3846,25379,10,'2025-11-06 12:51:14'),
(3847,26254,10,'2025-11-06 12:51:14'),
(3848,23346,10,'2025-11-06 12:51:14'),
(3849,23830,10,'2025-11-06 12:51:14'),
(3850,25373,10,'2025-11-06 12:51:14'),
(3851,26037,10,'2025-11-06 12:51:14'),
(3852,26171,10,'2025-11-06 12:51:14'),
(3853,25364,10,'2025-11-06 12:51:14'),
(3854,23565,10,'2025-11-06 12:51:14'),
(3855,25677,10,'2025-11-06 12:51:14'),
(3856,23331,10,'2025-11-06 12:51:14'),
(3857,23776,10,'2025-11-06 12:51:14'),
(3858,25240,10,'2025-11-06 12:51:14'),
(3859,25242,10,'2025-11-06 12:51:14'),
(3860,25244,10,'2025-11-06 12:51:14'),
(3861,25246,10,'2025-11-06 12:51:14'),
(3862,25248,10,'2025-11-06 12:51:14'),
(3863,25326,10,'2025-11-06 12:51:14'),
(3864,25328,10,'2025-11-06 12:51:14'),
(3865,24737,10,'2025-11-06 12:51:14'),
(3866,24741,10,'2025-11-06 12:51:14'),
(3867,26206,10,'2025-11-06 12:51:14'),
(3868,26276,10,'2025-11-06 12:51:14'),
(3869,25942,10,'2025-11-06 12:51:14'),
(3870,23419,10,'2025-11-06 12:51:14'),
(3871,24034,10,'2025-11-06 12:51:14'),
(3872,24773,10,'2025-11-06 12:51:14'),
(3873,25914,10,'2025-11-06 12:51:14'),
(3874,24893,10,'2025-11-06 12:51:14'),
(3875,24243,10,'2025-11-06 12:51:14'),
(3876,24594,10,'2025-11-06 12:51:14'),
(3877,24877,10,'2025-11-06 12:51:14'),
(3878,25692,10,'2025-11-06 12:51:14'),
(3879,23421,10,'2025-11-06 12:51:14'),
(3880,23446,10,'2025-11-06 12:51:14'),
(3881,24145,10,'2025-11-06 12:51:14'),
(3882,24233,10,'2025-11-06 12:51:14'),
(3883,24571,10,'2025-11-06 12:51:14'),
(3884,24596,10,'2025-11-06 12:51:14'),
(3885,25385,10,'2025-11-06 12:51:14'),
(3886,23059,10,'2025-11-06 12:51:14'),
(3887,26091,10,'2025-11-06 12:51:14'),
(3888,23973,10,'2025-11-06 12:51:14'),
(3889,24642,10,'2025-11-06 12:51:14'),
(3890,23329,10,'2025-11-06 12:51:14'),
(3891,23495,10,'2025-11-06 12:51:14'),
(3892,25009,10,'2025-11-06 12:51:14'),
(3893,25360,10,'2025-11-06 12:51:14'),
(3894,24007,10,'2025-11-06 12:51:14'),
(3895,25098,10,'2025-11-06 12:51:14'),
(3896,23788,10,'2025-11-06 12:51:14'),
(3897,25260,10,'2025-11-06 12:51:14'),
(3898,25350,10,'2025-11-06 12:51:14'),
(3899,23612,10,'2025-11-06 12:51:14'),
(3900,4370,10,'2025-11-06 12:51:14'),
(3901,23081,10,'2025-11-06 12:51:14'),
(3902,23534,10,'2025-11-06 12:51:14'),
(3903,25956,10,'2025-11-06 12:51:14'),
(3904,24546,10,'2025-11-06 12:51:14'),
(3905,24186,10,'2025-11-06 12:51:14'),
(3906,23096,10,'2025-11-06 12:51:14'),
(3907,23584,10,'2025-11-06 12:51:14'),
(3908,23102,10,'2025-11-06 12:51:15'),
(3909,25159,10,'2025-11-06 12:51:15'),
(3910,23835,10,'2025-11-06 12:51:15'),
(3911,26216,10,'2025-11-06 12:51:15'),
(3912,23566,10,'2025-11-06 12:51:15'),
(3913,23728,10,'2025-11-06 12:51:15'),
(3914,24511,10,'2025-11-06 12:51:15'),
(3915,25003,10,'2025-11-06 12:51:15'),
(3916,25254,10,'2025-11-06 12:51:15'),
(3917,23289,10,'2025-11-06 12:51:15'),
(3918,24111,10,'2025-11-06 12:51:15'),
(3919,23299,10,'2025-11-06 12:51:15'),
(3920,23448,10,'2025-11-06 12:51:15'),
(3921,23837,10,'2025-11-06 12:51:15'),
(3922,25756,10,'2025-11-06 12:51:15'),
(3923,26230,10,'2025-11-06 12:51:15'),
(3924,24013,10,'2025-11-06 12:51:15'),
(3925,24917,10,'2025-11-06 12:51:15'),
(3926,25383,10,'2025-11-06 12:51:15'),
(3927,23464,10,'2025-11-06 12:51:15'),
(3928,24749,10,'2025-11-06 12:51:15'),
(3929,26186,10,'2025-11-06 12:51:15'),
(3930,23370,10,'2025-11-06 12:51:15'),
(3931,24809,10,'2025-11-06 12:51:15'),
(3932,26133,10,'2025-11-06 12:51:15'),
(3933,23423,10,'2025-11-06 12:51:15'),
(3934,23624,10,'2025-11-06 12:51:15'),
(3935,25461,10,'2025-11-06 12:51:15'),
(3936,25514,10,'2025-11-06 12:51:15'),
(3937,24825,10,'2025-11-06 12:51:15'),
(3938,25583,10,'2025-11-06 12:51:15'),
(3939,26157,10,'2025-11-06 12:51:15'),
(3940,26149,10,'2025-11-06 12:51:15'),
(3941,23924,10,'2025-11-06 12:51:15'),
(3942,23839,10,'2025-11-06 12:51:15'),
(3943,23887,10,'2025-11-06 12:51:15'),
(3944,24293,10,'2025-11-06 12:51:15'),
(3945,25877,10,'2025-11-06 12:51:15'),
(3946,25815,10,'2025-11-06 12:51:15'),
(3947,26040,10,'2025-11-06 12:51:15'),
(3948,26092,10,'2025-11-06 12:51:15'),
(3949,2667,10,'2025-11-06 12:51:15'),
(3950,25338,10,'2025-11-06 12:51:15'),
(3951,26123,10,'2025-11-06 12:51:15'),
(3952,25440,10,'2025-11-06 12:51:15'),
(3953,23670,10,'2025-11-06 12:51:15'),
(3954,26083,10,'2025-11-06 12:51:15'),
(3955,26087,10,'2025-11-06 12:51:15'),
(3956,25457,10,'2025-11-06 12:51:15'),
(3957,25575,10,'2025-11-06 12:51:15'),
(3958,26268,10,'2025-11-06 12:51:15'),
(3959,24291,10,'2025-11-06 12:51:15'),
(3960,24899,10,'2025-11-06 12:51:15'),
(3961,25427,10,'2025-11-06 12:51:15'),
(3962,25507,10,'2025-11-06 12:51:15'),
(3963,23967,10,'2025-11-06 12:51:15'),
(3964,24931,10,'2025-11-06 12:51:15'),
(3965,26105,10,'2025-11-06 12:51:15'),
(3966,24797,10,'2025-11-06 12:51:15'),
(3967,24763,10,'2025-11-06 12:51:15'),
(3968,24306,10,'2025-11-06 12:51:15'),
(3969,24117,10,'2025-11-06 12:51:15'),
(3970,25358,10,'2025-11-06 12:51:15'),
(3971,25164,10,'2025-11-06 12:51:15'),
(3972,24577,10,'2025-11-06 12:51:15'),
(3973,23442,10,'2025-11-06 12:51:15'),
(3974,23698,10,'2025-11-06 12:51:15'),
(3975,23794,10,'2025-11-06 12:51:15'),
(3976,24743,10,'2025-11-06 12:51:15'),
(3977,26208,10,'2025-11-06 12:51:15'),
(3978,24629,10,'2025-11-06 12:51:15'),
(3979,24986,10,'2025-11-06 12:51:15'),
(3980,23606,10,'2025-11-06 12:51:15'),
(3981,24943,10,'2025-11-06 12:51:15'),
(3982,25034,10,'2025-11-06 12:51:15'),
(3983,23392,10,'2025-11-06 12:51:15'),
(3984,23596,10,'2025-11-06 12:51:15'),
(3985,25487,10,'2025-11-06 12:51:15'),
(3986,26107,10,'2025-11-06 12:51:15'),
(3987,24984,10,'2025-11-06 12:51:15'),
(3988,24071,10,'2025-11-06 12:51:15'),
(3989,25346,10,'2025-11-06 12:51:15'),
(3990,23726,10,'2025-11-06 12:51:15'),
(3991,24178,10,'2025-11-06 12:51:15'),
(3992,24507,10,'2025-11-06 12:51:15'),
(3993,24305,10,'2025-11-06 12:51:15'),
(3994,25181,10,'2025-11-06 12:51:15'),
(3995,23965,10,'2025-11-06 12:51:15'),
(3996,25501,10,'2025-11-06 12:51:15'),
(3997,8674,10,'2025-11-06 12:51:15'),
(3998,24371,10,'2025-11-06 12:51:15'),
(3999,26030,10,'2025-11-06 12:51:15'),
(4000,24081,10,'2025-11-06 12:51:16'),
(4001,24583,10,'2025-11-06 12:51:16'),
(4002,25310,10,'2025-11-06 12:51:16'),
(4003,25282,10,'2025-11-06 12:51:16'),
(4004,25374,10,'2025-11-06 12:51:16'),
(4005,23313,10,'2025-11-06 12:51:16'),
(4006,24793,10,'2025-11-06 12:51:16'),
(4007,25700,10,'2025-11-06 12:51:16'),
(4008,25869,10,'2025-11-06 12:51:16'),
(4009,23582,10,'2025-11-06 12:51:16'),
(4010,23411,10,'2025-11-06 12:51:16'),
(4011,23972,10,'2025-11-06 12:51:16'),
(4012,24329,10,'2025-11-06 12:51:16'),
(4013,24339,10,'2025-11-06 12:51:16'),
(4014,23632,10,'2025-11-06 12:51:16'),
(4015,25799,10,'2025-11-06 12:51:16'),
(4016,26180,10,'2025-11-06 12:51:16'),
(4017,23676,10,'2025-11-06 12:51:16'),
(4018,25748,10,'2025-11-06 12:51:16'),
(4019,23374,10,'2025-11-06 12:51:16'),
(4020,25312,10,'2025-11-06 12:51:16'),
(4021,24447,10,'2025-11-06 12:51:16'),
(4022,25103,10,'2025-11-06 12:51:16'),
(4023,25393,10,'2025-11-06 12:51:16'),
(4024,25362,10,'2025-11-06 12:51:16'),
(4025,25466,10,'2025-11-06 12:51:16'),
(4026,24180,10,'2025-11-06 12:51:16'),
(4027,24184,10,'2025-11-06 12:51:16'),
(4028,24895,10,'2025-11-06 12:51:16'),
(4029,25672,10,'2025-11-06 12:51:16'),
(4030,25789,10,'2025-11-06 12:51:16'),
(4031,25456,10,'2025-11-06 12:51:16'),
(4032,25389,10,'2025-11-06 12:51:16'),
(4033,25094,10,'2025-11-06 12:51:16'),
(4034,26135,10,'2025-11-06 12:51:16'),
(4035,24963,10,'2025-11-06 12:51:16'),
(4036,23993,10,'2025-11-06 12:51:16'),
(4037,24936,10,'2025-11-06 12:51:16'),
(4038,26190,10,'2025-11-06 12:51:16'),
(4039,25609,10,'2025-11-06 12:51:16'),
(4040,25139,10,'2025-11-06 12:51:16'),
(4041,25569,10,'2025-11-06 12:51:16'),
(4042,23394,10,'2025-11-06 12:51:16'),
(4043,23429,10,'2025-11-06 12:51:16'),
(4044,25063,10,'2025-11-06 12:51:16'),
(4045,24119,10,'2025-11-06 12:51:16'),
(4046,23568,10,'2025-11-06 12:51:16'),
(4047,522,10,'2025-11-06 12:51:16'),
(4048,24285,10,'2025-11-06 12:51:16'),
(4049,24048,10,'2025-11-06 12:51:16'),
(4050,24299,10,'2025-11-06 12:51:16'),
(4051,23999,10,'2025-11-06 12:51:16'),
(4052,24456,10,'2025-11-06 12:51:16'),
(4053,26214,10,'2025-11-06 12:51:16'),
(4054,25036,10,'2025-11-06 12:51:16'),
(4055,23945,10,'2025-11-06 12:51:16'),
(4056,24079,10,'2025-11-06 12:51:16'),
(4057,23287,10,'2025-11-06 12:51:16'),
(4058,23300,10,'2025-11-06 12:51:16'),
(4059,23511,10,'2025-11-06 12:51:16'),
(4060,2785,10,'2025-11-06 12:51:16'),
(4061,25993,10,'2025-11-06 12:51:16'),
(4062,26,10,'2025-11-06 12:51:16'),
(4063,24817,10,'2025-11-06 12:51:16'),
(4064,25468,10,'2025-11-06 12:51:16'),
(4065,24123,10,'2025-11-06 12:51:16'),
(4066,24129,10,'2025-11-06 12:51:16'),
(4067,23416,10,'2025-11-06 12:51:16'),
(4068,24965,10,'2025-11-06 12:51:16'),
(4069,23480,10,'2025-11-06 12:51:16'),
(4070,25916,10,'2025-11-06 12:51:16'),
(4071,24531,10,'2025-11-06 12:51:16'),
(4072,25125,10,'2025-11-06 12:51:16'),
(4073,25742,10,'2025-11-06 12:51:16'),
(4074,23570,10,'2025-11-06 12:51:16'),
(4075,23991,10,'2025-11-06 12:51:16'),
(4076,25135,10,'2025-11-06 12:51:16'),
(4077,24023,10,'2025-11-06 12:51:16'),
(4078,23522,10,'2025-11-06 12:51:16'),
(4079,25162,10,'2025-11-06 12:51:16'),
(4080,25262,10,'2025-11-06 12:51:16'),
(4081,23377,10,'2025-11-06 12:51:16'),
(4082,24431,10,'2025-11-06 12:51:16'),
(4083,23855,10,'2025-11-06 12:51:16'),
(4084,24704,10,'2025-11-06 12:51:16'),
(4085,23984,10,'2025-11-06 12:51:16'),
(4086,23668,10,'2025-11-06 12:51:16'),
(4087,25113,10,'2025-11-06 12:51:17'),
(4088,23926,10,'2025-11-06 12:51:17'),
(4089,23990,10,'2025-11-06 12:51:17'),
(4090,26028,10,'2025-11-06 12:51:17'),
(4091,26065,10,'2025-11-06 12:51:17'),
(4092,24607,10,'2025-11-06 12:51:17'),
(4093,23588,10,'2025-11-06 12:51:17'),
(4094,25220,10,'2025-11-06 12:51:17'),
(4095,24403,10,'2025-11-06 12:51:17'),
(4096,24379,10,'2025-11-06 12:51:17'),
(4097,25228,10,'2025-11-06 12:51:17'),
(4098,23309,10,'2025-11-06 12:51:17'),
(4099,25197,10,'2025-11-06 12:51:17'),
(4100,25931,10,'2025-11-06 12:51:17'),
(4101,25280,10,'2025-11-06 12:51:17'),
(4102,25781,10,'2025-11-06 12:51:17'),
(4103,24951,10,'2025-11-06 12:51:17'),
(4104,26048,10,'2025-11-06 12:51:17'),
(4105,25222,10,'2025-11-06 12:51:17'),
(4106,25375,10,'2025-11-06 12:51:17'),
(4107,25377,10,'2025-11-06 12:51:17'),
(4108,24903,10,'2025-11-06 12:51:17'),
(4109,23900,10,'2025-11-06 12:51:17'),
(4110,25750,10,'2025-11-06 12:51:17'),
(4111,26050,10,'2025-11-06 12:51:17'),
(4112,24155,10,'2025-11-06 12:51:17'),
(4113,25716,10,'2025-11-06 12:51:17'),
(4114,25831,10,'2025-11-06 12:51:17'),
(4115,23604,10,'2025-11-06 12:51:17'),
(4116,25268,10,'2025-11-06 12:51:17'),
(4117,24552,10,'2025-11-06 12:51:17'),
(4118,23702,10,'2025-11-06 12:51:17'),
(4119,23851,10,'2025-11-06 12:51:17'),
(4120,24863,10,'2025-11-06 12:51:17'),
(4121,25727,10,'2025-11-06 12:51:17'),
(4122,24222,10,'2025-11-06 12:51:17'),
(4123,23432,10,'2025-11-06 12:51:17'),
(4124,23922,10,'2025-11-06 12:51:17'),
(4125,26074,10,'2025-11-06 12:51:17'),
(4126,23804,10,'2025-11-06 12:51:17'),
(4127,24149,10,'2025-11-06 12:51:17'),
(4128,25845,10,'2025-11-06 12:51:17'),
(4129,24853,10,'2025-11-06 12:51:17'),
(4130,26051,10,'2025-11-06 12:51:17'),
(4131,9740,6,'2025-11-06 12:56:50'),
(4132,2900,6,'2025-11-06 12:57:13'),
(4133,26428,6,'2025-11-06 13:04:47'),
(4134,26328,10,'2025-11-06 13:24:31'),
(4135,6383,10,'2025-11-06 13:24:31'),
(4136,4903,10,'2025-11-06 13:24:31'),
(4137,4608,10,'2025-11-06 13:24:31'),
(4138,5034,10,'2025-11-06 13:24:31'),
(4139,4706,10,'2025-11-06 13:24:31'),
(4140,1751,10,'2025-11-06 13:24:31'),
(4141,4904,10,'2025-11-06 13:24:31'),
(4142,4522,10,'2025-11-06 13:24:31'),
(4143,4709,10,'2025-11-06 13:24:31'),
(4144,4767,10,'2025-11-06 13:24:31'),
(4145,5676,10,'2025-11-06 13:24:31'),
(4146,4523,10,'2025-11-06 13:24:31'),
(4147,6516,10,'2025-11-06 13:24:31'),
(4148,6423,10,'2025-11-06 13:24:31'),
(4149,4526,10,'2025-11-06 13:24:31'),
(4150,5237,10,'2025-11-06 13:24:31'),
(4151,5351,10,'2025-11-06 13:24:31'),
(4152,5412,10,'2025-11-06 13:24:31'),
(4153,6035,10,'2025-11-06 13:24:31'),
(4154,4525,10,'2025-11-06 13:24:31'),
(4155,4524,10,'2025-11-06 13:24:31'),
(4156,1746,10,'2025-11-06 13:24:31'),
(4157,5660,10,'2025-11-06 13:24:31'),
(4158,6055,10,'2025-11-06 13:24:31'),
(4159,4932,10,'2025-11-06 13:24:31'),
(4160,4923,10,'2025-11-06 13:24:31'),
(4161,5051,10,'2025-11-06 13:24:31'),
(4162,4620,10,'2025-11-06 13:24:31'),
(4163,4600,10,'2025-11-06 13:24:31'),
(4164,6425,10,'2025-11-06 13:24:31'),
(4165,5311,10,'2025-11-06 13:24:31'),
(4166,5240,10,'2025-11-06 13:24:31'),
(4167,5354,10,'2025-11-06 13:24:31'),
(4168,5916,10,'2025-11-06 13:24:31'),
(4169,4769,10,'2025-11-06 13:24:31'),
(4170,1745,10,'2025-11-06 13:24:31'),
(4171,5695,10,'2025-11-06 13:24:31'),
(4172,5486,10,'2025-11-06 13:24:31'),
(4173,5459,10,'2025-11-06 13:24:31'),
(4174,5449,10,'2025-11-06 13:24:31'),
(4175,1744,10,'2025-11-06 13:24:31'),
(4176,5389,10,'2025-11-06 13:24:31'),
(4177,4927,10,'2025-11-06 13:24:31'),
(4178,4610,10,'2025-11-06 13:24:31'),
(4179,4606,10,'2025-11-06 13:24:31'),
(4180,5479,10,'2025-11-06 13:24:31'),
(4181,4988,10,'2025-11-06 13:24:31'),
(4182,5223,10,'2025-11-06 13:24:31'),
(4183,5258,10,'2025-11-06 13:24:31'),
(4184,4616,10,'2025-11-06 13:24:32'),
(4185,1747,10,'2025-11-06 13:24:32'),
(4186,1748,10,'2025-11-06 13:24:32'),
(4187,1749,10,'2025-11-06 13:24:32'),
(4188,5319,10,'2025-11-06 13:24:32'),
(4189,4795,10,'2025-11-06 13:24:32'),
(4190,5325,10,'2025-11-06 13:24:32'),
(4191,5539,10,'2025-11-06 13:24:32'),
(4192,5277,10,'2025-11-06 13:24:32'),
(4193,5724,10,'2025-11-06 13:24:32'),
(4194,1743,10,'2025-11-06 13:24:32'),
(4195,5341,10,'2025-11-06 13:24:32'),
(4196,1742,10,'2025-11-06 13:24:32'),
(4197,5156,10,'2025-11-06 13:24:32'),
(4198,4712,10,'2025-11-06 13:24:32'),
(4199,5019,10,'2025-11-06 13:24:32'),
(4200,4535,10,'2025-11-06 13:24:32'),
(4201,6367,10,'2025-11-06 13:24:32'),
(4202,4773,10,'2025-11-06 13:24:32'),
(4203,1740,10,'2025-11-06 13:24:32'),
(4204,5071,10,'2025-11-06 13:24:32'),
(4205,4624,10,'2025-11-06 13:24:32'),
(4206,5432,10,'2025-11-06 13:24:32'),
(4207,4955,10,'2025-11-06 13:24:32'),
(4208,5648,10,'2025-11-06 13:24:32'),
(4209,4913,10,'2025-11-06 13:24:32'),
(4210,4536,10,'2025-11-06 13:24:32'),
(4211,5211,10,'2025-11-06 13:24:32'),
(4212,5426,10,'2025-11-06 13:24:32'),
(4213,4717,10,'2025-11-06 13:24:32'),
(4214,4776,10,'2025-11-06 13:24:32'),
(4215,5589,10,'2025-11-06 13:24:32'),
(4216,1739,10,'2025-11-06 13:24:32'),
(4217,5088,10,'2025-11-06 13:24:32'),
(4218,4618,10,'2025-11-06 13:24:32'),
(4219,5562,10,'2025-11-06 13:24:32'),
(4220,6846,10,'2025-11-06 13:24:32'),
(4221,4826,10,'2025-11-06 13:24:32'),
(4222,4829,10,'2025-11-06 13:24:32'),
(4223,4883,10,'2025-11-06 13:24:32'),
(4224,4822,10,'2025-11-06 13:24:32'),
(4225,5172,10,'2025-11-06 13:24:32'),
(4226,5198,10,'2025-11-06 13:24:32'),
(4227,5142,10,'2025-11-06 13:24:32'),
(4228,6231,10,'2025-11-06 13:24:32'),
(4229,5569,10,'2025-11-06 13:24:32'),
(4230,5080,10,'2025-11-06 13:24:32'),
(4231,6415,10,'2025-11-06 13:24:32'),
(4232,6369,10,'2025-11-06 13:24:32'),
(4233,5382,10,'2025-11-06 13:24:32'),
(4234,5186,10,'2025-11-06 13:24:32'),
(4235,5268,10,'2025-11-06 13:24:32'),
(4236,4714,10,'2025-11-06 13:24:32'),
(4237,5596,10,'2025-11-06 13:24:32'),
(4238,1738,10,'2025-11-06 13:24:32'),
(4239,5491,10,'2025-11-06 13:24:32'),
(4240,4973,10,'2025-11-06 13:24:32'),
(4241,5092,10,'2025-11-06 13:24:32'),
(4242,4477,10,'2025-11-06 13:24:32'),
(4243,4475,10,'2025-11-06 13:24:32'),
(4244,4476,10,'2025-11-06 13:24:32'),
(4245,4612,10,'2025-11-06 13:24:32'),
(4246,4614,10,'2025-11-06 13:24:32'),
(4247,5127,10,'2025-11-06 13:24:32'),
(4248,4603,10,'2025-11-06 13:24:32'),
(4249,5106,10,'2025-11-06 13:24:32'),
(4250,4626,10,'2025-11-06 13:24:32'),
(4251,4810,10,'2025-11-06 13:24:32'),
(4252,6134,10,'2025-11-06 13:24:32'),
(4253,6798,10,'2025-11-06 13:24:32'),
(4254,4628,10,'2025-11-06 13:24:32'),
(4255,4622,10,'2025-11-06 13:24:32'),
(4256,5066,10,'2025-11-06 13:24:32'),
(4257,5304,10,'2025-11-06 13:24:32'),
(4258,4999,10,'2025-11-06 13:24:32'),
(4259,5025,10,'2025-11-06 13:24:32'),
(4260,5148,10,'2025-11-06 13:24:32'),
(4261,1750,10,'2025-11-06 13:24:32'),
(4262,6125,10,'2025-11-06 13:24:32'),
(4263,6880,10,'2025-11-06 13:24:32'),
(4264,5651,10,'2025-11-06 13:24:32'),
(4265,5097,10,'2025-11-06 13:24:32'),
(4266,5245,10,'2025-11-06 13:24:32'),
(4267,5118,10,'2025-11-06 13:24:32'),
(4268,4780,10,'2025-11-06 13:24:32'),
(4269,1741,10,'2025-11-06 13:24:32'),
(4270,191,10,'2025-11-06 13:24:32'),
(4271,26325,10,'2025-11-06 13:24:32'),
(4272,3264,10,'2025-11-06 13:24:32'),
(4273,26323,10,'2025-11-06 13:24:33'),
(4274,26428,10,'2025-11-06 13:24:33'),
(4275,8797,10,'2025-11-06 13:24:33'),
(4276,2840,10,'2025-11-06 13:24:33'),
(4277,217,10,'2025-11-06 13:24:33'),
(4278,158,10,'2025-11-06 13:24:33'),
(4279,4077,10,'2025-11-06 13:24:33'),
(4280,2811,10,'2025-11-06 13:24:33'),
(4281,2786,10,'2025-11-06 13:24:33'),
(4282,4331,10,'2025-11-06 13:24:33'),
(4283,595,10,'2025-11-06 13:24:33'),
(4284,113,10,'2025-11-06 13:24:33'),
(4285,3703,10,'2025-11-06 13:24:33'),
(4286,26325,6,'2025-11-06 13:25:31'),
(4287,26323,6,'2025-11-06 13:25:31'),
(4288,26428,6,'2025-11-06 13:25:31'),
(4289,26328,6,'2025-11-06 13:26:00'),
(4290,1916,6,'2025-11-06 13:29:41'),
(4291,1803,6,'2025-11-06 13:29:41'),
(4292,4569,6,'2025-11-06 13:29:41'),
(4293,4916,6,'2025-11-06 13:29:41'),
(4294,4889,6,'2025-11-06 13:29:41'),
(4295,5018,6,'2025-11-06 13:29:41'),
(4296,4985,6,'2025-11-06 13:29:41'),
(4297,6527,6,'2025-11-06 13:29:41'),
(4298,6473,6,'2025-11-06 13:29:41'),
(4299,6414,6,'2025-11-06 13:29:41'),
(4300,6489,6,'2025-11-06 13:29:41'),
(4301,4842,6,'2025-11-06 13:29:41'),
(4302,4757,6,'2025-11-06 13:29:41'),
(4303,4752,6,'2025-11-06 13:29:41'),
(4304,4147,6,'2025-11-06 13:29:41'),
(4305,1821,6,'2025-11-06 13:29:41'),
(4306,4551,6,'2025-11-06 13:29:42'),
(4307,1788,6,'2025-11-06 13:29:42'),
(4308,4785,6,'2025-11-06 13:29:42'),
(4309,1789,6,'2025-11-06 13:29:42'),
(4310,1752,6,'2025-11-06 13:29:42'),
(4311,1798,6,'2025-11-06 13:29:42'),
(4312,1799,6,'2025-11-06 13:29:42'),
(4313,1776,6,'2025-11-06 13:29:42'),
(4314,4922,6,'2025-11-06 13:29:42'),
(4315,5208,6,'2025-11-06 13:29:42'),
(4316,4554,6,'2025-11-06 13:29:42'),
(4317,1845,6,'2025-11-06 13:29:42'),
(4318,6543,6,'2025-11-06 13:29:42'),
(4319,1785,6,'2025-11-06 13:29:42'),
(4320,1768,6,'2025-11-06 13:29:42'),
(4321,5215,6,'2025-11-06 13:29:42'),
(4322,1801,6,'2025-11-06 13:29:42'),
(4323,4814,6,'2025-11-06 13:29:42'),
(4324,5588,6,'2025-11-06 13:29:43'),
(4325,4541,6,'2025-11-06 13:29:43'),
(4326,5161,6,'2025-11-06 13:29:43'),
(4327,5139,6,'2025-11-06 13:29:43'),
(4328,1805,6,'2025-11-06 13:29:43'),
(4329,1808,6,'2025-11-06 13:29:43'),
(4330,4873,6,'2025-11-06 13:29:43'),
(4331,5061,6,'2025-11-06 13:29:43'),
(4332,5420,6,'2025-11-06 13:29:43'),
(4333,4547,6,'2025-11-06 13:29:43'),
(4334,5417,6,'2025-11-06 13:29:43'),
(4335,5410,6,'2025-11-06 13:29:43'),
(4336,4222,6,'2025-11-06 13:29:43'),
(4337,1810,6,'2025-11-06 13:29:43'),
(4338,6566,6,'2025-11-06 13:29:43'),
(4339,5048,6,'2025-11-06 13:29:43'),
(4340,1761,6,'2025-11-06 13:31:58'),
(4341,1819,6,'2025-11-06 13:31:58'),
(4342,1786,6,'2025-11-06 13:31:58'),
(4343,6789,6,'2025-11-06 13:31:58'),
(4344,5120,6,'2025-11-06 13:31:58'),
(4345,1756,6,'2025-11-06 13:31:58'),
(4346,1912,6,'2025-11-06 13:31:58'),
(4347,4196,6,'2025-11-06 13:31:58'),
(4348,1822,6,'2025-11-06 13:31:58'),
(4349,4965,6,'2025-11-06 13:31:58'),
(4350,4982,6,'2025-11-06 13:31:58'),
(4351,6382,6,'2025-11-06 13:31:59'),
(4352,1759,6,'2025-11-06 13:31:59'),
(4353,4252,6,'2025-11-06 13:31:59'),
(4354,5113,6,'2025-11-06 13:31:59'),
(4355,5109,6,'2025-11-06 13:31:59'),
(4356,5111,6,'2025-11-06 13:31:59'),
(4357,5171,6,'2025-11-06 13:31:59'),
(4358,4742,6,'2025-11-06 13:31:59'),
(4359,5060,6,'2025-11-06 13:31:59'),
(4360,5059,6,'2025-11-06 13:31:59'),
(4361,5629,6,'2025-11-06 13:31:59'),
(4362,1908,6,'2025-11-06 13:31:59'),
(4363,1824,6,'2025-11-06 13:31:59'),
(4364,1780,6,'2025-11-06 13:31:59'),
(4365,4233,6,'2025-11-06 13:31:59'),
(4366,26441,6,'2025-11-06 13:53:23'),
(4367,26441,6,'2025-11-06 13:59:12'),
(4368,9740,10,'2025-11-06 14:04:11'),
(4369,2900,10,'2025-11-06 14:04:21'),
(4370,3040,6,'2025-11-06 16:15:27'),
(4371,2841,6,'2025-11-06 16:15:27'),
(4372,2861,6,'2025-11-06 16:15:27'),
(4373,94,6,'2025-11-06 16:15:27'),
(4374,3054,6,'2025-11-06 16:15:27'),
(4375,26342,6,'2025-11-06 16:15:27'),
(4376,2885,6,'2025-11-06 16:15:27'),
(4377,2871,6,'2025-11-06 16:15:27'),
(4378,93,6,'2025-11-06 16:15:27'),
(4379,2873,6,'2025-11-06 16:15:27'),
(4380,26347,6,'2025-11-06 16:15:27'),
(4381,26351,6,'2025-11-06 16:15:27'),
(4382,26424,6,'2025-11-06 16:15:27'),
(4383,2904,6,'2025-11-06 16:15:27'),
(4384,2902,6,'2025-11-06 16:15:27'),
(4385,2907,6,'2025-11-06 16:15:27'),
(4386,2905,6,'2025-11-06 16:15:27'),
(4387,2903,6,'2025-11-06 16:15:27'),
(4388,2908,6,'2025-11-06 16:15:27'),
(4389,2909,6,'2025-11-06 16:15:27'),
(4390,2853,6,'2025-11-06 16:15:27'),
(4391,2739,6,'2025-11-06 16:15:27'),
(4392,2880,6,'2025-11-06 16:15:27'),
(4393,2868,6,'2025-11-06 16:15:27'),
(4394,12379,6,'2025-11-06 16:15:27'),
(4395,3770,6,'2025-11-06 16:15:27'),
(4396,3040,10,'2025-11-06 16:15:51'),
(4397,2841,10,'2025-11-06 16:15:51'),
(4398,2861,10,'2025-11-06 16:15:51'),
(4399,94,10,'2025-11-06 16:15:51'),
(4400,3054,10,'2025-11-06 16:15:51'),
(4401,26342,10,'2025-11-06 16:15:51'),
(4402,2885,10,'2025-11-06 16:15:51'),
(4403,2871,10,'2025-11-06 16:15:51'),
(4404,93,10,'2025-11-06 16:15:51'),
(4405,2873,10,'2025-11-06 16:15:51'),
(4406,26347,10,'2025-11-06 16:15:51'),
(4407,26351,10,'2025-11-06 16:15:51'),
(4408,26424,10,'2025-11-06 16:15:51'),
(4409,2904,10,'2025-11-06 16:15:51'),
(4410,2902,10,'2025-11-06 16:15:51'),
(4411,2907,10,'2025-11-06 16:15:51'),
(4412,2905,10,'2025-11-06 16:15:51'),
(4413,2903,10,'2025-11-06 16:15:51'),
(4414,2908,10,'2025-11-06 16:15:51'),
(4415,2909,10,'2025-11-06 16:15:51'),
(4416,2853,10,'2025-11-06 16:15:51'),
(4417,2739,10,'2025-11-06 16:15:51'),
(4418,2880,10,'2025-11-06 16:15:51'),
(4419,2868,10,'2025-11-06 16:15:51'),
(4420,12379,10,'2025-11-06 16:15:51'),
(4421,3770,10,'2025-11-06 16:15:51'),
(4422,12379,6,'2025-11-06 16:16:16'),
(4423,4267,6,'2025-11-06 16:17:49'),
(4424,4263,6,'2025-11-06 16:18:07'),
(4425,8607,5,'2025-11-06 16:18:44'),
(4426,191,6,'2025-11-06 16:22:03'),
(4427,4225,10,'2025-11-07 08:46:23'),
(4428,26443,6,'2025-11-07 10:34:31'),
(4429,26446,6,'2025-11-07 10:36:13'),
(4430,26450,6,'2025-11-07 10:38:09'),
(4431,26342,6,'2025-11-07 10:58:44'),
(4432,8607,6,'2025-11-07 10:59:08'),
(4433,3830,6,'2025-11-07 10:59:26'),
(4434,9021,6,'2025-11-10 12:26:23'),
(4435,9432,6,'2025-11-10 12:26:42'),
(4436,4103,10,'2025-11-10 13:53:32'),
(4437,1856,10,'2025-11-10 15:19:13'),
(4438,1856,10,'2025-11-10 15:21:54'),
(4439,1900,10,'2025-11-10 15:31:15'),
(4440,6833,10,'2025-11-10 15:35:04'),
(4441,6614,10,'2025-11-10 15:43:19'),
(4442,4130,10,'2025-11-10 15:44:48'),
(4443,4130,6,'2025-11-10 15:45:52'),
(4444,1887,10,'2025-11-10 15:46:42'),
(4445,4137,10,'2025-11-10 15:47:20'),
(4446,1864,10,'2025-11-10 15:48:52'),
(4447,1834,10,'2025-11-10 15:49:48'),
(4448,5162,10,'2025-11-10 15:50:35'),
(4449,4096,10,'2025-11-10 15:51:21'),
(4450,1890,10,'2025-11-10 15:53:50'),
(4451,6093,10,'2025-11-10 15:55:10'),
(4452,6090,10,'2025-11-10 15:56:11'),
(4453,6744,10,'2025-11-10 15:56:53'),
(4454,6732,10,'2025-11-10 15:57:30'),
(4455,1843,10,'2025-11-10 15:58:05'),
(4456,1877,10,'2025-11-10 15:59:17'),
(4457,1886,10,'2025-11-10 16:01:01'),
(4458,4191,10,'2025-11-10 16:01:58'),
(4459,3437,10,'2025-11-10 16:02:39'),
(4460,1888,10,'2025-11-10 16:03:13'),
(4461,1888,10,'2025-11-10 16:03:59'),
(4462,1832,10,'2025-11-10 16:04:13'),
(4463,4172,10,'2025-11-10 16:04:46'),
(4464,4223,10,'2025-11-10 16:05:21'),
(4465,4223,10,'2025-11-10 16:05:38'),
(4466,4174,10,'2025-11-10 16:05:56'),
(4467,1848,10,'2025-11-10 16:06:39'),
(4468,1848,10,'2025-11-10 16:06:54'),
(4469,4237,10,'2025-11-10 16:07:14'),
(4470,4237,10,'2025-11-10 16:07:33'),
(4471,1861,10,'2025-11-10 16:07:52'),
(4472,1823,10,'2025-11-10 16:08:27'),
(4473,1871,10,'2025-11-10 16:09:36'),
(4474,1871,10,'2025-11-10 16:09:47'),
(4475,3504,10,'2025-11-10 16:10:29'),
(4476,3504,10,'2025-11-10 16:10:40'),
(4477,1885,10,'2025-11-10 16:11:29'),
(4478,4227,10,'2025-11-10 16:11:57'),
(4479,5043,10,'2025-11-10 16:12:43'),
(4480,5043,10,'2025-11-10 16:26:20'),
(4481,1840,10,'2025-11-11 07:19:35'),
(4482,1852,10,'2025-11-11 07:20:54'),
(4483,1909,10,'2025-11-11 07:21:37'),
(4484,1825,10,'2025-11-11 07:22:16'),
(4485,1825,10,'2025-11-11 07:23:02'),
(4486,6572,10,'2025-11-11 07:23:19'),
(4487,1860,10,'2025-11-11 07:23:59'),
(4488,1846,10,'2025-11-11 07:24:59'),
(4489,1867,10,'2025-11-11 07:26:27'),
(4490,6132,10,'2025-11-11 07:27:13'),
(4491,1769,6,'2025-11-11 07:27:18'),
(4492,1802,6,'2025-11-11 07:27:18'),
(4493,1762,6,'2025-11-11 07:27:18'),
(4494,1781,6,'2025-11-11 07:27:18'),
(4495,1779,6,'2025-11-11 07:27:18'),
(4496,4938,6,'2025-11-11 07:27:18'),
(4497,1817,6,'2025-11-11 07:27:18'),
(4498,3296,6,'2025-11-11 07:27:18'),
(4499,11949,6,'2025-11-11 07:27:18'),
(4500,1793,6,'2025-11-11 07:27:18'),
(4501,4112,6,'2025-11-11 07:27:18'),
(4502,1790,6,'2025-11-11 07:27:18'),
(4503,1767,6,'2025-11-11 07:27:18'),
(4504,1766,6,'2025-11-11 07:27:18'),
(4505,1765,6,'2025-11-11 07:27:18'),
(4506,1764,6,'2025-11-11 07:27:18'),
(4507,1820,6,'2025-11-11 07:27:18'),
(4508,1818,6,'2025-11-11 07:27:18'),
(4509,1758,6,'2025-11-11 07:27:18'),
(4510,3509,6,'2025-11-11 07:27:19'),
(4511,1773,6,'2025-11-11 07:27:19'),
(4512,1815,6,'2025-11-11 07:27:19'),
(4513,1829,6,'2025-11-11 07:27:19'),
(4514,1830,6,'2025-11-11 07:27:19'),
(4515,1783,6,'2025-11-11 07:27:19'),
(4516,1775,6,'2025-11-11 07:27:19'),
(4517,1782,6,'2025-11-11 07:27:19'),
(4518,1811,6,'2025-11-11 07:27:19'),
(4519,1795,6,'2025-11-11 07:27:19'),
(4520,1796,6,'2025-11-11 07:27:19'),
(4521,1797,6,'2025-11-11 07:27:19'),
(4522,1754,6,'2025-11-11 07:27:19'),
(4523,1791,6,'2025-11-11 07:27:19'),
(4524,1809,6,'2025-11-11 07:27:19'),
(4525,16840,6,'2025-11-11 07:27:19'),
(4526,1755,6,'2025-11-11 07:27:19'),
(4527,1774,6,'2025-11-11 07:27:19'),
(4528,1800,6,'2025-11-11 07:27:19'),
(4529,1760,6,'2025-11-11 07:27:19'),
(4530,1771,6,'2025-11-11 07:27:19'),
(4531,1828,6,'2025-11-11 07:27:19'),
(4532,1807,6,'2025-11-11 07:27:19'),
(4533,1770,6,'2025-11-11 07:27:19'),
(4534,1794,6,'2025-11-11 07:27:19'),
(4535,1757,6,'2025-11-11 07:27:19'),
(4536,1784,6,'2025-11-11 07:27:19'),
(4537,5524,6,'2025-11-11 07:27:19'),
(4538,16550,6,'2025-11-11 07:27:19'),
(4539,6132,10,'2025-11-11 07:27:29'),
(4540,3311,10,'2025-11-11 07:27:52'),
(4541,3419,10,'2025-11-11 07:29:17'),
(4542,1859,10,'2025-11-11 07:30:35'),
(4543,5903,10,'2025-11-11 07:37:59'),
(4544,1833,10,'2025-11-11 07:38:52'),
(4545,4134,10,'2025-11-11 07:39:39'),
(4546,1841,10,'2025-11-11 07:40:12'),
(4547,5919,10,'2025-11-11 07:40:54'),
(4548,1835,10,'2025-11-11 07:41:27'),
(4549,5906,10,'2025-11-11 07:49:48'),
(4550,26452,6,'2025-11-11 08:19:58'),
(4551,26452,6,'2025-11-11 08:20:29'),
(4552,26452,6,'2025-11-11 08:21:00'),
(4553,26453,6,'2025-11-11 08:44:28'),
(4554,26469,6,'2025-11-11 10:22:38'),
(4555,26469,6,'2025-11-11 11:10:09'),
(4556,26492,6,'2025-11-11 11:11:25'),
(4557,26579,6,'2025-11-12 12:17:35'),
(4558,26580,6,'2025-11-12 12:18:15'),
(4559,26579,6,'2025-11-12 12:20:23'),
(4560,26589,6,'2025-11-12 12:46:51'),
(4561,26590,6,'2025-11-12 12:47:14'),
(4562,26589,6,'2025-11-12 12:51:19'),
(4563,26589,6,'2025-11-12 12:51:24'),
(4564,26591,6,'2025-11-12 12:51:41'),
(4565,26590,6,'2025-11-12 12:52:02'),
(4566,26592,6,'2025-11-12 12:52:25'),
(4567,26590,6,'2025-11-12 12:52:39'),
(4568,26598,6,'2025-11-12 13:12:52'),
(4569,4429,10,'2025-11-12 13:26:39'),
(4570,3282,10,'2025-11-12 13:26:39'),
(4571,4262,10,'2025-11-12 13:26:39'),
(4572,26598,10,'2025-11-12 13:26:39'),
(4573,26598,6,'2025-11-12 13:30:48'),
(4574,26600,6,'2025-11-12 13:32:32'),
(4575,26598,6,'2025-11-12 13:32:44'),
(4576,26598,6,'2025-11-12 13:32:46'),
(4577,1862,10,'2025-11-12 13:52:45'),
(4578,4144,10,'2025-11-12 13:54:26'),
(4579,4130,10,'2025-11-12 13:56:33'),
(4580,4125,10,'2025-11-12 13:59:26'),
(4581,3413,10,'2025-11-12 14:00:28'),
(4582,4152,10,'2025-11-12 14:11:17'),
(4583,4161,10,'2025-11-12 14:12:08'),
(4584,1873,10,'2025-11-12 14:12:51'),
(4585,1873,10,'2025-11-12 14:18:08'),
(4586,4185,10,'2025-11-12 14:18:28'),
(4587,4185,10,'2025-11-12 14:18:59'),
(4588,1878,10,'2025-11-12 14:19:51'),
(4589,26600,6,'2025-11-12 14:44:56'),
(4590,26598,6,'2025-11-12 14:45:07'),
(4591,5397,6,'2025-11-12 14:54:12'),
(4592,5150,6,'2025-11-12 14:57:19'),
(4593,8964,6,'2025-11-13 07:17:31'),
(4594,8964,6,'2025-11-13 07:17:42'),
(4595,9432,6,'2025-11-13 07:20:48'),
(4596,8884,6,'2025-11-13 07:21:37'),
(4597,7127,6,'2025-11-13 07:22:06'),
(4598,7142,6,'2025-11-13 07:22:20'),
(4599,8807,6,'2025-11-13 07:22:40'),
(4600,8826,6,'2025-11-13 08:12:34'),
(4601,9265,6,'2025-11-13 08:13:08'),
(4602,8945,6,'2025-11-13 08:13:58'),
(4603,9009,6,'2025-11-13 08:14:19'),
(4604,9021,6,'2025-11-13 08:14:39'),
(4605,9078,6,'2025-11-13 08:14:55'),
(4606,9142,6,'2025-11-13 08:15:46'),
(4607,8835,6,'2025-11-13 08:16:13'),
(4608,8838,6,'2025-11-13 08:16:33'),
(4609,9046,6,'2025-11-13 08:17:39'),
(4610,8457,6,'2025-11-13 08:18:03'),
(4611,8791,6,'2025-11-13 08:19:25'),
(4612,7031,6,'2025-11-13 08:19:44'),
(4613,8842,6,'2025-11-13 08:20:07'),
(4614,26615,6,'2025-11-13 14:08:45'),
(4615,26618,6,'2025-11-13 14:09:50'),
(4616,26620,6,'2025-11-13 14:10:35'),
(4617,26623,6,'2025-11-13 14:50:29'),
(4618,26625,6,'2025-11-13 14:52:46'),
(4619,26623,6,'2025-11-13 15:06:25'),
(4620,26620,6,'2025-11-13 15:30:31'),
(4621,26630,6,'2025-11-17 09:35:19'),
(4622,26631,6,'2025-11-17 10:19:21'),
(4623,26633,6,'2025-11-17 10:20:20'),
(4624,26634,6,'2025-11-17 10:22:43'),
(4625,26635,6,'2025-11-17 10:24:51'),
(4626,26649,6,'2025-11-18 07:34:44'),
(4627,26650,6,'2025-11-18 07:35:31'),
(4628,26652,6,'2025-11-18 07:57:05'),
(4629,26654,6,'2025-11-18 08:22:32'),
(4630,26655,6,'2025-11-18 08:22:51'),
(4631,26656,6,'2025-11-18 08:26:12'),
(4632,26657,6,'2025-11-18 08:27:23'),
(4633,26660,6,'2025-11-18 08:45:00'),
(4634,26661,6,'2025-11-18 08:46:51'),
(4635,26665,6,'2025-11-18 09:01:04'),
(4636,26666,6,'2025-11-18 09:04:09'),
(4637,26667,6,'2025-11-18 09:05:26'),
(4638,26680,6,'2025-11-18 09:39:20'),
(4639,26685,6,'2025-11-18 13:23:29'),
(4640,26685,6,'2025-11-18 13:23:55'),
(4641,26660,6,'2025-11-18 13:27:17'),
(4642,26661,6,'2025-11-18 13:27:40'),
(4643,26688,6,'2025-11-18 15:53:57'),
(4644,26693,6,'2025-11-19 07:38:12'),
(4645,26696,6,'2025-11-19 07:55:09'),
(4646,26697,6,'2025-11-19 08:08:20'),
(4647,26698,6,'2025-11-19 08:10:17'),
(4648,26698,6,'2025-11-19 08:11:50'),
(4649,26696,6,'2025-11-19 08:13:03'),
(4650,26697,6,'2025-11-19 08:18:24'),
(4651,26696,6,'2025-11-19 08:27:13'),
(4652,26700,6,'2025-11-19 08:33:23'),
(4653,26696,6,'2025-11-19 08:38:10'),
(4654,26700,6,'2025-11-19 08:38:59'),
(4655,26704,6,'2025-11-19 08:54:39'),
(4656,26705,6,'2025-11-19 08:57:45'),
(4657,26706,6,'2025-11-19 09:52:42'),
(4658,26707,6,'2025-11-19 10:01:59'),
(4659,26706,6,'2025-11-19 10:02:12'),
(4660,26697,6,'2025-11-19 10:02:47'),
(4661,26707,6,'2025-11-19 10:03:31'),
(4662,26708,6,'2025-11-19 10:14:07'),
(4663,26706,6,'2025-11-19 11:42:00'),
(4664,26697,6,'2025-11-19 11:42:23'),
(4665,4267,8,'2025-11-20 11:40:14'),
(4666,5298,11,'2025-11-20 11:41:19'),
(4667,26713,6,'2025-11-20 11:51:34'),
(4668,26712,6,'2025-11-20 11:51:52'),
(4669,26713,6,'2025-11-20 11:52:26'),
(4670,26713,6,'2025-11-20 11:52:51'),
(4671,26714,6,'2025-11-20 11:54:01'),
(4672,26714,6,'2025-11-20 11:56:22'),
(4673,26714,6,'2025-11-20 12:00:28'),
(4674,26714,6,'2025-11-20 12:01:12'),
(4675,26721,6,'2025-11-20 12:02:36'),
(4676,26721,6,'2025-11-20 12:02:48'),
(4677,2694,6,'2025-11-20 13:41:34'),
(4678,2696,6,'2025-11-20 13:42:34'),
(4679,8724,6,'2025-11-20 13:43:03'),
(4680,146,6,'2025-11-20 13:43:36'),
(4681,26724,6,'2025-11-21 07:41:39'),
(4682,26726,6,'2025-11-21 07:43:00'),
(4683,26726,6,'2025-11-21 07:43:04'),
(4684,26729,6,'2025-11-21 07:44:06'),
(4685,26729,6,'2025-11-21 07:44:38'),
(4686,26726,6,'2025-11-21 07:45:08'),
(4687,4267,6,'2025-11-24 08:59:12'),
(4688,15600,10,'2025-11-24 09:17:46'),
(4689,16566,10,'2025-11-24 09:19:02'),
(4690,17116,10,'2025-11-24 16:19:06'),
(4691,17194,10,'2025-11-24 16:19:27'),
(4692,26759,6,'2025-11-25 07:16:26'),
(4693,5298,6,'2025-11-25 07:21:38'),
(4694,26784,6,'2025-11-25 12:14:50'),
(4695,26785,6,'2025-11-25 12:23:05'),
(4696,26791,6,'2025-11-25 12:30:58'),
(4697,26793,6,'2025-11-25 12:34:10'),
(4698,26794,6,'2025-11-25 12:34:50'),
(4699,26784,6,'2025-11-25 12:48:05'),
(4700,5524,6,'2025-11-25 12:49:29'),
(4701,4938,6,'2025-11-25 12:50:51'),
(4702,4938,6,'2025-11-25 16:15:30'),
(4703,6711,10,'2025-11-27 13:24:29'),
(4704,23326,10,'2025-12-01 15:26:01'),
(4705,24933,10,'2025-12-01 15:26:01'),
(4706,23343,10,'2025-12-01 15:26:01'),
(4707,23347,10,'2025-12-01 15:26:01'),
(4708,23340,10,'2025-12-01 15:26:01'),
(4709,23335,10,'2025-12-01 15:26:01'),
(4710,24377,10,'2025-12-01 15:26:01'),
(4711,27213,6,'2025-12-02 13:29:09'),
(4712,27215,6,'2025-12-02 13:56:14'),
(4713,27215,6,'2025-12-02 13:58:35'),
(4714,27215,6,'2025-12-02 13:59:01'),
(4715,27218,6,'2025-12-02 14:00:08'),
(4716,10345,10,'2025-12-02 14:24:21'),
(4717,26784,6,'2025-12-02 14:36:52'),
(4718,4985,6,'2025-12-03 07:12:37'),
(4719,27409,6,'2025-12-03 07:16:18'),
(4720,27410,6,'2025-12-03 07:17:22'),
(4721,27412,6,'2025-12-03 07:20:47'),
(4722,27436,6,'2025-12-03 08:11:13'),
(4723,27446,6,'2025-12-03 10:38:52'),
(4724,27448,6,'2025-12-03 10:42:51'),
(4725,27448,6,'2025-12-03 10:43:34'),
(4726,27448,6,'2025-12-03 10:46:20'),
(4727,27451,6,'2025-12-03 10:48:45'),
(4728,27448,6,'2025-12-03 10:55:53'),
(4729,27455,6,'2025-12-03 10:58:54'),
(4730,27446,6,'2025-12-03 11:57:56'),
(4731,27455,6,'2025-12-03 12:05:35'),
(4732,27459,6,'2025-12-03 12:08:51'),
(4733,27459,6,'2025-12-03 12:17:59'),
(4734,28303,6,'2025-12-09 10:25:14'),
(4735,28303,6,'2025-12-09 10:30:12'),
(4736,28304,6,'2025-12-09 10:30:57'),
(4737,28307,6,'2025-12-09 10:35:34'),
(4738,1799,6,'2025-12-10 13:37:19'),
(4739,28518,6,'2025-12-10 13:41:29'),
(4740,28518,6,'2025-12-10 13:42:21'),
(4741,28565,6,'2025-12-10 13:46:48'),
(4742,31971,6,'2026-01-05 09:21:07'),
(4743,31973,6,'2026-01-05 09:23:10'),
(4744,31976,6,'2026-01-05 09:34:04'),
(4745,1769,6,'2026-01-09 07:17:08'),
(4746,4938,6,'2026-01-09 09:00:00'),
(4747,28565,6,'2026-01-09 09:00:40'),
(4748,3330,10,'2026-01-09 10:30:11'),
(4749,33349,6,'2026-01-14 13:49:34'),
(4750,33350,6,'2026-01-14 13:54:06'),
(4751,191,6,'2026-01-15 13:20:00'),
(4752,93,6,'2026-01-15 13:20:32'),
(4753,33542,6,'2026-01-15 13:26:22'),
(4754,33557,6,'2026-01-15 14:49:30'),
(4755,33558,6,'2026-01-15 14:53:10'),
(4756,33560,6,'2026-01-15 14:56:40'),
(4757,33562,6,'2026-01-15 15:01:07'),
(4758,33563,6,'2026-01-15 15:03:03'),
(4759,33562,6,'2026-01-15 15:17:35'),
(4760,34235,6,'2026-01-20 07:25:06'),
(4761,25105,10,'2026-01-20 10:07:03'),
(4762,23598,10,'2026-01-20 10:08:04'),
(4763,4418,10,'2026-01-20 10:18:43'),
(4764,4534,10,'2026-01-20 10:18:43'),
(4765,26286,10,'2026-01-20 10:18:43'),
(4766,23722,10,'2026-01-20 10:18:43'),
(4767,33000,10,'2026-01-20 10:18:43'),
(4768,26422,10,'2026-01-20 10:18:43'),
(4769,24050,10,'2026-01-20 10:18:43'),
(4770,23638,10,'2026-01-20 10:18:43'),
(4771,24437,10,'2026-01-20 10:18:43'),
(4772,23380,10,'2026-01-20 10:18:43'),
(4773,24819,10,'2026-01-20 10:18:43'),
(4774,24307,10,'2026-01-20 10:18:43'),
(4775,17613,10,'2026-01-20 10:18:43'),
(4776,34238,6,'2026-01-20 14:27:31'),
(4777,34238,6,'2026-01-20 14:30:06'),
(4778,34238,6,'2026-01-20 14:31:00'),
(4779,34973,6,'2026-01-23 10:13:47'),
(4780,23861,10,'2026-01-27 06:56:59'),
(4781,34183,10,'2026-01-27 06:56:59'),
(4782,23859,10,'2026-01-27 06:56:59'),
(4783,24245,10,'2026-01-27 06:56:59'),
(4784,16439,6,'2026-01-27 10:22:19'),
(4785,35341,6,'2026-01-27 10:26:22'),
(4786,25951,10,'2026-01-28 11:59:38'),
(4787,25938,10,'2026-01-28 11:59:38'),
(4788,26082,10,'2026-01-28 11:59:38'),
(4789,25372,10,'2026-01-28 11:59:38'),
(4790,23488,10,'2026-01-28 11:59:38'),
(4791,26310,10,'2026-01-28 11:59:38'),
(4792,25370,10,'2026-01-28 11:59:38'),
(4793,24843,10,'2026-01-28 11:59:38'),
(4794,23352,10,'2026-01-28 11:59:38'),
(4795,24548,10,'2026-01-28 11:59:38'),
(4796,24581,10,'2026-01-28 11:59:38'),
(4797,25664,10,'2026-01-28 11:59:38'),
(4798,25941,10,'2026-01-28 11:59:38'),
(4799,25619,10,'2026-01-28 11:59:38'),
(4800,24214,10,'2026-01-28 11:59:38'),
(4801,25721,10,'2026-01-28 11:59:38'),
(4802,25723,10,'2026-01-28 11:59:38'),
(4803,26069,10,'2026-01-28 11:59:38'),
(4804,25493,10,'2026-01-28 11:59:38'),
(4805,25681,10,'2026-01-28 11:59:38'),
(4806,24498,10,'2026-01-28 11:59:38'),
(4807,25997,10,'2026-01-28 11:59:38'),
(4808,26241,10,'2026-01-28 11:59:38'),
(4809,25072,10,'2026-01-28 11:59:38'),
(4810,25867,10,'2026-01-28 11:59:38'),
(4811,24417,10,'2026-01-28 11:59:38'),
(4812,23319,10,'2026-01-28 11:59:38'),
(4813,25823,10,'2026-01-28 11:59:38'),
(4814,25040,10,'2026-01-28 11:59:38'),
(4815,25625,10,'2026-01-28 11:59:38'),
(4816,24187,10,'2026-01-28 11:59:38'),
(4817,25898,10,'2026-01-28 11:59:38'),
(4818,23466,10,'2026-01-28 11:59:38'),
(4819,25025,10,'2026-01-28 11:59:38'),
(4820,25023,10,'2026-01-28 11:59:38'),
(4821,25314,10,'2026-01-28 11:59:38'),
(4822,26255,10,'2026-01-28 11:59:38'),
(4823,24700,10,'2026-01-28 11:59:38'),
(4824,26320,10,'2026-01-28 11:59:38'),
(4825,24287,10,'2026-01-28 11:59:38'),
(4826,26232,10,'2026-01-28 11:59:38'),
(4827,24083,10,'2026-01-28 11:59:38'),
(4828,23778,10,'2026-01-28 11:59:38'),
(4829,23867,10,'2026-01-28 11:59:38'),
(4830,25873,10,'2026-01-28 11:59:38'),
(4831,24971,10,'2026-01-28 11:59:38'),
(4832,25446,10,'2026-01-28 11:59:38'),
(4833,25819,10,'2026-01-28 11:59:38'),
(4834,24733,10,'2026-01-28 11:59:38'),
(4835,23576,10,'2026-01-28 11:59:38'),
(4836,25589,10,'2026-01-28 11:59:38'),
(4837,25133,10,'2026-01-28 11:59:38'),
(4838,24761,10,'2026-01-28 11:59:38'),
(4839,25841,10,'2026-01-28 11:59:38'),
(4840,24850,10,'2026-01-28 11:59:38'),
(4841,25304,10,'2026-01-28 11:59:38'),
(4842,25813,10,'2026-01-28 11:59:38'),
(4843,25760,10,'2026-01-28 11:59:38'),
(4844,23499,10,'2026-01-28 11:59:38'),
(4845,24315,10,'2026-01-28 11:59:38'),
(4846,23362,10,'2026-01-28 11:59:38'),
(4847,25300,10,'2026-01-28 11:59:38'),
(4848,25208,10,'2026-01-28 11:59:38'),
(4849,24879,10,'2026-01-28 11:59:38'),
(4850,24975,10,'2026-01-28 11:59:38'),
(4851,25777,10,'2026-01-28 11:59:38'),
(4852,24441,10,'2026-01-28 11:59:38'),
(4853,26184,10,'2026-01-28 11:59:38'),
(4854,23982,10,'2026-01-28 11:59:38'),
(4855,25894,10,'2026-01-28 11:59:38'),
(4856,24283,10,'2026-01-28 11:59:38'),
(4857,25214,10,'2026-01-28 11:59:39'),
(4858,23704,10,'2026-01-28 11:59:39'),
(4859,25216,10,'2026-01-28 11:59:39'),
(4860,25522,10,'2026-01-28 11:59:39'),
(4861,23572,10,'2026-01-28 11:59:39'),
(4862,26239,10,'2026-01-28 11:59:39'),
(4863,24573,10,'2026-01-28 11:59:39'),
(4864,24238,10,'2026-01-28 11:59:39'),
(4865,23530,10,'2026-01-28 11:59:39'),
(4866,24423,10,'2026-01-28 11:59:39'),
(4867,23385,10,'2026-01-28 11:59:39'),
(4868,23547,10,'2026-01-28 11:59:39'),
(4869,23382,10,'2026-01-28 11:59:39'),
(4870,23629,10,'2026-01-28 11:59:39'),
(4871,26165,10,'2026-01-28 11:59:39'),
(4872,23594,10,'2026-01-28 11:59:39'),
(4873,25137,10,'2026-01-28 11:59:39'),
(4874,26274,10,'2026-01-28 11:59:39'),
(4875,23823,10,'2026-01-28 11:59:39'),
(4876,23883,10,'2026-01-28 11:59:39'),
(4877,26185,10,'2026-01-28 11:59:39'),
(4878,25977,10,'2026-01-28 11:59:39'),
(4879,24452,10,'2026-01-28 11:59:39'),
(4880,26244,10,'2026-01-28 11:59:39'),
(4881,25356,10,'2026-01-28 11:59:39'),
(4882,24486,10,'2026-01-28 11:59:39'),
(4883,25752,10,'2026-01-28 11:59:39'),
(4884,24024,10,'2026-01-28 11:59:39'),
(4885,25543,10,'2026-01-28 11:59:39'),
(4886,24335,10,'2026-01-28 11:59:39'),
(4887,24345,10,'2026-01-28 11:59:39'),
(4888,23656,10,'2026-01-28 11:59:39'),
(4889,24237,10,'2026-01-28 11:59:39'),
(4890,24101,10,'2026-01-28 11:59:39'),
(4891,24556,10,'2026-01-28 11:59:39'),
(4892,24275,10,'2026-01-28 11:59:39'),
(4893,26137,10,'2026-01-28 11:59:39'),
(4894,24460,10,'2026-01-28 11:59:39'),
(4895,25047,10,'2026-01-28 11:59:39'),
(4896,25944,10,'2026-01-28 11:59:39'),
(4897,25115,10,'2026-01-28 11:59:39'),
(4898,24382,10,'2026-01-28 11:59:39'),
(4899,24807,10,'2026-01-28 11:59:39'),
(4900,25875,10,'2026-01-28 11:59:39'),
(4901,25465,10,'2026-01-28 11:59:39'),
(4902,24458,10,'2026-01-28 11:59:39'),
(4903,24835,10,'2026-01-28 11:59:39'),
(4904,25438,10,'2026-01-28 11:59:39'),
(4905,26174,10,'2026-01-28 11:59:39'),
(4906,24075,10,'2026-01-28 11:59:39'),
(4907,24077,10,'2026-01-28 11:59:39'),
(4908,25929,10,'2026-01-28 11:59:39'),
(4909,26018,10,'2026-01-28 11:59:39'),
(4910,25579,10,'2026-01-28 11:59:39'),
(4911,25206,10,'2026-01-28 11:59:39'),
(4912,25210,10,'2026-01-28 11:59:39'),
(4913,25272,10,'2026-01-28 11:59:39'),
(4914,25604,10,'2026-01-28 11:59:39'),
(4915,25863,10,'2026-01-28 11:59:39'),
(4916,25038,10,'2026-01-28 11:59:39'),
(4917,25585,10,'2026-01-28 11:59:39'),
(4918,23311,10,'2026-01-28 11:59:39'),
(4919,24686,10,'2026-01-28 11:59:39'),
(4920,23407,10,'2026-01-28 11:59:39'),
(4921,26163,10,'2026-01-28 11:59:39'),
(4922,24067,10,'2026-01-28 11:59:39'),
(4923,25344,10,'2026-01-28 11:59:39'),
(4924,26284,10,'2026-01-28 11:59:39'),
(4925,24249,10,'2026-01-28 11:59:39'),
(4926,24393,10,'2026-01-28 11:59:39'),
(4927,24240,10,'2026-01-28 11:59:39'),
(4928,23532,10,'2026-01-28 11:59:39'),
(4929,24829,10,'2026-01-28 11:59:39'),
(4930,23400,10,'2026-01-28 11:59:39'),
(4931,25577,10,'2026-01-28 11:59:39'),
(4932,25948,10,'2026-01-28 11:59:39'),
(4933,25739,10,'2026-01-28 11:59:40'),
(4934,23538,10,'2026-01-28 11:59:40'),
(4935,25950,10,'2026-01-28 11:59:40'),
(4936,23622,10,'2026-01-28 11:59:40'),
(4937,23814,10,'2026-01-28 11:59:40'),
(4938,25900,10,'2026-01-28 11:59:40'),
(4939,24405,10,'2026-01-28 11:59:40'),
(4940,23955,10,'2026-01-28 11:59:40'),
(4941,25946,10,'2026-01-28 11:59:40'),
(4942,26264,10,'2026-01-28 11:59:40'),
(4943,24231,10,'2026-01-28 11:59:40'),
(4944,24982,10,'2026-01-28 11:59:40'),
(4945,23321,10,'2026-01-28 11:59:40'),
(4946,23949,10,'2026-01-28 11:59:40'),
(4947,24198,10,'2026-01-28 11:59:40'),
(4948,24311,10,'2026-01-28 11:59:40'),
(4949,25179,10,'2026-01-28 11:59:40'),
(4950,25442,10,'2026-01-28 11:59:40'),
(4951,25226,10,'2026-01-28 11:59:40'),
(4952,23889,10,'2026-01-28 11:59:40'),
(4953,24833,10,'2026-01-28 11:59:40'),
(4954,24044,10,'2026-01-28 11:59:40'),
(4955,23409,10,'2026-01-28 11:59:40'),
(4956,23847,10,'2026-01-28 11:59:40'),
(4957,23970,10,'2026-01-28 11:59:40'),
(4958,23968,10,'2026-01-28 11:59:40'),
(4959,25482,10,'2026-01-28 11:59:40'),
(4960,26159,10,'2026-01-28 11:59:40'),
(4961,24425,10,'2026-01-28 11:59:40'),
(4962,25684,10,'2026-01-28 11:59:40'),
(4963,25533,10,'2026-01-28 11:59:40'),
(4964,25624,10,'2026-01-28 11:59:40'),
(4965,25653,10,'2026-01-28 11:59:40'),
(4966,24524,10,'2026-01-28 11:59:40'),
(4967,25565,10,'2026-01-28 11:59:40'),
(4968,25754,10,'2026-01-28 11:59:40'),
(4969,25499,10,'2026-01-28 11:59:40'),
(4970,23449,10,'2026-01-28 11:59:40'),
(4971,24769,10,'2026-01-28 11:59:40'),
(4972,23818,10,'2026-01-28 11:59:40'),
(4973,25643,10,'2026-01-28 11:59:40'),
(4974,25532,10,'2026-01-28 11:59:40'),
(4975,25933,10,'2026-01-28 11:59:40'),
(4976,25334,10,'2026-01-28 11:59:40'),
(4977,25803,10,'2026-01-28 11:59:40'),
(4978,25908,10,'2026-01-28 11:59:40'),
(4979,25904,10,'2026-01-28 11:59:40'),
(4980,25910,10,'2026-01-28 11:59:40'),
(4981,25906,10,'2026-01-28 11:59:40'),
(4982,23885,10,'2026-01-28 11:59:40'),
(4983,25074,10,'2026-01-28 11:59:40'),
(4984,25925,10,'2026-01-28 11:59:40'),
(4985,24242,10,'2026-01-28 11:59:40'),
(4986,24852,10,'2026-01-28 11:59:40'),
(4987,26224,10,'2026-01-28 11:59:40'),
(4988,24216,10,'2026-01-28 11:59:40'),
(4989,23730,10,'2026-01-28 11:59:40'),
(4990,25391,10,'2026-01-28 11:59:40'),
(4991,24327,10,'2026-01-28 11:59:40'),
(4992,25596,10,'2026-01-28 11:59:40'),
(4993,25769,10,'2026-01-28 11:59:40'),
(4994,24865,10,'2026-01-28 11:59:40'),
(4995,23684,10,'2026-01-28 11:59:40'),
(4996,25949,10,'2026-01-28 11:59:40'),
(4997,25405,10,'2026-01-28 11:59:40'),
(4998,23469,10,'2026-01-28 11:59:40'),
(4999,25770,10,'2026-01-28 11:59:40'),
(5000,24649,10,'2026-01-28 11:59:40'),
(5001,35631,6,'2026-01-29 08:37:48'),
(5002,35631,6,'2026-01-29 08:40:52'),
(5003,35632,6,'2026-01-29 08:41:42'),
(5004,35632,6,'2026-01-29 08:41:42'),
(5005,35633,6,'2026-01-29 10:34:22'),
(5006,35633,6,'2026-01-29 10:40:37'),
(5007,26492,6,'2026-01-29 11:04:14'),
(5008,1781,6,'2026-01-29 12:24:43'),
(5009,1781,6,'2026-01-29 12:25:18'),
(5010,26469,6,'2026-01-30 06:59:42'),
(5011,23652,10,'2026-01-30 07:26:05'),
(5012,24165,10,'2026-01-30 07:26:05'),
(5013,24993,10,'2026-01-30 07:26:05'),
(5014,1851,10,'2026-01-30 08:25:00'),
(5015,5197,6,'2026-01-30 08:25:37'),
(5016,5343,6,'2026-01-30 08:27:08'),
(5017,6860,6,'2026-01-30 08:27:08'),
(5018,5249,6,'2026-01-30 08:27:08'),
(5019,5194,6,'2026-01-30 08:27:08'),
(5020,5267,6,'2026-01-30 08:27:08'),
(5021,6867,6,'2026-01-30 08:27:08'),
(5022,6897,6,'2026-01-30 08:27:08'),
(5023,6895,6,'2026-01-30 08:27:08'),
(5024,5485,6,'2026-01-30 08:27:08'),
(5025,6839,6,'2026-01-30 08:27:08'),
(5026,6864,6,'2026-01-30 08:27:08'),
(5027,6480,6,'2026-01-30 08:27:09'),
(5028,5397,6,'2026-01-30 08:29:41'),
(5029,5303,6,'2026-01-30 08:29:41'),
(5030,5185,6,'2026-01-30 08:29:41'),
(5031,5226,6,'2026-01-30 08:29:41'),
(5032,5276,6,'2026-01-30 08:29:41'),
(5033,5084,6,'2026-01-30 08:29:41'),
(5034,5431,6,'2026-01-30 08:29:41'),
(5035,5263,6,'2026-01-30 08:29:41'),
(5036,5150,6,'2026-01-30 08:29:41'),
(5037,5448,6,'2026-01-30 08:31:28'),
(5038,5450,6,'2026-01-30 08:31:28'),
(5039,5494,6,'2026-01-30 08:31:28'),
(5040,5475,6,'2026-01-30 08:31:28'),
(5041,5462,6,'2026-01-30 08:31:28'),
(5042,5444,6,'2026-01-30 08:31:28'),
(5043,5551,6,'2026-01-30 08:31:28'),
(5044,6670,6,'2026-01-30 08:34:02'),
(5045,5732,6,'2026-01-30 08:34:02'),
(5046,6056,6,'2026-01-30 08:34:02'),
(5047,6097,6,'2026-01-30 08:34:02'),
(5048,6536,6,'2026-01-30 08:34:02'),
(5049,6603,6,'2026-01-30 08:34:02'),
(5050,5677,6,'2026-01-30 08:34:02'),
(5051,5965,6,'2026-01-30 08:34:02'),
(5052,5710,6,'2026-01-30 08:34:02'),
(5053,6139,6,'2026-01-30 08:34:02'),
(5054,6379,6,'2026-01-30 08:34:02'),
(5055,5683,6,'2026-01-30 08:34:02'),
(5056,6202,6,'2026-01-30 08:34:02'),
(5057,6177,6,'2026-01-30 08:34:02'),
(5058,6594,6,'2026-01-30 08:34:02'),
(5059,6399,6,'2026-01-30 08:34:02'),
(5060,6641,6,'2026-01-30 08:34:02'),
(5061,6698,6,'2026-01-30 08:34:02'),
(5062,6853,6,'2026-01-30 08:34:02'),
(5063,6444,6,'2026-01-30 08:34:02'),
(5064,6888,6,'2026-01-30 08:34:02'),
(5065,6211,6,'2026-01-30 08:34:02'),
(5066,5721,6,'2026-01-30 08:34:02'),
(5067,6876,6,'2026-01-30 08:34:02'),
(5068,5673,6,'2026-01-30 08:34:02'),
(5069,5735,6,'2026-01-30 08:34:02'),
(5070,5702,6,'2026-01-30 08:34:02'),
(5071,6118,6,'2026-01-30 08:34:02'),
(5072,5962,6,'2026-01-30 08:34:02'),
(5073,6187,6,'2026-01-30 08:34:02'),
(5074,6390,6,'2026-01-30 08:34:02'),
(5075,6064,6,'2026-01-30 08:34:02'),
(5076,6845,6,'2026-01-30 08:34:02'),
(5077,6764,10,'2026-01-30 08:34:28'),
(5078,5649,6,'2026-01-30 08:35:45'),
(5079,5579,6,'2026-01-30 08:35:45'),
(5080,5623,6,'2026-01-30 08:35:45'),
(5081,5561,6,'2026-01-30 08:35:45'),
(5082,5140,6,'2026-01-30 08:35:45'),
(5083,5665,6,'2026-01-30 08:35:45'),
(5084,1907,10,'2026-01-30 08:49:49'),
(5085,1870,10,'2026-01-30 08:49:49'),
(5086,1872,10,'2026-01-30 08:49:49'),
(5087,1906,10,'2026-01-30 08:49:49'),
(5088,1847,10,'2026-01-30 08:49:49'),
(5089,1836,10,'2026-01-30 08:49:49'),
(5090,1865,10,'2026-01-30 08:49:49'),
(5091,1850,10,'2026-01-30 08:49:49'),
(5092,1838,10,'2026-01-30 08:49:49'),
(5093,1831,10,'2026-01-30 08:49:49'),
(5094,1876,10,'2026-01-30 08:49:49'),
(5095,1889,10,'2026-01-30 08:49:49'),
(5096,1897,10,'2026-01-30 08:49:49'),
(5097,1894,10,'2026-01-30 08:49:49'),
(5098,1839,10,'2026-01-30 08:49:49'),
(5099,1905,10,'2026-01-30 08:49:49'),
(5100,1837,10,'2026-01-30 08:49:49'),
(5101,1898,10,'2026-01-30 08:49:49'),
(5102,1892,10,'2026-01-30 08:49:49'),
(5103,1910,10,'2026-01-30 08:49:49'),
(5104,1901,10,'2026-01-30 08:49:49'),
(5105,1883,10,'2026-01-30 08:49:49'),
(5106,1869,10,'2026-01-30 08:49:49'),
(5107,1874,10,'2026-01-30 08:49:49'),
(5108,1882,10,'2026-01-30 08:49:49'),
(5109,1868,10,'2026-01-30 08:49:49'),
(5110,1857,10,'2026-01-30 08:49:49'),
(5111,1893,10,'2026-01-30 08:49:49'),
(5112,1880,10,'2026-01-30 08:49:49'),
(5113,1844,10,'2026-01-30 08:49:49'),
(5114,1842,10,'2026-01-30 08:49:49'),
(5115,1879,10,'2026-01-30 08:49:49'),
(5116,1855,10,'2026-01-30 08:49:49'),
(5117,1891,10,'2026-01-30 08:49:49'),
(5118,1896,10,'2026-01-30 08:49:49'),
(5119,1858,10,'2026-01-30 08:49:49'),
(5120,1875,10,'2026-01-30 08:49:50'),
(5121,1881,10,'2026-01-30 08:49:50'),
(5122,1854,10,'2026-01-30 08:49:50'),
(5123,1863,10,'2026-01-30 08:49:50'),
(5124,1895,10,'2026-01-30 08:49:50'),
(5125,1911,10,'2026-01-30 08:49:50'),
(5126,1899,10,'2026-01-30 08:49:50'),
(5127,1902,10,'2026-01-30 08:49:50'),
(5128,1853,10,'2026-01-30 08:49:50'),
(5129,3479,10,'2026-01-30 08:55:06'),
(5130,3402,10,'2026-01-30 08:55:06'),
(5131,5482,10,'2026-01-30 08:55:06'),
(5132,4205,10,'2026-01-30 08:55:06'),
(5133,4195,10,'2026-01-30 08:55:06'),
(5134,5600,10,'2026-01-30 08:55:06'),
(5135,6505,10,'2026-01-30 08:55:06'),
(5136,3429,10,'2026-01-30 08:55:06'),
(5137,4113,10,'2026-01-30 08:55:06'),
(5138,4208,10,'2026-01-30 08:55:06'),
(5139,4896,10,'2026-01-30 08:55:06'),
(5140,4116,10,'2026-01-30 08:55:06'),
(5141,4141,10,'2026-01-30 08:55:06'),
(5142,3447,10,'2026-01-30 08:55:06'),
(5143,3364,10,'2026-01-30 08:55:06'),
(5144,4167,10,'2026-01-30 08:55:06'),
(5145,4219,10,'2026-01-30 08:55:06'),
(5146,3424,10,'2026-01-30 08:55:06'),
(5147,3501,10,'2026-01-30 08:55:06'),
(5148,4211,10,'2026-01-30 08:55:06'),
(5149,5571,10,'2026-01-30 08:55:06'),
(5150,3481,10,'2026-01-30 08:55:06'),
(5151,3320,10,'2026-01-30 08:55:06'),
(5152,5471,10,'2026-01-30 08:55:06'),
(5153,4880,10,'2026-01-30 08:55:06'),
(5154,4170,10,'2026-01-30 08:55:06'),
(5155,4119,10,'2026-01-30 08:55:06'),
(5156,3423,10,'2026-01-30 08:55:06'),
(5157,4424,10,'2026-01-30 08:55:06'),
(5158,3406,10,'2026-01-30 08:55:06'),
(5159,3441,10,'2026-01-30 08:55:06'),
(5160,4253,10,'2026-01-30 08:55:06'),
(5161,3291,10,'2026-01-30 08:55:06'),
(5162,3491,10,'2026-01-30 08:55:06'),
(5163,4515,10,'2026-01-30 08:55:06'),
(5164,4149,10,'2026-01-30 08:55:06'),
(5165,4176,10,'2026-01-30 08:55:06'),
(5166,4201,10,'2026-01-30 08:55:07'),
(5167,4109,10,'2026-01-30 08:55:07'),
(5168,4164,10,'2026-01-30 08:55:07'),
(5169,3510,10,'2026-01-30 08:55:07'),
(5170,4918,10,'2026-01-30 08:55:07'),
(5171,4215,10,'2026-01-30 08:55:07'),
(5172,8440,10,'2026-01-30 08:56:01'),
(5173,4122,10,'2026-01-30 09:01:31'),
(5174,24088,6,'2026-01-30 09:18:49'),
(5175,24204,6,'2026-01-30 09:18:49'),
(5176,25366,6,'2026-01-30 09:18:49'),
(5177,25448,6,'2026-01-30 09:18:50'),
(5178,26312,6,'2026-01-30 09:18:50'),
(5179,24200,6,'2026-01-30 09:18:50'),
(5180,23501,6,'2026-01-30 09:18:50'),
(5181,24064,6,'2026-01-30 09:18:50'),
(5182,24212,6,'2026-01-30 09:18:50'),
(5183,24435,6,'2026-01-30 09:18:50'),
(5184,24745,6,'2026-01-30 09:18:50'),
(5185,25666,6,'2026-01-30 09:18:50'),
(5186,24147,6,'2026-01-30 09:18:50'),
(5187,23493,6,'2026-01-30 09:18:50'),
(5188,24218,6,'2026-01-30 09:18:50'),
(5189,24714,6,'2026-01-30 09:18:50'),
(5190,25318,6,'2026-01-30 09:18:50'),
(5191,26006,6,'2026-01-30 09:18:50'),
(5192,26200,6,'2026-01-30 09:18:50'),
(5193,24090,6,'2026-01-30 09:18:50'),
(5194,25668,6,'2026-01-30 09:18:50'),
(5195,23338,6,'2026-01-30 09:18:50'),
(5196,23503,6,'2026-01-30 09:18:50'),
(5197,23426,6,'2026-01-30 09:18:50'),
(5198,23424,6,'2026-01-30 09:18:50'),
(5199,25824,6,'2026-01-30 09:18:50'),
(5200,25450,6,'2026-01-30 09:18:50'),
(5201,25320,6,'2026-01-30 09:18:50'),
(5202,25553,6,'2026-01-30 09:18:50'),
(5203,25452,6,'2026-01-30 09:18:50'),
(5204,25555,6,'2026-01-30 09:18:50'),
(5205,24202,6,'2026-01-30 09:18:50'),
(5206,24671,6,'2026-01-30 09:18:50'),
(5207,26182,6,'2026-01-30 09:18:50'),
(5208,26243,6,'2026-01-30 09:18:50'),
(5209,23680,6,'2026-01-30 09:18:50'),
(5210,24647,6,'2026-01-30 09:18:50'),
(5211,25099,6,'2026-01-30 09:18:50'),
(5212,25939,6,'2026-01-30 09:18:50'),
(5213,24885,6,'2026-01-30 09:18:50'),
(5214,23541,6,'2026-01-30 09:18:50'),
(5215,24805,6,'2026-01-30 09:18:50'),
(5216,25368,6,'2026-01-30 09:18:50'),
(5217,25484,6,'2026-01-30 09:18:50'),
(5218,25995,6,'2026-01-30 09:18:50'),
(5219,23497,6,'2026-01-30 09:18:50'),
(5220,24058,6,'2026-01-30 09:18:50'),
(5221,24208,6,'2026-01-30 09:18:50'),
(5222,24256,6,'2026-01-30 09:18:50'),
(5223,25330,6,'2026-01-30 09:18:50'),
(5224,25421,6,'2026-01-30 09:18:50'),
(5225,25985,6,'2026-01-30 09:18:50'),
(5226,26202,6,'2026-01-30 09:18:50'),
(5227,23974,6,'2026-01-30 09:18:50'),
(5228,24801,6,'2026-01-30 09:18:50'),
(5229,24905,6,'2026-01-30 09:18:50'),
(5230,23413,6,'2026-01-30 09:18:50'),
(5231,25518,6,'2026-01-30 09:18:50'),
(5232,23323,6,'2026-01-30 09:18:50'),
(5233,23491,6,'2026-01-30 09:18:50'),
(5234,24206,6,'2026-01-30 09:18:50'),
(5235,24210,6,'2026-01-30 09:18:50'),
(5236,23561,6,'2026-01-30 09:18:50'),
(5237,24060,6,'2026-01-30 09:18:50'),
(5238,26198,6,'2026-01-30 09:18:50'),
(5239,25454,6,'2026-01-30 09:18:50'),
(5240,23455,6,'2026-01-30 09:18:50'),
(5241,23563,6,'2026-01-30 09:18:50'),
(5242,25557,6,'2026-01-30 09:18:50'),
(5243,23428,6,'2026-01-30 09:18:50'),
(5244,25559,6,'2026-01-30 09:18:50'),
(5245,35451,6,'2026-01-30 09:18:50'),
(5246,35449,6,'2026-01-30 09:18:50'),
(5247,26308,6,'2026-01-30 09:18:50'),
(5248,23363,6,'2026-01-30 09:18:50'),
(5249,23444,6,'2026-01-30 09:18:50'),
(5250,23451,6,'2026-01-30 09:18:50'),
(5251,23690,6,'2026-01-30 09:18:50'),
(5252,8757,6,'2026-01-30 09:18:50'),
(5253,25348,6,'2026-01-30 09:18:50'),
(5254,24407,6,'2026-01-30 09:18:50'),
(5255,24274,6,'2026-01-30 09:18:50'),
(5256,23350,6,'2026-01-30 09:18:50'),
(5257,26298,6,'2026-01-30 09:18:50'),
(5258,9,6,'2026-01-30 09:18:50'),
(5259,26143,6,'2026-01-30 09:18:50'),
(5260,24815,6,'2026-01-30 09:18:50'),
(5261,26005,6,'2026-01-30 09:18:50'),
(5262,26419,6,'2026-01-30 09:18:50'),
(5263,26483,6,'2026-01-30 09:18:50'),
(5264,25771,6,'2026-01-30 09:18:50'),
(5265,26192,6,'2026-01-30 09:18:50'),
(5266,23489,6,'2026-01-30 09:18:51'),
(5267,23762,6,'2026-01-30 09:18:51'),
(5268,24003,6,'2026-01-30 09:18:51'),
(5269,25015,6,'2026-01-30 09:18:51'),
(5270,25563,6,'2026-01-30 09:18:51'),
(5271,26288,6,'2026-01-30 09:18:51'),
(5272,28829,6,'2026-01-30 09:18:51'),
(5273,24915,6,'2026-01-30 09:18:51'),
(5274,25737,6,'2026-01-30 09:18:51'),
(5275,26078,6,'2026-01-30 09:18:51'),
(5276,23897,6,'2026-01-30 09:18:51'),
(5277,23927,6,'2026-01-30 09:18:51'),
(5278,24127,6,'2026-01-30 09:18:51'),
(5279,24823,6,'2026-01-30 09:18:51'),
(5280,24921,6,'2026-01-30 09:18:51'),
(5281,24978,6,'2026-01-30 09:18:51'),
(5282,26101,6,'2026-01-30 09:18:51'),
(5283,23865,6,'2026-01-30 09:18:51'),
(5284,24069,6,'2026-01-30 09:18:51'),
(5285,24124,6,'2026-01-30 09:18:51'),
(5286,25053,6,'2026-01-30 09:18:51'),
(5287,26218,6,'2026-01-30 09:18:51'),
(5288,24959,6,'2026-01-30 09:18:51'),
(5289,24989,6,'2026-01-30 09:18:51'),
(5290,25028,6,'2026-01-30 09:18:51'),
(5291,24492,6,'2026-01-30 09:18:51'),
(5292,2555,6,'2026-01-30 09:18:51'),
(5293,24631,6,'2026-01-30 09:18:51'),
(5294,25190,6,'2026-01-30 09:18:51'),
(5295,25187,6,'2026-01-30 09:18:51'),
(5296,25571,6,'2026-01-30 09:18:51'),
(5297,23734,6,'2026-01-30 09:18:51'),
(5298,23941,6,'2026-01-30 09:18:51'),
(5299,23986,6,'2026-01-30 09:18:51'),
(5300,24999,6,'2026-01-30 09:18:51'),
(5301,25005,6,'2026-01-30 09:18:51'),
(5302,25415,6,'2026-01-30 09:18:51'),
(5303,29391,6,'2026-01-30 09:18:51'),
(5304,25923,6,'2026-01-30 09:18:51'),
(5305,26262,6,'2026-01-30 09:18:51'),
(5306,23580,6,'2026-01-30 09:18:51'),
(5307,26272,6,'2026-01-30 09:18:51'),
(5308,24494,6,'2026-01-30 09:18:51'),
(5309,22,6,'2026-01-30 09:18:51'),
(5310,25551,6,'2026-01-30 09:18:51'),
(5311,26076,6,'2026-01-30 09:18:51'),
(5312,25839,6,'2026-01-30 09:18:51'),
(5313,23405,6,'2026-01-30 09:18:51'),
(5314,26044,6,'2026-01-30 09:18:51'),
(5315,24042,6,'2026-01-30 09:18:51'),
(5316,24161,6,'2026-01-30 09:18:51'),
(5317,6973,6,'2026-01-30 09:18:51'),
(5318,23285,6,'2026-01-30 09:18:51'),
(5319,23694,6,'2026-01-30 09:18:51'),
(5320,24451,6,'2026-01-30 09:18:51'),
(5321,24655,6,'2026-01-30 09:18:51'),
(5322,25936,6,'2026-01-30 09:18:51'),
(5323,9603,6,'2026-01-30 09:18:51'),
(5324,24681,6,'2026-01-30 09:18:51'),
(5325,23787,6,'2026-01-30 09:18:51'),
(5326,23772,6,'2026-01-30 09:18:51'),
(5327,25044,6,'2026-01-30 09:18:51'),
(5328,23467,6,'2026-01-30 09:18:51'),
(5329,25027,6,'2026-01-30 09:18:51'),
(5330,25927,6,'2026-01-30 09:18:51'),
(5331,23453,6,'2026-01-30 09:18:51'),
(5332,23812,6,'2026-01-30 09:18:51'),
(5333,23920,6,'2026-01-30 09:18:52'),
(5334,25087,6,'2026-01-30 09:18:52'),
(5335,25801,6,'2026-01-30 09:18:52'),
(5336,24512,6,'2026-01-30 09:18:52'),
(5337,24303,6,'2026-01-30 09:18:52'),
(5338,24787,6,'2026-01-30 09:18:52'),
(5339,24961,6,'2026-01-30 09:18:52'),
(5340,25109,6,'2026-01-30 09:18:52'),
(5341,23947,6,'2026-01-30 09:18:52'),
(5342,24109,6,'2026-01-30 09:18:52'),
(5343,24001,6,'2026-01-30 09:18:52'),
(5344,23806,6,'2026-01-30 09:18:52'),
(5345,26892,6,'2026-01-30 09:18:52'),
(5346,24569,6,'2026-01-30 09:18:52'),
(5347,25635,6,'2026-01-30 09:18:52'),
(5348,25629,6,'2026-01-30 09:18:52'),
(5349,25708,6,'2026-01-30 09:18:52'),
(5350,23315,6,'2026-01-30 09:18:52'),
(5351,23766,6,'2026-01-30 09:18:52'),
(5352,23879,6,'2026-01-30 09:18:52'),
(5353,24811,6,'2026-01-30 09:18:52'),
(5354,24831,6,'2026-01-30 09:18:52'),
(5355,25017,6,'2026-01-30 09:18:52'),
(5356,25189,6,'2026-01-30 09:18:52'),
(5357,25381,6,'2026-01-30 09:18:52'),
(5358,25615,6,'2026-01-30 09:18:52'),
(5359,26302,6,'2026-01-30 09:18:52'),
(5360,23590,6,'2026-01-30 09:18:52'),
(5361,24901,6,'2026-01-30 09:18:52'),
(5362,24667,6,'2026-01-30 09:18:52'),
(5363,24653,6,'2026-01-30 09:18:52'),
(5364,24690,6,'2026-01-30 09:18:52'),
(5365,24871,6,'2026-01-30 09:18:52'),
(5366,26318,6,'2026-01-30 09:18:52'),
(5367,23904,6,'2026-01-30 09:18:52'),
(5368,24391,6,'2026-01-30 09:18:52'),
(5369,24490,6,'2026-01-30 09:18:52'),
(5370,24499,6,'2026-01-30 09:18:52'),
(5371,24727,6,'2026-01-30 09:18:52'),
(5372,25145,6,'2026-01-30 09:18:52'),
(5373,26257,6,'2026-01-30 09:18:52'),
(5374,24084,6,'2026-01-30 09:18:52'),
(5375,25512,6,'2026-01-30 09:18:52'),
(5376,23509,6,'2026-01-30 09:18:52'),
(5377,23717,6,'2026-01-30 09:18:52'),
(5378,24229,6,'2026-01-30 09:18:52'),
(5379,24669,6,'2026-01-30 09:18:52'),
(5380,26057,6,'2026-01-30 09:18:52'),
(5381,23438,6,'2026-01-30 09:18:52'),
(5382,24260,6,'2026-01-30 09:18:52'),
(5383,24997,6,'2026-01-30 09:18:52'),
(5384,25252,6,'2026-01-30 09:18:52'),
(5385,33857,6,'2026-01-30 09:18:52'),
(5386,24710,6,'2026-01-30 09:18:52'),
(5387,23634,6,'2026-01-30 09:18:52'),
(5388,24518,6,'2026-01-30 09:18:52'),
(5389,25983,6,'2026-01-30 09:18:52'),
(5390,25620,6,'2026-01-30 09:18:52'),
(5391,23686,6,'2026-01-30 09:18:52'),
(5392,24617,6,'2026-01-30 09:18:52'),
(5393,24619,6,'2026-01-30 09:18:52'),
(5394,24621,6,'2026-01-30 09:18:52'),
(5395,24623,6,'2026-01-30 09:18:52'),
(5396,24651,6,'2026-01-30 09:18:52'),
(5397,24094,6,'2026-01-30 09:18:53'),
(5398,24522,6,'2026-01-30 09:18:53'),
(5399,25967,6,'2026-01-30 09:18:53'),
(5400,6810,6,'2026-01-30 09:18:53'),
(5401,25682,6,'2026-01-30 09:18:53'),
(5402,23559,6,'2026-01-30 09:18:53'),
(5403,23361,6,'2026-01-30 09:18:53'),
(5404,25470,6,'2026-01-30 09:18:53'),
(5405,23802,6,'2026-01-30 09:18:53'),
(5406,23383,6,'2026-01-30 09:18:53'),
(5407,33787,6,'2026-01-30 09:18:53'),
(5408,25232,6,'2026-01-30 09:18:53'),
(5409,24969,6,'2026-01-30 09:18:53'),
(5410,25059,6,'2026-01-30 09:18:53'),
(5411,26151,6,'2026-01-30 09:18:53'),
(5412,23943,6,'2026-01-30 09:18:53'),
(5413,24755,6,'2026-01-30 09:18:53'),
(5414,23586,6,'2026-01-30 09:18:53'),
(5415,26846,6,'2026-01-30 09:18:53'),
(5416,26851,6,'2026-01-30 09:18:53'),
(5417,24795,6,'2026-01-30 09:18:53'),
(5418,25132,6,'2026-01-30 09:18:53'),
(5419,23754,6,'2026-01-30 09:18:53'),
(5420,23997,6,'2026-01-30 09:18:53'),
(5421,24054,6,'2026-01-30 09:18:53'),
(5422,24167,6,'2026-01-30 09:18:53'),
(5423,24421,6,'2026-01-30 09:18:53'),
(5424,24720,6,'2026-01-30 09:20:52'),
(5425,24995,6,'2026-01-30 09:20:52'),
(5426,25042,6,'2026-01-30 09:20:52'),
(5427,25202,6,'2026-01-30 09:20:52'),
(5428,25238,6,'2026-01-30 09:20:52'),
(5429,25717,6,'2026-01-30 09:20:52'),
(5430,26188,6,'2026-01-30 09:20:52'),
(5431,27,6,'2026-01-30 09:20:52'),
(5432,23792,6,'2026-01-30 09:20:52'),
(5433,25861,6,'2026-01-30 09:20:52'),
(5434,25871,6,'2026-01-30 09:20:52'),
(5435,26226,6,'2026-01-30 09:20:52'),
(5436,23513,6,'2026-01-30 09:20:52'),
(5437,23881,6,'2026-01-30 09:20:52'),
(5438,23902,6,'2026-01-30 09:20:52'),
(5439,24135,6,'2026-01-30 09:20:52'),
(5440,24881,6,'2026-01-30 09:20:52'),
(5441,25660,6,'2026-01-30 09:20:52'),
(5442,25865,6,'2026-01-30 09:20:52'),
(5443,12376,6,'2026-01-30 09:20:52'),
(5444,26194,6,'2026-01-30 09:20:52'),
(5445,25961,6,'2026-01-30 09:20:52'),
(5446,24151,6,'2026-01-30 09:20:52'),
(5447,25051,6,'2026-01-30 09:20:52'),
(5448,23808,6,'2026-01-30 09:20:52'),
(5449,23827,6,'2026-01-30 09:20:52'),
(5450,24281,6,'2026-01-30 09:20:52'),
(5451,24827,6,'2026-01-30 09:20:52'),
(5452,24947,6,'2026-01-30 09:20:52'),
(5453,25007,6,'2026-01-30 09:20:52'),
(5454,24191,6,'2026-01-30 09:20:52'),
(5455,24712,6,'2026-01-30 09:20:52'),
(5456,25068,6,'2026-01-30 09:20:52'),
(5457,24159,6,'2026-01-30 09:20:52'),
(5458,25463,6,'2026-01-30 09:20:52'),
(5459,24133,6,'2026-01-30 09:20:52'),
(5460,24753,6,'2026-01-30 09:20:52'),
(5461,24929,6,'2026-01-30 09:20:53'),
(5462,25773,6,'2026-01-30 09:20:53'),
(5463,25918,6,'2026-01-30 09:20:53'),
(5464,24771,6,'2026-01-30 09:20:53'),
(5465,23738,6,'2026-01-30 09:20:53'),
(5466,24153,6,'2026-01-30 09:20:53'),
(5467,24937,6,'2026-01-30 09:20:53'),
(5468,25200,6,'2026-01-30 09:20:53'),
(5469,25934,6,'2026-01-30 09:20:53'),
(5470,23396,6,'2026-01-30 09:20:53'),
(5471,23484,6,'2026-01-30 09:20:53'),
(5472,23517,6,'2026-01-30 09:20:53'),
(5473,23891,6,'2026-01-30 09:20:53'),
(5474,24533,6,'2026-01-30 09:20:53'),
(5475,25055,6,'2026-01-30 09:20:53'),
(5476,25561,6,'2026-01-30 09:20:53'),
(5477,25698,6,'2026-01-30 09:20:53'),
(5478,26010,6,'2026-01-30 09:20:53'),
(5479,26169,6,'2026-01-30 09:20:53'),
(5480,25879,6,'2026-01-30 09:20:53'),
(5481,26913,6,'2026-01-30 09:20:53'),
(5482,26055,6,'2026-01-30 09:20:53'),
(5483,23366,6,'2026-01-30 09:20:53'),
(5484,24413,6,'2026-01-30 09:20:53'),
(5485,23643,6,'2026-01-30 09:20:53'),
(5486,25710,6,'2026-01-30 09:20:53'),
(5487,24040,6,'2026-01-30 09:20:53'),
(5488,25809,6,'2026-01-30 09:20:53'),
(5489,26141,6,'2026-01-30 09:20:53'),
(5490,26115,6,'2026-01-30 09:20:53'),
(5491,26111,6,'2026-01-30 09:20:53'),
(5492,26117,6,'2026-01-30 09:20:53'),
(5493,26119,6,'2026-01-30 09:20:53'),
(5494,26125,6,'2026-01-30 09:20:53'),
(5495,23357,6,'2026-01-30 09:20:53'),
(5496,25587,6,'2026-01-30 09:20:53'),
(5497,23472,6,'2026-01-30 09:20:53'),
(5498,24433,6,'2026-01-30 09:20:53'),
(5499,24615,6,'2026-01-30 09:20:53'),
(5500,26847,6,'2026-01-30 09:20:53'),
(5501,24395,6,'2026-01-30 09:20:53'),
(5502,25637,6,'2026-01-30 09:20:53'),
(5503,25885,6,'2026-01-30 09:20:53'),
(5504,25954,6,'2026-01-30 09:20:53'),
(5505,23713,6,'2026-01-30 09:20:53'),
(5506,26042,6,'2026-01-30 09:20:53'),
(5507,25959,6,'2026-01-30 09:20:53'),
(5508,24939,6,'2026-01-30 09:20:53'),
(5509,25270,6,'2026-01-30 09:20:53'),
(5510,25766,6,'2026-01-30 09:20:53'),
(5511,24194,6,'2026-01-30 09:20:53'),
(5512,24688,6,'2026-01-30 09:20:53'),
(5513,23526,6,'2026-01-30 09:20:53'),
(5514,24803,6,'2026-01-30 09:20:53'),
(5515,23474,6,'2026-01-30 09:20:53'),
(5516,24861,6,'2026-01-30 09:20:53'),
(5517,25123,6,'2026-01-30 09:20:53'),
(5518,25592,6,'2026-01-30 09:20:53'),
(5519,23648,6,'2026-01-30 09:20:53'),
(5520,25921,6,'2026-01-30 09:20:53'),
(5521,24542,6,'2026-01-30 09:20:53'),
(5522,26281,6,'2026-01-30 09:20:53'),
(5523,25121,6,'2026-01-30 09:20:53'),
(5524,24613,6,'2026-01-30 09:20:53'),
(5525,24017,6,'2026-01-30 09:20:53'),
(5526,26016,6,'2026-01-30 09:20:53'),
(5527,3803,6,'2026-01-30 09:20:53'),
(5528,23790,6,'2026-01-30 09:20:54'),
(5529,25155,6,'2026-01-30 09:20:54'),
(5530,26266,6,'2026-01-30 09:20:54'),
(5531,24163,6,'2026-01-30 09:20:54'),
(5532,23957,6,'2026-01-30 09:20:54'),
(5533,25342,6,'2026-01-30 09:20:54'),
(5534,26145,6,'2026-01-30 09:20:54'),
(5535,23841,6,'2026-01-30 09:20:54'),
(5536,24157,6,'2026-01-30 09:20:54'),
(5537,24462,6,'2026-01-30 09:20:54'),
(5538,25645,6,'2026-01-30 09:20:54'),
(5539,24454,6,'2026-01-30 09:20:54'),
(5540,24563,6,'2026-01-30 09:20:54'),
(5541,25081,6,'2026-01-30 09:20:54'),
(5542,29344,6,'2026-01-30 09:20:54'),
(5543,25480,6,'2026-01-30 09:20:54'),
(5544,26259,6,'2026-01-30 09:20:54'),
(5545,24643,6,'2026-01-30 09:20:54'),
(5546,24645,6,'2026-01-30 09:20:54'),
(5547,25509,6,'2026-01-30 09:20:54'),
(5548,24258,6,'2026-01-30 09:20:54'),
(5549,25497,6,'2026-01-30 09:20:54'),
(5550,24813,6,'2026-01-30 09:20:54'),
(5551,24611,6,'2026-01-30 09:20:54'),
(5552,25173,6,'2026-01-30 09:20:54'),
(5553,35370,6,'2026-01-30 09:20:54'),
(5554,23916,6,'2026-01-30 09:20:54'),
(5555,24735,6,'2026-01-30 09:20:54'),
(5556,25491,6,'2026-01-30 09:20:54'),
(5557,25762,6,'2026-01-30 09:20:54'),
(5558,24739,6,'2026-01-30 09:20:54'),
(5559,25670,6,'2026-01-30 09:20:54'),
(5560,24501,6,'2026-01-30 09:20:54'),
(5561,23478,6,'2026-01-30 09:20:54'),
(5562,23750,6,'2026-01-30 09:20:54'),
(5563,25111,6,'2026-01-30 09:20:54'),
(5564,25117,6,'2026-01-30 09:20:54'),
(5565,25654,6,'2026-01-30 09:20:54'),
(5566,25957,6,'2026-01-30 09:20:54'),
(5567,9569,6,'2026-01-30 09:20:54'),
(5568,24019,6,'2026-01-30 09:20:54'),
(5569,24529,6,'2026-01-30 09:20:54'),
(5570,23908,6,'2026-01-30 09:20:54'),
(5571,24220,6,'2026-01-30 09:20:54'),
(5572,25336,6,'2026-01-30 09:20:54'),
(5573,25302,6,'2026-01-30 09:20:54'),
(5574,25746,6,'2026-01-30 09:20:54'),
(5575,25662,6,'2026-01-30 09:20:54'),
(5576,23353,6,'2026-01-30 09:20:54'),
(5577,23592,6,'2026-01-30 09:20:54'),
(5578,24105,6,'2026-01-30 09:20:54'),
(5579,24550,6,'2026-01-30 09:20:54'),
(5580,24579,6,'2026-01-30 09:20:54'),
(5581,25965,6,'2026-01-30 09:20:54'),
(5582,24011,6,'2026-01-30 09:20:54'),
(5583,24627,6,'2026-01-30 09:20:54'),
(5584,24844,6,'2026-01-30 09:20:54'),
(5585,26059,6,'2026-01-30 09:20:54'),
(5586,25524,6,'2026-01-30 09:20:54'),
(5587,23910,6,'2026-01-30 09:20:54'),
(5588,23935,6,'2026-01-30 09:20:54'),
(5589,24092,6,'2026-01-30 09:20:54'),
(5590,24698,6,'2026-01-30 09:20:54'),
(5591,25617,6,'2026-01-30 09:20:54'),
(5592,23678,6,'2026-01-30 09:20:54'),
(5593,24131,6,'2026-01-30 09:20:54'),
(5594,23764,6,'2026-01-30 09:20:54'),
(5595,24976,6,'2026-01-30 09:20:54'),
(5596,26020,6,'2026-01-30 09:20:54'),
(5597,24056,6,'2026-01-30 09:20:54'),
(5598,25520,6,'2026-01-30 09:20:54'),
(5599,23519,6,'2026-01-30 09:20:54'),
(5600,25049,6,'2026-01-30 09:20:54'),
(5601,23707,6,'2026-01-30 09:20:54'),
(5602,24891,6,'2026-01-30 09:20:54'),
(5603,25147,6,'2026-01-30 09:20:54'),
(5604,24554,6,'2026-01-30 09:20:54'),
(5605,25316,6,'2026-01-30 09:20:54'),
(5606,25287,6,'2026-01-30 09:20:54'),
(5607,24633,6,'2026-01-30 09:20:54'),
(5608,24641,6,'2026-01-30 09:20:54'),
(5609,24635,6,'2026-01-30 09:20:54'),
(5610,24637,6,'2026-01-30 09:20:54'),
(5611,24639,6,'2026-01-30 09:20:54'),
(5612,26486,6,'2026-01-30 09:20:54'),
(5613,24604,6,'2026-01-30 09:20:54'),
(5614,26109,6,'2026-01-30 09:20:54'),
(5615,25057,6,'2026-01-30 09:20:54'),
(5616,25266,6,'2026-01-30 09:20:54'),
(5617,25065,6,'2026-01-30 09:20:54'),
(5618,25775,6,'2026-01-30 09:20:54'),
(5619,24567,6,'2026-01-30 09:20:54'),
(5620,26296,6,'2026-01-30 09:20:54'),
(5621,25198,6,'2026-01-30 09:20:54'),
(5622,25308,6,'2026-01-30 09:20:54'),
(5623,24488,6,'2026-01-30 09:20:54'),
(5624,26250,6,'2026-01-30 09:20:54'),
(5625,23440,6,'2026-01-30 09:20:54'),
(5626,25744,6,'2026-01-30 09:20:54'),
(5627,24909,6,'2026-01-30 09:20:54'),
(5628,25324,6,'2026-01-30 09:20:54'),
(5629,24911,6,'2026-01-30 09:20:54'),
(5630,25322,6,'2026-01-30 09:20:54'),
(5631,23768,6,'2026-01-30 09:20:54'),
(5632,24729,6,'2026-01-30 09:20:54'),
(5633,24388,6,'2026-01-30 09:20:54'),
(5634,23918,6,'2026-01-30 09:20:54'),
(5635,26300,6,'2026-01-30 09:20:54'),
(5636,23995,6,'2026-01-30 09:20:54'),
(5637,24313,6,'2026-01-30 09:20:54'),
(5638,26212,6,'2026-01-30 09:20:55'),
(5639,23528,6,'2026-01-30 09:20:55'),
(5640,24065,6,'2026-01-30 09:20:55'),
(5641,34220,6,'2026-01-30 09:20:55'),
(5642,8510,6,'2026-01-30 09:20:55'),
(5643,23436,6,'2026-01-30 09:20:55'),
(5644,23719,6,'2026-01-30 09:20:55'),
(5645,24525,6,'2026-01-30 09:20:55'),
(5646,24657,6,'2026-01-30 09:20:55'),
(5647,25256,6,'2026-01-30 09:20:55'),
(5648,25161,6,'2026-01-30 09:20:55'),
(5649,23929,6,'2026-01-30 09:20:55'),
(5650,23785,6,'2026-01-30 09:20:55'),
(5651,26270,6,'2026-01-30 09:20:55'),
(5652,24277,6,'2026-01-30 09:20:55'),
(5653,25887,6,'2026-01-30 09:20:55'),
(5654,25889,6,'2026-01-30 09:20:55'),
(5655,23645,6,'2026-01-30 09:20:55'),
(5656,26294,6,'2026-01-30 09:20:55'),
(5657,23415,6,'2026-01-30 09:20:55'),
(5658,25407,6,'2026-01-30 09:20:55'),
(5659,24251,6,'2026-01-30 09:20:55'),
(5660,26921,6,'2026-01-30 09:20:55'),
(5661,23620,6,'2026-01-30 09:20:55'),
(5662,24855,6,'2026-01-30 09:20:55'),
(5663,26261,6,'2026-01-30 09:20:55'),
(5664,25149,6,'2026-01-30 09:20:55'),
(5665,25613,6,'2026-01-30 09:20:55'),
(5666,25853,6,'2026-01-30 09:20:55'),
(5667,23953,6,'2026-01-30 09:20:55'),
(5668,24319,6,'2026-01-30 09:20:55'),
(5669,24821,6,'2026-01-30 09:20:55'),
(5670,25434,6,'2026-01-30 09:20:55'),
(5671,25857,6,'2026-01-30 09:20:55'),
(5672,26161,6,'2026-01-30 09:20:55'),
(5673,24839,6,'2026-01-30 09:20:55'),
(5674,23574,6,'2026-01-30 09:21:40'),
(5675,25347,6,'2026-01-30 09:21:40'),
(5676,26026,6,'2026-01-30 09:21:40'),
(5677,23608,6,'2026-01-30 09:21:40'),
(5678,24121,6,'2026-01-30 09:21:40'),
(5679,8677,6,'2026-01-30 09:21:40'),
(5680,24765,6,'2026-01-30 09:21:40'),
(5681,24539,6,'2026-01-30 09:21:40'),
(5682,25826,6,'2026-01-30 09:21:40'),
(5683,23618,6,'2026-01-30 09:21:40'),
(5684,24561,6,'2026-01-30 09:21:40'),
(5685,25001,6,'2026-01-30 09:21:40'),
(5686,25489,6,'2026-01-30 09:21:40'),
(5687,23461,6,'2026-01-30 09:21:40'),
(5688,24557,6,'2026-01-30 09:21:40'),
(5689,23401,6,'2026-01-30 09:21:40'),
(5690,23674,6,'2026-01-30 09:21:40'),
(5691,23751,6,'2026-01-30 09:21:40'),
(5692,24052,6,'2026-01-30 09:21:40'),
(5693,24171,6,'2026-01-30 09:21:40'),
(5694,24375,6,'2026-01-30 09:21:41'),
(5695,34468,6,'2026-01-30 09:21:41'),
(5696,25061,6,'2026-01-30 09:21:41'),
(5697,25083,6,'2026-01-30 09:21:41'),
(5698,26096,6,'2026-01-30 09:21:41'),
(5699,25952,6,'2026-01-30 09:21:41'),
(5700,24783,6,'2026-01-30 09:21:41'),
(5701,23293,6,'2026-01-30 09:21:41'),
(5702,23297,6,'2026-01-30 09:21:41'),
(5703,25474,6,'2026-01-30 09:21:41'),
(5704,25234,6,'2026-01-30 09:21:41'),
(5705,24189,6,'2026-01-30 09:21:41'),
(5706,24384,6,'2026-01-30 09:21:41'),
(5707,23696,6,'2026-01-30 09:21:41'),
(5708,24337,6,'2026-01-30 09:21:41'),
(5709,24347,6,'2026-01-30 09:21:41'),
(5710,24353,6,'2026-01-30 09:21:41'),
(5711,24357,6,'2026-01-30 09:21:41'),
(5712,24359,6,'2026-01-30 09:21:41'),
(5713,24009,6,'2026-01-30 09:21:41'),
(5714,24086,6,'2026-01-30 09:21:41'),
(5715,24373,6,'2026-01-30 09:21:41'),
(5716,24706,6,'2026-01-30 09:21:41'),
(5717,25423,6,'2026-01-30 09:21:41'),
(5718,25581,6,'2026-01-30 09:21:41'),
(5719,26085,6,'2026-01-30 09:21:41'),
(5720,26290,6,'2026-01-30 09:21:41'),
(5721,25419,6,'2026-01-30 09:21:41'),
(5722,25979,6,'2026-01-30 09:21:41'),
(5723,23692,6,'2026-01-30 09:21:41'),
(5724,23700,6,'2026-01-30 09:21:41'),
(5725,23961,6,'2026-01-30 09:21:41'),
(5726,23959,6,'2026-01-30 09:21:41'),
(5727,25126,6,'2026-01-30 09:21:41'),
(5728,25403,6,'2026-01-30 09:21:41'),
(5729,25417,6,'2026-01-30 09:21:41'),
(5730,25758,6,'2026-01-30 09:21:41'),
(5731,25764,6,'2026-01-30 09:21:41'),
(5732,24115,6,'2026-01-30 09:21:41'),
(5733,24897,6,'2026-01-30 09:21:41'),
(5734,24889,6,'2026-01-30 09:21:41'),
(5735,24361,6,'2026-01-30 09:21:41'),
(5736,24363,6,'2026-01-30 09:21:41'),
(5737,24365,6,'2026-01-30 09:21:41'),
(5738,24367,6,'2026-01-30 09:21:41'),
(5739,24369,6,'2026-01-30 09:21:41'),
(5740,24887,6,'2026-01-30 09:21:41'),
(5741,24466,6,'2026-01-30 09:21:41'),
(5742,24026,6,'2026-01-30 09:21:41'),
(5743,24470,6,'2026-01-30 09:21:41'),
(5744,24472,6,'2026-01-30 09:21:41'),
(5745,23375,6,'2026-01-30 09:21:41'),
(5746,24323,6,'2026-01-30 09:21:41'),
(5747,24464,6,'2026-01-30 09:21:41'),
(5748,24468,6,'2026-01-30 09:21:41'),
(5749,24028,6,'2026-01-30 09:21:41'),
(5750,24474,6,'2026-01-30 09:21:41'),
(5751,24030,6,'2026-01-30 09:21:41'),
(5752,23963,6,'2026-01-30 09:21:41'),
(5753,24476,6,'2026-01-30 09:21:41'),
(5754,24478,6,'2026-01-30 09:21:41'),
(5755,24480,6,'2026-01-30 09:21:41'),
(5756,24482,6,'2026-01-30 09:21:41'),
(5757,25735,6,'2026-01-30 09:21:41'),
(5758,23914,6,'2026-01-30 09:21:41'),
(5759,25409,6,'2026-01-30 09:21:41'),
(5760,25526,6,'2026-01-30 09:21:42'),
(5761,25535,6,'2026-01-30 09:21:42'),
(5762,25539,6,'2026-01-30 09:21:42'),
(5763,25981,6,'2026-01-30 09:21:42'),
(5764,23658,6,'2026-01-30 09:21:42'),
(5765,23724,6,'2026-01-30 09:21:42'),
(5766,23816,6,'2026-01-30 09:21:42'),
(5767,23912,6,'2026-01-30 09:21:42'),
(5768,24333,6,'2026-01-30 09:21:42'),
(5769,24343,6,'2026-01-30 09:21:42'),
(5770,24351,6,'2026-01-30 09:21:42'),
(5771,24355,6,'2026-01-30 09:21:42'),
(5772,24514,6,'2026-01-30 09:21:42'),
(5773,24696,6,'2026-01-30 09:21:42'),
(5774,25528,6,'2026-01-30 09:21:42'),
(5775,25537,6,'2026-01-30 09:21:42'),
(5776,25541,6,'2026-01-30 09:21:42'),
(5777,25545,6,'2026-01-30 09:21:42'),
(5778,25547,6,'2026-01-30 09:21:42'),
(5779,25549,6,'2026-01-30 09:21:42'),
(5780,25651,6,'2026-01-30 09:21:42'),
(5781,25785,6,'2026-01-30 09:21:42'),
(5782,25797,6,'2026-01-30 09:21:42'),
(5783,25969,6,'2026-01-30 09:21:42'),
(5784,26176,6,'2026-01-30 09:21:42'),
(5785,26178,6,'2026-01-30 09:21:42'),
(5786,23555,6,'2026-01-30 09:21:42'),
(5787,24907,6,'2026-01-30 09:21:42'),
(5788,25891,6,'2026-01-30 09:21:42'),
(5789,24516,6,'2026-01-30 09:21:42'),
(5790,25169,6,'2026-01-30 09:21:42'),
(5791,25175,6,'2026-01-30 09:21:42'),
(5792,25167,6,'2026-01-30 09:21:42'),
(5793,25171,6,'2026-01-30 09:21:42'),
(5794,25973,6,'2026-01-30 09:21:42'),
(5795,25975,6,'2026-01-30 09:21:42'),
(5796,23746,6,'2026-01-30 09:21:42'),
(5797,23610,6,'2026-01-30 09:21:42'),
(5798,24099,6,'2026-01-30 09:21:42'),
(5799,24991,6,'2026-01-30 09:21:42'),
(5800,24331,6,'2026-01-30 09:21:42'),
(5801,24341,6,'2026-01-30 09:21:42'),
(5802,24349,6,'2026-01-30 09:21:42'),
(5803,23507,6,'2026-01-30 09:21:42'),
(5804,23295,6,'2026-01-30 09:21:42'),
(5805,25827,6,'2026-01-30 09:21:42'),
(5806,23636,6,'2026-01-30 09:21:42'),
(5807,25101,6,'2026-01-30 09:21:42'),
(5808,23625,6,'2026-01-30 09:21:42'),
(5809,23630,6,'2026-01-30 09:21:42'),
(5810,24537,6,'2026-01-30 09:21:42'),
(5811,23783,6,'2026-01-30 09:21:42'),
(5812,23457,6,'2026-01-30 09:21:42'),
(5813,25896,6,'2026-01-30 09:21:42'),
(5814,23774,6,'2026-01-30 09:21:42'),
(5815,23470,6,'2026-01-30 09:21:42'),
(5816,23765,6,'2026-01-30 09:21:42'),
(5817,26012,6,'2026-01-30 09:21:42'),
(5818,23721,6,'2026-01-30 09:21:42'),
(5819,24005,6,'2026-01-30 09:21:42'),
(5820,24661,6,'2026-01-30 09:21:42'),
(5821,25046,6,'2026-01-30 09:21:42'),
(5822,25289,6,'2026-01-30 09:21:42'),
(5823,25607,6,'2026-01-30 09:21:42'),
(5824,25821,6,'2026-01-30 09:21:42'),
(5825,25989,6,'2026-01-30 09:21:42'),
(5826,23740,6,'2026-01-30 09:21:42'),
(5827,25153,6,'2026-01-30 09:21:42'),
(5828,25090,6,'2026-01-30 09:21:43'),
(5829,25791,6,'2026-01-30 09:21:43'),
(5830,26121,6,'2026-01-30 09:21:43'),
(5831,26131,6,'2026-01-30 09:21:43'),
(5832,24945,6,'2026-01-30 09:21:43'),
(5833,27508,6,'2026-01-30 09:21:43'),
(5834,25679,6,'2026-01-30 09:21:43'),
(5835,25690,6,'2026-01-30 09:21:43'),
(5836,25686,6,'2026-01-30 09:21:43'),
(5837,25688,6,'2026-01-30 09:21:43'),
(5838,25674,6,'2026-01-30 09:21:43'),
(5839,25675,6,'2026-01-30 09:21:43'),
(5840,25676,6,'2026-01-30 09:21:43'),
(5841,25795,6,'2026-01-30 09:21:43'),
(5842,25811,6,'2026-01-30 09:21:43'),
(5843,25622,6,'2026-01-30 09:21:43'),
(5844,23844,6,'2026-01-30 09:21:43'),
(5845,25306,6,'2026-01-30 09:21:43'),
(5846,23642,6,'2026-01-30 09:21:43'),
(5847,25594,6,'2026-01-30 09:21:43'),
(5848,26887,6,'2026-01-30 09:21:43'),
(5849,25829,6,'2026-01-30 09:21:43'),
(5850,24598,6,'2026-01-30 09:21:43'),
(5851,23873,6,'2026-01-30 09:21:43'),
(5852,23365,6,'2026-01-30 09:21:43'),
(5853,25963,6,'2026-01-30 09:21:43'),
(5854,23821,6,'2026-01-30 09:21:43'),
(5855,24791,6,'2026-01-30 09:21:43'),
(5856,25478,6,'2026-01-30 09:21:43'),
(5857,26228,6,'2026-01-30 09:21:43'),
(5858,23845,6,'2026-01-30 09:21:43'),
(5859,23843,6,'2026-01-30 09:21:43'),
(5860,26304,6,'2026-01-30 09:21:43'),
(5861,24223,6,'2026-01-30 09:21:43'),
(5862,23893,6,'2026-01-30 09:21:43'),
(5863,25157,6,'2026-01-30 09:21:43'),
(5864,24913,6,'2026-01-30 09:21:43'),
(5865,24941,6,'2026-01-30 09:21:43'),
(5866,24980,6,'2026-01-30 09:21:43'),
(5867,25185,6,'2026-01-30 09:21:43'),
(5868,25183,6,'2026-01-30 09:21:43'),
(5869,26210,6,'2026-01-30 09:21:43'),
(5870,23742,6,'2026-01-30 09:21:43'),
(5871,25264,6,'2026-01-30 09:21:43'),
(5872,25606,6,'2026-01-30 09:21:43'),
(5873,24297,6,'2026-01-30 09:21:43'),
(5874,25089,6,'2026-01-30 09:21:43'),
(5875,25849,6,'2026-01-30 09:21:43'),
(5876,23899,6,'2026-01-30 09:21:43'),
(5877,24401,6,'2026-01-30 09:21:43'),
(5878,25999,6,'2026-01-30 09:21:43'),
(5879,23545,6,'2026-01-30 09:21:43'),
(5880,25212,6,'2026-01-30 09:21:43'),
(5881,25290,6,'2026-01-30 09:21:43'),
(5882,24415,6,'2026-01-30 09:21:43'),
(5883,24883,6,'2026-01-30 09:21:43'),
(5884,25077,6,'2026-01-30 09:21:43'),
(5885,25013,6,'2026-01-30 09:21:43'),
(5886,25611,6,'2026-01-30 09:21:43'),
(5887,25075,6,'2026-01-30 09:21:43'),
(5888,25641,6,'2026-01-30 09:21:43'),
(5889,23760,6,'2026-01-30 09:21:43'),
(5890,24949,6,'2026-01-30 09:21:43'),
(5891,25276,6,'2026-01-30 09:21:43'),
(5892,25296,6,'2026-01-30 09:21:43'),
(5893,26094,6,'2026-01-30 09:21:43'),
(5894,26196,6,'2026-01-30 09:21:43'),
(5895,26306,6,'2026-01-30 09:21:43'),
(5896,23688,6,'2026-01-30 09:21:43'),
(5897,24600,6,'2026-01-30 09:21:43'),
(5898,24505,6,'2026-01-30 09:21:43'),
(5899,26237,6,'2026-01-30 09:21:43'),
(5900,23434,6,'2026-01-30 09:21:43'),
(5901,23553,6,'2026-01-30 09:21:43'),
(5902,23551,6,'2026-01-30 09:21:43'),
(5903,23600,6,'2026-01-30 09:21:43'),
(5904,23616,6,'2026-01-30 09:21:43'),
(5905,23756,6,'2026-01-30 09:21:43'),
(5906,23744,6,'2026-01-30 09:21:43'),
(5907,23732,6,'2026-01-30 09:21:43'),
(5908,33793,6,'2026-01-30 09:21:43'),
(5909,23931,6,'2026-01-30 09:21:43'),
(5910,24015,6,'2026-01-30 09:21:43'),
(5911,24138,6,'2026-01-30 09:21:44'),
(5912,24196,6,'2026-01-30 09:21:44'),
(5913,24443,6,'2026-01-30 09:21:44'),
(5914,24559,6,'2026-01-30 09:21:44'),
(5915,24751,6,'2026-01-30 09:21:44'),
(5916,24785,6,'2026-01-30 09:21:44'),
(5917,25706,6,'2026-01-30 09:21:44'),
(5918,25859,6,'2026-01-30 09:21:44'),
(5919,23459,6,'2026-01-30 09:21:44'),
(5920,23602,6,'2026-01-30 09:21:44'),
(5921,23662,6,'2026-01-30 09:21:44'),
(5922,24295,6,'2026-01-30 09:21:44'),
(5923,24142,6,'2026-01-30 09:21:44'),
(5924,24692,6,'2026-01-30 09:22:27'),
(5925,23614,6,'2026-01-30 09:22:27'),
(5926,24718,6,'2026-01-30 09:22:27'),
(5927,24073,6,'2026-01-30 09:22:27'),
(5928,24772,6,'2026-01-30 09:22:27'),
(5929,25472,6,'2026-01-30 09:22:27'),
(5930,25495,6,'2026-01-30 09:22:27'),
(5931,24535,6,'2026-01-30 09:22:27'),
(5932,23871,6,'2026-01-30 09:22:27'),
(5933,23368,6,'2026-01-30 09:22:27'),
(5934,24606,6,'2026-01-30 09:22:27'),
(5935,25178,6,'2026-01-30 09:22:27'),
(5936,23462,6,'2026-01-30 09:22:27'),
(5937,24008,6,'2026-01-30 09:22:27'),
(5938,24409,6,'2026-01-30 09:22:27'),
(5939,24694,6,'2026-01-30 09:22:27'),
(5940,24708,6,'2026-01-30 09:22:27'),
(5941,25021,6,'2026-01-30 09:22:27'),
(5942,25069,6,'2026-01-30 09:22:27'),
(5943,25204,6,'2026-01-30 09:22:27'),
(5944,25658,6,'2026-01-30 09:22:27'),
(5945,25719,6,'2026-01-30 09:22:27'),
(5946,7210,6,'2026-01-30 09:22:27'),
(5947,23398,6,'2026-01-30 09:22:27'),
(5948,23779,6,'2026-01-30 09:22:27'),
(5949,24289,6,'2026-01-30 09:22:27'),
(5950,25193,6,'2026-01-30 09:22:27'),
(5951,26034,6,'2026-01-30 09:22:27'),
(5952,25411,6,'2026-01-30 09:22:27'),
(5953,25401,6,'2026-01-30 09:22:27'),
(5954,23307,6,'2026-01-30 09:22:27'),
(5955,23521,6,'2026-01-30 09:22:27'),
(5956,24747,6,'2026-01-30 09:22:27'),
(5957,25274,6,'2026-01-30 09:22:27'),
(5958,24659,6,'2026-01-30 09:22:27'),
(5959,24663,6,'2026-01-30 09:22:27'),
(5960,23355,6,'2026-01-30 09:22:27'),
(5961,25731,6,'2026-01-30 09:22:27'),
(5962,26036,6,'2026-01-30 09:22:27'),
(5963,23486,6,'2026-01-30 09:22:27'),
(5964,24589,6,'2026-01-30 09:22:27'),
(5965,24987,6,'2026-01-30 09:22:27'),
(5966,25107,6,'2026-01-30 09:22:27'),
(5967,25459,6,'2026-01-30 09:22:27'),
(5968,26314,6,'2026-01-30 09:22:27'),
(5969,24235,6,'2026-01-30 09:22:27'),
(5970,25696,6,'2026-01-30 09:22:27'),
(5971,24673,6,'2026-01-30 09:22:27'),
(5972,24677,6,'2026-01-30 09:22:27'),
(5973,24702,6,'2026-01-30 09:22:27'),
(5974,24144,6,'2026-01-30 09:22:27'),
(5975,25195,6,'2026-01-30 09:22:27'),
(5976,25395,6,'2026-01-30 09:22:27'),
(5977,23863,6,'2026-01-30 09:22:27'),
(5978,24449,6,'2026-01-30 09:22:28'),
(5979,24757,6,'2026-01-30 09:22:28'),
(5980,25397,6,'2026-01-30 09:22:28'),
(5981,25704,6,'2026-01-30 09:22:28'),
(5982,24397,6,'2026-01-30 09:22:28'),
(5983,25413,6,'2026-01-30 09:22:28'),
(5984,25032,6,'2026-01-30 09:22:28'),
(5985,24544,6,'2026-01-30 09:22:28'),
(5986,24716,6,'2026-01-30 09:22:28'),
(5987,23430,6,'2026-01-30 09:22:28'),
(5988,25649,6,'2026-01-30 09:22:28'),
(5989,23875,6,'2026-01-30 09:22:28'),
(5990,24113,6,'2026-01-30 09:22:28'),
(5991,24675,6,'2026-01-30 09:22:28'),
(5992,25817,6,'2026-01-30 09:22:28'),
(5993,23797,6,'2026-01-30 09:22:28'),
(5994,23980,6,'2026-01-30 09:22:28'),
(5995,24253,6,'2026-01-30 09:22:28'),
(5996,24592,6,'2026-01-30 09:22:28'),
(5997,24957,6,'2026-01-30 09:22:28'),
(5998,25191,6,'2026-01-30 09:22:28'),
(5999,25590,6,'2026-01-30 09:22:28'),
(6000,26153,6,'2026-01-30 09:22:28'),
(6001,25633,6,'2026-01-30 09:22:28'),
(6002,25631,6,'2026-01-30 09:22:28'),
(6003,23781,6,'2026-01-30 09:22:28'),
(6004,25298,6,'2026-01-30 09:22:28'),
(6005,23819,6,'2026-01-30 09:22:28'),
(6006,24575,6,'2026-01-30 09:22:28'),
(6007,27477,6,'2026-01-30 09:22:28'),
(6008,24103,6,'2026-01-30 09:22:28'),
(6009,25284,6,'2026-01-30 09:22:28'),
(6010,24973,6,'2026-01-30 09:22:28'),
(6011,26282,6,'2026-01-30 09:22:28'),
(6012,25432,6,'2026-01-30 09:22:28'),
(6013,26861,6,'2026-01-30 09:22:28'),
(6014,24602,6,'2026-01-30 09:22:28'),
(6015,25387,6,'2026-01-30 09:22:28'),
(6016,24919,6,'2026-01-30 09:22:28'),
(6017,26099,6,'2026-01-30 09:22:28'),
(6018,26147,6,'2026-01-30 09:22:28'),
(6019,24565,6,'2026-01-30 09:22:28'),
(6020,25833,6,'2026-01-30 09:22:28'),
(6021,25881,6,'2026-01-30 09:22:28'),
(6022,23825,6,'2026-01-30 09:22:28'),
(6023,24137,6,'2026-01-30 09:22:28'),
(6024,24953,6,'2026-01-30 09:22:28'),
(6025,25627,6,'2026-01-30 09:22:28'),
(6026,25835,6,'2026-01-30 09:22:28'),
(6027,25991,6,'2026-01-30 09:22:28'),
(6028,25143,6,'2026-01-30 09:22:28'),
(6029,25503,6,'2026-01-30 09:22:28'),
(6030,35594,6,'2026-01-30 09:22:28'),
(6031,26021,6,'2026-01-30 09:22:28'),
(6032,26248,6,'2026-01-30 09:22:28'),
(6033,24779,6,'2026-01-30 09:22:28'),
(6034,23978,6,'2026-01-30 09:22:28'),
(6035,25912,6,'2026-01-30 09:22:28'),
(6036,26278,6,'2026-01-30 09:22:28'),
(6037,24873,6,'2026-01-30 09:22:28'),
(6038,25714,6,'2026-01-30 09:22:28'),
(6039,23387,6,'2026-01-30 09:22:28'),
(6040,24781,6,'2026-01-30 09:22:28'),
(6041,26252,6,'2026-01-30 09:22:28'),
(6042,23715,6,'2026-01-30 09:22:28'),
(6043,26008,6,'2026-01-30 09:22:28'),
(6044,23417,6,'2026-01-30 09:22:28'),
(6045,25837,6,'2026-01-30 09:22:28'),
(6046,25510,6,'2026-01-30 09:22:28'),
(6047,25602,6,'2026-01-30 09:22:28'),
(6048,24325,6,'2026-01-30 09:22:28'),
(6049,23939,6,'2026-01-30 09:22:28'),
(6050,24411,6,'2026-01-30 09:22:28'),
(6051,24609,6,'2026-01-30 09:22:28'),
(6052,25011,6,'2026-01-30 09:22:29'),
(6053,23672,6,'2026-01-30 09:22:29'),
(6054,25883,6,'2026-01-30 09:22:29'),
(6055,23895,6,'2026-01-30 09:22:29'),
(6056,23654,6,'2026-01-30 09:22:29'),
(6057,24439,6,'2026-01-30 09:22:29'),
(6058,24759,6,'2026-01-30 09:22:29'),
(6059,26080,6,'2026-01-30 09:22:29'),
(6060,25647,6,'2026-01-30 09:22:29'),
(6061,26063,6,'2026-01-30 09:22:29'),
(6062,23736,6,'2026-01-30 09:22:29'),
(6063,24021,6,'2026-01-30 09:22:29'),
(6064,24107,6,'2026-01-30 09:22:29'),
(6065,26061,6,'2026-01-30 09:22:29'),
(6066,23646,6,'2026-01-30 09:22:29'),
(6067,23539,6,'2026-01-30 09:22:29'),
(6068,23988,6,'2026-01-30 09:22:29'),
(6069,25294,6,'2026-01-30 09:22:29'),
(6070,24419,6,'2026-01-30 09:22:29'),
(6071,25656,6,'2026-01-30 09:22:29'),
(6072,24725,6,'2026-01-30 09:22:29'),
(6073,23906,6,'2026-01-30 09:22:29'),
(6074,24665,6,'2026-01-30 09:22:29'),
(6075,24193,6,'2026-01-30 09:22:29'),
(6076,25429,6,'2026-01-30 09:22:29'),
(6077,25476,6,'2026-01-30 09:22:29'),
(6078,23403,6,'2026-01-30 09:22:29'),
(6079,23549,6,'2026-01-30 09:22:29'),
(6080,23666,6,'2026-01-30 09:22:29'),
(6081,24317,6,'2026-01-30 09:22:29'),
(6082,24380,6,'2026-01-30 09:22:29'),
(6083,24775,6,'2026-01-30 09:22:29'),
(6084,25141,6,'2026-01-30 09:22:29'),
(6085,25851,6,'2026-01-30 09:22:29'),
(6086,26067,6,'2026-01-30 09:22:29'),
(6087,26167,6,'2026-01-30 09:22:29'),
(6088,26246,6,'2026-01-30 09:22:29'),
(6089,24625,6,'2026-01-30 09:22:29'),
(6090,23515,6,'2026-01-30 09:22:29'),
(6091,23543,6,'2026-01-30 09:22:29'),
(6092,23849,6,'2026-01-30 09:22:29'),
(6093,24503,6,'2026-01-30 09:22:29'),
(6094,26234,6,'2026-01-30 09:22:29'),
(6095,24684,6,'2026-01-30 09:22:29'),
(6096,26279,6,'2026-01-30 09:22:29'),
(6097,25177,6,'2026-01-30 09:22:29'),
(6098,25151,6,'2026-01-30 09:22:29'),
(6099,23524,6,'2026-01-30 09:22:29'),
(6100,23758,6,'2026-01-30 09:22:29'),
(6101,29525,6,'2026-01-30 09:22:29'),
(6102,24587,6,'2026-01-30 09:22:29'),
(6103,24967,6,'2026-01-30 09:22:29'),
(6104,25085,6,'2026-01-30 09:22:29'),
(6105,25285,6,'2026-01-30 09:22:29'),
(6106,26022,6,'2026-01-30 09:22:29'),
(6107,25847,6,'2026-01-30 09:22:29'),
(6108,24427,6,'2026-01-30 09:22:29'),
(6109,24722,6,'2026-01-30 09:22:29'),
(6110,23557,6,'2026-01-30 09:22:29'),
(6111,35530,6,'2026-01-30 09:22:29'),
(6112,24389,6,'2026-01-30 09:22:29'),
(6113,24837,6,'2026-01-30 09:22:29'),
(6114,25236,6,'2026-01-30 09:22:29'),
(6115,25702,6,'2026-01-30 09:22:29'),
(6116,26172,6,'2026-01-30 09:22:29'),
(6117,23705,6,'2026-01-30 09:22:29'),
(6118,26052,6,'2026-01-30 09:22:30'),
(6119,23800,6,'2026-01-30 09:22:30'),
(6120,26103,6,'2026-01-30 09:22:30'),
(6121,23291,6,'2026-01-30 09:22:30'),
(6122,24062,6,'2026-01-30 09:22:30'),
(6123,25130,6,'2026-01-30 09:22:30'),
(6124,26129,6,'2026-01-30 09:22:30'),
(6125,24036,6,'2026-01-30 09:22:30'),
(6126,24386,6,'2026-01-30 09:22:30'),
(6127,25530,6,'2026-01-30 09:22:30'),
(6128,25787,6,'2026-01-30 09:22:30'),
(6129,26113,6,'2026-01-30 09:22:30'),
(6130,25092,6,'2026-01-30 09:22:30'),
(6131,25230,6,'2026-01-30 09:22:30'),
(6132,25793,6,'2026-01-30 09:22:30'),
(6133,26127,6,'2026-01-30 09:22:30'),
(6134,23937,6,'2026-01-30 09:22:30'),
(6135,24484,6,'2026-01-30 09:22:30'),
(6136,25352,6,'2026-01-30 09:22:30'),
(6137,26139,6,'2026-01-30 09:22:30'),
(6138,23650,6,'2026-01-30 09:22:30'),
(6139,25486,6,'2026-01-30 09:22:30'),
(6140,24679,6,'2026-01-30 09:22:30'),
(6141,23391,6,'2026-01-30 09:22:30'),
(6142,24927,6,'2026-01-30 09:22:30'),
(6143,26046,6,'2026-01-30 09:22:30'),
(6144,23869,6,'2026-01-30 09:22:30'),
(6145,24429,6,'2026-01-30 09:22:30'),
(6146,24254,6,'2026-01-30 09:22:30'),
(6147,24262,6,'2026-01-30 09:22:30'),
(6148,24264,6,'2026-01-30 09:22:30'),
(6149,24266,6,'2026-01-30 09:22:30'),
(6150,24268,6,'2026-01-30 09:22:30'),
(6151,24270,6,'2026-01-30 09:22:30'),
(6152,24272,6,'2026-01-30 09:22:30'),
(6153,23664,6,'2026-01-30 09:22:30'),
(6154,25431,6,'2026-01-30 09:22:30'),
(6155,23976,6,'2026-01-30 09:22:30'),
(6156,25340,6,'2026-01-30 09:22:30'),
(6157,26014,6,'2026-01-30 09:22:30'),
(6158,23810,6,'2026-01-30 09:22:30'),
(6159,24925,6,'2026-01-30 09:22:30'),
(6160,26024,6,'2026-01-30 09:22:30'),
(6161,24540,6,'2026-01-30 09:22:30'),
(6162,25639,6,'2026-01-30 09:22:30'),
(6163,25893,6,'2026-01-30 09:22:30'),
(6164,23682,6,'2026-01-30 09:22:30'),
(6165,25425,6,'2026-01-30 09:22:30'),
(6166,24038,6,'2026-01-30 09:22:30'),
(6167,23536,6,'2026-01-30 09:22:30'),
(6168,23640,6,'2026-01-30 09:22:30'),
(6169,24923,6,'2026-01-30 09:22:30'),
(6170,25258,6,'2026-01-30 09:22:30'),
(6171,25843,6,'2026-01-30 09:22:30'),
(6172,23711,6,'2026-01-30 09:22:30'),
(6173,23951,6,'2026-01-30 09:22:30'),
(6174,24445,6,'2026-01-30 09:23:14'),
(6175,23660,6,'2026-01-30 09:23:14'),
(6176,24767,6,'2026-01-30 09:23:14'),
(6177,24875,6,'2026-01-30 09:23:14'),
(6178,25729,6,'2026-01-30 09:23:14'),
(6179,23709,6,'2026-01-30 09:23:14'),
(6180,24227,6,'2026-01-30 09:23:14'),
(6181,23853,6,'2026-01-30 09:23:14'),
(6182,26235,6,'2026-01-30 09:23:14'),
(6183,24225,6,'2026-01-30 09:23:14'),
(6184,23476,6,'2026-01-30 09:23:14'),
(6185,23798,6,'2026-01-30 09:23:14'),
(6186,23877,6,'2026-01-30 09:23:14'),
(6187,23933,6,'2026-01-30 09:23:14'),
(6188,24247,6,'2026-01-30 09:23:14'),
(6189,24682,6,'2026-01-30 09:23:14'),
(6190,25066,6,'2026-01-30 09:23:14'),
(6191,25119,6,'2026-01-30 09:23:14'),
(6192,9602,6,'2026-01-30 09:23:14'),
(6193,25805,6,'2026-01-30 09:23:14'),
(6194,24585,6,'2026-01-30 09:23:14'),
(6195,24731,6,'2026-01-30 09:23:14'),
(6196,24173,6,'2026-01-30 09:23:14'),
(6197,24175,6,'2026-01-30 09:23:14'),
(6198,26204,6,'2026-01-30 09:23:14'),
(6199,25600,6,'2026-01-30 09:23:14'),
(6200,24527,6,'2026-01-30 09:23:14'),
(6201,25332,6,'2026-01-30 09:23:14'),
(6202,23770,6,'2026-01-30 09:23:14'),
(6203,25030,6,'2026-01-30 09:23:14'),
(6204,25292,6,'2026-01-30 09:23:14'),
(6205,25505,6,'2026-01-30 09:23:14'),
(6206,23302,6,'2026-01-30 09:23:14'),
(6207,23304,6,'2026-01-30 09:23:14'),
(6208,23305,6,'2026-01-30 09:23:14'),
(6209,23829,6,'2026-01-30 09:23:14'),
(6210,25445,6,'2026-01-30 09:23:14'),
(6211,24182,6,'2026-01-30 09:23:14'),
(6212,26032,6,'2026-01-30 09:23:14'),
(6213,25783,6,'2026-01-30 09:23:14'),
(6214,24046,6,'2026-01-30 09:23:14'),
(6215,23482,6,'2026-01-30 09:23:14'),
(6216,23752,6,'2026-01-30 09:23:14'),
(6217,24590,6,'2026-01-30 09:23:14'),
(6218,25573,6,'2026-01-30 09:23:14'),
(6219,25919,6,'2026-01-30 09:23:14'),
(6220,25096,6,'2026-01-30 09:23:14'),
(6221,23317,6,'2026-01-30 09:23:14'),
(6222,26053,6,'2026-01-30 09:23:14'),
(6223,25516,6,'2026-01-30 09:23:14'),
(6224,24032,6,'2026-01-30 09:23:14'),
(6225,24169,6,'2026-01-30 09:23:14'),
(6226,24301,6,'2026-01-30 09:23:14'),
(6227,24309,6,'2026-01-30 09:23:14'),
(6228,24321,6,'2026-01-30 09:23:14'),
(6229,24848,6,'2026-01-30 09:23:14'),
(6230,25019,6,'2026-01-30 09:23:14'),
(6231,25250,6,'2026-01-30 09:23:14'),
(6232,25567,6,'2026-01-30 09:23:14'),
(6233,26089,6,'2026-01-30 09:23:14'),
(6234,26098,6,'2026-01-30 09:23:14'),
(6235,26220,6,'2026-01-30 09:23:14'),
(6236,26222,6,'2026-01-30 09:23:14'),
(6237,23833,6,'2026-01-30 09:23:14'),
(6238,23505,6,'2026-01-30 09:23:14'),
(6239,26915,6,'2026-01-30 09:23:14'),
(6240,25598,6,'2026-01-30 09:23:14'),
(6241,26417,6,'2026-01-30 09:23:14'),
(6242,26292,6,'2026-01-30 09:23:14'),
(6243,24096,6,'2026-01-30 09:23:14'),
(6244,25444,6,'2026-01-30 09:23:14'),
(6245,24789,6,'2026-01-30 09:23:14'),
(6246,25354,6,'2026-01-30 09:23:14'),
(6247,26072,6,'2026-01-30 09:23:14'),
(6248,25807,6,'2026-01-30 09:23:14'),
(6249,24509,6,'2026-01-30 09:23:15'),
(6250,24140,6,'2026-01-30 09:23:15'),
(6251,25218,6,'2026-01-30 09:23:15'),
(6252,23333,6,'2026-01-30 09:23:15'),
(6253,24496,6,'2026-01-30 09:23:15'),
(6254,24799,6,'2026-01-30 09:23:15'),
(6255,25712,6,'2026-01-30 09:23:15'),
(6256,25733,6,'2026-01-30 09:23:15'),
(6257,24859,6,'2026-01-30 09:23:15'),
(6258,24955,6,'2026-01-30 09:23:15'),
(6259,26003,6,'2026-01-30 09:23:15'),
(6260,25070,6,'2026-01-30 09:23:15'),
(6261,34223,6,'2026-01-30 09:23:15'),
(6262,23372,6,'2026-01-30 09:23:15'),
(6263,35402,6,'2026-01-30 09:23:15'),
(6264,24857,6,'2026-01-30 09:23:15'),
(6265,25278,6,'2026-01-30 09:23:15'),
(6266,24777,6,'2026-01-30 09:23:15'),
(6267,23748,6,'2026-01-30 09:23:15'),
(6268,23832,6,'2026-01-30 09:23:15'),
(6269,24520,6,'2026-01-30 09:23:15'),
(6270,26316,6,'2026-01-30 09:23:15'),
(6271,25694,6,'2026-01-30 09:23:15'),
(6272,24867,6,'2026-01-30 09:23:15'),
(6273,24869,6,'2026-01-30 09:23:15'),
(6274,25725,6,'2026-01-30 09:23:15'),
(6275,23359,6,'2026-01-30 09:23:15'),
(6276,25128,6,'2026-01-30 09:23:15'),
(6277,25165,6,'2026-01-30 09:23:15'),
(6278,24098,6,'2026-01-30 09:23:15'),
(6279,25971,6,'2026-01-30 09:23:15'),
(6280,24279,6,'2026-01-30 09:23:15'),
(6281,24841,6,'2026-01-30 09:23:15'),
(6282,25436,6,'2026-01-30 09:23:15'),
(6283,25855,6,'2026-01-30 09:23:15'),
(6284,23627,6,'2026-01-30 09:23:15'),
(6285,24399,6,'2026-01-30 09:23:15'),
(6286,25079,6,'2026-01-30 09:23:15'),
(6287,25740,6,'2026-01-30 09:23:15'),
(6288,3260,6,'2026-01-30 09:23:15'),
(6289,23578,6,'2026-01-30 09:23:15'),
(6290,24846,6,'2026-01-30 09:23:15'),
(6291,25399,6,'2026-01-30 09:23:15'),
(6292,26001,6,'2026-01-30 09:23:15'),
(6293,26038,6,'2026-01-30 09:23:15'),
(6294,26155,6,'2026-01-30 09:23:15'),
(6295,23857,6,'2026-01-30 09:23:15'),
(6296,25224,6,'2026-01-30 09:23:15'),
(6297,23796,6,'2026-01-30 09:23:15'),
(6298,26070,6,'2026-01-30 09:23:15'),
(6299,25987,6,'2026-01-30 09:23:15'),
(6300,23389,6,'2026-01-30 09:23:15'),
(6301,25902,6,'2026-01-30 09:23:15'),
(6302,24177,6,'2026-01-30 09:23:15'),
(6303,25779,6,'2026-01-30 09:23:15'),
(6304,35793,6,'2026-01-30 09:30:42'),
(6305,35794,6,'2026-01-30 09:32:50'),
(6306,35795,6,'2026-01-30 09:33:36'),
(6307,35796,6,'2026-01-30 09:34:23'),
(6308,35797,6,'2026-01-30 09:35:16'),
(6309,35798,6,'2026-01-30 09:35:51'),
(6310,35797,6,'2026-01-30 09:56:06'),
(6311,26492,6,'2026-02-02 07:50:11'),
(6312,25105,6,'2026-02-02 09:25:17'),
(6313,25105,6,'2026-02-02 09:25:31'),
(6314,36442,6,'2026-02-02 14:44:44'),
(6315,36443,6,'2026-02-02 14:46:04'),
(6316,36444,6,'2026-02-02 14:47:30'),
(6317,36444,6,'2026-02-02 14:47:55'),
(6318,36445,6,'2026-02-02 14:48:40'),
(6319,36446,6,'2026-02-02 14:49:32'),
(6320,36447,6,'2026-02-02 14:50:14'),
(6321,36448,6,'2026-02-02 14:50:56'),
(6322,36448,6,'2026-02-02 14:51:08'),
(6323,36449,6,'2026-02-02 15:29:19'),
(6324,36449,6,'2026-02-02 15:30:02'),
(6325,36449,6,'2026-02-02 15:51:12'),
(6326,36450,6,'2026-02-02 15:51:25'),
(6327,25105,10,'2026-02-03 07:07:55'),
(6328,7047,10,'2026-02-03 07:53:30'),
(6329,4263,10,'2026-02-03 07:53:30'),
(6330,4267,10,'2026-02-03 07:53:30'),
(6331,3830,10,'2026-02-03 07:53:30'),
(6332,5298,10,'2026-02-03 07:53:30'),
(6333,8607,10,'2026-02-03 07:53:30'),
(6334,35632,6,'2026-02-03 07:55:49'),
(6335,35632,6,'2026-02-03 07:56:14'),
(6336,36929,6,'2026-02-03 08:08:22'),
(6337,36929,6,'2026-02-03 08:08:22'),
(6338,35397,10,'2026-02-03 08:22:24'),
(6339,5397,10,'2026-02-03 08:22:25'),
(6340,36934,6,'2026-02-03 09:06:09'),
(6341,36934,6,'2026-02-03 09:06:09'),
(6342,35632,6,'2026-02-03 14:42:13'),
(6343,35632,6,'2026-02-03 14:42:29'),
(6344,35632,6,'2026-02-03 15:56:35'),
(6345,25824,10,'2026-02-04 07:06:38'),
(6346,24001,10,'2026-02-04 07:06:38'),
(6347,23750,10,'2026-02-04 07:06:39'),
(6348,25679,10,'2026-02-04 07:06:39'),
(6349,25688,10,'2026-02-04 07:06:39'),
(6350,25795,10,'2026-02-04 07:06:39'),
(6351,25250,10,'2026-02-04 07:06:39'),
(6352,37177,6,'2026-02-04 14:37:49'),
(6353,37177,6,'2026-02-04 14:38:29'),
(6354,37178,6,'2026-02-04 14:39:27'),
(6355,37179,6,'2026-02-04 14:40:11'),
(6356,37180,6,'2026-02-04 14:40:53'),
(6357,37181,6,'2026-02-04 14:41:38'),
(6358,37182,6,'2026-02-04 14:42:27'),
(6359,25415,10,'2026-02-05 07:18:31'),
(6360,24933,6,'2026-02-05 07:20:13'),
(6361,37453,6,'2026-02-05 07:34:07'),
(6362,37453,6,'2026-02-05 07:34:07'),
(6363,37458,6,'2026-02-05 08:55:49'),
(6364,37458,6,'2026-02-05 09:39:40'),
(6365,37458,6,'2026-02-05 09:40:52'),
(6366,24957,6,'2026-02-05 09:43:10'),
(6367,24957,6,'2026-02-05 09:47:17'),
(6368,3364,10,'2026-02-05 09:50:35'),
(6369,37528,6,'2026-02-05 15:05:35'),
(6370,37528,6,'2026-02-05 15:08:51'),
(6371,37528,6,'2026-02-05 15:20:11'),
(6372,37529,6,'2026-02-05 15:20:46'),
(6373,37530,6,'2026-02-05 15:21:45'),
(6374,37533,6,'2026-02-05 15:24:52'),
(6375,37533,6,'2026-02-05 15:31:58'),
(6376,23802,10,'2026-02-06 06:59:30'),
(6377,23802,10,'2026-02-06 06:59:35'),
(6378,25824,6,'2026-02-06 07:00:00'),
(6379,23566,6,'2026-02-06 07:00:32'),
(6380,24377,6,'2026-02-06 07:01:04'),
(6381,24024,6,'2026-02-06 07:01:42'),
(6382,37533,6,'2026-02-06 10:17:03'),
(6383,38715,6,'2026-02-10 14:36:30'),
(6384,38716,6,'2026-02-10 14:37:14'),
(6385,38717,6,'2026-02-10 14:39:39'),
(6386,38718,6,'2026-02-10 14:40:18'),
(6387,38719,6,'2026-02-10 14:40:45'),
(6388,38720,6,'2026-02-10 14:41:13'),
(6389,38721,6,'2026-02-10 14:41:46'),
(6390,38722,6,'2026-02-10 14:42:17'),
(6391,5494,6,'2026-02-10 16:01:51'),
(6392,39108,6,'2026-02-10 16:05:29'),
(6393,39109,6,'2026-02-10 16:08:58'),
(6394,39506,6,'2026-02-11 08:06:23'),
(6395,39506,6,'2026-02-11 08:06:53'),
(6396,39507,6,'2026-02-11 08:09:01'),
(6397,39508,6,'2026-02-11 08:11:17'),
(6398,39518,6,'2026-02-11 08:23:02'),
(6399,39519,6,'2026-02-11 08:25:42'),
(6400,39519,6,'2026-02-11 08:28:39'),
(6401,39522,6,'2026-02-11 08:28:54'),
(6402,39522,6,'2026-02-11 08:30:34'),
(6403,39524,6,'2026-02-11 08:31:59'),
(6404,39527,6,'2026-02-11 08:34:40'),
(6405,39530,6,'2026-02-11 08:36:42'),
(6406,39533,6,'2026-02-11 08:39:30'),
(6407,39536,6,'2026-02-11 08:41:48'),
(6408,39539,6,'2026-02-11 12:11:00'),
(6409,26347,6,'2026-02-11 15:14:45'),
(6410,26351,6,'2026-02-11 15:14:45'),
(6411,26351,6,'2026-02-11 15:20:31'),
(6412,26347,6,'2026-02-11 15:21:29'),
(6413,26351,6,'2026-02-11 15:22:08'),
(6414,39549,6,'2026-02-11 15:23:48'),
(6415,39552,6,'2026-02-11 15:26:12'),
(6416,39556,6,'2026-02-11 15:36:55'),
(6417,39556,1,'2026-02-11 15:39:00'),
(6418,36934,1,'2026-02-12 08:17:09'),
(6419,37453,1,'2026-02-12 08:17:24'),
(6420,36929,1,'2026-02-12 08:30:22'),
(6421,37458,1,'2026-02-12 08:31:26'),
(6422,35631,1,'2026-02-12 08:32:36'),
(6423,36929,6,'2026-02-12 08:34:28'),
(6424,39576,1,'2026-02-12 08:36:51'),
(6425,39576,1,'2026-02-12 08:36:51'),
(6426,39576,6,'2026-02-12 08:40:37'),
(6427,39576,6,'2026-02-12 08:41:24'),
(6428,39583,1,'2026-02-12 08:47:25'),
(6429,39583,1,'2026-02-12 08:47:25'),
(6430,39583,6,'2026-02-12 08:48:46'),
(6431,197,6,'2026-02-12 09:28:36'),
(6432,148,6,'2026-02-12 09:29:01'),
(6433,2660,6,'2026-02-12 09:32:27'),
(6434,3136,6,'2026-02-12 09:32:43'),
(6435,3015,6,'2026-02-12 09:32:58'),
(6436,3582,6,'2026-02-12 09:33:18'),
(6437,3015,6,'2026-02-12 09:33:40'),
(6438,2521,6,'2026-02-12 09:34:00'),
(6439,3790,6,'2026-02-12 09:34:14'),
(6440,2535,6,'2026-02-12 09:34:28'),
(6441,9498,6,'2026-02-12 09:35:09'),
(6442,209,6,'2026-02-12 09:35:33'),
(6443,4336,6,'2026-02-12 09:36:05'),
(6444,199,6,'2026-02-12 09:36:23'),
(6445,3584,6,'2026-02-12 09:36:41'),
(6446,201,6,'2026-02-12 09:36:58'),
(6447,9503,6,'2026-02-12 09:37:17'),
(6448,3143,6,'2026-02-12 09:37:38'),
(6449,2658,6,'2026-02-12 09:38:07'),
(6450,211,6,'2026-02-12 09:38:22'),
(6451,247,6,'2026-02-12 09:38:39'),
(6452,3091,6,'2026-02-12 09:39:00'),
(6453,3086,6,'2026-02-12 09:39:31'),
(6454,228,6,'2026-02-12 09:39:51'),
(6455,175,6,'2026-02-12 09:40:07'),
(6456,3082,6,'2026-02-12 09:40:29'),
(6457,3082,6,'2026-02-12 09:40:52'),
(6458,215,6,'2026-02-12 09:41:14'),
(6459,2574,6,'2026-02-12 09:41:30'),
(6460,9507,6,'2026-02-12 09:42:52'),
(6461,2434,6,'2026-02-12 09:43:20'),
(6462,9501,6,'2026-02-12 09:44:05'),
(6463,3212,6,'2026-02-12 09:44:36'),
(6464,3138,6,'2026-02-12 09:44:51'),
(6465,9336,6,'2026-02-12 09:45:20'),
(6466,2440,6,'2026-02-12 09:45:42'),
(6467,156,6,'2026-02-12 09:46:05'),
(6468,154,6,'2026-02-12 09:46:44'),
(6469,9274,6,'2026-02-12 09:46:57'),
(6470,9276,6,'2026-02-12 09:47:07'),
(6471,9283,6,'2026-02-12 09:47:19'),
(6472,3145,6,'2026-02-12 09:47:33'),
(6473,3147,6,'2026-02-12 09:47:49'),
(6474,9524,6,'2026-02-12 09:48:03'),
(6475,144,6,'2026-02-12 09:49:18'),
(6476,2559,6,'2026-02-12 09:50:04'),
(6477,9522,6,'2026-02-12 09:50:21'),
(6478,150,6,'2026-02-12 09:50:47'),
(6479,8565,6,'2026-02-12 09:51:09'),
(6480,2513,6,'2026-02-12 09:51:32'),
(6481,8572,6,'2026-02-12 09:51:53'),
(6482,3078,6,'2026-02-12 09:52:13'),
(6483,152,6,'2026-02-12 09:52:38'),
(6484,4351,6,'2026-02-12 09:52:57'),
(6485,2576,6,'2026-02-12 09:53:33'),
(6486,177,6,'2026-02-12 09:53:52'),
(6487,2570,6,'2026-02-12 09:54:17'),
(6488,9659,6,'2026-02-12 09:54:44'),
(6489,3070,6,'2026-02-12 09:54:56'),
(6490,3071,6,'2026-02-12 09:55:11'),
(6491,7024,6,'2026-02-12 09:55:23'),
(6492,9312,6,'2026-02-12 09:55:40'),
(6493,9338,6,'2026-02-12 09:55:59'),
(6494,9131,6,'2026-02-12 09:56:30'),
(6495,9507,6,'2026-02-12 09:56:56'),
(6496,146,6,'2026-02-12 09:57:54'),
(6497,136,6,'2026-02-12 10:25:08'),
(6498,3098,6,'2026-02-12 10:25:08'),
(6499,3789,6,'2026-02-12 10:25:08'),
(6500,8947,6,'2026-02-12 10:25:08'),
(6501,8974,6,'2026-02-12 10:25:08'),
(6502,8986,6,'2026-02-12 10:25:08'),
(6503,8997,6,'2026-02-12 10:25:08'),
(6504,8563,6,'2026-02-12 10:25:08'),
(6505,3085,6,'2026-02-12 10:25:08'),
(6506,6962,6,'2026-02-12 10:25:08'),
(6507,9015,6,'2026-02-12 10:25:08'),
(6508,195,6,'2026-02-12 10:25:08'),
(6509,137,6,'2026-02-12 10:25:08'),
(6510,205,6,'2026-02-12 10:25:08'),
(6511,9090,6,'2026-02-12 10:25:08'),
(6512,203,6,'2026-02-12 10:25:08'),
(6513,9110,6,'2026-02-12 10:25:08'),
(6514,8535,6,'2026-02-12 10:25:08'),
(6515,9116,6,'2026-02-12 10:25:08'),
(6516,8497,6,'2026-02-12 10:25:09'),
(6517,9497,6,'2026-02-12 10:25:09'),
(6518,207,6,'2026-02-12 10:25:09'),
(6519,7086,6,'2026-02-12 10:25:09'),
(6520,2521,6,'2026-02-12 10:25:31'),
(6521,2535,6,'2026-02-12 10:25:31'),
(6522,3813,6,'2026-02-12 10:25:31'),
(6523,9300,6,'2026-02-12 10:25:31'),
(6524,9505,6,'2026-02-12 10:25:31'),
(6525,4280,6,'2026-02-12 10:25:31'),
(6526,4288,6,'2026-02-12 10:25:31'),
(6527,9621,6,'2026-02-12 10:25:31'),
(6528,9705,6,'2026-02-12 10:25:31'),
(6529,4336,6,'2026-02-12 10:25:31'),
(6530,4363,6,'2026-02-12 10:25:31'),
(6531,8584,6,'2026-02-12 10:25:31'),
(6532,8521,6,'2026-02-12 10:25:31'),
(6533,4300,6,'2026-02-12 10:25:31'),
(6534,3136,6,'2026-02-12 10:25:31'),
(6535,2660,6,'2026-02-12 10:25:31'),
(6536,2437,6,'2026-02-12 10:25:31'),
(6537,2562,6,'2026-02-12 10:25:31'),
(6538,3143,6,'2026-02-12 10:25:31'),
(6539,140,6,'2026-02-12 10:25:31'),
(6540,175,6,'2026-02-12 10:25:31'),
(6541,9311,6,'2026-02-12 10:25:31'),
(6542,9291,6,'2026-02-12 10:25:31'),
(6543,7264,6,'2026-02-12 10:25:31'),
(6544,2574,6,'2026-02-12 10:25:31'),
(6545,9433,6,'2026-02-12 10:25:31'),
(6546,2658,6,'2026-02-12 10:25:31'),
(6547,8447,6,'2026-02-12 10:25:31'),
(6548,148,6,'2026-02-12 10:25:31'),
(6549,9492,6,'2026-02-12 10:25:31'),
(6550,2568,6,'2026-02-12 10:25:31'),
(6551,9475,6,'2026-02-12 10:25:31'),
(6552,9330,6,'2026-02-12 10:25:31'),
(6553,3584,6,'2026-02-12 10:25:31'),
(6554,3099,6,'2026-02-12 10:25:31'),
(6555,3582,6,'2026-02-12 10:25:32'),
(6556,3790,6,'2026-02-12 10:25:32'),
(6557,9487,6,'2026-02-12 10:25:32'),
(6558,8948,6,'2026-02-12 10:25:32'),
(6559,8957,6,'2026-02-12 10:25:32'),
(6560,8976,6,'2026-02-12 10:25:32'),
(6561,8988,6,'2026-02-12 10:25:32'),
(6562,8999,6,'2026-02-12 10:25:32'),
(6563,8568,6,'2026-02-12 10:25:32'),
(6564,8569,6,'2026-02-12 10:25:32'),
(6565,8824,6,'2026-02-12 10:25:32'),
(6566,3086,6,'2026-02-12 10:25:32'),
(6567,9641,6,'2026-02-12 10:25:32'),
(6568,3091,6,'2026-02-12 10:25:32'),
(6569,6963,6,'2026-02-12 10:25:32'),
(6570,9017,6,'2026-02-12 10:25:32'),
(6571,209,6,'2026-02-12 10:25:32'),
(6572,199,6,'2026-02-12 10:25:32'),
(6573,201,6,'2026-02-12 10:25:32'),
(6574,9582,6,'2026-02-12 10:25:32'),
(6575,215,6,'2026-02-12 10:25:32'),
(6576,197,6,'2026-02-12 10:25:32'),
(6577,7228,6,'2026-02-12 10:25:32'),
(6578,9443,6,'2026-02-12 10:25:32'),
(6579,9376,6,'2026-02-12 10:25:32'),
(6580,8597,6,'2026-02-12 10:25:32'),
(6581,3015,6,'2026-02-12 10:25:32'),
(6582,7230,6,'2026-02-12 10:25:32'),
(6583,9713,6,'2026-02-12 10:25:32'),
(6584,9398,6,'2026-02-12 10:25:32'),
(6585,9545,6,'2026-02-12 10:25:32'),
(6586,247,6,'2026-02-12 10:25:32'),
(6587,228,6,'2026-02-12 10:25:32'),
(6588,3082,6,'2026-02-12 10:25:32'),
(6589,17581,6,'2026-02-12 10:25:32'),
(6590,213,6,'2026-02-12 10:25:32'),
(6591,2649,6,'2026-02-12 10:25:32'),
(6592,17605,6,'2026-02-12 10:25:32'),
(6593,211,6,'2026-02-12 10:25:32'),
(6594,26724,6,'2026-02-12 10:25:32'),
(6595,7049,6,'2026-02-12 10:25:32'),
(6596,9092,6,'2026-02-12 10:25:32'),
(6597,9102,6,'2026-02-12 10:25:32'),
(6598,9112,6,'2026-02-12 10:25:32'),
(6599,9129,6,'2026-02-12 10:25:32'),
(6600,8640,6,'2026-02-12 10:25:32'),
(6601,8644,6,'2026-02-12 10:25:32'),
(6602,8536,6,'2026-02-12 10:25:32'),
(6603,8638,6,'2026-02-12 10:25:32'),
(6604,8642,6,'2026-02-12 10:25:32'),
(6605,9118,6,'2026-02-12 10:25:32'),
(6606,26712,6,'2026-02-12 10:25:32'),
(6607,8499,6,'2026-02-12 10:25:32'),
(6608,9517,6,'2026-02-12 10:25:32'),
(6609,9498,6,'2026-02-12 10:25:32'),
(6610,9503,6,'2026-02-12 10:25:32'),
(6611,9664,6,'2026-02-12 10:25:32'),
(6612,9658,6,'2026-02-12 10:25:32'),
(6613,9122,6,'2026-02-12 10:25:32'),
(6614,7091,6,'2026-02-12 10:25:32'),
(6615,7088,6,'2026-02-12 10:25:32'),
(6616,2523,6,'2026-02-12 10:25:56'),
(6617,9507,6,'2026-02-12 10:25:56'),
(6618,2576,6,'2026-02-12 10:25:56'),
(6619,4351,6,'2026-02-12 10:25:56'),
(6620,9304,6,'2026-02-12 10:25:56'),
(6621,9306,6,'2026-02-12 10:25:56'),
(6622,9302,6,'2026-02-12 10:25:56'),
(6623,4281,6,'2026-02-12 10:25:56'),
(6624,4296,6,'2026-02-12 10:25:56'),
(6625,4345,6,'2026-02-12 10:25:56'),
(6626,4339,6,'2026-02-12 10:25:56'),
(6627,4365,6,'2026-02-12 10:25:56'),
(6628,8586,6,'2026-02-12 10:25:56'),
(6629,9572,6,'2026-02-12 10:25:56'),
(6630,8523,6,'2026-02-12 10:25:56'),
(6631,4302,6,'2026-02-12 10:25:56'),
(6632,3138,6,'2026-02-12 10:25:56'),
(6633,8702,6,'2026-02-12 10:25:56'),
(6634,8693,6,'2026-02-12 10:25:56'),
(6635,2434,6,'2026-02-12 10:25:56'),
(6636,8695,6,'2026-02-12 10:25:56'),
(6637,8766,6,'2026-02-12 10:25:56'),
(6638,8706,6,'2026-02-12 10:25:56'),
(6639,8704,6,'2026-02-12 10:25:56'),
(6640,2440,6,'2026-02-12 10:25:56'),
(6641,2572,6,'2026-02-12 10:25:56'),
(6642,8624,6,'2026-02-12 10:25:56'),
(6643,9274,6,'2026-02-12 10:25:56'),
(6644,9276,6,'2026-02-12 10:25:56'),
(6645,9283,6,'2026-02-12 10:25:56'),
(6646,3145,6,'2026-02-12 10:25:56'),
(6647,3147,6,'2026-02-12 10:25:56'),
(6648,6943,6,'2026-02-12 10:25:56'),
(6649,8726,6,'2026-02-12 10:25:56'),
(6650,2694,6,'2026-02-12 10:25:56'),
(6651,9524,6,'2026-02-12 10:25:56'),
(6652,9522,6,'2026-02-12 10:25:56'),
(6653,4277,6,'2026-02-12 10:25:56'),
(6654,8813,6,'2026-02-12 10:25:56'),
(6655,146,6,'2026-02-12 10:25:56'),
(6656,144,6,'2026-02-12 10:25:56'),
(6657,9734,6,'2026-02-12 10:25:56'),
(6658,2696,6,'2026-02-12 10:25:57'),
(6659,8724,6,'2026-02-12 10:25:57'),
(6660,5289,6,'2026-02-12 10:25:57'),
(6661,177,6,'2026-02-12 10:25:57'),
(6662,9312,6,'2026-02-12 10:25:57'),
(6663,9384,6,'2026-02-12 10:25:57'),
(6664,9293,6,'2026-02-12 10:25:57'),
(6665,9393,6,'2026-02-12 10:25:57'),
(6666,2513,6,'2026-02-12 10:25:57'),
(6667,9435,6,'2026-02-12 10:25:57'),
(6668,3070,6,'2026-02-12 10:25:57'),
(6669,3071,6,'2026-02-12 10:25:57'),
(6670,154,6,'2026-02-12 10:25:57'),
(6671,156,6,'2026-02-12 10:25:57'),
(6672,2559,6,'2026-02-12 10:25:57'),
(6673,7024,6,'2026-02-12 10:25:57'),
(6674,150,6,'2026-02-12 10:25:57'),
(6675,152,6,'2026-02-12 10:25:57'),
(6676,9570,6,'2026-02-12 10:25:57'),
(6677,9338,6,'2026-02-12 10:25:57'),
(6678,9336,6,'2026-02-12 10:25:57'),
(6679,9332,6,'2026-02-12 10:25:57'),
(6680,2570,6,'2026-02-12 10:25:57'),
(6681,9677,6,'2026-02-12 10:25:57'),
(6682,8892,6,'2026-02-12 10:25:57'),
(6683,3108,6,'2026-02-12 10:25:57'),
(6684,3106,6,'2026-02-12 10:25:57'),
(6685,3793,6,'2026-02-12 10:25:57'),
(6686,8952,6,'2026-02-12 10:25:57'),
(6687,8960,6,'2026-02-12 10:25:57'),
(6688,8977,6,'2026-02-12 10:25:57'),
(6689,8990,6,'2026-02-12 10:25:57'),
(6690,9001,6,'2026-02-12 10:25:57'),
(6691,8565,6,'2026-02-12 10:25:57'),
(6692,8572,6,'2026-02-12 10:25:57'),
(6693,9019,6,'2026-02-12 10:25:57'),
(6694,9688,6,'2026-02-12 10:25:57'),
(6695,9445,6,'2026-02-12 10:25:57'),
(6696,9715,6,'2026-02-12 10:25:57'),
(6697,9717,6,'2026-02-12 10:25:57'),
(6698,3078,6,'2026-02-12 10:25:57'),
(6699,279,6,'2026-02-12 10:25:57'),
(6700,17583,6,'2026-02-12 10:25:57'),
(6701,17585,6,'2026-02-12 10:25:57'),
(6702,17588,6,'2026-02-12 10:25:57'),
(6703,17587,6,'2026-02-12 10:25:57'),
(6704,9072,6,'2026-02-12 10:25:57'),
(6705,3212,6,'2026-02-12 10:25:57'),
(6706,9094,6,'2026-02-12 10:25:57'),
(6707,9104,6,'2026-02-12 10:25:57'),
(6708,9114,6,'2026-02-12 10:25:57'),
(6709,9131,6,'2026-02-12 10:25:57'),
(6710,8648,6,'2026-02-12 10:25:57'),
(6711,8541,6,'2026-02-12 10:25:57'),
(6712,8539,6,'2026-02-12 10:25:57'),
(6713,8557,6,'2026-02-12 10:25:57'),
(6714,9144,6,'2026-02-12 10:25:57'),
(6715,8646,6,'2026-02-12 10:25:57'),
(6716,9120,6,'2026-02-12 10:25:57'),
(6717,3087,6,'2026-02-12 10:25:57'),
(6718,231,6,'2026-02-12 10:25:57'),
(6719,8611,6,'2026-02-12 10:25:57'),
(6720,8501,6,'2026-02-12 10:25:57'),
(6721,9501,6,'2026-02-12 10:25:57'),
(6722,9659,6,'2026-02-12 10:25:57'),
(6723,9124,6,'2026-02-12 10:25:57'),
(6724,8868,10,'2026-02-12 10:52:43'),
(6725,7130,10,'2026-02-12 10:54:16'),
(6726,7133,10,'2026-02-12 10:54:53'),
(6727,39592,6,'2026-02-12 11:49:04'),
(6728,39594,6,'2026-02-12 11:50:31'),
(6729,39597,6,'2026-02-12 11:51:41'),
(6730,17613,6,'2026-02-12 14:10:59'),
(6731,17613,6,'2026-02-12 14:12:21'),
(6732,23652,10,'2026-02-12 15:23:25'),
(6733,24993,10,'2026-02-12 15:23:47'),
(6734,23491,10,'2026-02-12 16:09:22'),
(6735,23578,10,'2026-02-12 16:09:22'),
(6736,40877,6,'2026-02-13 08:06:52'),
(6737,40880,6,'2026-02-13 08:46:34'),
(6738,40881,6,'2026-02-13 08:48:59'),
(6739,4985,6,'2026-02-16 07:47:12'),
(6740,8868,10,'2026-02-16 08:17:11'),
(6741,8868,6,'2026-02-16 08:17:19'),
(6742,4985,6,'2026-02-16 12:06:04'),
(6743,40900,6,'2026-02-16 12:39:51'),
(6744,40902,6,'2026-02-16 12:42:25'),
(6745,40905,6,'2026-02-16 14:18:01'),
(6746,40906,6,'2026-02-16 14:19:32'),
(6747,40906,6,'2026-02-16 14:19:55'),
(6748,40907,6,'2026-02-16 14:23:11'),
(6749,40912,6,'2026-02-16 14:33:03'),
(6750,40914,6,'2026-02-16 14:35:17'),
(6751,40914,6,'2026-02-16 15:09:38'),
(6752,4276,10,'2026-02-16 15:13:31'),
(6753,8604,10,'2026-02-16 15:13:31'),
(6754,3014,10,'2026-02-16 15:13:31'),
(6755,40930,6,'2026-02-17 07:59:25'),
(6756,9336,6,'2026-02-17 08:11:05'),
(6757,40935,6,'2026-02-17 08:12:26'),
(6758,40939,6,'2026-02-17 08:21:46'),
(6759,40947,6,'2026-02-17 08:28:39'),
(6760,40950,6,'2026-02-17 08:34:03'),
(6761,40956,6,'2026-02-17 08:38:20'),
(6762,40969,1,'2026-02-18 08:37:39'),
(6763,40969,1,'2026-02-18 08:45:55'),
(6764,40970,1,'2026-02-18 08:49:17'),
(6765,40971,1,'2026-02-18 08:49:42'),
(6766,40972,1,'2026-02-18 08:50:13'),
(6767,40972,1,'2026-02-18 08:52:36'),
(6768,40900,1,'2026-02-18 09:09:48'),
(6769,41021,6,'2026-02-23 08:45:54'),
(6770,41022,6,'2026-02-23 08:52:27'),
(6771,41024,6,'2026-02-23 08:54:31'),
(6772,41036,1,'2026-02-23 15:06:31'),
(6773,41037,1,'2026-02-23 15:10:32'),
(6774,41037,1,'2026-02-23 15:11:18'),
(6775,41044,6,'2026-02-24 07:32:39'),
(6776,41045,6,'2026-02-24 07:36:13'),
(6777,41049,1,'2026-02-24 07:40:14'),
(6778,41049,6,'2026-02-24 07:44:31'),
(6779,41036,6,'2026-02-24 07:44:55'),
(6780,41053,6,'2026-02-24 07:47:16'),
(6781,41064,1,'2026-02-24 09:23:43'),
(6782,41064,1,'2026-02-24 09:23:43'),
(6783,41064,1,'2026-02-24 09:25:52'),
(6784,41064,1,'2026-02-24 09:26:21'),
(6785,41064,6,'2026-02-24 09:26:37'),
(6786,41064,6,'2026-02-24 09:26:45'),
(6787,41064,6,'2026-02-24 09:30:50'),
(6788,41073,6,'2026-02-24 10:37:29'),
(6789,36929,1,'2026-02-24 16:23:23'),
(6790,41097,1,'2026-02-25 07:35:01'),
(6791,41097,1,'2026-02-25 07:35:01'),
(6792,41097,1,'2026-02-25 07:46:32'),
(6793,41097,1,'2026-02-25 07:47:07'),
(6794,41097,1,'2026-02-25 07:47:32'),
(6795,41097,1,'2026-02-25 07:48:15'),
(6796,41037,1,'2026-02-25 10:36:36'),
(6797,41049,6,'2026-02-25 10:37:23'),
(6798,41036,6,'2026-02-25 10:38:08'),
(6799,41037,1,'2026-02-25 10:39:24'),
(6800,40914,6,'2026-02-25 13:03:30'),
(6801,35632,6,'2026-02-26 12:03:41'),
(6802,35632,6,'2026-02-27 09:58:33'),
(6803,41124,1,'2026-02-27 10:36:07'),
(6804,41124,1,'2026-02-27 10:36:07'),
(6805,6897,10,'2026-03-02 11:38:23'),
(6806,1772,6,'2026-03-02 12:38:11'),
(6807,1784,6,'2026-03-02 12:38:28'),
(6808,29526,10,'2026-03-02 13:09:29'),
(6809,4113,6,'2026-03-02 13:24:33'),
(6810,1879,6,'2026-03-02 13:27:51'),
(6811,1872,6,'2026-03-02 13:29:36'),
(6812,1889,6,'2026-03-02 13:32:46'),
(6813,1876,6,'2026-03-02 13:33:33'),
(6814,41162,6,'2026-03-03 12:57:15'),
(6815,41163,6,'2026-03-03 12:58:20'),
(6816,41164,6,'2026-03-03 12:59:18'),
(6817,41164,6,'2026-03-03 13:00:39'),
(6818,41165,6,'2026-03-03 13:00:51'),
(6819,41166,6,'2026-03-03 13:01:05'),
(6820,41168,6,'2026-03-03 13:01:38'),
(6821,41169,6,'2026-03-03 13:01:54'),
(6822,41170,6,'2026-03-03 13:02:14'),
(6823,41171,6,'2026-03-03 13:02:30'),
(6824,41172,6,'2026-03-03 13:02:45'),
(6825,41174,11,'2026-03-03 13:11:07'),
(6826,41172,11,'2026-03-03 13:12:09'),
(6827,41171,11,'2026-03-03 13:12:09'),
(6828,41170,11,'2026-03-03 13:12:09'),
(6829,41169,11,'2026-03-03 13:12:09'),
(6830,41168,11,'2026-03-03 13:12:09'),
(6831,41166,11,'2026-03-03 13:12:09'),
(6832,41165,11,'2026-03-03 13:12:09'),
(6833,41164,11,'2026-03-03 13:12:09'),
(6834,41163,11,'2026-03-03 13:12:09'),
(6835,41162,11,'2026-03-03 13:12:09'),
(6836,41162,11,'2026-03-03 13:13:40'),
(6837,41163,11,'2026-03-03 13:14:04'),
(6838,41164,11,'2026-03-03 13:14:17'),
(6839,41165,11,'2026-03-03 13:14:31'),
(6840,41166,11,'2026-03-03 13:14:52'),
(6841,41168,11,'2026-03-03 13:15:14'),
(6842,41169,11,'2026-03-03 13:15:29'),
(6843,41170,11,'2026-03-03 13:15:46'),
(6844,41171,11,'2026-03-03 13:17:14'),
(6845,41171,11,'2026-03-03 13:17:33'),
(6846,41171,11,'2026-03-03 13:17:57'),
(6847,41172,11,'2026-03-03 13:18:42'),
(6848,41174,11,'2026-03-03 13:19:33'),
(6849,41174,11,'2026-03-03 13:20:25'),
(6850,41162,11,'2026-03-03 13:20:52'),
(6851,41162,11,'2026-03-03 13:22:07'),
(6852,41175,11,'2026-03-03 13:22:50'),
(6853,41162,11,'2026-03-03 13:23:32'),
(6854,41177,11,'2026-03-03 13:23:45'),
(6855,41179,11,'2026-03-03 13:23:59'),
(6856,41181,11,'2026-03-03 13:24:06'),
(6857,41183,11,'2026-03-03 13:24:23'),
(6858,41185,11,'2026-03-03 13:24:33'),
(6859,41187,11,'2026-03-03 13:24:40'),
(6860,41189,11,'2026-03-03 13:24:46'),
(6861,41191,11,'2026-03-03 13:24:57'),
(6862,41193,11,'2026-03-03 13:25:10'),
(6863,41196,11,'2026-03-03 13:30:02'),
(6864,41198,11,'2026-03-03 13:30:27'),
(6865,41198,11,'2026-03-03 13:30:44'),
(6866,41200,11,'2026-03-03 13:35:15'),
(6867,41202,11,'2026-03-03 13:35:39'),
(6868,41202,11,'2026-03-03 13:35:50'),
(6869,41174,1,'2026-03-03 13:40:41'),
(6870,41214,11,'2026-03-03 14:38:27'),
(6871,41214,11,'2026-03-03 14:38:36'),
(6872,41214,1,'2026-03-03 14:38:52'),
(6873,41216,1,'2026-03-03 14:47:27'),
(6874,41218,1,'2026-03-03 14:51:05'),
(6875,41220,11,'2026-03-03 14:53:16'),
(6876,41220,11,'2026-03-03 14:54:14'),
(6877,41216,1,'2026-03-03 14:54:34'),
(6878,41234,6,'2026-03-04 10:00:55'),
(6879,41300,1,'2026-03-05 12:57:57'),
(6880,41300,1,'2026-03-05 12:57:57'),
(6881,41300,6,'2026-03-05 13:00:59'),
(6882,23779,10,'2026-03-06 09:41:51'),
(6883,23387,10,'2026-03-06 09:41:51'),
(6884,47483,6,'2026-03-09 09:16:11'),
(6885,47485,6,'2026-03-09 09:17:45'),
(6886,36934,6,'2026-03-10 12:02:36'),
(6887,37458,6,'2026-03-10 12:06:34'),
(6888,36929,6,'2026-03-10 12:06:44'),
(6889,41214,1,'2026-03-10 12:21:46'),
(6890,50596,6,'2026-03-11 08:37:37'),
(6891,50598,1,'2026-03-11 10:09:30'),
(6892,50600,6,'2026-03-11 10:10:06'),
(6893,50600,1,'2026-03-11 10:10:51'),
(6894,50600,1,'2026-03-11 10:12:16'),
(6895,50602,6,'2026-03-11 12:43:14'),
(6896,23576,6,'2026-03-12 08:18:41'),
(6897,23576,6,'2026-03-12 08:18:44'),
(6898,23576,6,'2026-03-12 12:46:43'),
(6899,26685,6,'2026-03-12 14:09:43'),
(6900,52163,6,'2026-03-12 14:27:53'),
(6901,52163,6,'2026-03-12 14:28:34'),
(6902,52165,6,'2026-03-12 14:31:46'),
(6903,52173,6,'2026-03-12 14:43:50'),
(6904,26685,6,'2026-03-12 14:48:27'),
(6905,52173,6,'2026-03-12 14:51:09'),
(6906,52173,6,'2026-03-12 14:51:26'),
(6907,52173,6,'2026-03-12 14:51:56'),
(6908,35632,6,'2026-03-12 15:48:42'),
(6909,41200,6,'2026-03-13 06:58:25'),
(6910,53723,11,'2026-03-13 07:49:53'),
(6911,53725,11,'2026-03-13 07:49:59'),
(6912,41162,11,'2026-03-13 08:45:32'),
(6913,41162,11,'2026-03-13 08:45:40'),
(6914,41162,11,'2026-03-13 08:45:44'),
(6915,41177,11,'2026-03-13 08:46:58'),
(6916,41177,11,'2026-03-13 08:47:09'),
(6917,41179,11,'2026-03-13 08:48:32'),
(6918,41179,11,'2026-03-13 08:48:40'),
(6919,41181,11,'2026-03-13 08:49:03'),
(6920,41181,11,'2026-03-13 08:49:06'),
(6921,41183,11,'2026-03-13 08:49:27'),
(6922,41183,11,'2026-03-13 08:49:41'),
(6923,41185,11,'2026-03-13 08:50:46'),
(6924,41185,11,'2026-03-13 08:50:49'),
(6925,41187,11,'2026-03-13 08:51:02'),
(6926,41187,11,'2026-03-13 08:51:12'),
(6927,41189,11,'2026-03-13 08:51:31'),
(6928,41189,11,'2026-03-13 08:51:35'),
(6929,41191,11,'2026-03-13 08:51:58'),
(6930,41191,11,'2026-03-13 08:52:02'),
(6931,41193,11,'2026-03-13 08:53:59'),
(6932,41193,11,'2026-03-13 08:54:01'),
(6933,53723,11,'2026-03-13 08:54:17'),
(6934,53723,11,'2026-03-13 08:54:20'),
(6935,53725,11,'2026-03-13 08:54:33'),
(6936,53725,11,'2026-03-13 08:54:36'),
(6937,26218,10,'2026-03-13 10:11:47'),
(6938,25005,10,'2026-03-13 10:11:47'),
(6939,23459,10,'2026-03-13 10:11:47'),
(6940,24535,10,'2026-03-13 10:11:47'),
(6941,58309,6,'2026-03-16 07:42:27'),
(6942,58310,6,'2026-03-16 07:44:00'),
(6943,39552,1,'2026-03-16 09:20:20'),
(6944,39549,1,'2026-03-16 09:20:37'),
(6945,26347,1,'2026-03-16 09:21:35'),
(6946,26351,1,'2026-03-16 09:21:35'),
(6947,38722,6,'2026-03-16 09:48:15'),
(6948,58315,1,'2026-03-16 09:52:27'),
(6949,58316,1,'2026-03-16 09:54:41'),
(6950,58317,1,'2026-03-16 09:55:22'),
(6951,58318,1,'2026-03-16 09:56:20'),
(6952,58319,1,'2026-03-16 09:56:59'),
(6953,58320,1,'2026-03-16 09:57:34'),
(6954,58321,1,'2026-03-16 09:58:06'),
(6955,58322,1,'2026-03-16 09:58:41'),
(6956,58323,1,'2026-03-16 09:59:30'),
(6957,58324,1,'2026-03-16 09:59:59'),
(6958,58325,1,'2026-03-16 10:01:12'),
(6959,58326,1,'2026-03-16 10:01:50'),
(6960,58327,1,'2026-03-16 10:02:16'),
(6961,58328,1,'2026-03-16 10:02:51'),
(6962,58329,1,'2026-03-16 10:03:44'),
(6963,58330,1,'2026-03-16 10:04:09'),
(6964,58331,1,'2026-03-16 10:04:43'),
(6965,58332,1,'2026-03-16 10:06:39'),
(6966,58333,1,'2026-03-16 10:07:30'),
(6967,58334,1,'2026-03-16 10:08:21'),
(6968,58335,1,'2026-03-16 10:08:51'),
(6969,58336,1,'2026-03-16 10:09:37'),
(6970,58337,1,'2026-03-16 10:09:59'),
(6971,58338,1,'2026-03-16 10:10:24'),
(6972,58339,1,'2026-03-16 10:10:52'),
(6973,58340,1,'2026-03-16 10:11:23'),
(6974,58341,1,'2026-03-16 10:24:00'),
(6975,58342,1,'2026-03-16 10:24:26'),
(6976,58343,1,'2026-03-16 10:24:54'),
(6977,58344,1,'2026-03-16 10:25:19'),
(6978,58345,1,'2026-03-16 10:25:49'),
(6979,58346,1,'2026-03-16 10:26:18'),
(6980,58347,1,'2026-03-16 10:26:42'),
(6981,58348,1,'2026-03-16 10:27:07'),
(6982,58349,1,'2026-03-16 10:27:36'),
(6983,58350,1,'2026-03-16 10:28:04'),
(6984,58351,1,'2026-03-16 10:28:29'),
(6985,58352,1,'2026-03-16 10:42:05'),
(6986,58353,1,'2026-03-16 10:42:32'),
(6987,58354,1,'2026-03-16 10:43:02'),
(6988,58355,1,'2026-03-16 10:43:33'),
(6989,58356,1,'2026-03-16 10:43:59'),
(6990,58357,1,'2026-03-16 10:44:32'),
(6991,58358,1,'2026-03-16 10:44:56'),
(6992,58359,6,'2026-03-16 12:00:10'),
(6993,58361,6,'2026-03-16 12:02:23'),
(6994,58364,6,'2026-03-16 12:25:24'),
(6995,58365,6,'2026-03-16 12:27:27'),
(6996,58367,6,'2026-03-16 12:29:17'),
(6997,58365,6,'2026-03-16 12:31:53'),
(6998,26286,10,'2026-03-16 15:27:30'),
(6999,26286,10,'2026-03-16 15:32:10'),
(7000,23576,10,'2026-03-17 06:59:32'),
(7001,25783,10,'2026-03-17 06:59:32'),
(7002,64602,6,'2026-03-17 11:01:21'),
(7003,64602,1,'2026-03-17 11:02:30'),
(7004,36934,6,'2026-03-19 07:26:26'),
(7005,37453,1,'2026-03-19 07:29:16'),
(7006,37453,1,'2026-03-19 07:29:20'),
(7007,77010,6,'2026-03-19 08:44:42'),
(7008,77024,1,'2026-03-19 08:59:29'),
(7009,77024,1,'2026-03-19 08:59:29'),
(7010,77028,1,'2026-03-19 09:05:30'),
(7011,77028,1,'2026-03-19 09:05:30'),
(7012,77028,11,'2026-03-19 09:05:54'),
(7013,77028,11,'2026-03-19 09:08:24'),
(7014,77045,6,'2026-03-19 09:28:36'),
(7015,77048,6,'2026-03-19 09:46:55'),
(7016,77050,1,'2026-03-19 09:53:10'),
(7017,58355,1,'2026-03-19 09:57:04'),
(7018,58355,1,'2026-03-19 09:57:23'),
(7019,58328,1,'2026-03-19 09:57:56'),
(7020,58326,1,'2026-03-19 09:58:27'),
(7021,58352,1,'2026-03-19 09:58:56'),
(7022,58354,1,'2026-03-19 09:59:33'),
(7023,58354,1,'2026-03-19 09:59:54'),
(7024,77051,1,'2026-03-19 10:03:48'),
(7025,58342,1,'2026-03-19 10:04:32'),
(7026,58343,1,'2026-03-19 10:04:48'),
(7027,58344,1,'2026-03-19 10:04:58'),
(7028,58345,1,'2026-03-19 10:05:15'),
(7029,58346,1,'2026-03-19 10:05:31'),
(7030,58347,1,'2026-03-19 10:05:44'),
(7031,58348,1,'2026-03-19 10:05:55'),
(7032,58349,1,'2026-03-19 10:06:13'),
(7033,58350,1,'2026-03-19 10:06:24'),
(7034,58351,1,'2026-03-19 10:06:46'),
(7035,58321,1,'2026-03-19 10:09:23'),
(7036,58322,1,'2026-03-19 10:09:31'),
(7037,58335,1,'2026-03-19 10:11:04'),
(7038,58335,1,'2026-03-19 10:11:20'),
(7039,58338,1,'2026-03-19 10:12:26'),
(7040,58319,1,'2026-03-19 10:13:27'),
(7041,77052,1,'2026-03-19 10:14:45'),
(7042,77052,1,'2026-03-19 10:17:08'),
(7043,77055,1,'2026-03-19 12:21:36'),
(7044,77055,1,'2026-03-19 12:21:36'),
(7045,77058,1,'2026-03-19 12:25:54'),
(7046,77058,1,'2026-03-19 12:25:54'),
(7047,77094,6,'2026-03-19 15:37:54'),
(7048,77096,6,'2026-03-19 15:40:04'),
(7049,77096,1,'2026-03-19 15:40:13'),
(7050,77099,1,'2026-03-19 15:45:40'),
(7051,77094,1,'2026-03-19 15:46:10'),
(7052,26366,6,'2026-03-23 11:44:19'),
(7053,58338,1,'2026-03-24 07:55:19'),
(7054,58355,1,'2026-03-24 07:55:52'),
(7055,108068,6,'2026-03-24 08:17:04'),
(7056,40950,6,'2026-03-24 11:01:11'),
(7057,40950,6,'2026-03-24 11:01:18'),
(7058,108099,1,'2026-03-24 12:50:04'),
(7059,108099,1,'2026-03-24 12:50:04'),
(7060,41200,6,'2026-03-25 07:29:33'),
(7061,114334,1,'2026-03-25 08:43:22'),
(7062,114334,1,'2026-03-25 08:43:22'),
(7063,114334,1,'2026-03-25 08:53:16'),
(7064,114365,6,'2026-03-25 10:25:59'),
(7065,114368,1,'2026-03-25 11:41:09'),
(7066,114368,1,'2026-03-25 11:41:09'),
(7067,1770,6,'2026-03-25 12:14:33'),
(7068,1770,6,'2026-03-25 12:15:03'),
(7069,120549,1,'2026-03-26 09:21:43'),
(7070,120549,1,'2026-03-26 09:21:43'),
(7071,120566,6,'2026-03-26 10:17:34'),
(7072,120569,6,'2026-03-26 10:23:02'),
(7073,24458,10,'2026-03-27 08:20:53'),
(7074,24458,6,'2026-03-27 08:22:41'),
(7075,24745,10,'2026-03-30 12:08:11'),
(7076,25666,10,'2026-03-30 12:08:11'),
(7077,23293,10,'2026-03-30 12:08:11'),
(7078,23295,10,'2026-03-30 12:08:11'),
(7079,25849,10,'2026-03-30 12:08:11'),
(7080,139197,1,'2026-03-30 13:46:28'),
(7081,139197,1,'2026-03-30 13:46:29'),
(7082,145407,1,'2026-03-31 08:21:02'),
(7083,145407,1,'2026-03-31 08:21:02'),
(7084,145452,6,'2026-03-31 11:07:06'),
(7085,145453,6,'2026-03-31 11:09:12'),
(7086,145453,1,'2026-03-31 11:15:55'),
(7087,145453,1,'2026-03-31 11:17:49'),
(7088,26666,6,'2026-03-31 13:08:44'),
(7089,26666,6,'2026-03-31 13:11:55'),
(7090,26667,6,'2026-03-31 13:23:17'),
(7091,25647,10,'2026-04-02 06:07:06'),
(7092,77055,1,'2026-04-02 13:00:56'),
(7093,25482,6,'2026-04-02 14:51:44'),
(7094,25482,6,'2026-04-02 14:52:25'),
(7095,25482,6,'2026-04-02 14:52:43'),
(7096,41177,6,'2026-04-07 07:18:24'),
(7097,41179,6,'2026-04-07 07:22:11'),
(7098,41162,6,'2026-04-07 07:22:52'),
(7100,191373,6,'2026-04-09 09:21:14'),
(7101,191375,6,'2026-04-09 09:24:22'),
(7102,191376,6,'2026-04-09 09:27:13'),
(7103,191380,6,'2026-04-09 09:32:45'),
(7104,191380,6,'2026-04-09 09:36:01'),
(7105,191384,6,'2026-04-09 09:39:54'),
(7106,191388,6,'2026-04-09 09:44:29'),
(7107,191391,6,'2026-04-09 09:47:44'),
(7108,191394,6,'2026-04-09 09:50:40'),
(7109,191397,6,'2026-04-09 09:53:00'),
(7110,191418,6,'2026-04-09 11:41:08'),
(7111,191418,6,'2026-04-09 11:43:25'),
(7112,191418,6,'2026-04-09 11:43:57'),
(7113,191422,6,'2026-04-09 11:44:46'),
(7114,191427,6,'2026-04-09 11:47:47'),
(7115,191427,6,'2026-04-09 11:47:56'),
(7116,191428,6,'2026-04-09 11:48:07'),
(7117,191428,6,'2026-04-09 11:51:05'),
(7118,195740,6,'2026-04-09 12:08:08'),
(7119,191427,6,'2026-04-09 12:24:19'),
(7120,197887,6,'2026-04-09 12:26:54'),
(7121,197887,6,'2026-04-09 12:27:13'),
(7122,197891,6,'2026-04-09 12:30:06'),
(7123,197891,6,'2026-04-09 12:30:25'),
(7124,197895,6,'2026-04-09 12:35:19'),
(7125,197899,6,'2026-04-09 12:37:35'),
(7126,197903,6,'2026-04-09 12:40:30'),
(7127,197907,6,'2026-04-09 12:43:34'),
(7128,197910,6,'2026-04-09 12:46:38'),
(7129,197913,6,'2026-04-09 12:49:07'),
(7130,197916,6,'2026-04-09 13:53:45'),
(7131,197920,6,'2026-04-09 13:57:53'),
(7132,197924,6,'2026-04-09 14:00:53'),
(7133,197928,6,'2026-04-09 14:02:58'),
(7134,197932,6,'2026-04-09 14:05:51'),
(7135,197936,6,'2026-04-09 14:08:14'),
(7136,197960,6,'2026-04-09 14:17:38'),
(7137,40950,11,'2026-04-09 14:24:51'),
(7138,25344,6,'2026-04-10 05:57:29'),
(7139,114334,6,'2026-04-10 06:59:13'),
(7140,114368,1,'2026-04-10 07:01:29'),
(7141,204442,6,'2026-04-10 07:33:09'),
(7142,204446,6,'2026-04-10 07:37:11'),
(7143,204451,6,'2026-04-10 07:49:54'),
(7144,204455,6,'2026-04-10 07:56:49'),
(7145,204455,6,'2026-04-10 08:00:26'),
(7146,204455,6,'2026-04-10 08:00:33'),
(7147,204460,6,'2026-04-10 08:04:11'),
(7148,204465,6,'2026-04-10 08:07:56'),
(7149,204470,6,'2026-04-10 08:11:44'),
(7150,145407,1,'2026-04-10 08:11:47'),
(7151,2568,6,'2026-04-10 08:16:22'),
(7152,204475,6,'2026-04-10 08:18:39'),
(7153,204480,6,'2026-04-10 08:22:36'),
(7154,58327,6,'2026-04-10 09:57:18'),
(7155,58320,6,'2026-04-10 09:57:18'),
(7156,58353,6,'2026-04-10 09:57:18'),
(7157,58357,6,'2026-04-10 09:57:18'),
(7158,58355,6,'2026-04-10 09:57:18'),
(7159,58358,6,'2026-04-10 09:57:18'),
(7160,58328,6,'2026-04-10 09:57:18'),
(7161,58326,6,'2026-04-10 09:57:18'),
(7162,58352,6,'2026-04-10 09:57:18'),
(7163,58356,6,'2026-04-10 09:57:18'),
(7164,58354,6,'2026-04-10 09:57:18'),
(7165,58315,6,'2026-04-10 09:57:18'),
(7166,58316,6,'2026-04-10 09:57:18'),
(7167,58317,6,'2026-04-10 09:57:18'),
(7168,58341,6,'2026-04-10 09:57:18'),
(7169,77051,6,'2026-04-10 09:57:18'),
(7170,58342,6,'2026-04-10 09:57:18'),
(7171,58343,6,'2026-04-10 09:57:18'),
(7172,58344,6,'2026-04-10 09:57:18'),
(7173,58345,6,'2026-04-10 09:57:18'),
(7174,58346,6,'2026-04-10 09:57:18'),
(7175,58347,6,'2026-04-10 09:57:18'),
(7176,58348,6,'2026-04-10 09:57:18'),
(7177,58349,6,'2026-04-10 09:57:18'),
(7178,58350,6,'2026-04-10 09:57:18'),
(7179,58351,6,'2026-04-10 09:57:18'),
(7180,58318,6,'2026-04-10 09:57:18'),
(7181,58333,6,'2026-04-10 09:57:18'),
(7182,58335,6,'2026-04-10 09:57:18'),
(7183,58334,6,'2026-04-10 09:57:18'),
(7184,58331,6,'2026-04-10 09:57:18'),
(7185,58336,6,'2026-04-10 09:57:18'),
(7186,58337,6,'2026-04-10 09:57:18'),
(7187,58321,6,'2026-04-10 09:57:18'),
(7188,58322,6,'2026-04-10 09:57:18'),
(7189,58338,6,'2026-04-10 09:57:18'),
(7190,58339,6,'2026-04-10 09:57:18'),
(7191,58340,6,'2026-04-10 09:57:18'),
(7192,58332,6,'2026-04-10 09:57:18'),
(7193,58319,6,'2026-04-10 09:57:18'),
(7194,41037,6,'2026-04-10 09:57:18'),
(7195,58323,6,'2026-04-10 09:57:18'),
(7196,58324,6,'2026-04-10 09:57:18'),
(7197,58330,6,'2026-04-10 09:57:18'),
(7198,58329,6,'2026-04-10 09:57:18'),
(7199,58325,6,'2026-04-10 09:57:18'),
(7200,77052,6,'2026-04-10 09:57:18'),
(7201,77099,6,'2026-04-10 09:57:18'),
(7202,231230,6,'2026-04-14 06:32:45'),
(7203,231231,6,'2026-04-14 06:35:10'),
(7204,231233,6,'2026-04-14 06:36:54');
COMMIT;

--
